06-08 20:06:55.614 3140 3332 I AUDIOALG: asyncProcess : process @@@
06-08 20:06:55.616 3140 3332 I AUDIOALG: RefDlyEstimation: maxRxy 0.000000 maxPos 0
06-08 20:06:55.617 3140 3332 I AUDIOALG: asyncProcess : waiting...
06-08 20:06:57.662 3140 3332 I AUDIOALG: asyncProcess : process @@@
06-08 20:06:57.664 3140 3332 I AUDIOALG: RefDlyEstimation: maxRxy 0.000000 maxPos 0
06-08 20:06:57.664 3140 3332 I AUDIOALG: asyncProcess : waiting...
06-08 20:06:59.710 3140 3332 I AUDIOALG: asyncProcess : process @@@
06-08 20:06:59.712 3140 3332 I AUDIOALG: RefDlyEstimation: maxRxy 0.000000 maxPos 0
06-08 20:06:59.712 3140 3332 I AUDIOALG: asyncProcess : waiting...
06-08 20:07:00.003 3370 3370 I ActivityManager: Killing 18380:com.amazon.autopairservice/u0a136 (adj 903): empty #17
06-08 20:07:00.003 3370 3391 W libprocessgroup: kill(-18380, 9) failed: No such process
06-08 20:06:59.999 3133 3133 W memtrack@1.0-se: type=1400 audit(0.0:1931): avc: denied { search } for name="18661" dev="proc" ino=331842 scontext=u:r:hal_memtrack_default:s0 tcontext=u:r:amazon_app:s0 tclass=dir permissive=0
06-08 20:07:00.048 3370 3391 W libprocessgroup: kill(-18380, 9) failed: No such process
06-08 20:07:00.062 3370 5669 E SELinux : avc: denied { log_internal_metric } for scontext=u:r:platform_app:s0:c512,c768 tcontext=u:r:system_server:s0 tclass=amazon_policies permissive=0
06-08 20:07:00.063 3079 3079 I Zygote : Process 18380 exited due to signal (9)
06-08 20:07:00.090 3370 3391 W libprocessgroup: kill(-18380, 9) failed: No such process
06-08 20:07:00.090 3370 3391 I libprocessgroup: Successfully killed process cgroup uid 10136 pid 18380 in 86ms
06-08 20:07:01.758 3140 3332 I AUDIOALG: asyncProcess : process @@@
06-08 20:07:01.761 3140 3332 I AUDIOALG: RefDlyEstimation: maxRxy 0.000000 maxPos 0
06-08 20:07:01.761 3140 3332 I AUDIOALG: asyncProcess : waiting...
06-08 20:07:03.764 3140 20207 I Node : dolby-audio-meter, AdapterPcmSystem adapter audio meter: channel 0; audio level: 0.000
06-08 20:07:03.765 3140 20207 I Node : dolby-audio-meter, AdapterPcmSystem adapter audio meter: channel 1; audio level: 0.000
06-08 20:07:03.765 3140 20207 I RendererNode: dolby-audio-meter, Renderer renderer audio meter: channel 0; audio level: 0.000
06-08 20:07:03.765 3140 20207 I RendererNode: dolby-audio-meter, Renderer renderer audio meter: channel 1; audio level: 0.000
06-08 20:07:03.765 3140 20207 I RendererNode: dolby-audio-meter, Renderer renderer audio meter: channel 2; audio level: 0.000
06-08 20:07:03.765 3140 20207 I RendererNode: dolby-audio-meter, Renderer renderer audio meter: channel 3; audio level: 0.000
06-08 20:07:03.765 3140 20207 I RendererNode: dolby-audio-meter, Renderer renderer audio meter: channel 4; audio level: 0.000
06-08 20:07:03.765 3140 20207 I RendererNode: dolby-audio-meter, Renderer renderer audio meter: channel 5; audio level: 0.000
06-08 20:07:03.765 3140 20207 I Node : dolby-audio-meter, AdapterPcmOut adapter audio meter: channel 0; audio level: 0.000
06-08 20:07:03.765 3140 20207 I Node : dolby-audio-meter, AdapterPcmOut adapter audio meter: channel 1; audio level: 0.000
06-08 20:07:03.809 3140 3332 I AUDIOALG: asyncProcess : process @@@
06-08 20:07:03.813 3140 3332 I AUDIOALG: RefDlyEstimation: maxRxy 0.000000 maxPos 0
06-08 20:07:03.813 3140 3332 I AUDIOALG: asyncProcess : waiting...
06-08 20:07:05.856 3140 3332 I AUDIOALG: asyncProcess : process @@@
06-08 20:07:05.859 3140 3332 I AUDIOALG: RefDlyEstimation: maxRxy 0.000000 maxPos 0
06-08 20:07:05.859 3140 3332 I AUDIOALG: asyncProcess : waiting...
06-08 20:07:07.903 3140 3332 I AUDIOALG: asyncProcess : process @@@
06-08 20:07:07.905 3140 3332 I AUDIOALG: RefDlyEstimation: maxRxy 0.000000 maxPos 0
06-08 20:07:07.905 3140 3332 I AUDIOALG: asyncProcess : waiting...
06-08 20:07:09.390 3370 3460 W BestClock: java.time.DateTimeException: Missing NTP fix
06-08 20:07:09.418 3370 3460 W BestClock: java.time.DateTimeException: Missing NTP fix
06-08 20:07:09.423 3370 3461 W BestClock: java.time.DateTimeException: Missing NTP fix
06-08 20:07:09.950 3140 3332 I AUDIOALG: asyncProcess : process @@@
06-08 20:07:09.954 3140 3332 I AUDIOALG: RefDlyEstimation: maxRxy 0.000000 maxPos 0
06-08 20:07:09.954 3140 3332 I AUDIOALG: asyncProcess : waiting...
06-08 20:07:12.003 3140 3332 I AUDIOALG: asyncProcess : process @@@
06-08 20:07:12.006 3140 3332 I AUDIOALG: RefDlyEstimation: maxRxy 0.000000 maxPos 0
06-08 20:07:12.006 3140 3332 I AUDIOALG: asyncProcess : waiting...
06-08 20:07:13.769 3140 20207 I Node : dolby-audio-meter, AdapterPcmSystem adapter audio meter: channel 0; audio level: 0.000
06-08 20:07:13.769 3140 20207 I Node : dolby-audio-meter, AdapterPcmSystem adapter audio meter: channel 1; audio level: 0.000
06-08 20:07:13.769 3140 20207 I RendererNode: dolby-audio-meter, Renderer renderer audio meter: channel 0; audio level: 0.000
06-08 20:07:13.769 3140 20207 I RendererNode: dolby-audio-meter, Renderer renderer audio meter: channel 1; audio level: 0.000
06-08 20:07:13.769 3140 20207 I RendererNode: dolby-audio-meter, Renderer renderer audio meter: channel 2; audio level: 0.000
06-08 20:07:13.769 3140 20207 I RendererNode: dolby-audio-meter, Renderer renderer audio meter: channel 3; audio level: 0.000
06-08 20:07:13.769 3140 20207 I RendererNode: dolby-audio-meter, Renderer renderer audio meter: channel 4; audio level: 0.000
06-08 20:07:13.769 3140 20207 I RendererNode: dolby-audio-meter, Renderer renderer audio meter: channel 5; audio level: 0.000
06-08 20:07:13.769 3140 20207 I Node : dolby-audio-meter, AdapterPcmOut adapter audio meter: channel 0; audio level: 0.000
06-08 20:07:13.769 3140 20207 I Node : dolby-audio-meter, AdapterPcmOut adapter audio meter: channel 1; audio level: 0.000
06-08 20:07:14.046 3140 3332 I AUDIOALG: asyncProcess : process @@@
06-08 20:07:14.048 3140 3332 I AUDIOALG: RefDlyEstimation: maxRxy 0.000000 maxPos 0
06-08 20:07:14.049 3140 3332 I AUDIOALG: asyncProcess : waiting...
06-08 20:07:16.097 3140 3332 I AUDIOALG: asyncProcess : process @@@
06-08 20:07:16.099 3140 3332 I AUDIOALG: RefDlyEstimation: maxRxy 0.000000 maxPos 0
06-08 20:07:16.099 3140 3332 I AUDIOALG: asyncProcess : waiting...
06-08 20:07:16.671 3195 3256 E storaged: getDiskStats failed with result NOT_SUPPORTED and size 0
06-08 20:07:17.519 3370 3460 W BestClock: java.time.DateTimeException: Missing NTP fix
06-08 20:07:17.545 3370 3460 W BestClock: java.time.DateTimeException: Missing NTP fix
06-08 20:07:17.547 3370 3461 W BestClock: java.time.DateTimeException: Missing NTP fix
06-08 20:07:18.147 3140 3332 I AUDIOALG: asyncProcess : process @@@
06-08 20:07:18.149 3140 3332 I AUDIOALG: RefDlyEstimation: maxRxy 0.000000 maxPos 0
06-08 20:07:18.149 3140 3332 I AUDIOALG: asyncProcess : waiting...
06-08 20:07:20.192 3140 3332 I AUDIOALG: asyncProcess : process @@@
06-08 20:07:20.195 3140 3332 I AUDIOALG: RefDlyEstimation: maxRxy 0.000000 maxPos 0
06-08 20:07:20.195 3140 3332 I AUDIOALG: asyncProcess : waiting...
06-08 20:07:21.538 3883 20524 I Vizzini_2.0.11122.0:HealthLogger: Current State = {"AlexaCaptionsEnabled":"false","Account":"valid","ProfileValidated":"true","AlexaCaptionsSupported":"true","memoryTotalPss":"89829","DeviceFamily":"WAKEWORD","memoryTotalSharedDirty":"6208","WakewordDetector":"disabled","InstaHintsSyncTime":"2021-06-08 17:35:22","ReleaseVersion":"634.0.0","AlexaLegalTermsAccepted":"true","AppVersion":"2.0.11122.0","AlexaExperience":"FULL","SupportsFarField":"true","memoryAvailable":"655069184","Gateway":"avs-alexa-6-eu.amazon.com:443","memoryLow":"false","ConnectionState":"CONNECTED","OOBECompleted":"true","memoryTotalPrivateDirty":"59020","WakeWord":"SET"}
06-08 20:07:21.539 3883 20524 I DeviceEvent: CSMSIM#device_event_contract#0#1.0
06-08 20:07:22.103 3370 3379 I system_server: Background concurrent copying GC freed 315825(11MB) AllocSpace objects, 9(364KB) LOS objects, 42% free, 15MB/27MB, paused 141us total 109.793ms
06-08 20:07:22.238 3140 3332 I AUDIOALG: asyncProcess : process @@@
06-08 20:07:22.241 3140 3332 I AUDIOALG: RefDlyEstimation: maxRxy 0.000000 maxPos 0
06-08 20:07:22.241 3140 3332 I AUDIOALG: asyncProcess : waiting...
06-08 20:07:23.796 3140 20207 I Node : dolby-audio-meter, AdapterPcmSystem adapter audio meter: channel 0; audio level: 0.000
06-08 20:07:23.796 3140 20207 I Node : dolby-audio-meter, AdapterPcmSystem adapter audio meter: channel 1; audio level: 0.000
06-08 20:07:23.796 3140 20207 I RendererNode: dolby-audio-meter, Renderer renderer audio meter: channel 0; audio level: 0.000
06-08 20:07:23.796 3140 20207 I RendererNode: dolby-audio-meter, Renderer renderer audio meter: channel 1; audio level: 0.000
06-08 20:07:23.796 3140 20207 I RendererNode: dolby-audio-meter, Renderer renderer audio meter: channel 2; audio level: 0.000
06-08 20:07:23.796 3140 20207 I RendererNode: dolby-audio-meter, Renderer renderer audio meter: channel 3; audio level: 0.000
06-08 20:07:23.796 3140 20207 I RendererNode: dolby-audio-meter, Renderer renderer audio meter: channel 4; audio level: 0.000
06-08 20:07:23.796 3140 20207 I RendererNode: dolby-audio-meter, Renderer renderer audio meter: channel 5; audio level: 0.000
06-08 20:07:23.796 3140 20207 I Node : dolby-audio-meter, AdapterPcmOut adapter audio meter: channel 0; audio level: 0.000
06-08 20:07:23.796 3140 20207 I Node : dolby-audio-meter, AdapterPcmOut adapter audio meter: channel 1; audio level: 0.000
06-08 20:07:24.286 3140 3332 I AUDIOALG: asyncProcess : process @@@
06-08 20:07:24.289 3140 3332 I AUDIOALG: RefDlyEstimation: maxRxy 0.000000 maxPos 0
06-08 20:07:24.290 3140 3332 I AUDIOALG: asyncProcess : waiting...
06-08 20:07:26.334 3140 3332 I AUDIOALG: asyncProcess : process @@@
06-08 20:07:26.336 3140 3332 I AUDIOALG: RefDlyEstimation: maxRxy 0.000000 maxPos 0
06-08 20:07:26.336 3140 3332 I AUDIOALG: asyncProcess : waiting...
06-08 20:07:28.385 3140 3332 I AUDIOALG: asyncProcess : process @@@
06-08 20:07:28.388 3140 3332 I AUDIOALG: RefDlyEstimation: maxRxy 0.000000 maxPos 0
06-08 20:07:28.388 3140 3332 I AUDIOALG: asyncProcess : waiting...
06-08 20:07:30.434 3140 3332 I AUDIOALG: asyncProcess : process @@@
06-08 20:07:30.437 3140 3332 I AUDIOALG: RefDlyEstimation: maxRxy 0.000000 maxPos 0
06-08 20:07:30.437 3140 3332 I AUDIOALG: asyncProcess : waiting...
06-08 20:07:32.479 3140 3332 I AUDIOALG: asyncProcess : process @@@
06-08 20:07:32.481 3140 3332 I AUDIOALG: RefDlyEstimation: maxRxy 0.000000 maxPos 0
06-08 20:07:32.481 3140 3332 I AUDIOALG: asyncProcess : waiting...
06-08 20:07:33.801 3140 20207 I Node : dolby-audio-meter, AdapterPcmSystem adapter audio meter: channel 0; audio level: 0.000
06-08 20:07:33.802 3140 20207 I Node : dolby-audio-meter, AdapterPcmSystem adapter audio meter: channel 1; audio level: 0.000
06-08 20:07:33.802 3140 20207 I RendererNode: dolby-audio-meter, Renderer renderer audio meter: channel 0; audio level: 0.000
06-08 20:07:33.802 3140 20207 I RendererNode: dolby-audio-meter, Renderer renderer audio meter: channel 1; audio level: 0.000
06-08 20:07:33.802 3140 20207 I RendererNode: dolby-audio-meter, Renderer renderer audio meter: channel 2; audio level: 0.000
06-08 20:07:33.802 3140 20207 I RendererNode: dolby-audio-meter, Renderer renderer audio meter: channel 3; audio level: 0.000
06-08 20:07:33.802 3140 20207 I RendererNode: dolby-audio-meter, Renderer renderer audio meter: channel 4; audio level: 0.000
06-08 20:07:33.802 3140 20207 I RendererNode: dolby-audio-meter, Renderer renderer audio meter: channel 5; audio level: 0.000
06-08 20:07:33.802 3140 20207 I Node : dolby-audio-meter, AdapterPcmOut adapter audio meter: channel 0; audio level: 0.000
06-08 20:07:33.802 3140 20207 I Node : dolby-audio-meter, AdapterPcmOut adapter audio meter: channel 1; audio level: 0.000
06-08 20:07:34.152 3370 3460 W BestClock: java.time.DateTimeException: Missing NTP fix
06-08 20:07:34.176 3370 3460 W BestClock: java.time.DateTimeException: Missing NTP fix
06-08 20:07:34.178 3370 3461 W BestClock: java.time.DateTimeException: Missing NTP fix
06-08 20:07:34.526 3140 3332 I AUDIOALG: asyncProcess : process @@@
06-08 20:07:34.528 3140 3332 I AUDIOALG: RefDlyEstimation: maxRxy 0.000000 maxPos 0
06-08 20:07:34.528 3140 3332 I AUDIOALG: asyncProcess : waiting...
06-08 20:07:36.574 3140 3332 I AUDIOALG: asyncProcess : process @@@
06-08 20:07:36.576 3140 3332 I AUDIOALG: RefDlyEstimation: maxRxy 0.000000 maxPos 0
06-08 20:07:36.576 3140 3332 I AUDIOALG: asyncProcess : waiting...
06-08 20:07:38.622 3140 3332 I AUDIOALG: asyncProcess : process @@@
06-08 20:07:38.624 3140 3332 I AUDIOALG: RefDlyEstimation: maxRxy 0.000000 maxPos 0
06-08 20:07:38.625 3140 3332 I AUDIOALG: asyncProcess : waiting...
06-08 20:07:40.670 3140 3332 I AUDIOALG: asyncProcess : process @@@
06-08 20:07:40.672 3140 3332 I AUDIOALG: RefDlyEstimation: maxRxy 0.000000 maxPos 0
06-08 20:07:40.672 3140 3332 I AUDIOALG: asyncProcess : waiting...
06-08 20:07:42.719 3140 3332 I AUDIOALG: asyncProcess : process @@@
06-08 20:07:42.724 3140 3332 I AUDIOALG: RefDlyEstimation: maxRxy 0.000000 maxPos 0
06-08 20:07:42.724 3140 3332 I AUDIOALG: asyncProcess : waiting...
06-08 20:07:43.828 3140 20207 I Node : dolby-audio-meter, AdapterPcmSystem adapter audio meter: channel 0; audio level: 0.000
06-08 20:07:43.828 3140 20207 I Node : dolby-audio-meter, AdapterPcmSystem adapter audio meter: channel 1; audio level: 0.000
06-08 20:07:43.828 3140 20207 I RendererNode: dolby-audio-meter, Renderer renderer audio meter: channel 0; audio level: 0.000
06-08 20:07:43.828 3140 20207 I RendererNode: dolby-audio-meter, Renderer renderer audio meter: channel 1; audio level: 0.000
06-08 20:07:43.828 3140 20207 I RendererNode: dolby-audio-meter, Renderer renderer audio meter: channel 2; audio level: 0.000
06-08 20:07:43.828 3140 20207 I RendererNode: dolby-audio-meter, Renderer renderer audio meter: channel 3; audio level: 0.000
06-08 20:07:43.828 3140 20207 I RendererNode: dolby-audio-meter, Renderer renderer audio meter: channel 4; audio level: 0.000
06-08 20:07:43.828 3140 20207 I RendererNode: dolby-audio-meter, Renderer renderer audio meter: channel 5; audio level: 0.000
06-08 20:07:43.828 3140 20207 I Node : dolby-audio-meter, AdapterPcmOut adapter audio meter: channel 0; audio level: 0.000
06-08 20:07:43.828 3140 20207 I Node : dolby-audio-meter, AdapterPcmOut adapter audio meter: channel 1; audio level: 0.000
06-08 20:07:44.766 3140 3332 I AUDIOALG: asyncProcess : process @@@
06-08 20:07:44.769 3140 3332 I AUDIOALG: RefDlyEstimation: maxRxy 0.000000 maxPos 0
06-08 20:07:44.769 3140 3332 I AUDIOALG: asyncProcess : waiting...
06-08 20:07:46.814 3140 3332 I AUDIOALG: asyncProcess : process @@@
06-08 20:07:46.818 3140 3332 I AUDIOALG: RefDlyEstimation: maxRxy 0.000000 maxPos 0
06-08 20:07:46.818 3140 3332 I AUDIOALG: asyncProcess : waiting...
06-08 20:07:48.862 3140 3332 I AUDIOALG: asyncProcess : process @@@
06-08 20:07:48.865 3140 3332 I AUDIOALG: RefDlyEstimation: maxRxy 0.000000 maxPos 0
06-08 20:07:48.865 3140 3332 I AUDIOALG: asyncProcess : waiting...
06-08 20:07:50.915 3140 3332 I AUDIOALG: asyncProcess : process @@@
06-08 20:07:50.918 3140 3332 I AUDIOALG: RefDlyEstimation: maxRxy 0.000000 maxPos 0
06-08 20:07:50.918 3140 3332 I AUDIOALG: asyncProcess : waiting...
06-08 20:07:50.935 3370 3460 W BestClock: java.time.DateTimeException: Missing NTP fix
06-08 20:07:50.963 3370 3460 W BestClock: java.time.DateTimeException: Missing NTP fix
06-08 20:07:50.964 3370 3461 W BestClock: java.time.DateTimeException: Missing NTP fix
06-08 20:07:52.958 3140 3332 I AUDIOALG: asyncProcess : process @@@
06-08 20:07:52.960 3140 3332 I AUDIOALG: RefDlyEstimation: maxRxy 0.000000 maxPos 0
06-08 20:07:52.960 3140 3332 I AUDIOALG: asyncProcess : waiting...
06-08 20:07:53.833 3140 20207 I Node : dolby-audio-meter, AdapterPcmSystem adapter audio meter: channel 0; audio level: 0.000
06-08 20:07:53.833 3140 20207 I Node : dolby-audio-meter, AdapterPcmSystem adapter audio meter: channel 1; audio level: 0.000
06-08 20:07:53.833 3140 20207 I RendererNode: dolby-audio-meter, Renderer renderer audio meter: channel 0; audio level: 0.000
06-08 20:07:53.834 3140 20207 I RendererNode: dolby-audio-meter, Renderer renderer audio meter: channel 1; audio level: 0.000
06-08 20:07:53.834 3140 20207 I RendererNode: dolby-audio-meter, Renderer renderer audio meter: channel 2; audio level: 0.000
06-08 20:07:53.834 3140 20207 I RendererNode: dolby-audio-meter, Renderer renderer audio meter: channel 3; audio level: 0.000
06-08 20:07:53.834 3140 20207 I RendererNode: dolby-audio-meter, Renderer renderer audio meter: channel 4; audio level: 0.000
06-08 20:07:53.834 3140 20207 I RendererNode: dolby-audio-meter, Renderer renderer audio meter: channel 5; audio level: 0.000
06-08 20:07:53.834 3140 20207 I Node : dolby-audio-meter, AdapterPcmOut adapter audio meter: channel 0; audio level: 0.000
06-08 20:07:53.834 3140 20207 I Node : dolby-audio-meter, AdapterPcmOut adapter audio meter: channel 1; audio level: 0.000
06-08 20:07:55.006 3140 3332 I AUDIOALG: asyncProcess : process @@@
06-08 20:07:55.008 3140 3332 I AUDIOALG: RefDlyEstimation: maxRxy 0.000000 maxPos 0
06-08 20:07:55.008 3140 3332 I AUDIOALG: asyncProcess : waiting...
06-08 20:07:56.975 5779 20738 D EventBus: No subscribers registered for event class org.primftpd.events.ClientActionEvent
06-08 20:07:56.975 5779 20738 D EventBus: No subscribers registered for event class org.greenrobot.eventbus.NoSubscriberEvent
06-08 20:07:57.055 3140 3332 I AUDIOALG: asyncProcess : process @@@
06-08 20:07:57.058 3140 3332 I AUDIOALG: RefDlyEstimation: maxRxy 0.000000 maxPos 0
06-08 20:07:57.058 3140 3332 I AUDIOALG: asyncProcess : waiting...
06-08 20:07:59.007 3370 3437 W ActivityManager: Background start not allowed: service Intent { act=com.android.providers.tv.intent.CLEAN_UP_EPG_DATA flg=0x4 cmp=com.android.providers.tv/.EpgDataCleanupService (has extras) } to com.android.providers.tv/.EpgDataCleanupService from pid=-1 uid=10108 pkg=com.android.providers.tv startFg?=false
06-08 20:07:59.008 3906 3906 I TComm.HeartbeatBroadcas: onReceive - received intent; Intent { act=com.amazon.intent.action.NOS_DATA_TRANSFER typ=199076139 flg=0x14 cmp=com.amazon.tcomm/com.amazon.communication.heartbeat.HeartbeatBroadcastReceiver (has extras) }
06-08 20:07:59.008 3906 3906 I TComm.HeartbeatConnecti: onHeartbeatNotification - time to heartbeat; attribute: DEFAULT, registrationId: 199076139
06-08 20:07:59.009 3906 3906 I TComm.HeartbeatConnecti: getSocketToHeartbeat - active socket found; registrationId: 199076139, socketHeartbeatState: SocketHeartbeatState: socket: {1: wss://dp-gw-na.amazon.com:443/tcomm/}(TUNING_FINISHED) Purpose:Regular; Attributes: SECURE;REUSABLE;, socket hashCode: 131356350, idleTimeBeforeHeartbeat: 0, heartbeatResponseReceived: false, heartbeatAttempts: 0, heartbeatState: mHid: ConservativeHID: lastKnownGoodIntervalMillis: 115000, mRegistrationId: 199076139, mIsHeartbeatPaused: true
06-08 20:07:59.010 3906 3906 I TComm.WakeLockImpl: acquire - acquire WakeLock; refCount: 1, tag: TComm.HeartbeatConnectionHealthManager, lock: WakeLock{4cddd81 held=true, refCount=1}
06-08 20:07:59.010 3906 4558 I TComm.HeartbeatConnecti: run - begin health check; registrationId: 199076139
06-08 20:07:59.011 3906 4558 I TComm.HeartbeatConnecti: getSocketToHeartbeat - active socket found; registrationId: 199076139, socketHeartbeatState: SocketHeartbeatState: socket: {1: wss://dp-gw-na.amazon.com:443/tcomm/}(TUNING_FINISHED) Purpose:Regular; Attributes: SECURE;REUSABLE;, socket hashCode: 131356350, idleTimeBeforeHeartbeat: 0, heartbeatResponseReceived: false, heartbeatAttempts: 0, heartbeatState: mHid: ConservativeHID: lastKnownGoodIntervalMillis: 115000, mRegistrationId: 199076139, mIsHeartbeatPaused: true
06-08 20:07:59.014 3906 4558 I TComm.HeartbeatConnecti: enqueueScheduleHeartbeatNotification - enqueue task; SocketHeartbeatState: socket: {1: wss://dp-gw-na.amazon.com:443/tcomm/}(TUNING_FINISHED) Purpose:Regular; Attributes: SECURE;REUSABLE;, socket hashCode: 131356350, idleTimeBeforeHeartbeat: 0, heartbeatResponseReceived: false, heartbeatAttempts: 0, heartbeatState: mHid: ConservativeHID: lastKnownGoodIntervalMillis: 115000, mRegistrationId: 199076139, mIsHeartbeatPaused: true: SocketHeartbeatState: socket: {1: wss://dp-gw-na.amazon.com:443/tcomm/}(TUNING_FINISHED) Purpose:Regular; Attributes: SECURE;REUSABLE;, socket hashCode: 131356350, idleTimeBeforeHeartbeat: 0, heartbeatResponseReceived: false, heartbeatAttempts: 0, heartbeatState: mHid: ConservativeHID: lastKnownGoodIntervalMillis: 115000, mRegistrationId: 199076139, mIsHeartbeatPaused: true
06-08 20:07:59.014 3906 4558 I TComm.WakeLockImpl: acquire - acquire WakeLock; refCount: 2, tag: TComm.HeartbeatConnectionHealthManager, lock: WakeLock{4cddd81 held=true, refCount=2}
06-08 20:07:59.015 3906 4558 I TComm.WakeLockImpl: acquire - acquire WakeLock; refCount: 3, tag: TComm.HeartbeatConnectionHealthManager, lock: WakeLock{4cddd81 held=true, refCount=3}
06-08 20:07:59.015 3906 4558 I TComm.WakeLockImpl: release - release WakeLock; refCount: 2, duration: 0, tag: TComm.HeartbeatConnectionHealthManager, lock: WakeLock{4cddd81 held=true, refCount=2}
06-08 20:07:59.022 3906 4558 I TComm.HeartbeatConnecti: run - schedule heartbeat; registrationId: 199076139, intervalMin: 100000, intervalMax: 115000, socketInfo: SocketHeartbeatState: socket: {1: wss://dp-gw-na.amazon.com:443/tcomm/}(TUNING_FINISHED) Purpose:Regular; Attributes: SECURE;REUSABLE;, socket hashCode: 131356350, idleTimeBeforeHeartbeat: 0, heartbeatResponseReceived: false, heartbeatAttempts: 0, heartbeatState: mHid: ConservativeHID: lastKnownGoodIntervalMillis: 115000, mRegistrationId: 199076139, mIsHeartbeatPaused: true
06-08 20:07:59.031 3906 4558 I GenericNetworkOptimizationManagerImpl: Setting inexact alarm: delay=100000, length=15000
06-08 20:07:59.032 3906 4558 D GenericNetworkOptimizationManagerImpl: Registered: ComponentInfo{com.amazon.tcomm/com.amazon.communication.heartbeat.HeartbeatBroadcastReceiver}; Registration ID: 199076139; Data Size KB: 1; Min Delay Millis: 100000; Max Delay Millis: 115000; Repeat Interval Millis: 0; Mobile?: true; WIFI?: true; Roaming?: falseRequire Charing?: falseRequire Device Idle?: false
06-08 20:07:59.032 3906 4558 I TComm.WakeLockImpl: release - release WakeLock; refCount: 1, duration: 0, tag: TComm.HeartbeatConnectionHealthManager, lock: WakeLock{4cddd81 held=true, refCount=1}
06-08 20:07:59.034 3906 4558 I TComm.HeartbeatConnecti: run - sending heartbeat; socketHeartbeatState: SocketHeartbeatState: socket: {1: wss://dp-gw-na.amazon.com:443/tcomm/}(TUNING_FINISHED) Purpose:Regular; Attributes: SECURE;REUSABLE;, socket hashCode: 131356350, idleTimeBeforeHeartbeat: 0, heartbeatResponseReceived: false, heartbeatAttempts: 0, heartbeatState: mHid: ConservativeHID: lastKnownGoodIntervalMillis: 115000, mRegistrationId: 199076139, mIsHeartbeatPaused: true
06-08 20:07:59.036 3906 4558 I TComm.WakeLockImpl: acquire - acquire WakeLock; refCount: 1, tag: TComm.WorkExecutor, lock: WakeLock{e5a016d held=true, refCount=1}
06-08 20:07:59.039 3906 4558 I TComm.WakeLockImpl: acquire - acquire WakeLock; refCount: 2, tag: TComm.HeartbeatConnectionHealthManager, lock: WakeLock{4cddd81 held=true, refCount=2}
06-08 20:07:59.039 3906 4558 I TComm.WakeLockImpl: release - release WakeLock; refCount: 1, duration: 0, tag: TComm.HeartbeatConnectionHealthManager, lock: WakeLock{4cddd81 held=true, refCount=1}
06-08 20:07:59.039 3906 4359 I TComm.WakeLockImpl: release - release WakeLock; refCount: 0, duration: 0, tag: TComm.WorkExecutor, lock: WakeLock{e5a016d held=false, refCount=0}
06-08 20:07:59.102 3140 3332 I AUDIOALG: asyncProcess : process @@@
06-08 20:07:59.105 3140 3332 I AUDIOALG: RefDlyEstimation: maxRxy 0.000000 maxPos 0
06-08 20:07:59.105 3140 3332 I AUDIOALG: asyncProcess : waiting...
06-08 20:07:59.115 3133 3133 W memtrack@1.0-se: type=1400 audit(0.0:1932): avc: denied { search } for name="19843" dev="proc" ino=334446 scontext=u:r:hal_memtrack_default:s0 tcontext=u:r:amazon_app:s0 tclass=dir permissive=0
06-08 20:07:59.143 3133 3133 W memtrack@1.0-se: type=1400 audit(0.0:1933): avc: denied { search } for name="19807" dev="proc" ino=353333 scontext=u:r:hal_memtrack_default:s0 tcontext=u:r:amazon_app:s0 tclass=dir permissive=0
06-08 20:07:59.167 3906 4194 I TComm.WakeLockImpl: acquire - acquire WakeLock; refCount: 1, tag: TComm.WorkExecutor, lock: WakeLock{e5a016d held=true, refCount=1}
06-08 20:07:59.168 3906 4359 I TComm.HeartbeatConnecti: onHeartbeatReceived - response received; registrationId: 199076139, destination: urn:tcomm-endpoint:service:serviceName:DPGatewayService, socketHashCode: 131356350
06-08 20:07:59.169 3906 4359 I TComm.WakeLockImpl: release - release WakeLock; refCount: 0, duration: 0, tag: TComm.HeartbeatConnectionHealthManager, lock: WakeLock{4cddd81 held=false, refCount=0}
06-08 20:07:59.176 3906 4359 I TComm.WakeLockImpl: acquire - acquire WakeLock; refCount: 1, tag: TComm.HeartbeatConnectionHealthManager, lock: WakeLock{4cddd81 held=true, refCount=1}
06-08 20:07:59.186 3906 4558 I TComm.HeartbeatConnecti: run - finish health check; socketHeartbeatState: SocketHeartbeatState: socket: {1: wss://dp-gw-na.amazon.com:443/tcomm/}(TUNING_FINISHED) Purpose:Regular; Attributes: SECURE;REUSABLE;, socket hashCode: 131356350, idleTimeBeforeHeartbeat: 100061, heartbeatResponseReceived: true, heartbeatAttempts: 1, heartbeatState: mHid: ConservativeHID: lastKnownGoodIntervalMillis: 115000, mRegistrationId: 199076139, mIsHeartbeatPaused: true
06-08 20:07:59.188 3906 4359 I TComm.WakeLockImpl: release - release WakeLock; refCount: 0, duration: 0, tag: TComm.WorkExecutor, lock: WakeLock{e5a016d held=false, refCount=0}
06-08 20:07:59.188 3906 4558 I TComm.HeartbeatConnecti: enqueueScheduleHeartbeatNotification - enqueue task; SocketHeartbeatState: socket: {1: wss://dp-gw-na.amazon.com:443/tcomm/}(TUNING_FINISHED) Purpose:Regular; Attributes: SECURE;REUSABLE;, socket hashCode: 131356350, idleTimeBeforeHeartbeat: 100061, heartbeatResponseReceived: true, heartbeatAttempts: 1, heartbeatState: mHid: ConservativeHID: lastKnownGoodIntervalMillis: 115000, mRegistrationId: 199076139, mIsHeartbeatPaused: true: SocketHeartbeatState: socket: {1: wss://dp-gw-na.amazon.com:443/tcomm/}(TUNING_FINISHED) Purpose:Regular; Attributes: SECURE;REUSABLE;, socket hashCode: 131356350, idleTimeBeforeHeartbeat: 100061, heartbeatResponseReceived: true, heartbeatAttempts: 1, heartbeatState: mHid: ConservativeHID: lastKnownGoodIntervalMillis: 115000, mRegistrationId: 199076139, mIsHeartbeatPaused: true
06-08 20:07:59.188 3906 4558 I TComm.WakeLockImpl: acquire - acquire WakeLock; refCount: 2, tag: TComm.HeartbeatConnectionHealthManager, lock: WakeLock{4cddd81 held=true, refCount=2}
06-08 20:07:59.189 3906 4558 I TComm.WakeLockImpl: release - release WakeLock; refCount: 1, duration: 0, tag: TComm.HeartbeatConnectionHealthManager, lock: WakeLock{4cddd81 held=true, refCount=1}
06-08 20:07:59.193 3906 4558 I TComm.HeartbeatConnecti: run - schedule heartbeat; registrationId: 199076139, intervalMin: 100000, intervalMax: 115000, socketInfo: SocketHeartbeatState: socket: {1: wss://dp-gw-na.amazon.com:443/tcomm/}(TUNING_FINISHED) Purpose:Regular; Attributes: SECURE;REUSABLE;, socket hashCode: 131356350, idleTimeBeforeHeartbeat: 100061, heartbeatResponseReceived: true, heartbeatAttempts: 1, heartbeatState: mHid: ConservativeHID: lastKnownGoodIntervalMillis: 115000, mRegistrationId: 199076139, mIsHeartbeatPaused: true
06-08 20:07:59.194 3906 4558 I GenericNetworkOptimizationManagerImpl: Setting inexact alarm: delay=100000, length=15000
06-08 20:07:59.195 3906 4558 D GenericNetworkOptimizationManagerImpl: Registered: ComponentInfo{com.amazon.tcomm/com.amazon.communication.heartbeat.HeartbeatBroadcastReceiver}; Registration ID: 199076139; Data Size KB: 1; Min Delay Millis: 100000; Max Delay Millis: 115000; Repeat Interval Millis: 0; Mobile?: true; WIFI?: true; Roaming?: falseRequire Charing?: falseRequire Device Idle?: false
06-08 20:07:59.196 3906 4558 I TComm.WakeLockImpl: release - release WakeLock; refCount: 0, duration: 0, tag: TComm.HeartbeatConnectionHealthManager, lock: WakeLock{4cddd81 held=false, refCount=0}
06-08 20:08:01.150 3140 3332 I AUDIOALG: asyncProcess : process @@@
06-08 20:08:01.153 3140 3332 I AUDIOALG: RefDlyEstimation: maxRxy 0.000000 maxPos 0
06-08 20:08:01.154 3140 3332 I AUDIOALG: asyncProcess : waiting...
06-08 20:08:02.683 3370 3460 W BestClock: java.time.DateTimeException: Missing NTP fix
06-08 20:08:02.707 3370 3460 W BestClock: java.time.DateTimeException: Missing NTP fix
06-08 20:08:02.709 3370 3461 W BestClock: java.time.DateTimeException: Missing NTP fix
06-08 20:08:03.199 3140 3332 I AUDIOALG: asyncProcess : process @@@
06-08 20:08:03.201 3140 3332 I AUDIOALG: RefDlyEstimation: maxRxy 0.000000 maxPos 0
06-08 20:08:03.201 3140 3332 I AUDIOALG: asyncProcess : waiting...
06-08 20:08:03.860 3140 20207 I Node : dolby-audio-meter, AdapterPcmSystem adapter audio meter: channel 0; audio level: 0.000
06-08 20:08:03.860 3140 20207 I Node : dolby-audio-meter, AdapterPcmSystem adapter audio meter: channel 1; audio level: 0.000
06-08 20:08:03.860 3140 20207 I RendererNode: dolby-audio-meter, Renderer renderer audio meter: channel 0; audio level: 0.000
06-08 20:08:03.860 3140 20207 I RendererNode: dolby-audio-meter, Renderer renderer audio meter: channel 1; audio level: 0.000
06-08 20:08:03.860 3140 20207 I RendererNode: dolby-audio-meter, Renderer renderer audio meter: channel 2; audio level: 0.000
06-08 20:08:03.860 3140 20207 I RendererNode: dolby-audio-meter, Renderer renderer audio meter: channel 3; audio level: 0.000
06-08 20:08:03.860 3140 20207 I RendererNode: dolby-audio-meter, Renderer renderer audio meter: channel 4; audio level: 0.000
06-08 20:08:03.860 3140 20207 I RendererNode: dolby-audio-meter, Renderer renderer audio meter: channel 5; audio level: 0.000
06-08 20:08:03.860 3140 20207 I Node : dolby-audio-meter, AdapterPcmOut adapter audio meter: channel 0; audio level: 0.000
06-08 20:08:03.860 3140 20207 I Node : dolby-audio-meter, AdapterPcmOut adapter audio meter: channel 1; audio level: 0.000
06-08 20:08:05.247 3140 3332 I AUDIOALG: asyncProcess : process @@@
06-08 20:08:05.251 3140 3332 I AUDIOALG: RefDlyEstimation: maxRxy 0.000000 maxPos 0
06-08 20:08:05.251 3140 3332 I AUDIOALG: asyncProcess : waiting...
06-08 20:08:05.317 20808 20808 I main.wifi_log_levels: wifi_log_levels:wlan0:rssi=;rssi2=;noise=-92;noise2=-92;channel=;txframes=;txfails=;txper=0%;txaggr=;rxframes=;rxcrc=;rxper=;rxdrop=;phymode=;phyrate=;lasttxrate=;lastrxrate=;
06-08 20:08:05.333 20809 20809 I main.wifi_log_levels: tx_packets=0;tx_bytes=0;tx_errors=0;tx_dropped=0;rx_packets=0;rx_bytes=0;rx_errors=0;rx_dropped=0;
06-08 20:08:05.356 20810 20810 I main.wifi_log_levels: max_rssi=;min_rssi=;max_noise=-92;min_noise=-92;noise histogram=0 0 0 0 0 0 0 0 0 0 0
06-08 20:08:05.394 20812 20812 I main.wifi_log_levels: wifi_log_levels:ch_busy=12%;ch_idle=88%;ch_tx=0%;ch_rx=0%;tx_ok=0%;tx_fail=0%;tx_retry=0%;rx_ok=0%;rx_fcs=0%;tx_ok=0;tx_fail=0;tx_retry=0;rx_ok=0;rx_fcs=27;cck_false=216;cck_crc=0;ofdm_false=54;ofdm_crc=5;
06-08 20:08:07.295 3140 3332 I AUDIOALG: asyncProcess : process @@@
06-08 20:08:07.297 3140 3332 I AUDIOALG: RefDlyEstimation: maxRxy 0.000000 maxPos 0
06-08 20:08:07.297 3140 3332 I AUDIOALG: asyncProcess : waiting...
06-08 20:08:09.342 3140 3332 I AUDIOALG: asyncProcess : process @@@
06-08 20:08:09.345 3140 3332 I AUDIOALG: RefDlyEstimation: maxRxy 0.000000 maxPos 0
06-08 20:08:09.345 3140 3332 I AUDIOALG: asyncProcess : waiting...
06-08 20:08:11.390 3140 3332 I AUDIOALG: asyncProcess : process @@@
06-08 20:08:11.393 3140 3332 I AUDIOALG: RefDlyEstimation: maxRxy 0.000000 maxPos 0
06-08 20:08:11.393 3140 3332 I AUDIOALG: asyncProcess : waiting...
06-08 20:08:13.439 3140 3332 I AUDIOALG: asyncProcess : process @@@
06-08 20:08:13.441 3140 3332 I AUDIOALG: RefDlyEstimation: maxRxy 0.000000 maxPos 0
06-08 20:08:13.441 3140 3332 I AUDIOALG: asyncProcess : waiting...
06-08 20:08:13.867 3140 20207 I Node : dolby-audio-meter, AdapterPcmSystem adapter audio meter: channel 0; audio level: 0.000
06-08 20:08:13.868 3140 20207 I Node : dolby-audio-meter, AdapterPcmSystem adapter audio meter: channel 1; audio level: 0.000
06-08 20:08:13.868 3140 20207 I RendererNode: dolby-audio-meter, Renderer renderer audio meter: channel 0; audio level: 0.000
06-08 20:08:13.868 3140 20207 I RendererNode: dolby-audio-meter, Renderer renderer audio meter: channel 1; audio level: 0.000
06-08 20:08:13.868 3140 20207 I RendererNode: dolby-audio-meter, Renderer renderer audio meter: channel 2; audio level: 0.000
06-08 20:08:13.868 3140 20207 I RendererNode: dolby-audio-meter, Renderer renderer audio meter: channel 3; audio level: 0.000
06-08 20:08:13.868 3140 20207 I RendererNode: dolby-audio-meter, Renderer renderer audio meter: channel 4; audio level: 0.000
06-08 20:08:13.868 3140 20207 I RendererNode: dolby-audio-meter, Renderer renderer audio meter: channel 5; audio level: 0.000
06-08 20:08:13.868 3140 20207 I Node : dolby-audio-meter, AdapterPcmOut adapter audio meter: channel 0; audio level: 0.000
06-08 20:08:13.868 3140 20207 I Node : dolby-audio-meter, AdapterPcmOut adapter audio meter: channel 1; audio level: 0.000
06-08 20:08:15.488 3140 3332 I AUDIOALG: asyncProcess : process @@@
06-08 20:08:15.491 3140 3332 I AUDIOALG: RefDlyEstimation: maxRxy 0.000000 maxPos 0
06-08 20:08:15.491 3140 3332 I AUDIOALG: asyncProcess : waiting...
06-08 20:08:16.672 3195 3256 E storaged: getDiskStats failed with result NOT_SUPPORTED and size 0
06-08 20:08:17.534 3140 3332 I AUDIOALG: asyncProcess : process @@@
06-08 20:08:17.542 3140 3332 I AUDIOALG: RefDlyEstimation: maxRxy 0.000000 maxPos 0
06-08 20:08:17.542 3140 3332 I AUDIOALG: asyncProcess : waiting...
06-08 20:08:19.281 3370 3460 W BestClock: java.time.DateTimeException: Missing NTP fix
06-08 20:08:19.312 3370 3460 W BestClock: java.time.DateTimeException: Missing NTP fix
06-08 20:08:19.313 3370 3461 W BestClock: java.time.DateTimeException: Missing NTP fix
06-08 20:08:19.588 3140 3332 I AUDIOALG: asyncProcess : process @@@
06-08 20:08:19.590 3140 3332 I AUDIOALG: RefDlyEstimation: maxRxy 0.000000 maxPos 0
06-08 20:08:19.590 3140 3332 I AUDIOALG: asyncProcess : waiting...
06-08 20:08:21.541 3883 20524 I Vizzini_2.0.11122.0:HealthLogger: Current State = {"AlexaCaptionsEnabled":"false","Account":"valid","ProfileValidated":"true","AlexaCaptionsSupported":"true","memoryTotalPss":"89829","DeviceFamily":"WAKEWORD","memoryTotalSharedDirty":"6208","WakewordDetector":"disabled","InstaHintsSyncTime":"2021-06-08 17:35:22","ReleaseVersion":"634.0.0","AlexaLegalTermsAccepted":"true","AppVersion":"2.0.11122.0","AlexaExperience":"FULL","SupportsFarField":"true","memoryAvailable":"655069184","Gateway":"avs-alexa-6-eu.amazon.com:443","memoryLow":"false","ConnectionState":"CONNECTED","OOBECompleted":"true","memoryTotalPrivateDirty":"59020","WakeWord":"SET"}
06-08 20:08:21.541 3883 20524 I DeviceEvent: CSMSIM#device_event_contract#0#1.0
06-08 20:08:21.630 3140 3332 I AUDIOALG: asyncProcess : process @@@
06-08 20:08:21.633 3140 3332 I AUDIOALG: RefDlyEstimation: maxRxy 0.000000 maxPos 0
06-08 20:08:21.633 3140 3332 I AUDIOALG: asyncProcess : waiting...
06-08 20:08:23.678 3140 3332 I AUDIOALG: asyncProcess : process @@@
06-08 20:08:23.681 3140 3332 I AUDIOALG: RefDlyEstimation: maxRxy 0.000000 maxPos 0
06-08 20:08:23.681 3140 3332 I AUDIOALG: asyncProcess : waiting...
06-08 20:08:23.892 3140 20207 I Node : dolby-audio-meter, AdapterPcmSystem adapter audio meter: channel 0; audio level: 0.000
06-08 20:08:23.892 3140 20207 I Node : dolby-audio-meter, AdapterPcmSystem adapter audio meter: channel 1; audio level: 0.000
06-08 20:08:23.892 3140 20207 I RendererNode: dolby-audio-meter, Renderer renderer audio meter: channel 0; audio level: 0.000
06-08 20:08:23.892 3140 20207 I RendererNode: dolby-audio-meter, Renderer renderer audio meter: channel 1; audio level: 0.000
06-08 20:08:23.892 3140 20207 I RendererNode: dolby-audio-meter, Renderer renderer audio meter: channel 2; audio level: 0.000
06-08 20:08:23.892 3140 20207 I RendererNode: dolby-audio-meter, Renderer renderer audio meter: channel 3; audio level: 0.000
06-08 20:08:23.892 3140 20207 I RendererNode: dolby-audio-meter, Renderer renderer audio meter: channel 4; audio level: 0.000
06-08 20:08:23.892 3140 20207 I RendererNode: dolby-audio-meter, Renderer renderer audio meter: channel 5; audio level: 0.000
06-08 20:08:23.892 3140 20207 I Node : dolby-audio-meter, AdapterPcmOut adapter audio meter: channel 0; audio level: 0.000
06-08 20:08:23.892 3140 20207 I Node : dolby-audio-meter, AdapterPcmOut adapter audio meter: channel 1; audio level: 0.000
06-08 20:08:25.726 3140 3332 I AUDIOALG: asyncProcess : process @@@
06-08 20:08:25.729 3140 3332 I AUDIOALG: RefDlyEstimation: maxRxy 0.000000 maxPos 0
06-08 20:08:25.729 3140 3332 I AUDIOALG: asyncProcess : waiting...
06-08 20:08:27.774 3140 3332 I AUDIOALG: asyncProcess : process @@@
06-08 20:08:27.776 3140 3332 I AUDIOALG: RefDlyEstimation: maxRxy 0.000000 maxPos 0
06-08 20:08:27.776 3140 3332 I AUDIOALG: asyncProcess : waiting...
06-08 20:08:29.822 3140 3332 I AUDIOALG: asyncProcess : process @@@
06-08 20:08:29.825 3140 3332 I AUDIOALG: RefDlyEstimation: maxRxy 0.000000 maxPos 0
06-08 20:08:29.825 3140 3332 I AUDIOALG: asyncProcess : waiting...
06-08 20:08:31.870 3140 3332 I AUDIOALG: asyncProcess : process @@@
06-08 20:08:31.872 3140 3332 I AUDIOALG: RefDlyEstimation: maxRxy 0.000000 maxPos 0
06-08 20:08:31.873 3140 3332 I AUDIOALG: asyncProcess : waiting...
06-08 20:08:33.897 3140 20207 I Node : dolby-audio-meter, AdapterPcmSystem adapter audio meter: channel 0; audio level: 0.000
06-08 20:08:33.897 3140 20207 I Node : dolby-audio-meter, AdapterPcmSystem adapter audio meter: channel 1; audio level: 0.000
06-08 20:08:33.897 3140 20207 I RendererNode: dolby-audio-meter, Renderer renderer audio meter: channel 0; audio level: 0.000
06-08 20:08:33.897 3140 20207 I RendererNode: dolby-audio-meter, Renderer renderer audio meter: channel 1; audio level: 0.000
06-08 20:08:33.897 3140 20207 I RendererNode: dolby-audio-meter, Renderer renderer audio meter: channel 2; audio level: 0.000
06-08 20:08:33.897 3140 20207 I RendererNode: dolby-audio-meter, Renderer renderer audio meter: channel 3; audio level: 0.000
06-08 20:08:33.897 3140 20207 I RendererNode: dolby-audio-meter, Renderer renderer audio meter: channel 4; audio level: 0.000
06-08 20:08:33.897 3140 20207 I RendererNode: dolby-audio-meter, Renderer renderer audio meter: channel 5; audio level: 0.000
06-08 20:08:33.897 3140 20207 I Node : dolby-audio-meter, AdapterPcmOut adapter audio meter: channel 0; audio level: 0.000
06-08 20:08:33.897 3140 20207 I Node : dolby-audio-meter, AdapterPcmOut adapter audio meter: channel 1; audio level: 0.000
06-08 20:08:33.921 3140 3332 I AUDIOALG: asyncProcess : process @@@
06-08 20:08:33.923 3140 3332 I AUDIOALG: RefDlyEstimation: maxRxy 0.000000 maxPos 0
06-08 20:08:33.923 3140 3332 I AUDIOALG: asyncProcess : waiting...
06-08 20:08:35.966 3140 3332 I AUDIOALG: asyncProcess : process @@@
06-08 20:08:35.969 3140 3332 I AUDIOALG: RefDlyEstimation: maxRxy 0.000000 maxPos 0
06-08 20:08:35.969 3140 3332 I AUDIOALG: asyncProcess : waiting...
06-08 20:08:36.107 3370 3460 W BestClock: java.time.DateTimeException: Missing NTP fix
06-08 20:08:36.129 3370 3460 W BestClock: java.time.DateTimeException: Missing NTP fix
06-08 20:08:36.134 3370 3461 W BestClock: java.time.DateTimeException: Missing NTP fix
06-08 20:08:38.014 3140 3332 I AUDIOALG: asyncProcess : process @@@
06-08 20:08:38.016 3140 3332 I AUDIOALG: RefDlyEstimation: maxRxy 0.000000 maxPos 0
06-08 20:08:38.016 3140 3332 I AUDIOALG: asyncProcess : waiting...
06-08 20:08:40.063 3140 3332 I AUDIOALG: asyncProcess : process @@@
06-08 20:08:40.065 3140 3332 I AUDIOALG: RefDlyEstimation: maxRxy 0.000000 maxPos 0
06-08 20:08:40.065 3140 3332 I AUDIOALG: asyncProcess : waiting...
06-08 20:08:41.216 3566 4099 W bt_btif : bta_hh_le_input_rpt_notify uuid=0x2a4d srv_handle=79 is_bl_svc_primary=1 rpt_id=1 len=3
06-08 20:08:41.220 3370 3452 E AmazonProfileService: There is no KEY_CHILD_PIN_PACKAGE_NAME
06-08 20:08:41.221 3370 3452 I AmazonProfileService: Returning active profile for programId = PCA_FIRE_TV and customerId = xxx
06-08 20:08:41.221 3370 3452 I AmazonProfileService: Event not filtered. KPM proceeds the key
06-08 20:08:41.221 3370 3452 I FireTVKeyPolicyManager: Dynamic key mapping has been enabled
06-08 20:08:41.221 3370 3452 I KeyMapManagerUtil: Unknown remote sku id 0. Fetch remote sku id from system property
06-08 20:08:41.221 3370 3452 I FireTVKeyPolicyManager: Dynamic key mapping key intercepted result 0
06-08 20:08:41.223 3370 3451 D AmzPhoneWindowManager: is 4 in key list = false
06-08 20:08:41.225 20034 20056 V Kodi : CAndroidKey: key down (dev:7; src:769; code: 4; repeat: 0; flags: 0x8; alt: no; shift: no; sym: no)
06-08 20:08:41.234 20034 20058 D Kodi : 2021-06-08 20:08:41.234 T:20058 DEBUG : Keyboard: scancode: 0x04, sym: 0x8, unicode: 0x0000, modifier: 0x0
06-08 20:08:41.256 3566 4099 W bt_btif : bta_hh_le_input_rpt_notify uuid=0x2a4d srv_handle=79 is_bl_svc_primary=1 rpt_id=1 len=3
06-08 20:08:41.257 3370 3452 E AmazonProfileService: There is no KEY_CHILD_PIN_PACKAGE_NAME
06-08 20:08:41.257 3370 3452 I AmazonProfileService: Returning active profile for programId = PCA_FIRE_TV and customerId = xxx
06-08 20:08:41.258 3370 3452 I AmazonProfileService: Event not filtered. KPM proceeds the key
06-08 20:08:41.258 3370 3452 I FireTVKeyPolicyManager: Dynamic key mapping has been enabled
06-08 20:08:41.258 3370 3452 I KeyMapManagerUtil: Unknown remote sku id 0. Fetch remote sku id from system property
06-08 20:08:41.259 3370 3452 I FireTVKeyPolicyManager: Dynamic key mapping key intercepted result 0
06-08 20:08:41.261 3370 3451 D AmzPhoneWindowManager: is 4 in key list = false
06-08 20:08:41.265 20034 20056 V Kodi : CAndroidKey: key up (dev:7; src:769; code: 4; repeat: 0; flags: 0x8; alt: no; shift: no; sym: no)
06-08 20:08:41.277 20034 20058 D Kodi : 2021-06-08 20:08:41.277 T:20058 DEBUG : Keyboard: scancode: 0x04, sym: 0x8, unicode: 0x0000, modifier: 0x0
06-08 20:08:41.278 20034 20058 D Kodi : 2021-06-08 20:08:41.277 T:20058 DEBUG : HandleKey: backspace (0xf008) pressed, screen saver/dpms woken up
06-08 20:08:42.110 3140 3332 I AUDIOALG: asyncProcess : process @@@
06-08 20:08:42.112 3140 3332 I AUDIOALG: RefDlyEstimation: maxRxy 0.000000 maxPos 0
06-08 20:08:42.112 3140 3332 I AUDIOALG: asyncProcess : waiting...
06-08 20:08:42.300 20034 20058 D Kodi : 2021-06-08 20:08:42.300 T:20058 DEBUG : ------ Window Deinit () ------
06-08 20:08:42.996 3566 4099 W bt_btif : bta_hh_le_input_rpt_notify uuid=0x2a4d srv_handle=79 is_bl_svc_primary=1 rpt_id=1 len=3
06-08 20:08:42.996 3370 3452 E AmazonProfileService: There is no KEY_CHILD_PIN_PACKAGE_NAME
06-08 20:08:42.996 3370 3452 I AmazonProfileService: Returning active profile for programId = PCA_FIRE_TV and customerId = xxx
06-08 20:08:42.997 3370 3452 I AmazonProfileService: Event not filtered. KPM proceeds the key
06-08 20:08:42.997 3370 3452 I FireTVKeyPolicyManager: Dynamic key mapping has been enabled
06-08 20:08:42.997 3370 3452 I KeyMapManagerUtil: Unknown remote sku id 0. Fetch remote sku id from system property
06-08 20:08:42.997 3370 3452 I FireTVKeyPolicyManager: Dynamic key mapping key intercepted result 0
06-08 20:08:42.998 3370 3451 D AmzPhoneWindowManager: is 4 in key list = false
06-08 20:08:43.000 20034 20056 V Kodi : CAndroidKey: key down (dev:7; src:769; code: 4; repeat: 0; flags: 0x8; alt: no; shift: no; sym: no)
06-08 20:08:43.008 20034 20058 D Kodi : 2021-06-08 20:08:43.008 T:20058 DEBUG : Keyboard: scancode: 0x04, sym: 0x8, unicode: 0x0000, modifier: 0x0
06-08 20:08:43.191 3566 4099 W bt_btif : bta_hh_le_input_rpt_notify uuid=0x2a4d srv_handle=79 is_bl_svc_primary=1 rpt_id=1 len=3
06-08 20:08:43.192 3370 3452 E AmazonProfileService: There is no KEY_CHILD_PIN_PACKAGE_NAME
06-08 20:08:43.192 3370 3452 I AmazonProfileService: Returning active profile for programId = PCA_FIRE_TV and customerId = xxx
06-08 20:08:43.193 3370 3452 I AmazonProfileService: Event not filtered. KPM proceeds the key
06-08 20:08:43.193 3370 3452 I FireTVKeyPolicyManager: Dynamic key mapping has been enabled
06-08 20:08:43.194 3370 3452 I KeyMapManagerUtil: Unknown remote sku id 0. Fetch remote sku id from system property
06-08 20:08:43.194 3370 3452 I FireTVKeyPolicyManager: Dynamic key mapping key intercepted result 0
06-08 20:08:43.198 3370 3451 D AmzPhoneWindowManager: is 4 in key list = false
06-08 20:08:43.203 20034 20056 V Kodi : CAndroidKey: key up (dev:7; src:769; code: 4; repeat: 0; flags: 0x8; alt: no; shift: no; sym: no)
06-08 20:08:43.216 20034 20058 D Kodi : 2021-06-08 20:08:43.216 T:20058 DEBUG : Keyboard: scancode: 0x04, sym: 0x8, unicode: 0x0000, modifier: 0x0
06-08 20:08:43.217 20034 20058 D Kodi : 2021-06-08 20:08:43.217 T:20058 DEBUG : HandleKey: backspace (0xf008) pressed, action is Back
06-08 20:08:43.707 20034 20058 D Kodi : 2021-06-08 20:08:43.707 T:20058 DEBUG : ------ Window Deinit (DialogAddonSettings.xml) ------
06-08 20:08:43.924 3140 20207 I Node : dolby-audio-meter, AdapterPcmSystem adapter audio meter: channel 0; audio level: 0.000
06-08 20:08:43.924 3140 20207 I Node : dolby-audio-meter, AdapterPcmSystem adapter audio meter: channel 1; audio level: 0.000
06-08 20:08:43.924 3140 20207 I RendererNode: dolby-audio-meter, Renderer renderer audio meter: channel 0; audio level: 0.000
06-08 20:08:43.924 3140 20207 I RendererNode: dolby-audio-meter, Renderer renderer audio meter: channel 1; audio level: 0.000
06-08 20:08:43.924 3140 20207 I RendererNode: dolby-audio-meter, Renderer renderer audio meter: channel 2; audio level: 0.000
06-08 20:08:43.924 3140 20207 I RendererNode: dolby-audio-meter, Renderer renderer audio meter: channel 3; audio level: 0.000
06-08 20:08:43.924 3140 20207 I RendererNode: dolby-audio-meter, Renderer renderer audio meter: channel 4; audio level: 0.000
06-08 20:08:43.924 3140 20207 I RendererNode: dolby-audio-meter, Renderer renderer audio meter: channel 5; audio level: 0.000
06-08 20:08:43.924 3140 20207 I Node : dolby-audio-meter, AdapterPcmOut adapter audio meter: channel 0; audio level: 0.000
06-08 20:08:43.924 3140 20207 I Node : dolby-audio-meter, AdapterPcmOut adapter audio meter: channel 1; audio level: 0.000
06-08 20:08:44.035 3566 4099 W bt_btif : bta_hh_le_input_rpt_notify uuid=0x2a4d srv_handle=79 is_bl_svc_primary=1 rpt_id=1 len=3
06-08 20:08:44.036 3370 3452 E AmazonProfileService: There is no KEY_CHILD_PIN_PACKAGE_NAME
06-08 20:08:44.036 3370 3452 I AmazonProfileService: Returning active profile for programId = PCA_FIRE_TV and customerId = xxx
06-08 20:08:44.037 3370 3452 I AmazonProfileService: Event not filtered. KPM proceeds the key
06-08 20:08:44.037 3370 3452 I FireTVKeyPolicyManager: Dynamic key mapping has been enabled
06-08 20:08:44.037 3370 3452 I KeyMapManagerUtil: Unknown remote sku id 0. Fetch remote sku id from system property
06-08 20:08:44.038 3370 3452 I FireTVKeyPolicyManager: Dynamic key mapping key intercepted result 0
06-08 20:08:44.042 3370 3451 D AmzPhoneWindowManager: is 4 in key list = false
06-08 20:08:44.046 20034 20056 V Kodi : CAndroidKey: key down (dev:7; src:769; code: 4; repeat: 0; flags: 0x8; alt: no; shift: no; sym: no)
06-08 20:08:44.059 20034 20058 D Kodi : 2021-06-08 20:08:44.059 T:20058 DEBUG : Keyboard: scancode: 0x04, sym: 0x8, unicode: 0x0000, modifier: 0x0
06-08 20:08:44.159 3140 3332 I AUDIOALG: asyncProcess : process @@@
06-08 20:08:44.163 3140 3332 I AUDIOALG: RefDlyEstimation: maxRxy 0.000000 maxPos 0
06-08 20:08:44.163 3140 3332 I AUDIOALG: asyncProcess : waiting...
06-08 20:08:44.216 3566 4099 W bt_btif : bta_hh_le_input_rpt_notify uuid=0x2a4d srv_handle=79 is_bl_svc_primary=1 rpt_id=1 len=3
06-08 20:08:44.216 3370 3452 E AmazonProfileService: There is no KEY_CHILD_PIN_PACKAGE_NAME
06-08 20:08:44.216 3370 3452 I AmazonProfileService: Returning active profile for programId = PCA_FIRE_TV and customerId = xxx
06-08 20:08:44.217 3370 3452 I AmazonProfileService: Event not filtered. KPM proceeds the key
06-08 20:08:44.217 3370 3452 I FireTVKeyPolicyManager: Dynamic key mapping has been enabled
06-08 20:08:44.217 3370 3452 I KeyMapManagerUtil: Unknown remote sku id 0. Fetch remote sku id from system property
06-08 20:08:44.217 3370 3452 I FireTVKeyPolicyManager: Dynamic key mapping key intercepted result 0
06-08 20:08:44.222 3370 3451 D AmzPhoneWindowManager: is 4 in key list = false
06-08 20:08:44.226 20034 20056 V Kodi : CAndroidKey: key up (dev:7; src:769; code: 4; repeat: 0; flags: 0x8; alt: no; shift: no; sym: no)
06-08 20:08:44.239 20034 20058 D Kodi : 2021-06-08 20:08:44.239 T:20058 DEBUG : Keyboard: scancode: 0x04, sym: 0x8, unicode: 0x0000, modifier: 0x0
06-08 20:08:44.240 20034 20058 D Kodi : 2021-06-08 20:08:44.240 T:20058 DEBUG : HandleKey: backspace (0xf008) pressed, action is Back
06-08 20:08:45.391 3566 4099 W bt_btif : bta_hh_le_input_rpt_notify uuid=0x2a4d srv_handle=79 is_bl_svc_primary=1 rpt_id=1 len=3
06-08 20:08:45.392 3370 3452 E AmazonProfileService: There is no KEY_CHILD_PIN_PACKAGE_NAME
06-08 20:08:45.392 3370 3452 I AmazonProfileService: Event is not filtered because it is not in filter key list.
06-08 20:08:45.392 3370 3452 I FireTVKeyPolicyManager: Dynamic key mapping has been enabled
06-08 20:08:45.392 3370 3452 I KeyMapManagerUtil: Unknown remote sku id 0. Fetch remote sku id from system property
06-08 20:08:45.392 3370 3452 I FireTVKeyPolicyManager: Dynamic key mapping key intercepted result 0
06-08 20:08:45.393 3370 3451 D AmzPhoneWindowManager: is 20 in key list = false
06-08 20:08:45.395 3566 4099 W bt_btif : bta_hh_le_input_rpt_notify uuid=0x2a4d srv_handle=79 is_bl_svc_primary=1 rpt_id=1 len=3
