06-08 19:58:38.045 3370 3452 I KeyMapManagerUtil: Unknown remote sku id 0. Fetch remote sku id from system property
06-08 19:58:38.045 3370 3452 I FireTVKeyPolicyManager: Dynamic key mapping key intercepted result 0
06-08 19:58:38.046 3370 3451 D AmzPhoneWindowManager: is 23 in key list = false
06-08 19:58:38.613 3566 4099 W bt_btif : bta_hh_le_input_rpt_notify uuid=0x2a4d srv_handle=79 is_bl_svc_primary=1 rpt_id=1 len=3
06-08 19:58:38.614 3370 3452 E AmazonProfileService: There is no KEY_CHILD_PIN_PACKAGE_NAME
06-08 19:58:38.614 3370 3452 I AmazonProfileService: Event is not filtered because it is not in filter key list.
06-08 19:58:38.614 3370 3452 I FireTVKeyPolicyManager: Dynamic key mapping has been enabled
06-08 19:58:38.614 3370 3452 I KeyMapManagerUtil: Unknown remote sku id 0. Fetch remote sku id from system property
06-08 19:58:38.614 3370 3452 I FireTVKeyPolicyManager: Dynamic key mapping key intercepted result 0
06-08 19:58:38.615 3370 3451 D AmzPhoneWindowManager: is 19 in key list = false
06-08 19:58:38.689 3566 4099 W bt_btif : bta_hh_le_input_rpt_notify uuid=0x2a4d srv_handle=79 is_bl_svc_primary=1 rpt_id=1 len=3
06-08 19:58:38.689 3370 3452 E AmazonProfileService: There is no KEY_CHILD_PIN_PACKAGE_NAME
06-08 19:58:38.689 3370 3452 I AmazonProfileService: Event is not filtered because it is not in filter key list.
06-08 19:58:38.689 3370 3452 I FireTVKeyPolicyManager: Dynamic key mapping has been enabled
06-08 19:58:38.690 3370 3452 I KeyMapManagerUtil: Unknown remote sku id 0. Fetch remote sku id from system property
06-08 19:58:38.690 3370 3452 I FireTVKeyPolicyManager: Dynamic key mapping key intercepted result 0
06-08 19:58:38.690 3370 3451 D AmzPhoneWindowManager: is 19 in key list = false
06-08 19:58:39.432 3566 4099 W bt_btif : bta_hh_le_input_rpt_notify uuid=0x2a4d srv_handle=79 is_bl_svc_primary=1 rpt_id=1 len=3
06-08 19:58:39.433 3370 3452 E AmazonProfileService: There is no KEY_CHILD_PIN_PACKAGE_NAME
06-08 19:58:39.433 3370 3452 I AmazonProfileService: Event is not filtered because it is not in filter key list.
06-08 19:58:39.433 3370 3452 I FireTVKeyPolicyManager: Dynamic key mapping has been enabled
06-08 19:58:39.433 3370 3452 I KeyMapManagerUtil: Unknown remote sku id 0. Fetch remote sku id from system property
06-08 19:58:39.433 3370 3452 I FireTVKeyPolicyManager: Dynamic key mapping key intercepted result 0
06-08 19:58:39.435 3370 3451 D AmzPhoneWindowManager: is 23 in key list = false
06-08 19:58:39.437 20034 20056 I chatty : uid=10043(org.xbmc.kodi) Thread-2 expire 8 lines
06-08 19:58:39.529 3566 4099 W bt_btif : bta_hh_le_input_rpt_notify uuid=0x2a4d srv_handle=79 is_bl_svc_primary=1 rpt_id=1 len=3
06-08 19:58:39.530 3370 3452 E AmazonProfileService: There is no KEY_CHILD_PIN_PACKAGE_NAME
06-08 19:58:39.530 3370 3452 I AmazonProfileService: Event is not filtered because it is not in filter key list.
06-08 19:58:39.530 3370 3452 I FireTVKeyPolicyManager: Dynamic key mapping has been enabled
06-08 19:58:39.530 3370 3452 I KeyMapManagerUtil: Unknown remote sku id 0. Fetch remote sku id from system property
06-08 19:58:39.530 3370 3452 I FireTVKeyPolicyManager: Dynamic key mapping key intercepted result 0
06-08 19:58:39.530 3370 3451 D AmzPhoneWindowManager: is 23 in key list = false
06-08 19:58:39.989 3566 4099 W bt_btif : bta_hh_le_input_rpt_notify uuid=0x2a4d srv_handle=79 is_bl_svc_primary=1 rpt_id=1 len=3
06-08 19:58:39.990 3370 3452 E AmazonProfileService: There is no KEY_CHILD_PIN_PACKAGE_NAME
06-08 19:58:39.990 3370 3452 I AmazonProfileService: Event is not filtered because it is not in filter key list.
06-08 19:58:39.990 3370 3452 I FireTVKeyPolicyManager: Dynamic key mapping has been enabled
06-08 19:58:39.990 3370 3452 I KeyMapManagerUtil: Unknown remote sku id 0. Fetch remote sku id from system property
06-08 19:58:39.990 3370 3452 I FireTVKeyPolicyManager: Dynamic key mapping key intercepted result 0
06-08 19:58:39.991 3370 3451 D AmzPhoneWindowManager: is 23 in key list = false
06-08 19:58:40.113 3566 4099 W bt_btif : bta_hh_le_input_rpt_notify uuid=0x2a4d srv_handle=79 is_bl_svc_primary=1 rpt_id=1 len=3
06-08 19:58:40.113 3370 3452 E AmazonProfileService: There is no KEY_CHILD_PIN_PACKAGE_NAME
06-08 19:58:40.113 3370 3452 I AmazonProfileService: Event is not filtered because it is not in filter key list.
06-08 19:58:40.113 3370 3452 I FireTVKeyPolicyManager: Dynamic key mapping has been enabled
06-08 19:58:40.113 3370 3452 I KeyMapManagerUtil: Unknown remote sku id 0. Fetch remote sku id from system property
06-08 19:58:40.113 3370 3452 I FireTVKeyPolicyManager: Dynamic key mapping key intercepted result 0
06-08 19:58:40.114 3370 3451 D AmzPhoneWindowManager: is 23 in key list = false
06-08 19:58:40.789 3566 4099 W bt_btif : bta_hh_le_input_rpt_notify uuid=0x2a4d srv_handle=79 is_bl_svc_primary=1 rpt_id=1 len=3
06-08 19:58:40.790 3370 3452 E AmazonProfileService: There is no KEY_CHILD_PIN_PACKAGE_NAME
06-08 19:58:40.790 3370 3452 I AmazonProfileService: Event is not filtered because it is not in filter key list.
06-08 19:58:40.790 3370 3452 I FireTVKeyPolicyManager: Dynamic key mapping has been enabled
06-08 19:58:40.790 3370 3452 I KeyMapManagerUtil: Unknown remote sku id 0. Fetch remote sku id from system property
06-08 19:58:40.790 3370 3452 I FireTVKeyPolicyManager: Dynamic key mapping key intercepted result 0
06-08 19:58:40.793 3370 3451 D AmzPhoneWindowManager: is 22 in key list = false
06-08 19:58:40.890 3566 4099 W bt_btif : bta_hh_le_input_rpt_notify uuid=0x2a4d srv_handle=79 is_bl_svc_primary=1 rpt_id=1 len=3
06-08 19:58:40.892 3370 3452 E AmazonProfileService: There is no KEY_CHILD_PIN_PACKAGE_NAME
06-08 19:58:40.893 3370 3452 I AmazonProfileService: Event is not filtered because it is not in filter key list.
06-08 19:58:40.894 3370 3452 I FireTVKeyPolicyManager: Dynamic key mapping has been enabled
06-08 19:58:40.895 3370 3452 I KeyMapManagerUtil: Unknown remote sku id 0. Fetch remote sku id from system property
06-08 19:58:40.895 3370 3452 I FireTVKeyPolicyManager: Dynamic key mapping key intercepted result 0
06-08 19:58:40.896 3370 3451 D AmzPhoneWindowManager: is 22 in key list = false
06-08 19:58:41.449 3566 4099 W bt_btif : bta_hh_le_input_rpt_notify uuid=0x2a4d srv_handle=79 is_bl_svc_primary=1 rpt_id=1 len=3
06-08 19:58:41.450 3370 3452 E AmazonProfileService: There is no KEY_CHILD_PIN_PACKAGE_NAME
06-08 19:58:41.450 3370 3452 I AmazonProfileService: Event is not filtered because it is not in filter key list.
06-08 19:58:41.450 3370 3452 I FireTVKeyPolicyManager: Dynamic key mapping has been enabled
06-08 19:58:41.450 3370 3452 I KeyMapManagerUtil: Unknown remote sku id 0. Fetch remote sku id from system property
06-08 19:58:41.450 3370 3452 I FireTVKeyPolicyManager: Dynamic key mapping key intercepted result 0
06-08 19:58:41.451 3370 3451 D AmzPhoneWindowManager: is 22 in key list = false
06-08 19:58:41.569 3566 4099 W bt_btif : bta_hh_le_input_rpt_notify uuid=0x2a4d srv_handle=79 is_bl_svc_primary=1 rpt_id=1 len=3
06-08 19:58:41.570 3370 3452 E AmazonProfileService: There is no KEY_CHILD_PIN_PACKAGE_NAME
06-08 19:58:41.570 3370 3452 I AmazonProfileService: Event is not filtered because it is not in filter key list.
06-08 19:58:41.570 3370 3452 I FireTVKeyPolicyManager: Dynamic key mapping has been enabled
06-08 19:58:41.570 3370 3452 I KeyMapManagerUtil: Unknown remote sku id 0. Fetch remote sku id from system property
06-08 19:58:41.570 3370 3452 I FireTVKeyPolicyManager: Dynamic key mapping key intercepted result 0
06-08 19:58:41.571 3370 3451 D AmzPhoneWindowManager: is 22 in key list = false
06-08 19:58:42.964 3140 20207 I chatty : uid=1041(audioserver) MS12 expire 30 lines
06-08 19:58:48.119 3370 3460 W BestClock: java.time.DateTimeException: Missing NTP fix
06-08 19:58:48.146 3370 3460 W BestClock: java.time.DateTimeException: Missing NTP fix
06-08 19:58:48.148 3370 3461 W BestClock: java.time.DateTimeException: Missing NTP fix
06-08 19:58:54.334 3140 3332 I chatty : uid=1041(audioserver) HwBinder:3140_1 expire 30 lines
06-08 19:59:05.379 3370 3460 W BestClock: java.time.DateTimeException: Missing NTP fix
06-08 19:59:05.401 3370 3460 W BestClock: java.time.DateTimeException: Missing NTP fix
06-08 19:59:05.403 3370 3461 W BestClock: java.time.DateTimeException: Missing NTP fix
06-08 19:59:11.475 5779 20336 D EventBus: No subscribers registered for event class org.primftpd.events.ClientActionEvent
06-08 19:59:11.475 5779 20336 D EventBus: No subscribers registered for event class org.greenrobot.eventbus.NoSubscriberEvent
06-08 19:59:13.001 3140 20207 I chatty : uid=1041(audioserver) MS12 expire 30 lines
06-08 19:59:14.814 3140 3332 I chatty : uid=1041(audioserver) HwBinder:3140_1 expire 36 lines
06-08 19:59:16.027 3969 8495 I whad : TimeSyncClient:clientThread:reason=skewOrDriftChange,master=XX02F2,time=8657.289057,skewX=5529.256203,skewY=595724.791416,drift=0.895863,reportedDrift=0.895863,numExchanges=22615
06-08 19:59:16.663 3195 3256 E storaged: getDiskStats failed with result NOT_SUPPORTED and size 0
06-08 19:59:21.509 3883 14345 I Vizzini_2.0.11122.0:HealthLogger: Current State = {"AlexaCaptionsEnabled":"false","Account":"valid","ProfileValidated":"true","AlexaCaptionsSupported":"true","memoryTotalPss":"104817","DeviceFamily":"WAKEWORD","memoryTotalSharedDirty":"7280","WakewordDetector":"disabled","InstaHintsSyncTime":"2021-06-08 17:35:22","ReleaseVersion":"634.0.0","AlexaLegalTermsAccepted":"true","AppVersion":"2.0.11122.0","AlexaExperience":"FULL","SupportsFarField":"true","memoryAvailable":"743600128","Gateway":"avs-alexa-6-eu.amazon.com:443","memoryLow":"false","ConnectionState":"CONNECTED","OOBECompleted":"true","memoryTotalPrivateDirty":"58564","WakeWord":"SET"}
06-08 19:59:21.509 3883 14345 I DeviceEvent: CSMSIM#device_event_contract#0#1.0
06-08 19:59:22.062 7165 7224 I ProvidedOAuthMetricsTransport: Acquiring wake lock with timeout: 300000ms
06-08 19:59:22.063 7165 7224 I ProvidedOAuthMetricsTransport: Acquiring wifi lock
06-08 19:59:22.063 3370 4345 I WifiService: acquireWifiLock uid=10052 lockMode=3
06-08 19:59:22.066 7165 7224 I ProvidedOAuthMetricsTransport: Manually releasing wifi lock
06-08 19:59:22.067 3370 4345 I WifiService: releaseWifiLock uid=10052
06-08 19:59:22.067 7165 7224 I ProvidedOAuthMetricsTransport: Manually releasing wake lock
06-08 19:59:22.068 7165 7224 I ProvidedOAuthMetricsTransport: Attempting transmission using fallback transport
06-08 19:59:22.068 7165 7224 I StaticCredentialMetricsTransport: Acquiring wake lock with timeout: 300000ms
06-08 19:59:22.069 7165 7224 I StaticCredentialMetricsTransport: Acquiring wifi lock
06-08 19:59:22.070 3370 4345 I WifiService: acquireWifiLock uid=10052 lockMode=3
06-08 19:59:22.070 7165 7224 E StaticCredentialMetricsTransport: Static token cannot be null or empty
06-08 19:59:22.070 7165 7224 I StaticCredentialMetricsTransport: Manually releasing wifi lock
06-08 19:59:22.071 3370 4345 I WifiService: releaseWifiLock uid=10052
06-08 19:59:22.071 7165 7224 I StaticCredentialMetricsTransport: Manually releasing wake lock
06-08 19:59:22.072 7165 7224 W Metrics:BatchTransmitte: QueuePusher.sendBatches - Batch transmission failed on credentials error, re-enqueuing batch.;
06-08 19:59:22.072 7165 7224 I Metrics:BatchTransmitte: QueuePusher.sendBatches - Partial number of NORMAL_ANONYMOUS queue batches sent; 0
06-08 19:59:22.274 3370 3460 W BestClock: java.time.DateTimeException: Missing NTP fix
06-08 19:59:22.298 3370 3460 W BestClock: java.time.DateTimeException: Missing NTP fix
06-08 19:59:22.300 3370 3461 W BestClock: java.time.DateTimeException: Missing NTP fix
06-08 19:59:22.531 7165 7223 I Metrics:BatchTransmitte: QueuePusher.sendBatches - Drained batch queue.; Number of HIGH_ANONYMOUS queue batches sent: 0
06-08 19:59:37.993 3906 3906 I TComm.HeartbeatBroadcas: onReceive - received intent; Intent { act=com.amazon.intent.action.NOS_DATA_TRANSFER typ=199076139 flg=0x14 cmp=com.amazon.tcomm/com.amazon.communication.heartbeat.HeartbeatBroadcastReceiver (has extras) }
06-08 19:59:37.993 3906 3906 I TComm.HeartbeatConnecti: onHeartbeatNotification - time to heartbeat; attribute: DEFAULT, registrationId: 199076139
06-08 19:59:37.994 3906 3906 I TComm.HeartbeatConnecti: getSocketToHeartbeat - active socket found; registrationId: 199076139, socketHeartbeatState: SocketHeartbeatState: socket: {1: wss://dp-gw-na.amazon.com:443/tcomm/}(TUNING_FINISHED) Purpose:Regular; Attributes: SECURE;REUSABLE;, socket hashCode: 131356350, idleTimeBeforeHeartbeat: 0, heartbeatResponseReceived: false, heartbeatAttempts: 0, heartbeatState: mHid: ConservativeHID: lastKnownGoodIntervalMillis: 115000, mRegistrationId: 199076139, mIsHeartbeatPaused: true
06-08 19:59:37.995 3906 3906 I TComm.WakeLockImpl: acquire - acquire WakeLock; refCount: 1, tag: TComm.HeartbeatConnectionHealthManager, lock: WakeLock{4cddd81 held=true, refCount=1}
06-08 19:59:37.995 3906 4558 I TComm.HeartbeatConnecti: run - begin health check; registrationId: 199076139
06-08 19:59:37.996 3906 4558 I TComm.HeartbeatConnecti: getSocketToHeartbeat - active socket found; registrationId: 199076139, socketHeartbeatState: SocketHeartbeatState: socket: {1: wss://dp-gw-na.amazon.com:443/tcomm/}(TUNING_FINISHED) Purpose:Regular; Attributes: SECURE;REUSABLE;, socket hashCode: 131356350, idleTimeBeforeHeartbeat: 0, heartbeatResponseReceived: false, heartbeatAttempts: 0, heartbeatState: mHid: ConservativeHID: lastKnownGoodIntervalMillis: 115000, mRegistrationId: 199076139, mIsHeartbeatPaused: true
06-08 19:59:37.999 3906 4558 I TComm.HeartbeatConnecti: enqueueScheduleHeartbeatNotification - enqueue task; SocketHeartbeatState: socket: {1: wss://dp-gw-na.amazon.com:443/tcomm/}(TUNING_FINISHED) Purpose:Regular; Attributes: SECURE;REUSABLE;, socket hashCode: 131356350, idleTimeBeforeHeartbeat: 0, heartbeatResponseReceived: false, heartbeatAttempts: 0, heartbeatState: mHid: ConservativeHID: lastKnownGoodIntervalMillis: 115000, mRegistrationId: 199076139, mIsHeartbeatPaused: true: SocketHeartbeatState: socket: {1: wss://dp-gw-na.amazon.com:443/tcomm/}(TUNING_FINISHED) Purpose:Regular; Attributes: SECURE;REUSABLE;, socket hashCode: 131356350, idleTimeBeforeHeartbeat: 0, heartbeatResponseReceived: false, heartbeatAttempts: 0, heartbeatState: mHid: ConservativeHID: lastKnownGoodIntervalMillis: 115000, mRegistrationId: 199076139, mIsHeartbeatPaused: true
06-08 19:59:37.999 3906 4558 I TComm.WakeLockImpl: acquire - acquire WakeLock; refCount: 2, tag: TComm.HeartbeatConnectionHealthManager, lock: WakeLock{4cddd81 held=true, refCount=2}
06-08 19:59:38.000 3906 4558 I TComm.WakeLockImpl: acquire - acquire WakeLock; refCount: 3, tag: TComm.HeartbeatConnectionHealthManager, lock: WakeLock{4cddd81 held=true, refCount=3}
06-08 19:59:38.000 3906 4558 I TComm.WakeLockImpl: release - release WakeLock; refCount: 2, duration: 0, tag: TComm.HeartbeatConnectionHealthManager, lock: WakeLock{4cddd81 held=true, refCount=2}
06-08 19:59:38.006 3906 4558 I TComm.HeartbeatConnecti: run - schedule heartbeat; registrationId: 199076139, intervalMin: 100000, intervalMax: 115000, socketInfo: SocketHeartbeatState: socket: {1: wss://dp-gw-na.amazon.com:443/tcomm/}(TUNING_FINISHED) Purpose:Regular; Attributes: SECURE;REUSABLE;, socket hashCode: 131356350, idleTimeBeforeHeartbeat: 0, heartbeatResponseReceived: false, heartbeatAttempts: 0, heartbeatState: mHid: ConservativeHID: lastKnownGoodIntervalMillis: 115000, mRegistrationId: 199076139, mIsHeartbeatPaused: true
06-08 19:59:38.012 3906 4558 I GenericNetworkOptimizationManagerImpl: Setting inexact alarm: delay=100000, length=15000
06-08 19:59:38.013 3906 4558 D GenericNetworkOptimizationManagerImpl: Registered: ComponentInfo{com.amazon.tcomm/com.amazon.communication.heartbeat.HeartbeatBroadcastReceiver}; Registration ID: 199076139; Data Size KB: 1; Min Delay Millis: 100000; Max Delay Millis: 115000; Repeat Interval Millis: 0; Mobile?: true; WIFI?: true; Roaming?: falseRequire Charing?: falseRequire Device Idle?: false
06-08 19:59:38.013 3906 4558 I TComm.WakeLockImpl: release - release WakeLock; refCount: 1, duration: 0, tag: TComm.HeartbeatConnectionHealthManager, lock: WakeLock{4cddd81 held=true, refCount=1}
06-08 19:59:38.014 3906 4558 I TComm.HeartbeatConnecti: run - sending heartbeat; socketHeartbeatState: SocketHeartbeatState: socket: {1: wss://dp-gw-na.amazon.com:443/tcomm/}(TUNING_FINISHED) Purpose:Regular; Attributes: SECURE;REUSABLE;, socket hashCode: 131356350, idleTimeBeforeHeartbeat: 0, heartbeatResponseReceived: false, heartbeatAttempts: 0, heartbeatState: mHid: ConservativeHID: lastKnownGoodIntervalMillis: 115000, mRegistrationId: 199076139, mIsHeartbeatPaused: true
06-08 19:59:38.016 3906 4558 I TComm.WakeLockImpl: acquire - acquire WakeLock; refCount: 1, tag: TComm.WorkExecutor, lock: WakeLock{e5a016d held=true, refCount=1}
06-08 19:59:38.020 3906 4558 I TComm.WakeLockImpl: acquire - acquire WakeLock; refCount: 2, tag: TComm.HeartbeatConnectionHealthManager, lock: WakeLock{4cddd81 held=true, refCount=2}
06-08 19:59:38.020 3906 4558 I TComm.WakeLockImpl: release - release WakeLock; refCount: 1, duration: 0, tag: TComm.HeartbeatConnectionHealthManager, lock: WakeLock{4cddd81 held=true, refCount=1}
06-08 19:59:38.021 3906 4359 I TComm.WakeLockImpl: release - release WakeLock; refCount: 0, duration: 0, tag: TComm.WorkExecutor, lock: WakeLock{e5a016d held=false, refCount=0}
06-08 19:59:38.161 3906 4194 I TComm.WakeLockImpl: acquire - acquire WakeLock; refCount: 1, tag: TComm.WorkExecutor, lock: WakeLock{e5a016d held=true, refCount=1}
06-08 19:59:38.161 3906 4359 I TComm.HeartbeatConnecti: onHeartbeatReceived - response received; registrationId: 199076139, destination: urn:tcomm-endpoint:service:serviceName:DPGatewayService, socketHashCode: 131356350
06-08 19:59:38.163 3906 4359 I TComm.WakeLockImpl: release - release WakeLock; refCount: 0, duration: 0, tag: TComm.HeartbeatConnectionHealthManager, lock: WakeLock{4cddd81 held=false, refCount=0}
06-08 19:59:38.166 3906 4359 I TComm.WakeLockImpl: acquire - acquire WakeLock; refCount: 1, tag: TComm.HeartbeatConnectionHealthManager, lock: WakeLock{4cddd81 held=true, refCount=1}
06-08 19:59:38.168 3906 4558 I TComm.HeartbeatConnecti: run - finish health check; socketHeartbeatState: SocketHeartbeatState: socket: {1: wss://dp-gw-na.amazon.com:443/tcomm/}(TUNING_FINISHED) Purpose:Regular; Attributes: SECURE;REUSABLE;, socket hashCode: 131356350, idleTimeBeforeHeartbeat: 100049, heartbeatResponseReceived: true, heartbeatAttempts: 1, heartbeatState: mHid: ConservativeHID: lastKnownGoodIntervalMillis: 115000, mRegistrationId: 199076139, mIsHeartbeatPaused: true
06-08 19:59:38.173 3906 4359 I TComm.WakeLockImpl: release - release WakeLock; refCount: 0, duration: 0, tag: TComm.WorkExecutor, lock: WakeLock{e5a016d held=false, refCount=0}
06-08 19:59:38.173 3906 4558 I TComm.HeartbeatConnecti: enqueueScheduleHeartbeatNotification - enqueue task; SocketHeartbeatState: socket: {1: wss://dp-gw-na.amazon.com:443/tcomm/}(TUNING_FINISHED) Purpose:Regular; Attributes: SECURE;REUSABLE;, socket hashCode: 131356350, idleTimeBeforeHeartbeat: 100049, heartbeatResponseReceived: true, heartbeatAttempts: 1, heartbeatState: mHid: ConservativeHID: lastKnownGoodIntervalMillis: 115000, mRegistrationId: 199076139, mIsHeartbeatPaused: true: SocketHeartbeatState: socket: {1: wss://dp-gw-na.amazon.com:443/tcomm/}(TUNING_FINISHED) Purpose:Regular; Attributes: SECURE;REUSABLE;, socket hashCode: 131356350, idleTimeBeforeHeartbeat: 100049, heartbeatResponseReceived: true, heartbeatAttempts: 1, heartbeatState: mHid: ConservativeHID: lastKnownGoodIntervalMillis: 115000, mRegistrationId: 199076139, mIsHeartbeatPaused: true
06-08 19:59:38.173 3906 4558 I TComm.WakeLockImpl: acquire - acquire WakeLock; refCount: 2, tag: TComm.HeartbeatConnectionHealthManager, lock: WakeLock{4cddd81 held=true, refCount=2}
06-08 19:59:38.173 3906 4558 I TComm.WakeLockImpl: release - release WakeLock; refCount: 1, duration: 0, tag: TComm.HeartbeatConnectionHealthManager, lock: WakeLock{4cddd81 held=true, refCount=1}
06-08 19:59:38.178 3906 4558 I TComm.HeartbeatConnecti: run - schedule heartbeat; registrationId: 199076139, intervalMin: 100000, intervalMax: 115000, socketInfo: SocketHeartbeatState: socket: {1: wss://dp-gw-na.amazon.com:443/tcomm/}(TUNING_FINISHED) Purpose:Regular; Attributes: SECURE;REUSABLE;, socket hashCode: 131356350, idleTimeBeforeHeartbeat: 100049, heartbeatResponseReceived: true, heartbeatAttempts: 1, heartbeatState: mHid: ConservativeHID: lastKnownGoodIntervalMillis: 115000, mRegistrationId: 199076139, mIsHeartbeatPaused: true
06-08 19:59:38.179 3906 4558 I GenericNetworkOptimizationManagerImpl: Setting inexact alarm: delay=100000, length=15000
06-08 19:59:38.181 3906 4558 D GenericNetworkOptimizationManagerImpl: Registered: ComponentInfo{com.amazon.tcomm/com.amazon.communication.heartbeat.HeartbeatBroadcastReceiver}; Registration ID: 199076139; Data Size KB: 1; Min Delay Millis: 100000; Max Delay Millis: 115000; Repeat Interval Millis: 0; Mobile?: true; WIFI?: true; Roaming?: falseRequire Charing?: falseRequire Device Idle?: false
06-08 19:59:38.182 3906 4558 I TComm.WakeLockImpl: release - release WakeLock; refCount: 0, duration: 0, tag: TComm.HeartbeatConnectionHealthManager, lock: WakeLock{4cddd81 held=false, refCount=0}
06-08 19:59:39.244 3370 3460 W BestClock: java.time.DateTimeException: Missing NTP fix
06-08 19:59:39.267 3370 3460 W BestClock: java.time.DateTimeException: Missing NTP fix
06-08 19:59:39.268 3370 3461 W BestClock: java.time.DateTimeException: Missing NTP fix
06-08 19:59:39.390 3140 3332 I chatty : uid=1041(audioserver) HwBinder:3140_1 expire 21 lines
06-08 19:59:43.060 3140 20207 I chatty : uid=1041(audioserver) MS12 expire 20 lines
06-08 19:59:52.497 3153 3153 E FrameEvents: addLatch: Did not find frame.
06-08 19:59:53.726 3140 3332 I chatty : uid=1041(audioserver) HwBinder:3140_1 expire 30 lines
06-08 19:59:56.145 3370 3460 W BestClock: java.time.DateTimeException: Missing NTP fix
06-08 19:59:56.169 3370 3460 W BestClock: java.time.DateTimeException: Missing NTP fix
06-08 19:59:56.171 3370 3461 W BestClock: java.time.DateTimeException: Missing NTP fix
06-08 20:00:01.112 20416 20416 I main.wifi_log_levels: wifi_log_levels:wlan0:rssi=;rssi2=;noise=-92;noise2=-92;channel=;txframes=;txfails=;txper=0%;txaggr=;rxframes=;rxcrc=;rxper=;rxdrop=;phymode=;phyrate=;lasttxrate=;lastrxrate=;
06-08 20:00:01.124 20417 20417 I main.wifi_log_levels: tx_packets=0;tx_bytes=0;tx_errors=0;tx_dropped=0;rx_packets=0;rx_bytes=0;rx_errors=0;rx_dropped=0;
06-08 20:00:01.144 20418 20418 I main.wifi_log_levels: max_rssi=;min_rssi=;max_noise=-92;min_noise=-92;noise histogram=0 0 0 0 0 0 0 0 0 0 0
06-08 20:00:01.181 20420 20420 I main.wifi_log_levels: wifi_log_levels:ch_busy=13%;ch_idle=87%;ch_tx=0%;ch_rx=0%;tx_ok=0%;tx_fail=0%;tx_retry=0%;rx_ok=0%;rx_fcs=0%;tx_ok=0;tx_fail=0;tx_retry=0;rx_ok=0;rx_fcs=69;cck_false=331;cck_crc=0;ofdm_false=152;ofdm_crc=14;
06-08 20:00:03.092 3140 20207 I chatty : uid=1041(audioserver) MS12 expire 20 lines
06-08 20:00:12.973 3370 3460 W BestClock: java.time.DateTimeException: Missing NTP fix
06-08 20:00:12.996 3370 3460 W BestClock: java.time.DateTimeException: Missing NTP fix
06-08 20:00:12.998 3370 3461 W BestClock: java.time.DateTimeException: Missing NTP fix
06-08 20:00:14.206 3140 3332 I chatty : uid=1041(audioserver) HwBinder:3140_1 expire 21 lines
06-08 20:00:16.027 3969 8495 I whad : TimeSyncClient:clientThread:reason=skewOrDriftChange,master=XX02F2,time=8717.287847,skewX=5559.256267,skewY=595724.791442,drift=0.895863,reportedDrift=0.895863,numExchanges=22735
06-08 20:00:16.664 3195 3256 E storaged: getDiskStats failed with result NOT_SUPPORTED and size 0
06-08 20:00:21.510 3883 14345 I Vizzini_2.0.11122.0:HealthLogger: Current State = {"AlexaCaptionsEnabled":"false","Account":"valid","ProfileValidated":"true","AlexaCaptionsSupported":"true","memoryTotalPss":"104817","DeviceFamily":"WAKEWORD","memoryTotalSharedDirty":"7280","WakewordDetector":"disabled","InstaHintsSyncTime":"2021-06-08 17:35:22","ReleaseVersion":"634.0.0","AlexaLegalTermsAccepted":"true","AppVersion":"2.0.11122.0","AlexaExperience":"FULL","SupportsFarField":"true","memoryAvailable":"743600128","Gateway":"avs-alexa-6-eu.amazon.com:443","memoryLow":"false","ConnectionState":"CONNECTED","OOBECompleted":"true","memoryTotalPrivateDirty":"58564","WakeWord":"SET"}
06-08 20:00:21.511 3883 14345 I DeviceEvent: CSMSIM#device_event_contract#0#1.0
06-08 20:00:23.124 3140 20207 I chatty : uid=1041(audioserver) MS12 expire 20 lines
06-08 20:00:27.673 3883 5162 I Vizzini_2.0.11122.0:ConnectivityVizzini: Getting AHE Connectivity state CONNECTED
06-08 20:00:28.545 3140 3332 I chatty : uid=1041(audioserver) HwBinder:3140_1 expire 18 lines
06-08 20:00:30.247 3370 3460 W BestClock: java.time.DateTimeException: Missing NTP fix
06-08 20:00:30.271 3370 3460 W BestClock: java.time.DateTimeException: Missing NTP fix
06-08 20:00:30.274 3370 3461 W BestClock: java.time.DateTimeException: Missing NTP fix
06-08 20:00:34.266 3140 14471 I chatty : uid=1041(audioserver) readThread0 expire 1 line
06-08 20:00:39.612 3370 3379 I system_server: Background concurrent copying GC freed 395494(13MB) AllocSpace objects, 8(320KB) LOS objects, 42% free, 15MB/27MB, paused 651us total 119.152ms
06-08 20:00:40.833 3140 3332 I chatty : uid=1041(audioserver) HwBinder:3140_1 expire 33 lines
06-08 20:00:43.156 3140 20207 I chatty : uid=1041(audioserver) MS12 expire 30 lines
06-08 20:00:45.325 3370 3532 I WifiDiagsUtil: event=RUN_TEST_CONTINUOUSLY
06-08 20:00:45.325 3370 3532 D WifiDiagsUtil: loggingPacketStats
06-08 20:00:45.325 3370 3532 I WifiDiagsUtil: event=logPacketStats, if_name=eth0, rx_bytes=14071759, rx_packets=48721, tx_bytes=10197660, tx_packets=48290
06-08 20:00:45.326 3370 3532 I WifiDiagsUtil: event=logPacketStats, daily_rx_bytes=16228326398, daily_rx_packets=21179871, daily_tx_bytes=6522193222, daily_tx_packets=20770273
06-08 20:00:45.327 3370 3532 I WifiDiagsUtil: event=pingTest, TARGET_TYPE=LOCALHOST, IP=XXX
06-08 20:00:45.329 3370 3532 I WifiDiagsUtil: event=pingsComplete, TARGET_TYPE=LOCALHOST, IP=XXX, PKTS_TX=5, PKTS_RX=5, PKT_LOSS=0.0%, AVG_TIME=0,34
06-08 20:00:45.329 3370 3532 I WifiDiagsUtil: event=pingTest, TARGET_TYPE=GATEWAY, IP=XXX, isIpv6=false
06-08 20:00:45.339 3370 3532 I WifiDiagsUtil: event=pingsComplete, TARGET_TYPE=GATEWAY, IP=XXX, PKTS_TX=5, PKTS_RX=5, PKT_LOSS=0.0%, AVG_TIME=1,43
06-08 20:00:45.339 3370 3532 I WifiDiagsUtil: event=pingTest, TARGET_TYPE=NAMESERVER1, IP=XXX, isIpv6=false
06-08 20:00:45.351 3370 3532 I WifiDiagsUtil: event=pingsComplete, TARGET_TYPE=NAMESERVER1, IP=XXX, PKTS_TX=5, PKTS_RX=5, PKT_LOSS=0.0%, AVG_TIME=2,34
06-08 20:00:45.352 3370 3532 I WifiDiagsUtil: warning=nameserverIsLocal
06-08 20:00:45.352 3370 3532 I WifiDiagsUtil: event=blacklistedDnsDetected, action=skipPingTest, nameserver=8.8.8.8
06-08 20:00:45.352 3370 3532 I WifiDiagsUtil: event=pingTest, TARGET_TYPE=NAMESERVER3, IP=XXX, isIpv6=true
06-08 20:00:45.361 3370 3532 I WifiDiagsUtil: event=pingsComplete, TARGET_TYPE=NAMESERVER3, IP=XXX, PKTS_TX=5, PKTS_RX=5, PKT_LOSS=0.0%, AVG_TIME=1,67
06-08 20:00:45.361 3370 3532 I WifiDiagsUtil: warning=nameserverIsLocal
06-08 20:00:45.362 3370 3532 I WifiDiagsUtil: event=runHttpConnectionTestStarted, host=http://fireoscaptiveportal.com/generate_204
06-08 20:00:45.791 3370 3532 I WifiDiagsUtil: event=runHttpConnectionTestSuccess, host=http://fireoscaptiveportal.com/generate_204, httpCode=204, latency=427
06-08 20:00:45.792 3370 3532 I WifiDiagsUtil: event=reportNetworkStatistics, action=reportNetworkConnectivity, hasConnectivity=true
06-08 20:00:45.792 3370 3532 I WifiDiagsUtil: event=GOOD_CONNECTION
06-08 20:00:45.792 3370 3532 I WifiDiagsUtil: broadcastDiagsResults
06-08 20:00:45.799 3370 3532 I WifiDiagsUtil: event=stateDuration, duration=8727395
06-08 20:00:45.799 3370 3532 I WifiDiagsUtil: event=recordDataInTestEndpointStatistics, isEmitmetric=false
06-08 20:00:45.811 7883 20432 I com.amazon.diode.events.EventSaverService: Got external event for client WifiDiagsUtil
06-08 20:00:47.241 3370 3460 W BestClock: java.time.DateTimeException: Missing NTP fix
06-08 20:00:47.264 3370 3460 W BestClock: java.time.DateTimeException: Missing NTP fix
06-08 20:00:47.266 3370 3461 W BestClock: java.time.DateTimeException: Missing NTP fix
06-08 20:01:03.358 3140 3332 I chatty : uid=1041(audioserver) HwBinder:3140_1 expire 21 lines
06-08 20:01:04.265 3370 3460 W BestClock: java.time.DateTimeException: Missing NTP fix
06-08 20:01:04.292 3370 3460 W BestClock: java.time.DateTimeException: Missing NTP fix
06-08 20:01:04.294 3370 3461 W BestClock: java.time.DateTimeException: Missing NTP fix
06-08 20:01:11.979 5779 20430 D EventBus: No subscribers registered for event class org.primftpd.events.ClientActionEvent
06-08 20:01:11.979 5779 20430 D EventBus: No subscribers registered for event class org.greenrobot.eventbus.NoSubscriberEvent
06-08 20:01:13.193 3140 20207 I chatty : uid=1041(audioserver) MS12 expire 30 lines
06-08 20:01:16.025 3969 8495 I whad : TimeSyncClient:clientThread:reason=skewOrDriftChange,master=XX02F2,time=8777.287186,skewX=5589.276332,skewY=595724.791468,drift=0.895863,reportedDrift=0.895863,numExchanges=22855
06-08 20:01:16.121 3883 5185 I SPCH-SIM_PowerManagerWrapper: releaseWakeLockIfHeld isHeld=false
06-08 20:01:16.664 3195 3256 E storaged: getDiskStats failed with result NOT_SUPPORTED and size 0
06-08 20:01:17.694 3140 3332 I chatty : uid=1041(audioserver) HwBinder:3140_1 expire 30 lines
06-08 20:01:18.184 3906 3906 I TComm.HeartbeatBroadcas: onReceive - received intent; Intent { act=com.amazon.intent.action.NOS_DATA_TRANSFER typ=199076139 flg=0x14 cmp=com.amazon.tcomm/com.amazon.communication.heartbeat.HeartbeatBroadcastReceiver (has extras) }
06-08 20:01:18.184 3906 3906 I TComm.HeartbeatConnecti: onHeartbeatNotification - time to heartbeat; attribute: DEFAULT, registrationId: 199076139
06-08 20:01:18.185 3906 3906 I TComm.HeartbeatConnecti: getSocketToHeartbeat - active socket found; registrationId: 199076139, socketHeartbeatState: SocketHeartbeatState: socket: {1: wss://dp-gw-na.amazon.com:443/tcomm/}(TUNING_FINISHED) Purpose:Regular; Attributes: SECURE;REUSABLE;, socket hashCode: 131356350, idleTimeBeforeHeartbeat: 0, heartbeatResponseReceived: false, heartbeatAttempts: 0, heartbeatState: mHid: ConservativeHID: lastKnownGoodIntervalMillis: 115000, mRegistrationId: 199076139, mIsHeartbeatPaused: true
06-08 20:01:18.186 3906 3906 I TComm.WakeLockImpl: acquire - acquire WakeLock; refCount: 1, tag: TComm.HeartbeatConnectionHealthManager, lock: WakeLock{4cddd81 held=true, refCount=1}
06-08 20:01:18.187 3906 4558 I TComm.HeartbeatConnecti: run - begin health check; registrationId: 199076139
06-08 20:01:18.188 3906 4558 I TComm.HeartbeatConnecti: getSocketToHeartbeat - active socket found; registrationId: 199076139, socketHeartbeatState: SocketHeartbeatState: socket: {1: wss://dp-gw-na.amazon.com:443/tcomm/}(TUNING_FINISHED) Purpose:Regular; Attributes: SECURE;REUSABLE;, socket hashCode: 131356350, idleTimeBeforeHeartbeat: 0, heartbeatResponseReceived: false, heartbeatAttempts: 0, heartbeatState: mHid: ConservativeHID: lastKnownGoodIntervalMillis: 115000, mRegistrationId: 199076139, mIsHeartbeatPaused: true
06-08 20:01:18.191 3906 4558 I TComm.HeartbeatConnecti: enqueueScheduleHeartbeatNotification - enqueue task; SocketHeartbeatState: socket: {1: wss://dp-gw-na.amazon.com:443/tcomm/}(TUNING_FINISHED) Purpose:Regular; Attributes: SECURE;REUSABLE;, socket hashCode: 131356350, idleTimeBeforeHeartbeat: 0, heartbeatResponseReceived: false, heartbeatAttempts: 0, heartbeatState: mHid: ConservativeHID: lastKnownGoodIntervalMillis: 115000, mRegistrationId: 199076139, mIsHeartbeatPaused: true: SocketHeartbeatState: socket: {1: wss://dp-gw-na.amazon.com:443/tcomm/}(TUNING_FINISHED) Purpose:Regular; Attributes: SECURE;REUSABLE;, socket hashCode: 131356350, idleTimeBeforeHeartbeat: 0, heartbeatResponseReceived: false, heartbeatAttempts: 0, heartbeatState: mHid: ConservativeHID: lastKnownGoodIntervalMillis: 115000, mRegistrationId: 199076139, mIsHeartbeatPaused: true
06-08 20:01:18.191 3906 4558 I TComm.WakeLockImpl: acquire - acquire WakeLock; refCount: 2, tag: TComm.HeartbeatConnectionHealthManager, lock: WakeLock{4cddd81 held=true, refCount=2}
06-08 20:01:18.192 3906 4558 I TComm.WakeLockImpl: acquire - acquire WakeLock; refCount: 3, tag: TComm.HeartbeatConnectionHealthManager, lock: WakeLock{4cddd81 held=true, refCount=3}
06-08 20:01:18.192 3906 4558 I TComm.WakeLockImpl: release - release WakeLock; refCount: 2, duration: 0, tag: TComm.HeartbeatConnectionHealthManager, lock: WakeLock{4cddd81 held=true, refCount=2}
06-08 20:01:18.198 3906 4558 I TComm.HeartbeatConnecti: run - schedule heartbeat; registrationId: 199076139, intervalMin: 100000, intervalMax: 115000, socketInfo: SocketHeartbeatState: socket: {1: wss://dp-gw-na.amazon.com:443/tcomm/}(TUNING_FINISHED) Purpose:Regular; Attributes: SECURE;REUSABLE;, socket hashCode: 131356350, idleTimeBeforeHeartbeat: 0, heartbeatResponseReceived: false, heartbeatAttempts: 0, heartbeatState: mHid: ConservativeHID: lastKnownGoodIntervalMillis: 115000, mRegistrationId: 199076139, mIsHeartbeatPaused: true
06-08 20:01:18.202 3906 4558 I GenericNetworkOptimizationManagerImpl: Setting inexact alarm: delay=100000, length=15000
06-08 20:01:18.207 3906 4558 D GenericNetworkOptimizationManagerImpl: Registered: ComponentInfo{com.amazon.tcomm/com.amazon.communication.heartbeat.HeartbeatBroadcastReceiver}; Registration ID: 199076139; Data Size KB: 1; Min Delay Millis: 100000; Max Delay Millis: 115000; Repeat Interval Millis: 0; Mobile?: true; WIFI?: true; Roaming?: falseRequire Charing?: falseRequire Device Idle?: false
06-08 20:01:18.207 3906 4558 I TComm.WakeLockImpl: release - release WakeLock; refCount: 1, duration: 0, tag: TComm.HeartbeatConnectionHealthManager, lock: WakeLock{4cddd81 held=true, refCount=1}
06-08 20:01:18.210 3906 4558 I TComm.HeartbeatConnecti: run - sending heartbeat; socketHeartbeatState: SocketHeartbeatState: socket: {1: wss://dp-gw-na.amazon.com:443/tcomm/}(TUNING_FINISHED) Purpose:Regular; Attributes: SECURE;REUSABLE;, socket hashCode: 131356350, idleTimeBeforeHeartbeat: 0, heartbeatResponseReceived: false, heartbeatAttempts: 0, heartbeatState: mHid: ConservativeHID: lastKnownGoodIntervalMillis: 115000, mRegistrationId: 199076139, mIsHeartbeatPaused: true
06-08 20:01:18.211 3906 4558 I TComm.WakeLockImpl: acquire - acquire WakeLock; refCount: 1, tag: TComm.WorkExecutor, lock: WakeLock{e5a016d held=true, refCount=1}
06-08 20:01:18.214 3906 4558 I TComm.WakeLockImpl: acquire - acquire WakeLock; refCount: 2, tag: TComm.HeartbeatConnectionHealthManager, lock: WakeLock{4cddd81 held=true, refCount=2}
06-08 20:01:18.214 3906 4558 I TComm.WakeLockImpl: release - release WakeLock; refCount: 1, duration: 0, tag: TComm.HeartbeatConnectionHealthManager, lock: WakeLock{4cddd81 held=true, refCount=1}
06-08 20:01:18.215 3906 4359 I TComm.WakeLockImpl: release - release WakeLock; refCount: 0, duration: 0, tag: TComm.WorkExecutor, lock: WakeLock{e5a016d held=false, refCount=0}
06-08 20:01:18.336 3906 4194 I TComm.WakeLockImpl: acquire - acquire WakeLock; refCount: 1, tag: TComm.WorkExecutor, lock: WakeLock{e5a016d held=true, refCount=1}
06-08 20:01:18.341 3906 4359 I TComm.HeartbeatConnecti: onHeartbeatReceived - response received; registrationId: 199076139, destination: urn:tcomm-endpoint:service:serviceName:DPGatewayService, socketHashCode: 131356350
06-08 20:01:18.343 3906 4359 I TComm.WakeLockImpl: release - release WakeLock; refCount: 0, duration: 0, tag: TComm.HeartbeatConnectionHealthManager, lock: WakeLock{4cddd81 held=false, refCount=0}
06-08 20:01:18.346 3906 4359 I TComm.WakeLockImpl: acquire - acquire WakeLock; refCount: 1, tag: TComm.HeartbeatConnectionHealthManager, lock: WakeLock{4cddd81 held=true, refCount=1}
06-08 20:01:18.347 3906 4359 I TComm.WakeLockImpl: release - release WakeLock; refCount: 0, duration: 0, tag: TComm.WorkExecutor, lock: WakeLock{e5a016d held=false, refCount=0}
06-08 20:01:18.347 3906 4558 I TComm.HeartbeatConnecti: run - finish health check; socketHeartbeatState: SocketHeartbeatState: socket: {1: wss://dp-gw-na.amazon.com:443/tcomm/}(TUNING_FINISHED) Purpose:Regular; Attributes: SECURE;REUSABLE;, socket hashCode: 131356350, idleTimeBeforeHeartbeat: 100049, heartbeatResponseReceived: true, heartbeatAttempts: 1, heartbeatState: mHid: ConservativeHID: lastKnownGoodIntervalMillis: 115000, mRegistrationId: 199076139, mIsHeartbeatPaused: true
06-08 20:01:18.350 3906 4558 I TComm.HeartbeatConnecti: enqueueScheduleHeartbeatNotification - enqueue task; SocketHeartbeatState: socket: {1: wss://dp-gw-na.amazon.com:443/tcomm/}(TUNING_FINISHED) Purpose:Regular; Attributes: SECURE;REUSABLE;, socket hashCode: 131356350, idleTimeBeforeHeartbeat: 100049, heartbeatResponseReceived: true, heartbeatAttempts: 1, heartbeatState: mHid: ConservativeHID: lastKnownGoodIntervalMillis: 115000, mRegistrationId: 199076139, mIsHeartbeatPaused: true: SocketHeartbeatState: socket: {1: wss://dp-gw-na.amazon.com:443/tcomm/}(TUNING_FINISHED) Purpose:Regular; Attributes: SECURE;REUSABLE;, socket hashCode: 131356350, idleTimeBeforeHeartbeat: 100049, heartbeatResponseReceived: true, heartbeatAttempts: 1, heartbeatState: mHid: ConservativeHID: lastKnownGoodIntervalMillis: 115000, mRegistrationId: 199076139, mIsHeartbeatPaused: true
06-08 20:01:18.350 3906 4558 I TComm.WakeLockImpl: acquire - acquire WakeLock; refCount: 2, tag: TComm.HeartbeatConnectionHealthManager, lock: WakeLock{4cddd81 held=true, refCount=2}
06-08 20:01:18.350 3906 4558 I TComm.WakeLockImpl: release - release WakeLock; refCount: 1, duration: 0, tag: TComm.HeartbeatConnectionHealthManager, lock: WakeLock{4cddd81 held=true, refCount=1}
06-08 20:01:18.354 3906 4558 I TComm.HeartbeatConnecti: run - schedule heartbeat; registrationId: 199076139, intervalMin: 100000, intervalMax: 115000, socketInfo: SocketHeartbeatState: socket: {1: wss://dp-gw-na.amazon.com:443/tcomm/}(TUNING_FINISHED) Purpose:Regular; Attributes: SECURE;REUSABLE;, socket hashCode: 131356350, idleTimeBeforeHeartbeat: 100049, heartbeatResponseReceived: true, heartbeatAttempts: 1, heartbeatState: mHid: ConservativeHID: lastKnownGoodIntervalMillis: 115000, mRegistrationId: 199076139, mIsHeartbeatPaused: true
06-08 20:01:18.356 3906 4558 I GenericNetworkOptimizationManagerImpl: Setting inexact alarm: delay=100000, length=15000
06-08 20:01:18.359 3906 4558 D GenericNetworkOptimizationManagerImpl: Registered: ComponentInfo{com.amazon.tcomm/com.amazon.communication.heartbeat.HeartbeatBroadcastReceiver}; Registration ID: 199076139; Data Size KB: 1; Min Delay Millis: 100000; Max Delay Millis: 115000; Repeat Interval Millis: 0; Mobile?: true; WIFI?: true; Roaming?: falseRequire Charing?: falseRequire Device Idle?: false
06-08 20:01:18.364 3906 4558 I TComm.WakeLockImpl: release - release WakeLock; refCount: 0, duration: 0, tag: TComm.HeartbeatConnectionHealthManager, lock: WakeLock{4cddd81 held=false, refCount=0}
06-08 20:01:21.060 3370 3460 W BestClock: java.time.DateTimeException: Missing NTP fix
06-08 20:01:21.078 3370 3460 W BestClock: java.time.DateTimeException: Missing NTP fix
06-08 20:01:21.080 3370 3461 W BestClock: java.time.DateTimeException: Missing NTP fix
06-08 20:01:21.516 3883 14345 I Vizzini_2.0.11122.0:HealthLogger: Current State = {"AlexaCaptionsEnabled":"false","Account":"valid","ProfileValidated":"true","AlexaCaptionsSupported":"true","memoryTotalPss":"104817","DeviceFamily":"WAKEWORD","memoryTotalSharedDirty":"7280","WakewordDetector":"disabled","InstaHintsSyncTime":"2021-06-08 17:35:22","ReleaseVersion":"634.0.0","AlexaLegalTermsAccepted":"true","AppVersion":"2.0.11122.0","AlexaExperience":"FULL","SupportsFarField":"true","memoryAvailable":"743600128","Gateway":"avs-alexa-6-eu.amazon.com:443","memoryLow":"false","ConnectionState":"CONNECTED","OOBECompleted":"true","memoryTotalPrivateDirty":"58564","WakeWord":"SET"}
06-08 20:01:21.516 3883 14345 I DeviceEvent: CSMSIM#device_event_contract#0#1.0
06-08 20:01:37.845 3370 3460 W BestClock: java.time.DateTimeException: Missing NTP fix
06-08 20:01:37.870 3370 3460 W BestClock: java.time.DateTimeException: Missing NTP fix
06-08 20:01:37.871 3370 3461 W BestClock: java.time.DateTimeException: Missing NTP fix
06-08 20:01:38.174 3140 3332 I chatty : uid=1041(audioserver) HwBinder:3140_1 expire 24 lines
06-08 20:01:41.517 20034 20058 I chatty : uid=10043(org.xbmc.kodi) Thread-3 expire 2 lines
06-08 20:01:43.252 3140 20207 I chatty : uid=1041(audioserver) MS12 expire 20 lines
06-08 20:01:46.018 3969 8495 I whad : TimeSyncClient:clientThread:reason=skewOrDriftChange,master=XX02F2,time=8807.280243,skewX=8011.734984,skewY=595724.793506,drift=0.838450,reportedDrift=0.838450,numExchanges=22915
06-08 20:01:54.540 3370 3460 W BestClock: java.time.DateTimeException: Missing NTP fix
06-08 20:01:54.559 3140 3332 I chatty : uid=1041(audioserver) HwBinder:3140_1 expire 24 lines
06-08 20:01:54.565 3370 3460 W BestClock: java.time.DateTimeException: Missing NTP fix
06-08 20:01:54.566 3370 3461 W BestClock: java.time.DateTimeException: Missing NTP fix
06-08 20:01:55.758 5779 20436 D EventBus: No subscribers registered for event class org.primftpd.events.ClientActionEvent
06-08 20:01:55.758 5779 20436 D EventBus: No subscribers registered for event class org.greenrobot.eventbus.NoSubscriberEvent
06-08 20:02:02.125 20503 20503 I main.wifi_log_levels: wifi_log_levels:wlan0:rssi=;rssi2=;noise=-92;noise2=-92;channel=;txframes=;txfails=;txper=0%;txaggr=;rxframes=;rxcrc=;rxper=;rxdrop=;phymode=;phyrate=;lasttxrate=;lastrxrate=;
06-08 20:02:02.141 20504 20504 I main.wifi_log_levels: tx_packets=0;tx_bytes=0;tx_errors=0;tx_dropped=0;rx_packets=0;rx_bytes=0;rx_errors=0;rx_dropped=0;
06-08 20:02:02.159 20505 20505 I main.wifi_log_levels: max_rssi=;min_rssi=;max_noise=-92;min_noise=-92;noise histogram=0 0 0 0 0 0 0 0 0 0 0
06-08 20:02:02.195 20507 20507 I main.wifi_log_levels: wifi_log_levels:ch_busy=20%;ch_idle=80%;ch_tx=0%;ch_rx=0%;tx_ok=0%;tx_fail=0%;tx_retry=0%;rx_ok=0%;rx_fcs=0%;tx_ok=0;tx_fail=0;tx_retry=0;rx_ok=0;rx_fcs=83;cck_false=401;cck_crc=0;ofdm_false=125;ofdm_crc=8;
06-08 20:02:03.284 3140 20207 I chatty : uid=1041(audioserver) MS12 expire 20 lines
06-08 20:02:10.894 3370 3460 W BestClock: java.time.DateTimeException: Missing NTP fix
06-08 20:02:10.924 3370 3460 W BestClock: java.time.DateTimeException: Missing NTP fix
06-08 20:02:10.926 3370 3461 W BestClock: java.time.DateTimeException: Missing NTP fix
06-08 20:02:10.946 3140 3332 I chatty : uid=1041(audioserver) HwBinder:3140_1 expire 18 lines
06-08 20:02:16.665 3195 3256 E storaged: getDiskStats failed with result NOT_SUPPORTED and size 0
06-08 20:02:21.518 3883 14345 I Vizzini_2.0.11122.0:HealthLogger: Current State = {"AlexaCaptionsEnabled":"false","Account":"valid","ProfileValidated":"true","AlexaCaptionsSupported":"true","memoryTotalPss":"104817","DeviceFamily":"WAKEWORD","memoryTotalSharedDirty":"7280","WakewordDetector":"disabled","InstaHintsSyncTime":"2021-06-08 17:35:22","ReleaseVersion":"634.0.0","AlexaLegalTermsAccepted":"true","AppVersion":"2.0.11122.0","AlexaExperience":"FULL","SupportsFarField":"true","memoryAvailable":"743600128","Gateway":"avs-alexa-6-eu.amazon.com:443","memoryLow":"false","ConnectionState":"CONNECTED","OOBECompleted":"true","memoryTotalPrivateDirty":"58564","WakeWord":"SET"}
06-08 20:02:21.518 3883 14345 I DeviceEvent: CSMSIM#device_event_contract#0#1.0
06-08 20:02:23.230 3140 3332 I chatty : uid=1041(audioserver) HwBinder:3140_1 expire 3 lines
06-08 20:02:23.316 3140 20207 I chatty : uid=1041(audioserver) MS12 expire 20 lines
06-08 20:02:25.279 3140 3332 I chatty : uid=1041(audioserver) HwBinder:3140_1 expire 17 lines
06-08 20:02:27.513 3370 3460 W BestClock: java.time.DateTimeException: Missing NTP fix
06-08 20:02:27.533 3370 3460 W BestClock: java.time.DateTimeException: Missing NTP fix
06-08 20:02:27.534 3370 3461 W BestClock: java.time.DateTimeException: Missing NTP fix
06-08 20:02:30.782 3969 8495 I whad : TimeSyncClient:clientThread:totalStats:sent=23000,recvdOnTime=23000,lateOrDuplicate=0,slots=811,emptySlots=0,activeSec=933,elapsedSec=8745
06-08 20:02:35.521 3140 3332 I AUDIOALG: asyncProcess : waiting...
06-08 20:02:37.566 3140 3332 I AUDIOALG: asyncProcess : process @@@
06-08 20:02:37.568 3140 3332 I AUDIOALG: RefDlyEstimation: maxRxy 0.000000 maxPos 0
06-08 20:02:37.568 3140 3332 I AUDIOALG: asyncProcess : waiting...
06-08 20:02:39.614 3140 3332 I AUDIOALG: asyncProcess : process @@@
06-08 20:02:39.617 3140 3332 I AUDIOALG: RefDlyEstimation: maxRxy 0.000000 maxPos 0
06-08 20:02:39.617 3140 3332 I AUDIOALG: asyncProcess : waiting...
06-08 20:02:41.662 3140 3332 I AUDIOALG: asyncProcess : process @@@
06-08 20:02:41.665 3140 3332 I AUDIOALG: RefDlyEstimation: maxRxy 0.000000 maxPos 0
06-08 20:02:41.665 3140 3332 I AUDIOALG: asyncProcess : waiting...
06-08 20:02:43.348 3140 20207 I Node : dolby-audio-meter, AdapterPcmSystem adapter audio meter: channel 0; audio level: 0.000
06-08 20:02:43.348 3140 20207 I Node : dolby-audio-meter, AdapterPcmSystem adapter audio meter: channel 1; audio level: 0.000
06-08 20:02:43.348 3140 20207 I RendererNode: dolby-audio-meter, Renderer renderer audio meter: channel 0; audio level: 0.000
06-08 20:02:43.348 3140 20207 I RendererNode: dolby-audio-meter, Renderer renderer audio meter: channel 1; audio level: 0.000
06-08 20:02:43.348 3140 20207 I RendererNode: dolby-audio-meter, Renderer renderer audio meter: channel 2; audio level: 0.000
06-08 20:02:43.348 3140 20207 I RendererNode: dolby-audio-meter, Renderer renderer audio meter: channel 3; audio level: 0.000
06-08 20:02:43.348 3140 20207 I RendererNode: dolby-audio-meter, Renderer renderer audio meter: channel 4; audio level: 0.000
06-08 20:02:43.348 3140 20207 I RendererNode: dolby-audio-meter, Renderer renderer audio meter: channel 5; audio level: 0.000
06-08 20:02:43.348 3140 20207 I Node : dolby-audio-meter, AdapterPcmOut adapter audio meter: channel 0; audio level: 0.000
06-08 20:02:43.348 3140 20207 I Node : dolby-audio-meter, AdapterPcmOut adapter audio meter: channel 1; audio level: 0.000
06-08 20:02:43.710 3140 3332 I AUDIOALG: asyncProcess : process @@@
06-08 20:02:43.713 3140 3332 I AUDIOALG: RefDlyEstimation: maxRxy 0.000000 maxPos 0
06-08 20:02:43.713 3140 3332 I AUDIOALG: asyncProcess : waiting...
06-08 20:02:44.210 3370 3460 W BestClock: java.time.DateTimeException: Missing NTP fix
06-08 20:02:44.238 3370 3460 W BestClock: java.time.DateTimeException: Missing NTP fix
06-08 20:02:44.240 3370 3461 W BestClock: java.time.DateTimeException: Missing NTP fix
06-08 20:02:45.759 3140 3332 I AUDIOALG: asyncProcess : process @@@
06-08 20:02:45.762 3140 3332 I AUDIOALG: RefDlyEstimation: maxRxy 0.000000 maxPos 0
06-08 20:02:45.762 3140 3332 I AUDIOALG: asyncProcess : waiting...
06-08 20:02:47.807 3140 3332 I AUDIOALG: asyncProcess : process @@@
06-08 20:02:47.809 3140 3332 I AUDIOALG: RefDlyEstimation: maxRxy 0.000000 maxPos 0
06-08 20:02:47.809 3140 3332 I AUDIOALG: asyncProcess : waiting...
06-08 20:02:49.856 3140 3332 I AUDIOALG: asyncProcess : process @@@
06-08 20:02:49.859 3140 3332 I AUDIOALG: RefDlyEstimation: maxRxy 0.000000 maxPos 0
06-08 20:02:49.859 3140 3332 I AUDIOALG: asyncProcess : waiting...
06-08 20:02:51.907 3140 3332 I AUDIOALG: asyncProcess : process @@@
06-08 20:02:51.909 3140 3332 I AUDIOALG: RefDlyEstimation: maxRxy 0.000000 maxPos 0
06-08 20:02:51.909 3140 3332 I AUDIOALG: asyncProcess : waiting...
06-08 20:02:53.353 3140 20207 I Node : dolby-audio-meter, AdapterPcmSystem adapter audio meter: channel 0; audio level: 0.000
06-08 20:02:53.353 3140 20207 I Node : dolby-audio-meter, AdapterPcmSystem adapter audio meter: channel 1; audio level: 0.000
06-08 20:02:53.353 3140 20207 I RendererNode: dolby-audio-meter, Renderer renderer audio meter: channel 0; audio level: 0.000
06-08 20:02:53.353 3140 20207 I RendererNode: dolby-audio-meter, Renderer renderer audio meter: channel 1; audio level: 0.000
06-08 20:02:53.353 3140 20207 I RendererNode: dolby-audio-meter, Renderer renderer audio meter: channel 2; audio level: 0.000
06-08 20:02:53.353 3140 20207 I RendererNode: dolby-audio-meter, Renderer renderer audio meter: channel 3; audio level: 0.000
06-08 20:02:53.353 3140 20207 I RendererNode: dolby-audio-meter, Renderer renderer audio meter: channel 4; audio level: 0.000
06-08 20:02:53.353 3140 20207 I RendererNode: dolby-audio-meter, Renderer renderer audio meter: channel 5; audio level: 0.000
06-08 20:02:53.353 3140 20207 I Node : dolby-audio-meter, AdapterPcmOut adapter audio meter: channel 0; audio level: 0.000
06-08 20:02:53.353 3140 20207 I Node : dolby-audio-meter, AdapterPcmOut adapter audio meter: channel 1; audio level: 0.000
06-08 20:02:53.950 3140 3332 I AUDIOALG: asyncProcess : process @@@
06-08 20:02:53.952 3140 3332 I AUDIOALG: RefDlyEstimation: maxRxy 0.000000 maxPos 0
06-08 20:02:53.953 3140 3332 I AUDIOALG: asyncProcess : waiting...
06-08 20:02:56.000 3140 3332 I AUDIOALG: asyncProcess : process @@@
06-08 20:02:56.002 3140 3332 I AUDIOALG: RefDlyEstimation: maxRxy 0.000000 maxPos 0
06-08 20:02:56.002 3140 3332 I AUDIOALG: asyncProcess : waiting...
06-08 20:02:58.047 3140 3332 I AUDIOALG: asyncProcess : process @@@
06-08 20:02:58.049 3140 3332 I AUDIOALG: RefDlyEstimation: maxRxy 0.000000 maxPos 0
06-08 20:02:58.049 3140 3332 I AUDIOALG: asyncProcess : waiting...
06-08 20:02:58.363 3906 3906 I TComm.HeartbeatBroadcas: onReceive - received intent; Intent { act=com.amazon.intent.action.NOS_DATA_TRANSFER typ=199076139 flg=0x14 cmp=com.amazon.tcomm/com.amazon.communication.heartbeat.HeartbeatBroadcastReceiver (has extras) }
06-08 20:02:58.363 3906 3906 I TComm.HeartbeatConnecti: onHeartbeatNotification - time to heartbeat; attribute: DEFAULT, registrationId: 199076139
