--------- beginning of system
06-08 17:35:20.329 3945 3945 I AmazonHdmiServiceManager: AmazonHdmiServiceManager created
06-08 17:35:20.351 3370 3982 I chatty : uid=1000(system) Binder:3370_9 expire 6 lines
06-08 17:35:20.358 3370 3390 I chatty : uid=1000(system) ActivityManager expire 2 lines
06-08 17:35:20.359 3370 3564 I chatty : uid=1000(system) Binder:3370_3 expire 5 lines
06-08 17:35:20.360 3370 3388 I chatty : uid=1000(system) ActivityManager expire 5 lines
06-08 17:35:20.415 3370 3955 I chatty : uid=1000(system) Binder:3370_7 expire 8 lines
06-08 17:35:20.486 3370 3396 I chatty : uid=1000(system) android.display expire 2 lines
06-08 17:35:20.496 3370 3370 I chatty : uid=1000 system_server expire 15 lines
06-08 17:35:20.513 3370 3380 I chatty : uid=1000(system) Binder:3370_1 expire 6 lines
06-08 17:35:20.523 4038 4038 E SchedPolicy: set_timerslack_ns write failed: Operation not permitted
06-08 17:35:20.524 4038 4038 I chatty : uid=10035(com.amazon.client.metrics) identical 38 lines
06-08 17:35:20.524 4038 4038 E SchedPolicy: set_timerslack_ns write failed: Operation not permitted
06-08 17:35:20.524 4038 4038 E SchedPolicy: set_timerslack_ns write failed: Operation not permitted
06-08 17:35:20.525 4038 4038 E SchedPolicy: set_timerslack_ns write failed: Operation not permitted
06-08 17:35:20.527 3370 3395 I chatty : uid=1000(system) android.io expire 5 lines
06-08 17:35:20.534 3370 3497 I chatty : uid=1000(system) AmazonHdmiServi expire 11 lines
06-08 17:35:20.570 3370 3964 I chatty : uid=1000(system) Binder:3370_8 expire 5 lines
06-08 17:35:20.577 3370 3938 I chatty : uid=1000(system) Binder:3370_6 expire 3 lines
06-08 17:35:20.582 3370 3482 I chatty : uid=1000(system) Hdmi Control Io expire 4 lines
06-08 17:35:20.777 3370 3497 I chatty : uid=1000(system) AmazonHdmiServi expire 11 lines
06-08 17:35:20.777 3370 3370 I chatty : uid=1000 system_server expire 12 lines
06-08 17:35:20.786 3370 3390 I chatty : uid=1000(system) ActivityManager expire 34 lines
06-08 17:35:20.893 3370 4352 I chatty : uid=1000(system) Binder:3370_E expire 5 lines
06-08 17:35:20.913 3370 4354 I chatty : uid=1000(system) Binder:3370_F expire 11 lines
06-08 17:35:20.940 3370 3396 I chatty : uid=1000(system) android.display expire 2 lines
06-08 17:35:20.974 3370 3388 I chatty : uid=1000(system) ActivityManager expire 4 lines
06-08 17:35:20.991 3370 3395 I chatty : uid=1000(system) android.io expire 3 lines
06-08 17:35:21.023 3370 3547 I chatty : uid=1000(system) ContextualSSArc expire 2 lines
06-08 17:35:21.102 3370 4355 I chatty : uid=1000(system) Binder:3370_10 expire 2 lines
06-08 17:35:21.104 3370 3380 I chatty : uid=1000(system) Binder:3370_1 expire 4 lines
06-08 17:35:21.127 3370 3452 I chatty : uid=1000(system) InputReader expire 48 lines
06-08 17:35:21.176 3370 3938 I chatty : uid=1000(system) Binder:3370_6 expire 3 lines
06-08 17:35:21.321 3584 3584 I AmazonHdmiServiceManager: AmazonHdmiServiceManager created
06-08 17:35:21.423 4263 4459 E ActivityThread: Failed to find provider info for com.google.android.gms.chimera
06-08 17:35:21.455 3370 4345 I chatty : uid=1000(system) Binder:3370_A expire 19 lines
06-08 17:35:21.465 3370 3564 I chatty : uid=1000(system) Binder:3370_3 expire 14 lines
06-08 17:35:21.606 3370 3964 I chatty : uid=1000(system) Binder:3370_8 expire 3 lines
06-08 17:35:21.697 3883 3883 I AmazonHdmiServiceManager: AmazonHdmiServiceManager created
06-08 17:35:21.733 3370 3982 I chatty : uid=1000(system) Binder:3370_9 expire 13 lines
06-08 17:35:21.872 3370 3381 I chatty : uid=1000(system) Binder:3370_2 expire 2 lines
06-08 17:35:22.064 3370 3955 I chatty : uid=1000(system) Binder:3370_7 expire 3 lines
06-08 17:35:22.183 4186 4186 W ViewRootImpl[Main]: Dropping event due to no window focus: KeyEvent { action=ACTION_DOWN, keyCode=KEYCODE_BACK, scanCode=158, metaState=0, flags=0x8, repeatCount=0, eventTime=16297, downTime=16297, deviceId=6, source=0x301 }
06-08 17:35:22.254 4186 4186 W ViewRootImpl[Main]: Cancelling event due to no window focus: KeyEvent { action=ACTION_UP, keyCode=KEYCODE_BACK, scanCode=158, metaState=0, flags=0x28, repeatCount=0, eventTime=16297, downTime=16297, deviceId=6, source=0x301 }
06-08 17:35:22.552 3969 3969 I AmazonHdmiServiceManager: AmazonHdmiServiceManager created
06-08 17:35:23.008 3370 4350 I chatty : uid=1000(system) Binder:3370_C expire 5 lines
06-08 17:35:23.318 3370 3469 I chatty : uid=1000(system) NsdService expire 4 lines
06-08 17:35:23.428 3370 4351 I chatty : uid=1000(system) Binder:3370_D expire 5 lines
06-08 17:35:23.732 3584 3584 W ContextImpl: Calling a method in the system process without a qualified user: android.app.ContextImpl.startService:1567 android.content.ContextWrapper.startService:664 android.content.ContextWrapper.startService:664 com.amazon.notification.BootReceiver.onReceive:30 android.app.ActivityThread.handleReceiver:3406
06-08 17:35:24.410 3370 3447 I chatty : uid=1000(system) UEventObserver expire 3 lines
06-08 17:35:24.959 3370 3477 I chatty : uid=1000(system) HwBinder:3370_2 expire 2 lines
06-08 17:35:25.010 3898 3898 E ActivityThread: Failed to find provider info for com.amazon.systemui.provider.devicemodeprovider
06-08 17:35:25.018 3370 3497 I chatty : uid=1000(system) AmazonHdmiServi expire 31 lines
06-08 17:35:25.020 3370 3964 I chatty : uid=1000(system) Binder:3370_8 expire 2 lines
06-08 17:35:25.021 3370 3447 I chatty : uid=1000(system) UEventObserver expire 10 lines
06-08 17:35:25.054 3370 4350 I chatty : uid=1000(system) Binder:3370_C expire 7 lines
06-08 17:35:25.058 3370 4345 I chatty : uid=1000(system) Binder:3370_A expire 7 lines
06-08 17:35:25.067 3370 3564 I chatty : uid=1000(system) Binder:3370_3 expire 13 lines
06-08 17:35:25.074 3370 3982 I chatty : uid=1000(system) Binder:3370_9 expire 3 lines
06-08 17:35:25.172 3370 3370 I chatty : uid=1000 system_server expire 23 lines
06-08 17:35:25.268 3370 3381 I chatty : uid=1000(system) Binder:3370_2 expire 9 lines
06-08 17:35:25.345 3370 4354 I chatty : uid=1000(system) Binder:3370_F expire 6 lines
06-08 17:35:25.358 3370 4351 I chatty : uid=1000(system) Binder:3370_D expire 7 lines
06-08 17:35:25.380 3370 3955 I chatty : uid=1000(system) Binder:3370_7 expire 4 lines
06-08 17:35:25.429 3370 3390 I chatty : uid=1000(system) ActivityManager expire 17 lines
06-08 17:35:25.518 3370 3482 I chatty : uid=1000(system) Hdmi Control Io expire 3 lines
06-08 17:35:25.599 3370 5225 I chatty : uid=1000 system_server expire 33 lines
06-08 17:35:25.601 3370 3388 I chatty : uid=1000(system) ActivityManager expire 10 lines
06-08 17:35:25.638 4313 5181 E ActivityThread: Failed to find provider info for com.amazon.tv.launcher.livetv
06-08 17:35:25.997 4313 5309 E ActivityThread: Failed to find provider info for com.amazon.firecard.deviceagent.provider
06-08 17:35:26.386 3370 3755 I chatty : uid=1000(system) Binder:3370_5 expire 4 lines
06-08 17:35:26.532 3370 4352 I chatty : uid=1000(system) Binder:3370_E expire 1 line
06-08 17:35:27.750 3370 3396 I chatty : uid=1000(system) android.display expire 2 lines
06-08 17:35:27.772 3370 3938 I chatty : uid=1000(system) Binder:3370_6 expire 3 lines
06-08 17:35:27.773 3370 4348 I chatty : uid=1000(system) Binder:3370_B expire 4 lines
06-08 17:35:27.776 3883 3883 I AmazonHdmiServiceManager: resolution applied and hdmi turned off
06-08 17:35:27.776 3883 3883 I AmazonHdmiServiceManager: MESSAGE:
06-08 17:35:27.776 3969 3969 I AmazonHdmiServiceManager: resolution applied and hdmi turned off
06-08 17:35:27.777 3969 3969 I AmazonHdmiServiceManager: MESSAGE:
06-08 17:35:27.777 3681 3681 I AmazonHdmiServiceManager: resolution applied and hdmi turned off
06-08 17:35:27.777 3681 3681 I AmazonHdmiServiceManager: MESSAGE:
06-08 17:35:27.823 3584 3584 I AmazonHdmiServiceManager: resolution applied and hdmi turned off
06-08 17:35:27.823 3584 3584 I AmazonHdmiServiceManager: MESSAGE:
06-08 17:35:27.844 3584 3584 W ContextImpl: Calling a method in the system process without a qualified user: android.app.ContextImpl.bindService:1647 android.content.ContextWrapper.bindService:698 com.amazon.client.metrics.MetricsServiceConnection.getService:72 com.amazon.client.metrics.MetricsServiceWrapper.getBoundService:46 com.amazon.client.metrics.MetricsServiceWrapper.:37
06-08 17:35:27.865 3945 3945 I AmazonHdmiServiceManager: resolution applied and hdmi turned off
06-08 17:35:27.865 3945 3945 I AmazonHdmiServiceManager: MESSAGE:
06-08 17:35:28.459 3370 3469 I chatty : uid=1000(system) NsdService expire 9 lines
06-08 17:35:28.936 3370 3394 I chatty : uid=1000(system) android.fg expire 6 lines
06-08 17:35:29.887 3883 4648 E ActivityThread: Failed to find provider info for com.amazon.tv.launcher.comrades
06-08 17:35:29.905 3370 5664 I chatty : uid=1000(system) Binder:3370_14 expire 8 lines
06-08 17:35:29.935 3370 3388 I chatty : uid=1000(system) ActivityManager expire 3 lines
06-08 17:35:29.936 3370 5671 I chatty : uid=1000(system) Binder:3370_17 expire 15 lines
06-08 17:35:29.937 3370 3447 I chatty : uid=1000(system) UEventObserver expire 7 lines
06-08 17:35:29.939 3370 3381 I chatty : uid=1000(system) Binder:3370_2 expire 2 lines
06-08 17:35:29.940 3370 3469 I chatty : uid=1000(system) NsdService expire 1 line
06-08 17:35:29.953 3370 5665 I chatty : uid=1000(system) Binder:3370_15 expire 19 lines
06-08 17:35:29.964 3370 4345 I chatty : uid=1000(system) Binder:3370_A expire 23 lines
06-08 17:35:29.965 3370 4350 I chatty : uid=1000(system) Binder:3370_C expire 1 line
06-08 17:35:29.968 3370 3370 I chatty : uid=1000 system_server expire 30 lines
06-08 17:35:29.999 3370 4352 I chatty : uid=1000(system) Binder:3370_E expire 16 lines
06-08 17:35:30.299 3370 5651 I chatty : uid=1000(system) Binder:3370_13 expire 9 lines
06-08 17:35:30.701 3370 3390 I chatty : uid=1000(system) ActivityManager expire 47 lines
06-08 17:35:31.044 3370 3437 I chatty : uid=1000(system) AlarmManager expire 1 line
06-08 17:35:31.329 3370 3497 I chatty : uid=1000(system) AmazonHdmiServi expire 33 lines
06-08 17:35:31.918 4313 4605 E ActivityThread: Failed to find provider info for com.amazon.firecard.deviceagent.provider
06-08 17:35:32.059 3370 4351 I chatty : uid=1000(system) Binder:3370_D expire 1 line
06-08 17:35:32.320 3370 3380 I chatty : uid=1000(system) Binder:3370_1 expire 2 lines
06-08 17:35:32.742 3370 5884 I chatty : uid=1000(system) Binder:3370_18 expire 4 lines
06-08 17:35:32.745 3370 3653 I chatty : uid=1000(system) Binder:3370_4 expire 1 line
06-08 17:35:32.758 3370 5669 I chatty : uid=1000(system) Binder:3370_16 expire 8 lines
06-08 17:35:32.767 3370 5628 I chatty : uid=1000(system) Binder:3370_11 expire 7 lines
06-08 17:35:33.137 3370 3755 I chatty : uid=1000(system) Binder:3370_5 expire 4 lines
06-08 17:35:33.647 3370 4354 I chatty : uid=1000(system) Binder:3370_F expire 1 line
06-08 17:35:33.759 3370 3938 I chatty : uid=1000(system) Binder:3370_6 expire 3 lines
06-08 17:35:33.858 3370 3564 I chatty : uid=1000(system) Binder:3370_3 expire 5 lines
06-08 17:35:33.898 3370 3955 I chatty : uid=1000(system) Binder:3370_7 expire 2 lines
06-08 17:35:34.140 3370 5650 I chatty : uid=1000(system) Binder:3370_12 expire 1 line
06-08 17:35:34.201 3370 5963 I chatty : uid=1000 system_server expire 1 line
06-08 17:35:34.240 4313 4538 E ActivityThread: Failed to find provider info for com.amazon.firecard.deviceagent.provider
06-08 17:35:34.420 3370 3982 I chatty : uid=1000(system) Binder:3370_9 expire 3 lines
06-08 17:35:34.968 3370 3390 I chatty : uid=1000(system) ActivityManager expire 63 lines
06-08 17:35:35.117 3370 3938 I chatty : uid=1000(system) Binder:3370_6 expire 21 lines
06-08 17:35:35.263 3370 3564 I chatty : uid=1000(system) Binder:3370_3 expire 11 lines
06-08 17:35:35.264 3370 3755 I chatty : uid=1000(system) Binder:3370_5 expire 2 lines
06-08 17:35:35.730 3370 3502 I chatty : uid=1000(system) RuntimePersiste expire 3 lines
06-08 17:35:35.732 3370 4345 I chatty : uid=1000(system) Binder:3370_A expire 10 lines
06-08 17:35:35.738 3370 5884 I chatty : uid=1000(system) Binder:3370_18 expire 8 lines
06-08 17:35:35.812 6027 6027 I AmazonHdmiServiceManager: AmazonHdmiServiceManager created
06-08 17:35:36.243 3370 4348 I chatty : uid=1000(system) Binder:3370_B expire 8 lines
06-08 17:35:36.270 3370 5650 I chatty : uid=1000(system) Binder:3370_12 expire 2 lines
06-08 17:35:36.524 4313 6117 E ActivityThread: Failed to find provider info for com.amazon.tv.launcher.livetv
06-08 17:35:36.777 3370 5628 I chatty : uid=1000(system) Binder:3370_11 expire 12 lines
06-08 17:35:36.812 3370 3964 I chatty : uid=1000(system) Binder:3370_8 expire 11 lines
06-08 17:35:37.075 3370 5651 I chatty : uid=1000(system) Binder:3370_13 expire 2 lines
06-08 17:35:37.614 3370 4352 I chatty : uid=1000(system) Binder:3370_E expire 18 lines
06-08 17:35:37.618 3370 3389 I chatty : uid=1000(system) android.ui expire 1 line
06-08 17:35:37.721 3370 3370 I chatty : uid=1000 system_server expire 14 lines
06-08 17:35:38.469 3370 3388 I chatty : uid=1000(system) ActivityManager expire 7 lines
06-08 17:35:38.679 3370 3467 I chatty : uid=1000(system) ConnectivitySer expire 2 lines
06-08 17:35:38.701 3370 3396 I chatty : uid=1000(system) android.display expire 1 line
06-08 17:35:39.708 3370 5671 I chatty : uid=1000(system) Binder:3370_17 expire 5 lines
06-08 17:35:40.133 3370 3955 I chatty : uid=1000(system) Binder:3370_7 expire 3 lines
06-08 17:35:40.805 6440 6440 W ActivityThread: ClassLoader.loadClass: The class loader returned by Thread.getContextClassLoader() may fail for processes that host multiple applications. You should explicitly specify a context class loader. For example: Thread.setContextClassLoader(getClass().getClassLoader());
06-08 17:35:43.939 3370 3497 I chatty : uid=1000(system) AmazonHdmiServi expire 9 lines
06-08 17:35:45.437 6423 6465 E ActivityThread: Failed to find provider info for com.amazon.tv.launcher.comrades
06-08 17:35:45.812 3370 4355 I chatty : uid=1000(system) Binder:3370_10 expire 5 lines
06-08 17:35:45.991 3370 3390 I chatty : uid=1000(system) ActivityManager expire 18 lines
06-08 17:35:47.014 3370 4350 I chatty : uid=1000(system) Binder:3370_C expire 8 lines
06-08 17:35:47.228 3584 3584 W ContextImpl: Calling a method in the system process without a qualified user: android.app.ContextImpl.startService:1567 android.content.ContextWrapper.startService:664 android.content.ContextWrapper.startService:664 com.amazon.tifobserver.BootCompleteReceiver.onReceive:30 android.app.ActivityThread.handleReceiver:3406
06-08 17:35:47.433 3370 4345 I chatty : uid=1000(system) Binder:3370_A expire 1 line
06-08 17:35:47.907 3370 5665 I chatty : uid=1000(system) Binder:3370_15 expire 2 lines
06-08 17:35:48.124 3370 3380 I chatty : uid=1000(system) Binder:3370_1 expire 1 line
06-08 17:35:48.243 7149 7149 I AmazonHdmiServiceManager: AmazonHdmiServiceManager created
06-08 17:35:48.256 3370 3381 I chatty : uid=1000(system) Binder:3370_2 expire 2 lines
06-08 17:35:48.683 7165 7243 E ActivityThread: Failed to find provider info for com.amazon.firecard.deviceagent.provider
06-08 17:35:49.265 3370 3964 I chatty : uid=1000(system) Binder:3370_8 expire 7 lines
06-08 17:35:49.515 3370 6860 I chatty : uid=1000(system) Binder:3370_19 expire 1 line
06-08 17:35:49.532 7312 7312 I AmazonHdmiServiceManager: AmazonHdmiServiceManager created
06-08 17:35:49.533 3370 3564 I chatty : uid=1000(system) Binder:3370_3 expire 5 lines
06-08 17:35:49.776 3370 4355 I chatty : uid=1000(system) Binder:3370_10 expire 5 lines
06-08 17:35:49.842 3370 5665 I chatty : uid=1000(system) Binder:3370_15 expire 1 line
06-08 17:35:49.843 3370 3467 I chatty : uid=1000(system) ConnectivitySer expire 2 lines
06-08 17:35:49.896 3370 3390 I chatty : uid=1000(system) ActivityManager expire 24 lines
06-08 17:35:49.942 3370 3469 I chatty : uid=1000(system) NsdService expire 2 lines
06-08 17:35:49.994 7165 7213 E ActivityThread: Failed to find provider info for com.amazon.firecard.deviceagent.provider
06-08 17:35:50.006 3370 4350 I chatty : uid=1000(system) Binder:3370_C expire 31 lines
06-08 17:35:50.097 3370 3653 I chatty : uid=1000(system) Binder:3370_4 expire 35 lines
06-08 17:35:50.277 3370 3964 I chatty : uid=1000(system) Binder:3370_8 expire 27 lines
06-08 17:35:50.600 3370 4348 I chatty : uid=1000(system) Binder:3370_B expire 9 lines
06-08 17:35:50.773 3370 3380 I chatty : uid=1000(system) Binder:3370_1 expire 13 lines
06-08 17:35:50.823 7165 7226 E ActivityThread: Failed to find provider info for com.amazon.firecard.deviceagent.provider
06-08 17:35:51.574 7547 7565 E ActivityThread: Failed to find provider info for com.google.android.gms.chimera
06-08 17:35:51.988 3370 4351 I chatty : uid=1000(system) Binder:3370_D expire 12 lines
06-08 17:35:52.324 7658 7677 E ActivityThread: Failed to find provider info for com.google.android.gms.chimera
06-08 17:35:52.401 3370 5669 I chatty : uid=1000(system) Binder:3370_16 expire 1 line
06-08 17:35:54.171 3370 3388 I chatty : uid=1000(system) ActivityManager expire 10 lines
06-08 17:35:54.393 3370 5664 I chatty : uid=1000(system) Binder:3370_14 expire 12 lines
06-08 17:35:54.973 7913 7936 I AmazonHdmiServiceManager: AmazonHdmiServiceManager created
06-08 17:35:55.067 8017 8017 I AmazonHdmiServiceManager: AmazonHdmiServiceManager created
06-08 17:35:55.172 8017 8050 E ActivityThread: Failed to find provider info for com.amazon.firecard.deviceagent.provider
06-08 17:35:55.200 8017 8017 E ActivityThread: Service com.amazon.firecard.producer.ProducerActionService has leaked ServiceConnection com.amazon.firecard.utility.service.ServiceConnector@b5cbdac that was originally bound here
06-08 17:35:55.200 8017 8017 E ActivityThread: android.app.ServiceConnectionLeaked: Service com.amazon.firecard.producer.ProducerActionService has leaked ServiceConnection com.amazon.firecard.utility.service.ServiceConnector@b5cbdac that was originally bound here
06-08 17:35:55.200 8017 8017 E ActivityThread: at android.app.LoadedApk$ServiceDispatcher.(LoadedApk.java:1628)
06-08 17:35:55.200 8017 8017 E ActivityThread: at android.app.LoadedApk.getServiceDispatcher(LoadedApk.java:1520)
06-08 17:35:55.200 8017 8017 E ActivityThread: at android.app.ContextImpl.bindServiceCommon(ContextImpl.java:1695)
06-08 17:35:55.200 8017 8017 E ActivityThread: at android.app.ContextImpl.bindService(ContextImpl.java:1648)
06-08 17:35:55.200 8017 8017 E ActivityThread: at android.content.ContextWrapper.bindService(ContextWrapper.java:698)
06-08 17:35:55.200 8017 8017 E ActivityThread: at com.amazon.firecard.utility.service.DefaultServiceBinder.bindService(DefaultServiceBinder.java:20)
06-08 17:35:55.200 8017 8017 E ActivityThread: at com.amazon.firecard.utility.service.ServiceConnector.blockingGetConnection(ServiceConnector.java:158)
06-08 17:35:55.200 8017 8017 E ActivityThread: at com.amazon.firecard.utility.service.ServiceConnector.execute(ServiceConnector.java:131)
06-08 17:35:55.200 8017 8017 E ActivityThread: at com.amazon.firecard.producer.ProducerActionService.onHandleIntent(ProducerActionService.java:66)
06-08 17:35:55.200 8017 8017 E ActivityThread: at android.app.IntentService$ServiceHandler.handleMessage(IntentService.java:76)
06-08 17:35:55.200 8017 8017 E ActivityThread: at android.os.Handler.dispatchMessage(Handler.java:106)
06-08 17:35:55.200 8017 8017 E ActivityThread: at android.os.Looper.loop(Looper.java:193)
06-08 17:35:55.200 8017 8017 E ActivityThread: at android.os.HandlerThread.run(HandlerThread.java:65)
06-08 17:35:55.201 3370 5671 I chatty : uid=1000(system) Binder:3370_17 expire 10 lines
06-08 17:35:55.297 8017 8017 E ActivityThread: Service com.amazon.firecard.producer.ProducerActionService has leaked ServiceConnection com.amazon.firecard.utility.service.ServiceConnector@a9a64a5 that was originally bound here
06-08 17:35:55.297 8017 8017 E ActivityThread: android.app.ServiceConnectionLeaked: Service com.amazon.firecard.producer.ProducerActionService has leaked ServiceConnection com.amazon.firecard.utility.service.ServiceConnector@a9a64a5 that was originally bound here
06-08 17:35:55.297 8017 8017 E ActivityThread: at android.app.LoadedApk$ServiceDispatcher.(LoadedApk.java:1628)
06-08 17:35:55.297 8017 8017 E ActivityThread: at android.app.LoadedApk.getServiceDispatcher(LoadedApk.java:1520)
06-08 17:35:55.297 8017 8017 E ActivityThread: at android.app.ContextImpl.bindServiceCommon(ContextImpl.java:1695)
06-08 17:35:55.297 8017 8017 E ActivityThread: at android.app.ContextImpl.bindService(ContextImpl.java:1648)
06-08 17:35:55.297 8017 8017 E ActivityThread: at android.content.ContextWrapper.bindService(ContextWrapper.java:698)
06-08 17:35:55.297 8017 8017 E ActivityThread: at com.amazon.firecard.utility.service.DefaultServiceBinder.bindService(DefaultServiceBinder.java:20)
06-08 17:35:55.297 8017 8017 E ActivityThread: at com.amazon.firecard.utility.service.ServiceConnector.blockingGetConnection(ServiceConnector.java:158)
06-08 17:35:55.297 8017 8017 E ActivityThread: at com.amazon.firecard.utility.service.ServiceConnector.execute(ServiceConnector.java:131)
06-08 17:35:55.297 8017 8017 E ActivityThread: at com.amazon.firecard.producer.ProducerActionService.onHandleIntent(ProducerActionService.java:66)
06-08 17:35:55.297 8017 8017 E ActivityThread: at android.app.IntentService$ServiceHandler.handleMessage(IntentService.java:76)
06-08 17:35:55.297 8017 8017 E ActivityThread: at android.os.Handler.dispatchMessage(Handler.java:106)
06-08 17:35:55.297 8017 8017 E ActivityThread: at android.os.Looper.loop(Looper.java:193)
06-08 17:35:55.297 8017 8017 E ActivityThread: at android.os.HandlerThread.run(HandlerThread.java:65)
06-08 17:35:55.299 3370 3982 I chatty : uid=1000(system) Binder:3370_9 expire 1 line
06-08 17:35:55.842 3370 3466 I chatty : uid=1000(system) WifiP2pService expire 1 line
06-08 17:35:56.128 4157 8066 E ActivityThread: Failed to find provider info for com.amazon.firecard.deviceagent.provider
06-08 17:35:56.155 3370 6860 I chatty : uid=1000(system) Binder:3370_19 expire 4 lines
06-08 17:35:56.192 4157 4157 E ActivityThread: Service com.amazon.firecard.producer.ProducerActionService has leaked ServiceConnection com.amazon.firecard.utility.service.ServiceConnector@9a0279b that was originally bound here
06-08 17:35:56.192 4157 4157 E ActivityThread: android.app.ServiceConnectionLeaked: Service com.amazon.firecard.producer.ProducerActionService has leaked ServiceConnection com.amazon.firecard.utility.service.ServiceConnector@9a0279b that was originally bound here
06-08 17:35:56.192 4157 4157 E ActivityThread: at android.app.LoadedApk$ServiceDispatcher.(LoadedApk.java:1628)
06-08 17:35:56.192 4157 4157 E ActivityThread: at android.app.LoadedApk.getServiceDispatcher(LoadedApk.java:1520)
06-08 17:35:56.192 4157 4157 E ActivityThread: at android.app.ContextImpl.bindServiceCommon(ContextImpl.java:1695)
06-08 17:35:56.192 4157 4157 E ActivityThread: at android.app.ContextImpl.bindService(ContextImpl.java:1648)
06-08 17:35:56.192 4157 4157 E ActivityThread: at android.content.ContextWrapper.bindService(ContextWrapper.java:698)
06-08 17:35:56.192 4157 4157 E ActivityThread: at com.amazon.firecard.utility.service.DefaultServiceBinder.bindService(DefaultServiceBinder.java:20)
06-08 17:35:56.192 4157 4157 E ActivityThread: at com.amazon.firecard.utility.service.ServiceConnector.blockingGetConnection(ServiceConnector.java:158)
06-08 17:35:56.192 4157 4157 E ActivityThread: at com.amazon.firecard.utility.service.ServiceConnector.execute(ServiceConnector.java:131)
06-08 17:35:56.192 4157 4157 E ActivityThread: at com.amazon.firecard.producer.ProducerActionService.onHandleIntent(ProducerActionService.java:66)
06-08 17:35:56.192 4157 4157 E ActivityThread: at android.app.IntentService$ServiceHandler.handleMessage(IntentService.java:76)
06-08 17:35:56.192 4157 4157 E ActivityThread: at android.os.Handler.dispatchMessage(Handler.java:106)
06-08 17:35:56.192 4157 4157 E ActivityThread: at android.os.Looper.loop(Looper.java:193)
06-08 17:35:56.192 4157 4157 E ActivityThread: at android.os.HandlerThread.run(HandlerThread.java:65)
06-08 17:35:56.577 7165 8142 E ActivityThread: Failed to find provider info for com.amazon.tv.launcher.livetv
06-08 17:36:15.482 3370 3477 I chatty : uid=1000(system) HwBinder:3370_2 expire 10 lines
06-08 17:36:16.433 3195 3256 E storaged: getDiskStats failed with result NOT_SUPPORTED and size 0
06-08 17:36:16.581 3370 3370 I chatty : uid=1000 system_server expire 2 lines
06-08 17:36:20.333 3370 3384 I chatty : uid=1000(system) AmazonWifiServi expire 5 lines
06-08 17:36:26.612 7165 8410 E ActivityThread: Failed to find provider info for com.amazon.tv.launcher.livetv
06-08 17:36:26.839 3370 5664 I chatty : uid=1000(system) Binder:3370_14 expire 6 lines
06-08 17:36:29.194 3370 3452 I chatty : uid=1000(system) InputReader expire 44 lines
06-08 17:36:33.692 3370 3380 I chatty : uid=1000(system) Binder:3370_1 expire 2 lines
06-08 17:36:36.185 3370 3390 I chatty : uid=1000(system) ActivityManager expire 3 lines
06-08 17:36:48.495 3370 4350 I chatty : uid=1000(system) Binder:3370_C expire 1 line
06-08 17:37:06.676 7165 8588 E ActivityThread: Failed to find provider info for com.amazon.tv.launcher.livetv
06-08 17:37:16.435 3195 3256 E storaged: getDiskStats failed with result NOT_SUPPORTED and size 0
06-08 17:37:56.710 7165 8615 E ActivityThread: Failed to find provider info for com.amazon.tv.launcher.livetv
06-08 17:38:16.435 3195 3256 E storaged: getDiskStats failed with result NOT_SUPPORTED and size 0
06-08 17:38:56.745 7165 8622 E ActivityThread: Failed to find provider info for com.amazon.tv.launcher.livetv
06-08 17:39:16.437 3195 3256 E storaged: getDiskStats failed with result NOT_SUPPORTED and size 0
06-08 17:39:30.498 3370 3477 I chatty : uid=1000(system) HwBinder:3370_2 expire 16 lines
06-08 17:40:16.437 3195 3256 E storaged: getDiskStats failed with result NOT_SUPPORTED and size 0
06-08 17:40:36.907 7165 8724 E ActivityThread: Failed to find provider info for com.amazon.tv.launcher.livetv
06-08 17:40:36.988 8723 8758 E ActivityThread: Failed to find provider info for com.google.android.gms.chimera
06-08 17:41:00.003 3370 3370 I chatty : uid=1000 system_server expire 14 lines
06-08 17:41:00.030 3370 5669 I chatty : uid=1000(system) Binder:3370_16 expire 10 lines
06-08 17:41:16.438 3195 3256 E storaged: getDiskStats failed with result NOT_SUPPORTED and size 0
06-08 17:41:27.235 3370 3477 I chatty : uid=1000(system) HwBinder:3370_2 expire 10 lines
06-08 17:42:16.438 3195 3256 E storaged: getDiskStats failed with result NOT_SUPPORTED and size 0
06-08 17:42:17.059 7165 8903 E ActivityThread: Failed to find provider info for com.amazon.tv.launcher.livetv
06-08 17:42:31.520 3370 3466 I chatty : uid=1000(system) WifiP2pService expire 2 lines
06-08 17:43:16.439 3195 3256 E storaged: getDiskStats failed with result NOT_SUPPORTED and size 0
06-08 17:43:57.207 7165 8985 E ActivityThread: Failed to find provider info for com.amazon.tv.launcher.livetv
06-08 17:44:16.439 3195 3256 E storaged: getDiskStats failed with result NOT_SUPPORTED and size 0
06-08 17:45:16.440 3195 3256 E storaged: getDiskStats failed with result NOT_SUPPORTED and size 0
06-08 17:45:37.354 7165 9073 E ActivityThread: Failed to find provider info for com.amazon.tv.launcher.livetv
06-08 17:45:37.371 3370 4348 I chatty : uid=1000(system) Binder:3370_B expire 2 lines
06-08 17:45:59.617 3370 3477 I chatty : uid=1000(system) HwBinder:3370_2 expire 10 lines
06-08 17:46:16.441 3195 3256 E storaged: getDiskStats failed with result NOT_SUPPORTED and size 0
06-08 17:46:19.388 3370 3390 I chatty : uid=1000(system) ActivityManager expire 2 lines
06-08 17:46:54.175 3370 3388 I chatty : uid=1000(system) ActivityManager expire 1 line
06-08 17:46:54.186 7862 7862 E ActivityThread: Service com.amazon.alexa.externalmediaplayeragent.ExternalMediaPlayerAgentService has leaked ServiceConnection amazon.speech.simclient.event.EventClient$1@4cf0e38 that was originally bound here
06-08 17:46:54.186 7862 7862 E ActivityThread: android.app.ServiceConnectionLeaked: Service com.amazon.alexa.externalmediaplayeragent.ExternalMediaPlayerAgentService has leaked ServiceConnection amazon.speech.simclient.event.EventClient$1@4cf0e38 that was originally bound here
06-08 17:46:54.186 7862 7862 E ActivityThread: at android.app.LoadedApk$ServiceDispatcher.(LoadedApk.java:1628)
06-08 17:46:54.186 7862 7862 E ActivityThread: at android.app.LoadedApk.getServiceDispatcher(LoadedApk.java:1520)
06-08 17:46:54.186 7862 7862 E ActivityThread: at android.app.ContextImpl.bindServiceCommon(ContextImpl.java:1695)
06-08 17:46:54.186 7862 7862 E ActivityThread: at android.app.ContextImpl.bindService(ContextImpl.java:1648)
06-08 17:46:54.186 7862 7862 E ActivityThread: at android.content.ContextWrapper.bindService(ContextWrapper.java:698)
06-08 17:46:54.186 7862 7862 E ActivityThread: at amazon.speech.simclient.common.ServiceConnectionManager.bindCommon(ServiceConnectionManager.java:333)
06-08 17:46:54.186 7862 7862 E ActivityThread: at amazon.speech.simclient.common.AsyncServiceConnectionManager$1.run(AsyncServiceConnectionManager.java:78)
06-08 17:46:54.186 7862 7862 E ActivityThread: at java.util.concurrent.ThreadPoolExecutor.runWorker(ThreadPoolExecutor.java:1167)
06-08 17:46:54.186 7862 7862 E ActivityThread: at java.util.concurrent.ThreadPoolExecutor$Worker.run(ThreadPoolExecutor.java:641)
06-08 17:46:54.186 7862 7862 E ActivityThread: at java.lang.Thread.run(Thread.java:764)
06-08 17:46:54.187 3370 4355 I chatty : uid=1000(system) Binder:3370_10 expire 11 lines
06-08 17:46:54.189 7862 7862 E ActivityThread: Service com.amazon.alexa.externalmediaplayeragent.ExternalMediaPlayerAgentService has leaked ServiceConnection amazon.speech.simclient.focus.ExplicitFocusClient$1@678534a that was originally bound here
06-08 17:46:54.189 7862 7862 E ActivityThread: android.app.ServiceConnectionLeaked: Service com.amazon.alexa.externalmediaplayeragent.ExternalMediaPlayerAgentService has leaked ServiceConnection amazon.speech.simclient.focus.ExplicitFocusClient$1@678534a that was originally bound here
06-08 17:46:54.189 7862 7862 E ActivityThread: at android.app.LoadedApk$ServiceDispatcher.(LoadedApk.java:1628)
06-08 17:46:54.189 7862 7862 E ActivityThread: at android.app.LoadedApk.getServiceDispatcher(LoadedApk.java:1520)
06-08 17:46:54.189 7862 7862 E ActivityThread: at android.app.ContextImpl.bindServiceCommon(ContextImpl.java:1695)
06-08 17:46:54.189 7862 7862 E ActivityThread: at android.app.ContextImpl.bindService(ContextImpl.java:1648)
06-08 17:46:54.189 7862 7862 E ActivityThread: at android.content.ContextWrapper.bindService(ContextWrapper.java:698)
06-08 17:46:54.189 7862 7862 E ActivityThread: at amazon.speech.simclient.common.ServiceConnectionManager.bindCommon(ServiceConnectionManager.java:333)
06-08 17:46:54.189 7862 7862 E ActivityThread: at amazon.speech.simclient.common.AsyncServiceConnectionManager$1.run(AsyncServiceConnectionManager.java:78)
06-08 17:46:54.189 7862 7862 E ActivityThread: at java.util.concurrent.ThreadPoolExecutor.runWorker(ThreadPoolExecutor.java:1167)
06-08 17:46:54.189 7862 7862 E ActivityThread: at java.util.concurrent.ThreadPoolExecutor$Worker.run(ThreadPoolExecutor.java:641)
06-08 17:46:54.189 7862 7862 E ActivityThread: at java.lang.Thread.run(Thread.java:764)
06-08 17:46:54.192 7862 7862 E ActivityThread: Service com.amazon.alexa.externalmediaplayeragent.ExternalMediaPlayerAgentService has leaked ServiceConnection amazon.speech.simclient.directive.DirectiveClient$2@d78f902 that was originally bound here
06-08 17:46:54.192 7862 7862 E ActivityThread: android.app.ServiceConnectionLeaked: Service com.amazon.alexa.externalmediaplayeragent.ExternalMediaPlayerAgentService has leaked ServiceConnection amazon.speech.simclient.directive.DirectiveClient$2@d78f902 that was originally bound here
06-08 17:46:54.192 7862 7862 E ActivityThread: at android.app.LoadedApk$ServiceDispatcher.(LoadedApk.java:1628)
06-08 17:46:54.192 7862 7862 E ActivityThread: at android.app.LoadedApk.getServiceDispatcher(LoadedApk.java:1520)
06-08 17:46:54.192 7862 7862 E ActivityThread: at android.app.ContextImpl.bindServiceCommon(ContextImpl.java:1695)
06-08 17:46:54.192 7862 7862 E ActivityThread: at android.app.ContextImpl.bindService(ContextImpl.java:1648)
06-08 17:46:54.192 7862 7862 E ActivityThread: at android.content.ContextWrapper.bindService(ContextWrapper.java:698)
06-08 17:46:54.192 7862 7862 E ActivityThread: at amazon.speech.simclient.common.ServiceConnectionManager.bindCommon(ServiceConnectionManager.java:333)
06-08 17:46:54.192 7862 7862 E ActivityThread: at amazon.speech.simclient.common.AsyncServiceConnectionManager$1.run(AsyncServiceConnectionManager.java:78)
06-08 17:46:54.192 7862 7862 E ActivityThread: at java.util.concurrent.ThreadPoolExecutor.runWorker(ThreadPoolExecutor.java:1167)
06-08 17:46:54.192 7862 7862 E ActivityThread: at java.util.concurrent.ThreadPoolExecutor$Worker.run(ThreadPoolExecutor.java:641)
06-08 17:46:54.192 7862 7862 E ActivityThread: at java.lang.Thread.run(Thread.java:764)
06-08 17:46:54.196 7862 7862 E ActivityThread: Service com.amazon.alexa.externalmediaplayeragent.ExternalMediaPlayerAgentService has leaked ServiceConnection amazon.speech.simclient.context.ContextClient$1@fd832bb that was originally bound here
06-08 17:46:54.196 7862 7862 E ActivityThread: android.app.ServiceConnectionLeaked: Service com.amazon.alexa.externalmediaplayeragent.ExternalMediaPlayerAgentService has leaked ServiceConnection amazon.speech.simclient.context.ContextClient$1@fd832bb that was originally bound here
06-08 17:46:54.196 7862 7862 E ActivityThread: at android.app.LoadedApk$ServiceDispatcher.(LoadedApk.java:1628)
06-08 17:46:54.196 7862 7862 E ActivityThread: at android.app.LoadedApk.getServiceDispatcher(LoadedApk.java:1520)
06-08 17:46:54.196 7862 7862 E ActivityThread: at android.app.ContextImpl.bindServiceCommon(ContextImpl.java:1695)
06-08 17:46:54.196 7862 7862 E ActivityThread: at android.app.ContextImpl.bindService(ContextImpl.java:1648)
06-08 17:46:54.196 7862 7862 E ActivityThread: at android.content.ContextWrapper.bindService(ContextWrapper.java:698)
06-08 17:46:54.196 7862 7862 E ActivityThread: at amazon.speech.simclient.common.ServiceConnectionManager.bindCommon(ServiceConnectionManager.java:333)
06-08 17:46:54.196 7862 7862 E ActivityThread: at amazon.speech.simclient.common.AsyncServiceConnectionManager$1.run(AsyncServiceConnectionManager.java:78)
06-08 17:46:54.196 7862 7862 E ActivityThread: at java.util.concurrent.ThreadPoolExecutor.runWorker(ThreadPoolExecutor.java:1167)
06-08 17:46:54.196 7862 7862 E ActivityThread: at java.util.concurrent.ThreadPoolExecutor$Worker.run(ThreadPoolExecutor.java:641)
06-08 17:46:54.196 7862 7862 E ActivityThread: at java.lang.Thread.run(Thread.java:764)
06-08 17:47:16.441 3195 3256 E storaged: getDiskStats failed with result NOT_SUPPORTED and size 0
06-08 17:47:27.400 7165 9198 E ActivityThread: Failed to find provider info for com.amazon.tv.launcher.livetv
06-08 17:48:16.442 3195 3256 E storaged: getDiskStats failed with result NOT_SUPPORTED and size 0
06-08 17:49:16.443 3195 3256 E storaged: getDiskStats failed with result NOT_SUPPORTED and size 0
06-08 17:49:39.367 3370 3452 I chatty : uid=1000(system) InputReader expire 70 lines
06-08 17:50:13.515 3370 3396 I chatty : uid=1000(system) android.display expire 1 line
06-08 17:50:13.807 3370 3447 I chatty : uid=1000(system) UEventObserver expire 10 lines
06-08 17:50:14.857 3370 3380 I chatty : uid=1000(system) Binder:3370_1 expire 28 lines
06-08 17:50:14.861 3370 4350 I chatty : uid=1000(system) Binder:3370_C expire 29 lines
06-08 17:50:15.009 3370 3497 I chatty : uid=1000(system) AmazonHdmiServi expire 21 lines
06-08 17:50:16.445 3195 3256 E storaged: getDiskStats failed with result NOT_SUPPORTED and size 0
06-08 17:50:17.026 3370 5669 I chatty : uid=1000(system) Binder:3370_16 expire 4 lines
06-08 17:50:17.044 3370 5664 I chatty : uid=1000(system) Binder:3370_14 expire 25 lines
06-08 17:50:17.145 3370 6860 I chatty : uid=1000(system) Binder:3370_19 expire 2 lines
06-08 17:50:23.852 3370 3452 I chatty : uid=1000(system) InputReader expire 12 lines
06-08 17:50:47.710 7165 9442 E ActivityThread: Failed to find provider info for com.amazon.tv.launcher.livetv
06-08 17:50:58.539 3370 5664 I chatty : uid=1000(system) Binder:3370_14 expire 46 lines
06-08 17:50:58.541 3370 4350 I chatty : uid=1000(system) Binder:3370_C expire 21 lines
06-08 17:50:58.811 3370 5669 I chatty : uid=1000(system) Binder:3370_16 expire 2 lines
06-08 17:51:08.866 3370 3477 I chatty : uid=1000(system) HwBinder:3370_2 expire 12 lines
06-08 17:51:16.445 3195 3256 E storaged: getDiskStats failed with result NOT_SUPPORTED and size 0
06-08 17:52:16.446 3195 3256 E storaged: getDiskStats failed with result NOT_SUPPORTED and size 0
06-08 17:53:16.447 3195 3256 E storaged: getDiskStats failed with result NOT_SUPPORTED and size 0
06-08 17:54:07.986 7165 9707 E ActivityThread: Failed to find provider info for com.amazon.tv.launcher.livetv
06-08 17:54:16.447 3195 3256 E storaged: getDiskStats failed with result NOT_SUPPORTED and size 0
06-08 17:55:16.447 3195 3256 E storaged: getDiskStats failed with result NOT_SUPPORTED and size 0
06-08 17:55:16.838 3370 3387 I chatty : uid=1000(system) android.bg expire 1 line
06-08 17:56:16.448 3195 3256 E storaged: getDiskStats failed with result NOT_SUPPORTED and size 0
06-08 17:56:25.722 3370 3477 I chatty : uid=1000(system) HwBinder:3370_2 expire 2 lines
06-08 17:56:28.014 7165 9845 E ActivityThread: Failed to find provider info for com.amazon.tv.launcher.livetv
06-08 17:57:16.448 3195 3256 E storaged: getDiskStats failed with result NOT_SUPPORTED and size 0
06-08 17:57:35.807 3370 3396 I chatty : uid=1000(system) android.display expire 2 lines
06-08 17:57:35.809 3370 3370 I chatty : uid=1000 system_server expire 19 lines
06-08 17:57:36.230 3370 3447 I chatty : uid=1000(system) UEventObserver expire 20 lines
06-08 17:57:36.236 3370 3380 I chatty : uid=1000(system) Binder:3370_1 expire 18 lines
06-08 17:57:37.250 3370 4355 I chatty : uid=1000(system) Binder:3370_10 expire 35 lines
06-08 17:57:37.404 3370 3497 I chatty : uid=1000(system) AmazonHdmiServi expire 30 lines
06-08 17:57:39.674 3370 3964 I chatty : uid=1000(system) Binder:3370_8 expire 17 lines
06-08 17:57:39.898 3370 3982 I chatty : uid=1000(system) Binder:3370_9 expire 10 lines
06-08 17:57:39.920 3370 4348 I chatty : uid=1000(system) Binder:3370_B expire 20 lines
06-08 17:57:41.203 3370 3452 I chatty : uid=1000(system) InputReader expire 16 lines
06-08 17:57:54.931 3370 4355 I chatty : uid=1000(system) Binder:3370_10 expire 15 lines
06-08 17:57:54.951 3370 4348 I chatty : uid=1000(system) Binder:3370_B expire 7 lines
06-08 17:57:54.952 3370 5664 I chatty : uid=1000(system) Binder:3370_14 expire 8 lines
06-08 17:57:54.965 3370 3982 I chatty : uid=1000(system) Binder:3370_9 expire 14 lines
06-08 17:57:54.967 3370 4350 I chatty : uid=1000(system) Binder:3370_C expire 17 lines
06-08 17:57:54.968 3370 5669 I chatty : uid=1000(system) Binder:3370_16 expire 26 lines
06-08 17:57:54.970 3370 3964 I chatty : uid=1000(system) Binder:3370_8 expire 2 lines
06-08 17:57:55.052 3370 3370 I chatty : uid=1000 system_server expire 14 lines
06-08 17:57:55.054 3370 3497 I chatty : uid=1000(system) AmazonHdmiServi expire 12 lines
06-08 17:58:10.754 3370 3477 I chatty : uid=1000(system) HwBinder:3370_2 expire 12 lines
06-08 17:58:16.448 3195 3256 E storaged: getDiskStats failed with result NOT_SUPPORTED and size 0
06-08 17:59:08.423 7165 10170 E ActivityThread: Failed to find provider info for com.amazon.tv.launcher.livetv
06-08 17:59:16.449 3195 3256 E storaged: getDiskStats failed with result NOT_SUPPORTED and size 0
06-08 18:00:16.449 3195 3256 E storaged: getDiskStats failed with result NOT_SUPPORTED and size 0
06-08 18:00:48.886 3370 3390 I chatty : uid=1000(system) ActivityManager expire 4 lines
06-08 18:00:48.958 3370 4355 I chatty : uid=1000(system) Binder:3370_10 expire 2 lines
06-08 18:01:16.450 3195 3256 E storaged: getDiskStats failed with result NOT_SUPPORTED and size 0
06-08 18:02:16.450 3195 3256 E storaged: getDiskStats failed with result NOT_SUPPORTED and size 0
06-08 18:02:28.694 3370 3437 I chatty : uid=1000(system) AlarmManager expire 1 line
06-08 18:02:28.747 7165 10420 E ActivityThread: Failed to find provider info for com.amazon.tv.launcher.livetv
06-08 18:02:56.039 3370 3467 I chatty : uid=1000(system) ConnectivitySer expire 1 line
06-08 18:02:56.768 3370 5671 I chatty : uid=1000(system) Binder:3370_17 expire 1 line
06-08 18:02:56.768 3370 3380 I chatty : uid=1000(system) Binder:3370_1 expire 3 lines
06-08 18:03:16.450 3195 3256 E storaged: getDiskStats failed with result NOT_SUPPORTED and size 0
06-08 18:04:16.451 3195 3256 E storaged: getDiskStats failed with result NOT_SUPPORTED and size 0
06-08 18:05:04.841 3370 3392 I chatty : uid=1000(system) batterystats-wo expire 5 lines
06-08 18:05:06.846 3370 3452 I chatty : uid=1000(system) InputReader expire 54 lines
06-08 18:05:16.452 3195 3256 E storaged: getDiskStats failed with result NOT_SUPPORTED and size 0
06-08 18:05:21.384 3370 3387 I chatty : uid=1000(system) android.bg expire 3 lines
06-08 18:05:49.419 3584 3584 W ContextImpl: Calling a method in the system process without a qualified user: android.app.ContextImpl.sendBroadcast:1056 android.content.ContextWrapper.sendBroadcast:449 com.amazon.tifobserver.LiveTvObserver.broadcastPreviewProgramsChange:166 com.amazon.tifobserver.LiveTvObserver.access$400:17 com.amazon.tifobserver.LiveTvObserver$4.run:128
06-08 18:05:49.462 7165 10940 E ActivityThread: Failed to find provider info for com.amazon.tv.launcher.livetv
06-08 18:05:55.650 3370 3477 I chatty : uid=1000(system) HwBinder:3370_2 expire 12 lines
06-08 18:06:16.452 3195 3256 E storaged: getDiskStats failed with result NOT_SUPPORTED and size 0
06-08 18:07:16.454 3195 3256 E storaged: getDiskStats failed with result NOT_SUPPORTED and size 0
06-08 18:08:16.454 3195 3256 E storaged: getDiskStats failed with result NOT_SUPPORTED and size 0
06-08 18:08:18.691 3370 3477 I chatty : uid=1000(system) HwBinder:3370_2 expire 8 lines
06-08 18:09:09.347 7165 11097 E ActivityThread: Failed to find provider info for com.amazon.tv.launcher.livetv
06-08 18:09:16.454 3195 3256 E storaged: getDiskStats failed with result NOT_SUPPORTED and size 0
06-08 18:10:16.455 3195 3256 E storaged: getDiskStats failed with result NOT_SUPPORTED and size 0
06-08 18:11:16.455 3195 3256 E storaged: getDiskStats failed with result NOT_SUPPORTED and size 0
06-08 18:12:16.455 3195 3256 E storaged: getDiskStats failed with result NOT_SUPPORTED and size 0
06-08 18:12:29.628 7165 11333 E ActivityThread: Failed to find provider info for com.amazon.tv.launcher.livetv
06-08 18:12:47.170 3370 3396 I chatty : uid=1000(system) android.display expire 1 line
06-08 18:12:47.634 3370 3447 I chatty : uid=1000(system) UEventObserver expire 10 lines
06-08 18:12:47.638 3370 3564 I chatty : uid=1000(system) Binder:3370_3 expire 14 lines
06-08 18:12:49.063 3370 3497 I chatty : uid=1000(system) AmazonHdmiServi expire 9 lines
06-08 18:12:51.257 3370 6860 I chatty : uid=1000(system) Binder:3370_19 expire 22 lines
06-08 18:12:51.290 3370 3982 I chatty : uid=1000(system) Binder:3370_9 expire 13 lines
06-08 18:12:51.310 3370 5671 I chatty : uid=1000(system) Binder:3370_17 expire 8 lines
06-08 18:12:51.405 3370 4355 I chatty : uid=1000(system) Binder:3370_10 expire 15 lines
06-08 18:12:51.405 3370 5669 I chatty : uid=1000(system) Binder:3370_16 expire 11 lines
06-08 18:12:51.434 3370 3964 I chatty : uid=1000(system) Binder:3370_8 expire 9 lines
06-08 18:12:51.470 3370 3564 I chatty : uid=1000(system) Binder:3370_3 expire 8 lines
06-08 18:12:51.637 3370 3370 I chatty : uid=1000 system_server expire 16 lines
06-08 18:12:51.641 3370 3497 I chatty : uid=1000(system) AmazonHdmiServi expire 12 lines
06-08 18:13:09.055 3370 3477 I chatty : uid=1000(system) HwBinder:3370_2 expire 2 lines
06-08 18:13:16.456 3195 3256 E storaged: getDiskStats failed with result NOT_SUPPORTED and size 0
06-08 18:13:43.531 3370 3452 I chatty : uid=1000(system) InputReader expire 48 lines
06-08 18:13:43.680 3370 5669 I chatty : uid=1000(system) Binder:3370_16 expire 36 lines
06-08 18:13:58.789 3370 3396 I chatty : uid=1000(system) android.display expire 1 line
06-08 18:13:59.110 3370 3447 I chatty : uid=1000(system) UEventObserver expire 10 lines
06-08 18:13:59.168 3370 4350 I chatty : uid=1000(system) Binder:3370_C expire 22 lines
06-08 18:14:00.311 3370 3497 I chatty : uid=1000(system) AmazonHdmiServi expire 21 lines
06-08 18:14:02.678 3370 3982 I chatty : uid=1000(system) Binder:3370_9 expire 8 lines
06-08 18:14:02.684 3370 6860 I chatty : uid=1000(system) Binder:3370_19 expire 7 lines
06-08 18:14:16.456 3195 3256 E storaged: getDiskStats failed with result NOT_SUPPORTED and size 0
06-08 18:15:16.457 3195 3256 E storaged: getDiskStats failed with result NOT_SUPPORTED and size 0
06-08 18:15:49.907 7165 11776 E ActivityThread: Failed to find provider info for com.amazon.tv.launcher.livetv
06-08 18:15:49.911 3370 4350 I chatty : uid=1000(system) Binder:3370_C expire 1 line
06-08 18:16:00.002 3370 3370 I chatty : uid=1000 system_server expire 21 lines
06-08 18:16:16.457 3195 3256 E storaged: getDiskStats failed with result NOT_SUPPORTED and size 0
06-08 18:17:16.457 3195 3256 E storaged: getDiskStats failed with result NOT_SUPPORTED and size 0
06-08 18:18:16.458 3195 3256 E storaged: getDiskStats failed with result NOT_SUPPORTED and size 0
06-08 18:18:25.762 3370 3477 I chatty : uid=1000(system) HwBinder:3370_2 expire 6 lines
06-08 18:19:16.459 3195 3256 E storaged: getDiskStats failed with result NOT_SUPPORTED and size 0
06-08 18:19:19.934 7165 11985 E ActivityThread: Failed to find provider info for com.amazon.tv.launcher.livetv
06-08 18:20:16.460 3195 3256 E storaged: getDiskStats failed with result NOT_SUPPORTED and size 0
06-08 18:21:16.460 3195 3256 E storaged: getDiskStats failed with result NOT_SUPPORTED and size 0
06-08 18:21:20.986 3370 3396 I chatty : uid=1000(system) android.display expire 2 lines
06-08 18:21:21.290 3370 3447 I chatty : uid=1000(system) UEventObserver expire 20 lines
06-08 18:21:21.296 3370 4355 I chatty : uid=1000(system) Binder:3370_10 expire 10 lines
06-08 18:21:22.722 3370 5669 I chatty : uid=1000(system) Binder:3370_16 expire 19 lines
06-08 18:21:22.722 3370 3564 I chatty : uid=1000(system) Binder:3370_3 expire 13 lines
06-08 18:21:22.769 3370 4350 I chatty : uid=1000(system) Binder:3370_C expire 4 lines
06-08 18:21:22.908 3370 3497 I chatty : uid=1000(system) AmazonHdmiServi expire 30 lines
06-08 18:21:25.044 3370 6860 I chatty : uid=1000(system) Binder:3370_19 expire 32 lines
06-08 18:21:25.186 3370 3982 I chatty : uid=1000(system) Binder:3370_9 expire 38 lines
06-08 18:21:25.464 3370 5664 I chatty : uid=1000(system) Binder:3370_14 expire 14 lines
06-08 18:21:26.568 3370 3452 I chatty : uid=1000(system) InputReader expire 64 lines
06-08 18:21:49.951 3370 3964 I chatty : uid=1000(system) Binder:3370_8 expire 26 lines
06-08 18:21:53.545 3370 5664 I chatty : uid=1000(system) Binder:3370_14 expire 22 lines
06-08 18:21:53.545 3370 6860 I chatty : uid=1000(system) Binder:3370_19 expire 41 lines
06-08 18:21:53.584 3370 3982 I chatty : uid=1000(system) Binder:3370_9 expire 22 lines
06-08 18:21:53.777 3370 3370 I chatty : uid=1000 system_server expire 17 lines
06-08 18:21:53.781 3370 3497 I chatty : uid=1000(system) AmazonHdmiServi expire 12 lines
06-08 18:21:58.910 3370 3452 I chatty : uid=1000(system) InputReader expire 36 lines
06-08 18:21:59.129 3370 4351 I chatty : uid=1000(system) Binder:3370_D expire 1 line
06-08 18:22:16.461 3195 3256 E storaged: getDiskStats failed with result NOT_SUPPORTED and size 0
06-08 18:22:17.715 3370 3396 I chatty : uid=1000(system) android.display expire 1 line
06-08 18:22:18.043 3370 3447 I chatty : uid=1000(system) UEventObserver expire 10 lines
06-08 18:22:18.243 3370 4355 I chatty : uid=1000(system) Binder:3370_10 expire 24 lines
06-08 18:22:18.545 3370 3394 I chatty : uid=1000(system) android.fg expire 1 line
06-08 18:22:19.217 3370 3497 I chatty : uid=1000(system) AmazonHdmiServi expire 21 lines
06-08 18:22:21.378 3370 5669 I chatty : uid=1000(system) Binder:3370_16 expire 16 lines
06-08 18:22:21.484 3370 3982 I chatty : uid=1000(system) Binder:3370_9 expire 8 lines
06-08 18:22:21.732 3370 3964 I chatty : uid=1000(system) Binder:3370_8 expire 31 lines
06-08 18:22:23.711 3370 3452 I chatty : uid=1000(system) InputReader expire 64 lines
06-08 18:22:23.795 3370 4355 I chatty : uid=1000(system) Binder:3370_10 expire 13 lines
06-08 18:22:41.738 3370 3396 I chatty : uid=1000(system) android.display expire 2 lines
06-08 18:22:41.738 3370 3370 I chatty : uid=1000 system_server expire 11 lines
06-08 18:22:42.190 3370 3447 I chatty : uid=1000(system) UEventObserver expire 10 lines
06-08 18:22:42.191 3370 5664 I chatty : uid=1000(system) Binder:3370_14 expire 25 lines
06-08 18:22:43.448 3370 6860 I chatty : uid=1000(system) Binder:3370_19 expire 14 lines
06-08 18:22:43.450 3370 5669 I chatty : uid=1000(system) Binder:3370_16 expire 29 lines
06-08 18:22:43.589 3370 3497 I chatty : uid=1000(system) AmazonHdmiServi expire 21 lines
06-08 18:22:46.084 3370 3982 I chatty : uid=1000(system) Binder:3370_9 expire 5 lines
06-08 18:22:46.359 3370 3477 I chatty : uid=1000(system) HwBinder:3370_2 expire 12 lines
06-08 18:22:59.955 7165 12635 E ActivityThread: Failed to find provider info for com.amazon.tv.launcher.livetv
06-08 18:23:16.462 3195 3256 E storaged: getDiskStats failed with result NOT_SUPPORTED and size 0
06-08 18:24:16.462 3195 3256 E storaged: getDiskStats failed with result NOT_SUPPORTED and size 0
06-08 18:25:16.463 3195 3256 E storaged: getDiskStats failed with result NOT_SUPPORTED and size 0
06-08 18:25:21.539 3370 3477 I chatty : uid=1000(system) HwBinder:3370_2 expire 10 lines
06-08 18:25:49.089 3370 3387 I chatty : uid=1000(system) android.bg expire 1 line
