06-08 19:58:18.390 3370 3452 I AmazonProfileService: Event is not filtered because it is not in filter key list.
06-08 19:58:18.391 3370 3452 I FireTVKeyPolicyManager: Dynamic key mapping has been enabled
06-08 19:58:18.391 3370 3452 I KeyMapManagerUtil: Unknown remote sku id 0. Fetch remote sku id from system property
06-08 19:58:18.391 3370 3452 I FireTVKeyPolicyManager: Dynamic key mapping key intercepted result 0
06-08 19:58:18.392 3370 3451 D AmzPhoneWindowManager: is 20 in key list = false
06-08 19:58:18.488 3566 4099 W bt_btif : bta_hh_le_input_rpt_notify uuid=0x2a4d srv_handle=79 is_bl_svc_primary=1 rpt_id=1 len=3
06-08 19:58:18.488 3370 3452 E AmazonProfileService: There is no KEY_CHILD_PIN_PACKAGE_NAME
06-08 19:58:18.489 3370 3452 I AmazonProfileService: Event is not filtered because it is not in filter key list.
06-08 19:58:18.489 3370 3452 I FireTVKeyPolicyManager: Dynamic key mapping has been enabled
06-08 19:58:18.489 3370 3452 I KeyMapManagerUtil: Unknown remote sku id 0. Fetch remote sku id from system property
06-08 19:58:18.489 3370 3452 I FireTVKeyPolicyManager: Dynamic key mapping key intercepted result 0
06-08 19:58:18.489 3370 3451 D AmzPhoneWindowManager: is 20 in key list = false
06-08 19:58:18.491 20034 20056 I chatty : uid=10043(org.xbmc.kodi) Thread-2 expire 15 lines
06-08 19:58:18.788 3566 4099 W bt_btif : bta_hh_le_input_rpt_notify uuid=0x2a4d srv_handle=79 is_bl_svc_primary=1 rpt_id=1 len=3
06-08 19:58:18.788 3370 3452 E AmazonProfileService: There is no KEY_CHILD_PIN_PACKAGE_NAME
06-08 19:58:18.789 3370 3452 I AmazonProfileService: Event is not filtered because it is not in filter key list.
06-08 19:58:18.789 3370 3452 I FireTVKeyPolicyManager: Dynamic key mapping has been enabled
06-08 19:58:18.789 3370 3452 I KeyMapManagerUtil: Unknown remote sku id 0. Fetch remote sku id from system property
06-08 19:58:18.789 3370 3452 I FireTVKeyPolicyManager: Dynamic key mapping key intercepted result 0
06-08 19:58:18.790 3370 3451 D AmzPhoneWindowManager: is 20 in key list = false
06-08 19:58:18.849 3566 4099 W bt_btif : bta_hh_le_input_rpt_notify uuid=0x2a4d srv_handle=79 is_bl_svc_primary=1 rpt_id=1 len=3
06-08 19:58:18.850 3370 3452 E AmazonProfileService: There is no KEY_CHILD_PIN_PACKAGE_NAME
06-08 19:58:18.850 3370 3452 I AmazonProfileService: Event is not filtered because it is not in filter key list.
06-08 19:58:18.850 3370 3452 I FireTVKeyPolicyManager: Dynamic key mapping has been enabled
06-08 19:58:18.850 3370 3452 I KeyMapManagerUtil: Unknown remote sku id 0. Fetch remote sku id from system property
06-08 19:58:18.850 3370 3452 I FireTVKeyPolicyManager: Dynamic key mapping key intercepted result 0
06-08 19:58:18.850 3370 3451 D AmzPhoneWindowManager: is 20 in key list = false
06-08 19:58:19.046 3566 4099 W bt_btif : bta_hh_le_input_rpt_notify uuid=0x2a4d srv_handle=79 is_bl_svc_primary=1 rpt_id=1 len=3
06-08 19:58:19.046 3370 3452 E AmazonProfileService: There is no KEY_CHILD_PIN_PACKAGE_NAME
06-08 19:58:19.047 3370 3452 I AmazonProfileService: Event is not filtered because it is not in filter key list.
06-08 19:58:19.047 3370 3452 I FireTVKeyPolicyManager: Dynamic key mapping has been enabled
06-08 19:58:19.048 3370 3452 I KeyMapManagerUtil: Unknown remote sku id 0. Fetch remote sku id from system property
06-08 19:58:19.048 3370 3452 I FireTVKeyPolicyManager: Dynamic key mapping key intercepted result 0
06-08 19:58:19.052 3370 3451 D AmzPhoneWindowManager: is 20 in key list = false
06-08 19:58:19.108 3566 4099 W bt_btif : bta_hh_le_input_rpt_notify uuid=0x2a4d srv_handle=79 is_bl_svc_primary=1 rpt_id=1 len=3
06-08 19:58:19.108 3370 3452 E AmazonProfileService: There is no KEY_CHILD_PIN_PACKAGE_NAME
06-08 19:58:19.109 3370 3452 I AmazonProfileService: Event is not filtered because it is not in filter key list.
06-08 19:58:19.109 3370 3452 I FireTVKeyPolicyManager: Dynamic key mapping has been enabled
06-08 19:58:19.109 3370 3452 I KeyMapManagerUtil: Unknown remote sku id 0. Fetch remote sku id from system property
06-08 19:58:19.109 3370 3452 I FireTVKeyPolicyManager: Dynamic key mapping key intercepted result 0
06-08 19:58:19.109 3370 3451 D AmzPhoneWindowManager: is 20 in key list = false
06-08 19:58:20.204 3150 20188 I chatty : uid=1041(audioserver) AudioOut_AED expire 44 lines
06-08 19:58:21.448 3566 4099 W bt_btif : bta_hh_le_input_rpt_notify uuid=0x2a4d srv_handle=79 is_bl_svc_primary=1 rpt_id=1 len=3
06-08 19:58:21.449 3370 3452 E AmazonProfileService: There is no KEY_CHILD_PIN_PACKAGE_NAME
06-08 19:58:21.449 3370 3452 I AmazonProfileService: Event is not filtered because it is not in filter key list.
06-08 19:58:21.449 3370 3452 I FireTVKeyPolicyManager: Dynamic key mapping has been enabled
06-08 19:58:21.449 3370 3452 I KeyMapManagerUtil: Unknown remote sku id 0. Fetch remote sku id from system property
06-08 19:58:21.449 3370 3452 I FireTVKeyPolicyManager: Dynamic key mapping key intercepted result 0
06-08 19:58:21.450 3370 3451 D AmzPhoneWindowManager: is 20 in key list = false
06-08 19:58:21.468 3566 4099 W bt_btif : bta_hh_le_input_rpt_notify uuid=0x2a4d srv_handle=79 is_bl_svc_primary=1 rpt_id=1 len=3
06-08 19:58:21.468 3370 3452 E AmazonProfileService: There is no KEY_CHILD_PIN_PACKAGE_NAME
06-08 19:58:21.468 3370 3452 I AmazonProfileService: Event is not filtered because it is not in filter key list.
06-08 19:58:21.468 3370 3452 I FireTVKeyPolicyManager: Dynamic key mapping has been enabled
06-08 19:58:21.468 3370 3452 I KeyMapManagerUtil: Unknown remote sku id 0. Fetch remote sku id from system property
06-08 19:58:21.468 3370 3452 I FireTVKeyPolicyManager: Dynamic key mapping key intercepted result 0
06-08 19:58:21.469 3370 3451 D AmzPhoneWindowManager: is 20 in key list = false
06-08 19:58:21.506 3883 14345 I Vizzini_2.0.11122.0:HealthLogger: Current State = {"AlexaCaptionsEnabled":"false","Account":"valid","ProfileValidated":"true","AlexaCaptionsSupported":"true","memoryTotalPss":"104817","DeviceFamily":"WAKEWORD","memoryTotalSharedDirty":"7280","WakewordDetector":"disabled","InstaHintsSyncTime":"2021-06-08 17:35:22","ReleaseVersion":"634.0.0","AlexaLegalTermsAccepted":"true","AppVersion":"2.0.11122.0","AlexaExperience":"FULL","SupportsFarField":"true","memoryAvailable":"743600128","Gateway":"avs-alexa-6-eu.amazon.com:443","memoryLow":"false","ConnectionState":"CONNECTED","OOBECompleted":"true","memoryTotalPrivateDirty":"58564","WakeWord":"SET"}
06-08 19:58:21.506 3883 14345 I DeviceEvent: CSMSIM#device_event_contract#0#1.0
06-08 19:58:22.206 3883 5361 W AHE-CoreStream: Core stream timed out, resetting stream:requestState=OPEN,responseState=CLOSED,connectionId=3,streamId=85
06-08 19:58:22.207 3883 5361 I AHE-CoreConnection: Received session expiry message:sessionId=CSM_7fe5a0bf-567b-4f24-82a9-2480216aa276_1623175042194.0..CSM_7fe5a0bf-567b-4f24-82a9-2480216aa276_1623175042194
06-08 19:58:22.207 3883 5361 I AHE-HybridChannelController: Received SessionExpiredMessage:channelToken=6
06-08 19:58:22.207 3883 5361 I AHE-HybridChannelController: Session updated (Switched):currentSessionId=CSM_7e6e59cf-124d-4b79-86dd-be4bfa4d95ff_1623175028631.0..CSM_7e6e59cf-124d-4b79-86dd-be4bfa4d95ff_1623175028631,nextSessionId=CSM_7fe5a0bf-567b-4f24-82a9-2480216aa276_1623175042194.0..CSM_7fe5a0bf-567b-4f24-82a9-2480216aa276_1623175042194
06-08 19:58:22.207 3883 5361 I AHE-HybridChannelController: Attempting to resolve cloud utteranceId as empty
06-08 19:58:22.207 3883 5361 I AHE-ClientCoreConnectionAdapter: Removing core stream:connectionId=3,streamId=85
06-08 19:58:22.207 3883 5361 W AHE-CoreStream: CloseResponse called for invalid state:ChannelState=ERROR
06-08 19:58:22.207 3883 5361 I AHE-ChannelControllerManager: Stats for ChannelControllerManager:connectionId=3,numChannels=7,numControllers=7,numHybridControllers=7
06-08 19:58:22.214 3883 5155 I AHE-EngineSelector: State transition for ForceComparison:interactionId=CSM_7fe5a0bf-567b-4f24-82a9-2480216aa276_1623175042194.0..CSM_7fe5a0bf-567b-4f24-82a9-2480216aa276_1623175042194,previousState=[LocalWon,stopCaptureForwarded=0,rpsForwarded=0,cloudRpsReceived=0,cloudActionDirectiveAfterLocalWonSignalSent=0,forwardedCloudDirectives={}],newState=[LocalWon,stopCaptureForwarded=0,rpsForwarded=0,cloudRpsReceived=0,cloudActionDirectiveAfterLocalWonSignalSent=0,forwardedCloudDirectives={}],maybeAction= [Compare,[Directives,cloudDirectives=[],localDirectives=[]]]
06-08 19:58:22.449 3566 4099 W bt_btif : bta_hh_le_input_rpt_notify uuid=0x2a4d srv_handle=79 is_bl_svc_primary=1 rpt_id=1 len=3
06-08 19:58:22.449 3370 3452 E AmazonProfileService: There is no KEY_CHILD_PIN_PACKAGE_NAME
06-08 19:58:22.449 3370 3452 I AmazonProfileService: Event is not filtered because it is not in filter key list.
06-08 19:58:22.449 3370 3452 I FireTVKeyPolicyManager: Dynamic key mapping has been enabled
06-08 19:58:22.449 3370 3452 I KeyMapManagerUtil: Unknown remote sku id 0. Fetch remote sku id from system property
06-08 19:58:22.449 3370 3452 I FireTVKeyPolicyManager: Dynamic key mapping key intercepted result 0
06-08 19:58:22.450 3370 3451 D AmzPhoneWindowManager: is 20 in key list = false
06-08 19:58:22.549 3566 4099 W bt_btif : bta_hh_le_input_rpt_notify uuid=0x2a4d srv_handle=79 is_bl_svc_primary=1 rpt_id=1 len=3
06-08 19:58:22.549 3370 3452 E AmazonProfileService: There is no KEY_CHILD_PIN_PACKAGE_NAME
06-08 19:58:22.549 3370 3452 I AmazonProfileService: Event is not filtered because it is not in filter key list.
06-08 19:58:22.549 3370 3452 I FireTVKeyPolicyManager: Dynamic key mapping has been enabled
06-08 19:58:22.549 3370 3452 I KeyMapManagerUtil: Unknown remote sku id 0. Fetch remote sku id from system property
06-08 19:58:22.549 3370 3452 I FireTVKeyPolicyManager: Dynamic key mapping key intercepted result 0
06-08 19:58:22.550 3370 3451 D AmzPhoneWindowManager: is 20 in key list = false
06-08 19:58:22.711 3945 3945 I OZ-DCS:ModeLogger: OZ-DMC publishing audio playback start
06-08 19:58:22.712 3945 3945 I OZ-DCS:ModeLogger: OZ-DMC New ModeStateEvent: Current: FIRE_TV [name : AUDIO_PLAYBACK_PROVIDER time: 8597889 payload: {}]
06-08 19:58:22.864 3566 4259 E bt_btif : register_notification_rsp: Avrcp device is not connected, handle: 0x0
06-08 19:58:22.864 3566 4259 I chatty : uid=1002(bluetooth) BluetoothAvrcpH identical 4 lines
06-08 19:58:22.864 3566 4259 E bt_btif : register_notification_rsp: Avrcp device is not connected, handle: 0x0
06-08 19:58:22.932 3140 20207 I chatty : uid=1041(audioserver) MS12 expire 20 lines
06-08 19:58:23.133 3883 5364 W AHE-CoreStream: Core stream timed out, resetting stream:requestState=OPEN,responseState=CLOSED,connectionId=3,streamId=86
06-08 19:58:23.134 3883 5364 I AHE-ClientCoreConnectionAdapter: Removing core stream:connectionId=3,streamId=86
06-08 19:58:23.134 3883 5364 W AHE-CoreStream: CloseResponse called for invalid state:ChannelState=ERROR
06-08 19:58:23.134 3883 5364 I AHE-ChannelControllerManager: Stats for ChannelControllerManager:connectionId=3,numChannels=6,numControllers=6,numHybridControllers=6
06-08 19:58:23.423 3898 5140 D WakeWordService: event AudioPlayerState with value 0and decoderId WakeWordService_input_decoder has been pushed into Pryon
06-08 19:58:23.423 3898 5140 I PlaybackStatusNotifier: State change stream[3] state[0]
06-08 19:58:23.586 3898 14463 D WakeWordService: event audio_playback with value 0and decoderId WakeWordService_input_decoder has been pushed into Pryon
06-08 19:58:24.353 3883 5362 W AHE-CoreStream: Core stream timed out, resetting stream:requestState=OPEN,responseState=CLOSED,connectionId=3,streamId=87
06-08 19:58:24.354 3883 5362 I AHE-ClientCoreConnectionAdapter: Removing core stream:connectionId=3,streamId=87
06-08 19:58:24.354 3883 5362 I AHE-CoreConnection: Received session expiry message:sessionId=CSM_00664679-a8c3-457e-a24c-9fc66bbc77e6_1623175044352.0..CSM_00664679-a8c3-457e-a24c-9fc66bbc77e6_1623175044352
06-08 19:58:24.354 3883 5362 I AHE-HybridChannelController: Received SessionExpiredMessage:channelToken=6
06-08 19:58:24.354 3883 5362 I AHE-HybridChannelController: Session updated (Switched):currentSessionId=CSM_7fe5a0bf-567b-4f24-82a9-2480216aa276_1623175042194.0..CSM_7fe5a0bf-567b-4f24-82a9-2480216aa276_1623175042194,nextSessionId=CSM_00664679-a8c3-457e-a24c-9fc66bbc77e6_1623175044352.0..CSM_00664679-a8c3-457e-a24c-9fc66bbc77e6_1623175044352
06-08 19:58:24.354 3883 5362 I AHE-HybridChannelController: Attempting to resolve cloud utteranceId as empty
06-08 19:58:24.354 3883 5362 W AHE-CoreStream: CloseResponse called for invalid state:ChannelState=ERROR
06-08 19:58:24.354 3883 5362 I AHE-ChannelControllerManager: Stats for ChannelControllerManager:connectionId=3,numChannels=5,numControllers=5,numHybridControllers=5
06-08 19:58:24.358 3883 5155 I AHE-EngineSelector: State transition for ForceComparison:interactionId=CSM_00664679-a8c3-457e-a24c-9fc66bbc77e6_1623175044352.0..CSM_00664679-a8c3-457e-a24c-9fc66bbc77e6_1623175044352,previousState=[LocalWon,stopCaptureForwarded=0,rpsForwarded=0,cloudRpsReceived=0,cloudActionDirectiveAfterLocalWonSignalSent=0,forwardedCloudDirectives={}],newState=[LocalWon,stopCaptureForwarded=0,rpsForwarded=0,cloudRpsReceived=0,cloudActionDirectiveAfterLocalWonSignalSent=0,forwardedCloudDirectives={}],maybeAction= [Compare,[Directives,cloudDirectives=[],localDirectives=[]]]
06-08 19:58:25.533 3883 5364 W AHE-CoreStream: Core stream timed out, resetting stream:requestState=OPEN,responseState=CLOSED,connectionId=3,streamId=88
06-08 19:58:25.533 3883 5364 I AHE-ClientCoreConnectionAdapter: Removing core stream:connectionId=3,streamId=88
06-08 19:58:25.533 3883 5364 I AHE-CoreConnection: Received session expiry message:sessionId=CSM_b8aefda7-1758-43da-8d87-a5363c945955_1623175045531.0..CSM_b8aefda7-1758-43da-8d87-a5363c945955_1623175045531
06-08 19:58:25.533 3883 5364 I AHE-HybridChannelController: Received SessionExpiredMessage:channelToken=6
06-08 19:58:25.533 3883 5364 I AHE-HybridChannelController: Session updated (Switched):currentSessionId=CSM_00664679-a8c3-457e-a24c-9fc66bbc77e6_1623175044352.0..CSM_00664679-a8c3-457e-a24c-9fc66bbc77e6_1623175044352,nextSessionId=CSM_b8aefda7-1758-43da-8d87-a5363c945955_1623175045531.0..CSM_b8aefda7-1758-43da-8d87-a5363c945955_1623175045531
06-08 19:58:25.533 3883 5364 I AHE-HybridChannelController: Session expired while open, aborting local execution:sessionId=CSM_b8aefda7-1758-43da-8d87-a5363c945955_1623175045531.0..CSM_b8aefda7-1758-43da-8d87-a5363c945955_1623175045531
06-08 19:58:25.533 3883 5364 I AHE-HybridChannelController: Sending ExecutionAborted to client:sessionId=CSM_b8aefda7-1758-43da-8d87-a5363c945955_1623175045531.0..CSM_b8aefda7-1758-43da-8d87-a5363c945955_1623175045531
06-08 19:58:25.533 3883 5364 I AHE-HybridChannelController: Received JsonToClientMessage:channelToken=6
06-08 19:58:25.533 3883 5364 I AHE-CoreStream: Sending JSON data to client on channel:requestState=OPEN,responseState=OPEN,connectionId=3,streamId=0
06-08 19:58:25.533 3883 5364 I AHE-HybridChannelController: Attempting to resolve cloud utteranceId as empty
06-08 19:58:25.533 3883 5364 W AHE-CoreStream: CloseResponse called for invalid state:ChannelState=ERROR
06-08 19:58:25.533 3883 5364 I AHE-ChannelControllerManager: Stats for ChannelControllerManager:connectionId=3,numChannels=4,numControllers=4,numHybridControllers=4
06-08 19:58:25.534 3883 5155 I AHE-RouterActor: Received local abort:interactionId=CSM_b8aefda7-1758-43da-8d87-a5363c945955_1623175045531.0..CSM_b8aefda7-1758-43da-8d87-a5363c945955_1623175045531
06-08 19:58:25.534 3883 5155 I AHE-EngineSelector: State transition for Local JSON:interactionId=CSM_b8aefda7-1758-43da-8d87-a5363c945955_1623175045531.0..CSM_b8aefda7-1758-43da-8d87-a5363c945955_1623175045531,previousState=[Undecided\,stopCaptureForwarded\=0\,cloudDirectives\=[]],newState=[Undecided\,stopCaptureForwarded\=0\,cloudDirectives\=[]],action=[ExecutionAbortedSignal\,interactionId\=CSM_b8aefda7-1758-43da-8d87-a5363c945955_1623175045531.0..CSM_b8aefda7-1758-43da-8d87-a5363c945955_1623175045531],outputActions=[[ResolveLocalAbort]]
06-08 19:58:25.534 3883 5154 I AHE-HybridRouter: Received AHE event:interactionId=CSM_b8aefda7-1758-43da-8d87-a5363c945955_1623175045531.0..CSM_b8aefda7-1758-43da-8d87-a5363c945955_1623175045531,resolvedStatus=PENDING
06-08 19:58:25.630 3883 5363 W AHE-CoreStream: Core stream timed out, resetting stream:requestState=OPEN,responseState=CLOSED,connectionId=3,streamId=89
06-08 19:58:25.630 3883 5363 I AHE-ClientCoreConnectionAdapter: Removing core stream:connectionId=3,streamId=89
06-08 19:58:25.630 3883 5363 I AHE-CoreConnection: Received session expiry message:sessionId=CSM_69056d6d-054b-4964-a36e-6bf8be98d8e6_1623175045628.0..CSM_69056d6d-054b-4964-a36e-6bf8be98d8e6_1623175045628
06-08 19:58:25.630 3883 5363 I AHE-HybridChannelController: Received SessionExpiredMessage:channelToken=6
06-08 19:58:25.630 3883 5363 I AHE-HybridChannelController: Session updated (Switched):currentSessionId=CSM_b8aefda7-1758-43da-8d87-a5363c945955_1623175045531.0..CSM_b8aefda7-1758-43da-8d87-a5363c945955_1623175045531,nextSessionId=CSM_69056d6d-054b-4964-a36e-6bf8be98d8e6_1623175045628.0..CSM_69056d6d-054b-4964-a36e-6bf8be98d8e6_1623175045628
06-08 19:58:25.630 3883 5363 I AHE-HybridChannelController: Attempting to resolve cloud utteranceId as empty
06-08 19:58:25.630 3883 5363 W AHE-CoreStream: CloseResponse called for invalid state:ChannelState=ERROR
06-08 19:58:25.631 3883 5363 I AHE-ChannelControllerManager: Stats for ChannelControllerManager:connectionId=3,numChannels=3,numControllers=3,numHybridControllers=3
06-08 19:58:25.634 3883 5155 I AHE-EngineSelector: State transition for ForceComparison:interactionId=CSM_69056d6d-054b-4964-a36e-6bf8be98d8e6_1623175045628.0..CSM_69056d6d-054b-4964-a36e-6bf8be98d8e6_1623175045628,previousState=[LocalWon,stopCaptureForwarded=0,rpsForwarded=0,cloudRpsReceived=0,cloudActionDirectiveAfterLocalWonSignalSent=0,forwardedCloudDirectives={}],newState=[LocalWon,stopCaptureForwarded=0,rpsForwarded=0,cloudRpsReceived=0,cloudActionDirectiveAfterLocalWonSignalSent=0,forwardedCloudDirectives={}],maybeAction= [Compare,[Directives,cloudDirectives=[],localDirectives=[]]]
06-08 19:58:25.976 3140 3267 I chatty : uid=1041(audioserver) HwBinder:3140_1 expire 1 line
06-08 19:58:26.007 3370 4345 I AmazonPowerManagerVendorCallback: Wakelock released UID:1041 PID:0 Tag:AudioMix
06-08 19:58:26.012 3945 19676 I OZ-DCS:ModeLogger: OZ-DMC New ModeStateEvent: Current: FIRE_TV [name : AUDIO_PLAYBACK_PROVIDER time: 8597889 payload: {}]
06-08 19:58:26.274 3945 19676 I OZ-DCS:ModeLogger: OZ-DMC New ModeStateEvent: Current: FIRE_TV [name : VIDEO_PLAYBACK_PROVIDER time: 8574604 payload: {}]
06-08 19:58:26.469 3566 4099 W bt_btif : bta_hh_le_input_rpt_notify uuid=0x2a4d srv_handle=79 is_bl_svc_primary=1 rpt_id=1 len=3
06-08 19:58:26.469 3370 3452 E AmazonProfileService: There is no KEY_CHILD_PIN_PACKAGE_NAME
06-08 19:58:26.469 3370 3452 I AmazonProfileService: Event is not filtered because it is not in filter key list.
06-08 19:58:26.469 3370 3452 I FireTVKeyPolicyManager: Dynamic key mapping has been enabled
06-08 19:58:26.470 3370 3452 I KeyMapManagerUtil: Unknown remote sku id 0. Fetch remote sku id from system property
06-08 19:58:26.470 3370 3452 I FireTVKeyPolicyManager: Dynamic key mapping key intercepted result 0
06-08 19:58:26.471 3370 3451 D AmzPhoneWindowManager: is 20 in key list = false
06-08 19:58:26.490 3566 4099 W bt_btif : bta_hh_le_input_rpt_notify uuid=0x2a4d srv_handle=79 is_bl_svc_primary=1 rpt_id=1 len=3
06-08 19:58:26.490 3370 3452 E AmazonProfileService: There is no KEY_CHILD_PIN_PACKAGE_NAME
06-08 19:58:26.490 3370 3452 I AmazonProfileService: Event is not filtered because it is not in filter key list.
06-08 19:58:26.490 3370 3452 I FireTVKeyPolicyManager: Dynamic key mapping has been enabled
06-08 19:58:26.490 3370 3452 I KeyMapManagerUtil: Unknown remote sku id 0. Fetch remote sku id from system property
06-08 19:58:26.490 3370 3452 I FireTVKeyPolicyManager: Dynamic key mapping key intercepted result 0
06-08 19:58:26.491 3370 3451 D AmzPhoneWindowManager: is 20 in key list = false
06-08 19:58:26.501 20034 20058 I chatty : uid=10043(org.xbmc.kodi) Thread-3 expire 32 lines
06-08 19:58:27.249 3566 4099 W bt_btif : bta_hh_le_input_rpt_notify uuid=0x2a4d srv_handle=79 is_bl_svc_primary=1 rpt_id=1 len=3
06-08 19:58:27.249 3370 3452 E AmazonProfileService: There is no KEY_CHILD_PIN_PACKAGE_NAME
06-08 19:58:27.249 3370 3452 I AmazonProfileService: Event is not filtered because it is not in filter key list.
06-08 19:58:27.249 3370 3452 I FireTVKeyPolicyManager: Dynamic key mapping has been enabled
06-08 19:58:27.250 3370 3452 I KeyMapManagerUtil: Unknown remote sku id 0. Fetch remote sku id from system property
06-08 19:58:27.250 3370 3452 I FireTVKeyPolicyManager: Dynamic key mapping key intercepted result 0
06-08 19:58:27.251 3370 3451 D AmzPhoneWindowManager: is 19 in key list = false
06-08 19:58:27.369 3566 4099 W bt_btif : bta_hh_le_input_rpt_notify uuid=0x2a4d srv_handle=79 is_bl_svc_primary=1 rpt_id=1 len=3
06-08 19:58:27.369 3370 3452 E AmazonProfileService: There is no KEY_CHILD_PIN_PACKAGE_NAME
06-08 19:58:27.369 3370 3452 I AmazonProfileService: Event is not filtered because it is not in filter key list.
06-08 19:58:27.369 3370 3452 I FireTVKeyPolicyManager: Dynamic key mapping has been enabled
06-08 19:58:27.369 3370 3452 I KeyMapManagerUtil: Unknown remote sku id 0. Fetch remote sku id from system property
06-08 19:58:27.369 3370 3452 I FireTVKeyPolicyManager: Dynamic key mapping key intercepted result 0
06-08 19:58:27.370 3370 3451 D AmzPhoneWindowManager: is 19 in key list = false
06-08 19:58:27.738 3883 5361 W AHE-CoreStream: Core stream timed out, resetting stream:requestState=OPEN,responseState=CLOSED,connectionId=3,streamId=90
06-08 19:58:27.738 3883 5361 I AHE-ClientCoreConnectionAdapter: Removing core stream:connectionId=3,streamId=90
06-08 19:58:27.738 3883 5361 I AHE-CoreConnection: Received session expiry message:sessionId=CSM_90cc8c5c-ecc8-4e7f-aa7b-0591dfe74cb8_1623175047735.0..CSM_90cc8c5c-ecc8-4e7f-aa7b-0591dfe74cb8_1623175047735
06-08 19:58:27.738 3883 5361 I AHE-HybridChannelController: Received SessionExpiredMessage:channelToken=6
06-08 19:58:27.738 3883 5361 I AHE-HybridChannelController: Session updated (Switched):currentSessionId=CSM_69056d6d-054b-4964-a36e-6bf8be98d8e6_1623175045628.0..CSM_69056d6d-054b-4964-a36e-6bf8be98d8e6_1623175045628,nextSessionId=CSM_90cc8c5c-ecc8-4e7f-aa7b-0591dfe74cb8_1623175047735.0..CSM_90cc8c5c-ecc8-4e7f-aa7b-0591dfe74cb8_1623175047735
06-08 19:58:27.738 3883 5361 I AHE-HybridChannelController: Session expired while open, aborting local execution:sessionId=CSM_90cc8c5c-ecc8-4e7f-aa7b-0591dfe74cb8_1623175047735.0..CSM_90cc8c5c-ecc8-4e7f-aa7b-0591dfe74cb8_1623175047735
06-08 19:58:27.738 3883 5361 I AHE-HybridChannelController: Sending ExecutionAborted to client:sessionId=CSM_90cc8c5c-ecc8-4e7f-aa7b-0591dfe74cb8_1623175047735.0..CSM_90cc8c5c-ecc8-4e7f-aa7b-0591dfe74cb8_1623175047735
06-08 19:58:27.738 3883 5361 I AHE-HybridChannelController: Received JsonToClientMessage:channelToken=6
06-08 19:58:27.738 3883 5361 I AHE-CoreStream: Sending JSON data to client on channel:requestState=OPEN,responseState=OPEN,connectionId=3,streamId=0
06-08 19:58:27.738 3883 5361 I AHE-HybridChannelController: Attempting to resolve cloud utteranceId as empty
06-08 19:58:27.738 3883 5361 W AHE-CoreStream: CloseResponse called for invalid state:ChannelState=ERROR
06-08 19:58:27.738 3883 5361 I AHE-ChannelControllerManager: Stats for ChannelControllerManager:connectionId=3,numChannels=2,numControllers=2,numHybridControllers=2
06-08 19:58:27.738 3883 5155 I AHE-RouterActor: Received local abort:interactionId=CSM_90cc8c5c-ecc8-4e7f-aa7b-0591dfe74cb8_1623175047735.0..CSM_90cc8c5c-ecc8-4e7f-aa7b-0591dfe74cb8_1623175047735
06-08 19:58:27.738 3883 5155 I AHE-EngineSelector: State transition for Local JSON:interactionId=CSM_90cc8c5c-ecc8-4e7f-aa7b-0591dfe74cb8_1623175047735.0..CSM_90cc8c5c-ecc8-4e7f-aa7b-0591dfe74cb8_1623175047735,previousState=[Undecided\,stopCaptureForwarded\=0\,cloudDirectives\=[]],newState=[Undecided\,stopCaptureForwarded\=0\,cloudDirectives\=[]],action=[ExecutionAbortedSignal\,interactionId\=CSM_90cc8c5c-ecc8-4e7f-aa7b-0591dfe74cb8_1623175047735.0..CSM_90cc8c5c-ecc8-4e7f-aa7b-0591dfe74cb8_1623175047735],outputActions=[[ResolveLocalAbort]]
06-08 19:58:27.738 3883 5154 I AHE-HybridRouter: Received AHE event:interactionId=CSM_90cc8c5c-ecc8-4e7f-aa7b-0591dfe74cb8_1623175047735.0..CSM_90cc8c5c-ecc8-4e7f-aa7b-0591dfe74cb8_1623175047735,resolvedStatus=PENDING
06-08 19:58:28.147 20034 20119 I chatty : uid=10043(org.xbmc.kodi) expire 2 lines
06-08 19:58:28.269 3566 4099 W bt_btif : bta_hh_le_input_rpt_notify uuid=0x2a4d srv_handle=79 is_bl_svc_primary=1 rpt_id=1 len=3
06-08 19:58:28.269 3370 3452 E AmazonProfileService: There is no KEY_CHILD_PIN_PACKAGE_NAME
06-08 19:58:28.269 3370 3452 I AmazonProfileService: Event is not filtered because it is not in filter key list.
06-08 19:58:28.269 3370 3452 I FireTVKeyPolicyManager: Dynamic key mapping has been enabled
06-08 19:58:28.270 3370 3452 I KeyMapManagerUtil: Unknown remote sku id 0. Fetch remote sku id from system property
06-08 19:58:28.270 3370 3452 I FireTVKeyPolicyManager: Dynamic key mapping key intercepted result 0
06-08 19:58:28.271 3370 3451 D AmzPhoneWindowManager: is 20 in key list = false
06-08 19:58:28.365 3566 4099 W bt_btif : bta_hh_le_input_rpt_notify uuid=0x2a4d srv_handle=79 is_bl_svc_primary=1 rpt_id=1 len=3
06-08 19:58:28.366 3370 3452 E AmazonProfileService: There is no KEY_CHILD_PIN_PACKAGE_NAME
06-08 19:58:28.366 3370 3452 I AmazonProfileService: Event is not filtered because it is not in filter key list.
06-08 19:58:28.366 3370 3452 I FireTVKeyPolicyManager: Dynamic key mapping has been enabled
06-08 19:58:28.367 3370 3452 I KeyMapManagerUtil: Unknown remote sku id 0. Fetch remote sku id from system property
06-08 19:58:28.367 3370 3452 I FireTVKeyPolicyManager: Dynamic key mapping key intercepted result 0
06-08 19:58:28.369 3370 3451 D AmzPhoneWindowManager: is 20 in key list = false
06-08 19:58:28.951 3566 4099 W bt_btif : bta_hh_le_input_rpt_notify uuid=0x2a4d srv_handle=79 is_bl_svc_primary=1 rpt_id=1 len=3
06-08 19:58:28.952 3370 3452 E AmazonProfileService: There is no KEY_CHILD_PIN_PACKAGE_NAME
06-08 19:58:28.952 3370 3452 I AmazonProfileService: Event is not filtered because it is not in filter key list.
06-08 19:58:28.952 3370 3452 I FireTVKeyPolicyManager: Dynamic key mapping has been enabled
06-08 19:58:28.952 3370 3452 I KeyMapManagerUtil: Unknown remote sku id 0. Fetch remote sku id from system property
06-08 19:58:28.953 3370 3452 I FireTVKeyPolicyManager: Dynamic key mapping key intercepted result 0
06-08 19:58:28.957 3370 3451 D AmzPhoneWindowManager: is 19 in key list = false
06-08 19:58:28.959 20034 20056 I chatty : uid=10043(org.xbmc.kodi) Thread-2 expire 26 lines
06-08 19:58:29.071 3566 4099 W bt_btif : bta_hh_le_input_rpt_notify uuid=0x2a4d srv_handle=79 is_bl_svc_primary=1 rpt_id=1 len=3
06-08 19:58:29.075 3370 3452 E AmazonProfileService: There is no KEY_CHILD_PIN_PACKAGE_NAME
06-08 19:58:29.075 3370 3452 I AmazonProfileService: Event is not filtered because it is not in filter key list.
06-08 19:58:29.075 3370 3452 I FireTVKeyPolicyManager: Dynamic key mapping has been enabled
06-08 19:58:29.075 3370 3452 I KeyMapManagerUtil: Unknown remote sku id 0. Fetch remote sku id from system property
06-08 19:58:29.075 3370 3452 I FireTVKeyPolicyManager: Dynamic key mapping key intercepted result 0
06-08 19:58:29.076 3370 3451 D AmzPhoneWindowManager: is 19 in key list = false
06-08 19:58:29.431 3566 4099 W bt_btif : bta_hh_le_input_rpt_notify uuid=0x2a4d srv_handle=79 is_bl_svc_primary=1 rpt_id=1 len=3
06-08 19:58:29.431 3370 3452 E AmazonProfileService: There is no KEY_CHILD_PIN_PACKAGE_NAME
06-08 19:58:29.432 3370 3452 I AmazonProfileService: Event is not filtered because it is not in filter key list.
06-08 19:58:29.432 3370 3452 I FireTVKeyPolicyManager: Dynamic key mapping has been enabled
06-08 19:58:29.432 3370 3452 I KeyMapManagerUtil: Unknown remote sku id 0. Fetch remote sku id from system property
06-08 19:58:29.432 3370 3452 I FireTVKeyPolicyManager: Dynamic key mapping key intercepted result 0
06-08 19:58:29.437 3370 3451 D AmzPhoneWindowManager: is 23 in key list = false
06-08 19:58:29.552 3566 4099 W bt_btif : bta_hh_le_input_rpt_notify uuid=0x2a4d srv_handle=79 is_bl_svc_primary=1 rpt_id=1 len=3
06-08 19:58:29.552 3370 3452 E AmazonProfileService: There is no KEY_CHILD_PIN_PACKAGE_NAME
06-08 19:58:29.552 3370 3452 I AmazonProfileService: Event is not filtered because it is not in filter key list.
06-08 19:58:29.552 3370 3452 I FireTVKeyPolicyManager: Dynamic key mapping has been enabled
06-08 19:58:29.552 3370 3452 I KeyMapManagerUtil: Unknown remote sku id 0. Fetch remote sku id from system property
06-08 19:58:29.552 3370 3452 I FireTVKeyPolicyManager: Dynamic key mapping key intercepted result 0
06-08 19:58:29.554 3370 3451 D AmzPhoneWindowManager: is 23 in key list = false
06-08 19:58:30.785 3566 4099 W bt_btif : bta_hh_le_input_rpt_notify uuid=0x2a4d srv_handle=79 is_bl_svc_primary=1 rpt_id=1 len=3
06-08 19:58:30.785 3370 3452 E AmazonProfileService: There is no KEY_CHILD_PIN_PACKAGE_NAME
06-08 19:58:30.785 3370 3452 I AmazonProfileService: Event is not filtered because it is not in filter key list.
06-08 19:58:30.785 3370 3452 I FireTVKeyPolicyManager: Dynamic key mapping has been enabled
06-08 19:58:30.786 3370 3452 I KeyMapManagerUtil: Unknown remote sku id 0. Fetch remote sku id from system property
06-08 19:58:30.786 3370 3452 I FireTVKeyPolicyManager: Dynamic key mapping key intercepted result 0
06-08 19:58:30.787 3370 3451 D AmzPhoneWindowManager: is 23 in key list = false
06-08 19:58:30.805 3566 4099 W bt_btif : bta_hh_le_input_rpt_notify uuid=0x2a4d srv_handle=79 is_bl_svc_primary=1 rpt_id=1 len=3
06-08 19:58:30.805 3370 3452 E AmazonProfileService: There is no KEY_CHILD_PIN_PACKAGE_NAME
06-08 19:58:30.805 3370 3452 I AmazonProfileService: Event is not filtered because it is not in filter key list.
06-08 19:58:30.805 3370 3452 I FireTVKeyPolicyManager: Dynamic key mapping has been enabled
06-08 19:58:30.805 3370 3452 I KeyMapManagerUtil: Unknown remote sku id 0. Fetch remote sku id from system property
06-08 19:58:30.805 3370 3452 I FireTVKeyPolicyManager: Dynamic key mapping key intercepted result 0
06-08 19:58:30.805 3370 3451 D AmzPhoneWindowManager: is 23 in key list = false
06-08 19:58:31.006 3370 3460 W BestClock: java.time.DateTimeException: Missing NTP fix
06-08 19:58:31.029 3370 3460 W BestClock: java.time.DateTimeException: Missing NTP fix
06-08 19:58:31.030 3370 3461 W BestClock: java.time.DateTimeException: Missing NTP fix
06-08 19:58:32.711 3566 4099 W bt_btif : bta_hh_le_input_rpt_notify uuid=0x2a4d srv_handle=79 is_bl_svc_primary=1 rpt_id=1 len=3
06-08 19:58:32.714 3370 3452 E AmazonProfileService: There is no KEY_CHILD_PIN_PACKAGE_NAME
06-08 19:58:32.714 3370 3452 I AmazonProfileService: Event is not filtered because it is not in filter key list.
06-08 19:58:32.714 3370 3452 I FireTVKeyPolicyManager: Dynamic key mapping has been enabled
06-08 19:58:32.714 3370 3452 I KeyMapManagerUtil: Unknown remote sku id 0. Fetch remote sku id from system property
06-08 19:58:32.714 3370 3452 I FireTVKeyPolicyManager: Dynamic key mapping key intercepted result 0
06-08 19:58:32.716 3370 3451 D AmzPhoneWindowManager: is 20 in key list = false
06-08 19:58:32.829 3566 4099 W bt_btif : bta_hh_le_input_rpt_notify uuid=0x2a4d srv_handle=79 is_bl_svc_primary=1 rpt_id=1 len=3
06-08 19:58:32.830 3370 3452 E AmazonProfileService: There is no KEY_CHILD_PIN_PACKAGE_NAME
06-08 19:58:32.830 3370 3452 I AmazonProfileService: Event is not filtered because it is not in filter key list.
06-08 19:58:32.830 3370 3452 I FireTVKeyPolicyManager: Dynamic key mapping has been enabled
06-08 19:58:32.830 3370 3452 I KeyMapManagerUtil: Unknown remote sku id 0. Fetch remote sku id from system property
06-08 19:58:32.830 3370 3452 I FireTVKeyPolicyManager: Dynamic key mapping key intercepted result 0
06-08 19:58:32.832 3370 3451 D AmzPhoneWindowManager: is 20 in key list = false
06-08 19:58:32.864 3370 4345 I AmazonPowerManagerVendorCallback: Wakelock acquired UID:1041 PID:0 Tag:AudioMix
06-08 19:58:32.859 20034 20034 I chatty : uid=10043(org.xbmc.kodi) expire 1 line
06-08 19:58:32.873 3945 19676 I OZ-DCS:ModeLogger: OZ-DMC New ModeStateEvent: Current: FIRE_TV [name : AUDIO_PLAYBACK_PROVIDER time: 8597889 payload: {}]
06-08 19:58:33.120 3945 19676 I OZ-DCS:ModeLogger: OZ-DMC New ModeStateEvent: Current: FIRE_TV [name : VIDEO_PLAYBACK_PROVIDER time: 8574604 payload: {}]
06-08 19:58:33.251 3566 4099 W bt_btif : bta_hh_le_input_rpt_notify uuid=0x2a4d srv_handle=79 is_bl_svc_primary=1 rpt_id=1 len=3
06-08 19:58:33.252 3370 3452 E AmazonProfileService: There is no KEY_CHILD_PIN_PACKAGE_NAME
06-08 19:58:33.252 3370 3452 I AmazonProfileService: Event is not filtered because it is not in filter key list.
06-08 19:58:33.252 3370 3452 I FireTVKeyPolicyManager: Dynamic key mapping has been enabled
06-08 19:58:33.252 3370 3452 I KeyMapManagerUtil: Unknown remote sku id 0. Fetch remote sku id from system property
06-08 19:58:33.252 3370 3452 I FireTVKeyPolicyManager: Dynamic key mapping key intercepted result 0
06-08 19:58:33.259 3370 3451 D AmzPhoneWindowManager: is 20 in key list = false
06-08 19:58:33.369 3566 4099 W bt_btif : bta_hh_le_input_rpt_notify uuid=0x2a4d srv_handle=79 is_bl_svc_primary=1 rpt_id=1 len=3
06-08 19:58:33.369 3370 3452 E AmazonProfileService: There is no KEY_CHILD_PIN_PACKAGE_NAME
06-08 19:58:33.369 3370 3452 I AmazonProfileService: Event is not filtered because it is not in filter key list.
06-08 19:58:33.370 3370 3452 I FireTVKeyPolicyManager: Dynamic key mapping has been enabled
06-08 19:58:33.370 3370 3452 I KeyMapManagerUtil: Unknown remote sku id 0. Fetch remote sku id from system property
06-08 19:58:33.370 3370 3452 I FireTVKeyPolicyManager: Dynamic key mapping key intercepted result 0
06-08 19:58:33.371 3370 3451 D AmzPhoneWindowManager: is 20 in key list = false
06-08 19:58:33.739 3133 3133 W memtrack@1.0-se: type=1400 audit(0.0:1927): avc: denied { search } for name="4566" dev="proc" ino=35280 scontext=u:r:hal_memtrack_default:s0 tcontext=u:r:amazon_app:s0 tclass=dir permissive=0
06-08 19:58:33.755 3883 3883 D ArcusSyncService: OnStartJob
06-08 19:58:33.755 3883 3883 D DTM/config/ArcusManager: getInstance()
06-08 19:58:33.755 3883 3883 I DTM/config/ArcusManager: Performing Arcus Sync!!!
06-08 19:58:33.779 3133 3133 W memtrack@1.0-se: type=1400 audit(0.0:1928): avc: denied { search } for name="19917" dev="proc" ino=350955 scontext=u:r:hal_memtrack_default:s0 tcontext=u:r:amazon_app:s0 tclass=dir permissive=0
06-08 19:58:33.857 3140 3332 I chatty : uid=1041(audioserver) HwBinder:3140_1 expire 30 lines
06-08 19:58:33.909 3566 4099 W bt_btif : bta_hh_le_input_rpt_notify uuid=0x2a4d srv_handle=79 is_bl_svc_primary=1 rpt_id=1 len=3
06-08 19:58:33.909 3370 3452 E AmazonProfileService: There is no KEY_CHILD_PIN_PACKAGE_NAME
06-08 19:58:33.909 3566 4099 W bt_btif : bta_hh_le_input_rpt_notify uuid=0x2a19 srv_handle=64 is_bl_svc_primary=1 rpt_id=3 len=1
06-08 19:58:33.909 3370 3452 I AmazonProfileService: Event is not filtered because it is not in filter key list.
06-08 19:58:33.909 3566 3727 D BluetoothHidHostServiceJni: call to battery_level_callback
06-08 19:58:33.909 3370 3452 I FireTVKeyPolicyManager: Dynamic key mapping has been enabled
06-08 19:58:33.909 3370 3452 I KeyMapManagerUtil: Unknown remote sku id 0. Fetch remote sku id from system property
06-08 19:58:33.910 3370 3452 I FireTVKeyPolicyManager: Dynamic key mapping key intercepted result 0
06-08 19:58:33.911 3370 3451 D AmzPhoneWindowManager: is 19 in key list = false
06-08 19:58:33.916 4962 4962 D RemoteBatteryLevelReceiver: AmazonBluetoothInputDevice.ACTION_BATTERY_LEVEL_UPDATE received
06-08 19:58:33.917 4962 4962 D ConnectivityCtrlService: handle intent action:com.amazon.device.action.BATTERY_LEVEL
06-08 19:58:33.917 3370 18866 W BroadcastQueue: Background execution not allowed: receiving Intent { act=amazon.bluetooth.input.profile.action.BATTERY_LEVEL_UPDATE flg=0x4000010 (has extras) } to com.amazon.device.rdmapplication/.services.RemoteBatteryLevelReceiver
06-08 19:58:33.918 4962 5050 I ConnectivityCtrlService: handleRemoteBatteryEvent...device address [xx:xx:66:xx:xx:FE],newLevel:[69]
06-08 19:58:33.918 4962 5050 E ConnectivityCtrlService: Ignoring battery level as it is same as current battery level
06-08 19:58:34.025 3566 4099 W bt_btif : bta_hh_le_input_rpt_notify uuid=0x2a4d srv_handle=79 is_bl_svc_primary=1 rpt_id=1 len=3
06-08 19:58:34.025 3370 3452 E AmazonProfileService: There is no KEY_CHILD_PIN_PACKAGE_NAME
06-08 19:58:34.025 3370 3452 I AmazonProfileService: Event is not filtered because it is not in filter key list.
06-08 19:58:34.025 3370 3452 I FireTVKeyPolicyManager: Dynamic key mapping has been enabled
06-08 19:58:34.026 3370 3452 I KeyMapManagerUtil: Unknown remote sku id 0. Fetch remote sku id from system property
06-08 19:58:34.026 3370 3452 I FireTVKeyPolicyManager: Dynamic key mapping key intercepted result 0
06-08 19:58:34.027 3370 3451 D AmzPhoneWindowManager: is 19 in key list = false
06-08 19:58:34.222 3883 20341 E System : TRACE Starting certificate trust
06-08 19:58:34.223 3883 20341 D CRLSetManager: getInstance binder: android.os.BinderProxy@bd998d0
06-08 19:58:34.639 3883 20341 D ConfigurationDb: Updated 1 row in configuration table,
06-08 19:58:34.639 3883 20341 D ConfigurationDb: json={"pkgsDismissableOnHome":["com.amazon.avod","com.netflix.mediaclient.echo"]} entity_tag=2125248e2899100e48dc4624a9317571 origin=2 timestamp=1623175114632
06-08 19:58:34.652 3883 20341 I DTM/config/ArcusManager: Arcus Configuration was not modified
06-08 19:58:34.675 7165 7165 I LineupJobService: Starting job to push lineup
06-08 19:58:34.675 7165 7165 I LineupJobService: Starting a job with pending stations for allPendingStations
06-08 19:58:34.683 7165 20344 D AmzGuideDownloader: block thread for future buckets fetching? true
06-08 19:58:34.685 7165 20344 V AmzGuideDownloader: Bucket present, skipping 2021-06-08-amzn1.p11cat.station.804c911a-b47d-5300-8d6a-ef8350e8b9ae
06-08 19:58:34.692 7165 20344 D ProgramLineupPusher: program or station is null or recording is not allowed while building context menu for On Now Row
06-08 19:58:34.692 7165 20344 W ProviderManager: Logo for inputId: de.prosiebensat1digital.seventv/.launcher.utils.LiveTvInputService could not be found
06-08 19:58:34.695 7165 20344 D ProgramLineupPusher: program or station is null or recording is not allowed while building context menu for On Now Row
06-08 19:58:34.695 7165 20344 W ProviderManager: Logo for inputId: de.prosiebensat1digital.seventv/.launcher.utils.LiveTvInputService could not be found
06-08 19:58:34.697 7165 20344 D ProgramLineupPusher: program or station is null or recording is not allowed while building context menu for On Now Row
06-08 19:58:34.697 7165 20344 W ProviderManager: Logo for inputId: de.prosiebensat1digital.seventv/.launcher.utils.LiveTvInputService could not be found
06-08 19:58:34.702 7165 20344 D ProgramLineupPusher: program or station is null or recording is not allowed while building context menu for On Now Row
06-08 19:58:34.702 7165 20344 W ProviderManager: Logo for inputId: de.prosiebensat1digital.seventv/.launcher.utils.LiveTvInputService could not be found
06-08 19:58:34.709 7165 20344 D ProgramLineupPusher: program or station is null or recording is not allowed while building context menu for On Now Row
06-08 19:58:34.709 7165 20344 W ProviderManager: Logo for inputId: de.prosiebensat1digital.seventv/.launcher.utils.LiveTvInputService could not be found
06-08 19:58:34.710 7165 20344 D ProgramLineupPusher: program or station is null or recording is not allowed while building context menu for On Now Row
06-08 19:58:34.710 7165 20344 W ProviderManager: Logo for inputId: de.prosiebensat1digital.seventv/.launcher.utils.LiveTvInputService could not be found
06-08 19:58:34.712 7165 20344 D ProgramLineupPusher: program or station is null or recording is not allowed while building context menu for On Now Row
06-08 19:58:34.712 7165 20344 W ProviderManager: Logo for inputId: de.prosiebensat1digital.seventv/.launcher.utils.LiveTvInputService could not be found
06-08 19:58:34.713 7165 20344 D ProgramLineupPusher: program or station is null or recording is not allowed while building context menu for On Now Row
06-08 19:58:34.713 7165 20344 W ProviderManager: Logo for inputId: de.prosiebensat1digital.seventv/.launcher.utils.LiveTvInputService could not be found
06-08 19:58:34.714 7165 20344 E ActivityThread: Failed to find provider info for com.amazon.tv.launcher.livetv
06-08 19:58:34.714 7165 20344 I LineupJobService: Sync failed, stations pending = 63. Rescheduling and saving to allPendingStations
06-08 19:58:35.209 3566 4099 W bt_btif : bta_hh_le_input_rpt_notify uuid=0x2a4d srv_handle=79 is_bl_svc_primary=1 rpt_id=1 len=3
06-08 19:58:35.209 3370 3452 E AmazonProfileService: There is no KEY_CHILD_PIN_PACKAGE_NAME
06-08 19:58:35.209 3370 3452 I AmazonProfileService: Event is not filtered because it is not in filter key list.
06-08 19:58:35.210 3370 3452 I FireTVKeyPolicyManager: Dynamic key mapping has been enabled
06-08 19:58:35.210 3370 3452 I KeyMapManagerUtil: Unknown remote sku id 0. Fetch remote sku id from system property
06-08 19:58:35.210 3370 3452 I FireTVKeyPolicyManager: Dynamic key mapping key intercepted result 0
06-08 19:58:35.211 3370 3451 D AmzPhoneWindowManager: is 23 in key list = false
06-08 19:58:35.233 3566 4099 W bt_btif : bta_hh_le_input_rpt_notify uuid=0x2a4d srv_handle=79 is_bl_svc_primary=1 rpt_id=1 len=3
06-08 19:58:35.233 3370 3452 E AmazonProfileService: There is no KEY_CHILD_PIN_PACKAGE_NAME
06-08 19:58:35.233 3370 3452 I AmazonProfileService: Event is not filtered because it is not in filter key list.
06-08 19:58:35.233 3370 3452 I FireTVKeyPolicyManager: Dynamic key mapping has been enabled
06-08 19:58:35.233 3370 3452 I KeyMapManagerUtil: Unknown remote sku id 0. Fetch remote sku id from system property
06-08 19:58:35.233 3370 3452 I FireTVKeyPolicyManager: Dynamic key mapping key intercepted result 0
06-08 19:58:35.234 3370 3451 D AmzPhoneWindowManager: is 23 in key list = false
06-08 19:58:35.870 3370 3955 I AmazonPowerManagerVendorCallback: Wakelock released UID:1041 PID:0 Tag:AudioMix
06-08 19:58:35.879 3945 19676 I OZ-DCS:ModeLogger: OZ-DMC New ModeStateEvent: Current: FIRE_TV [name : AUDIO_PLAYBACK_PROVIDER time: 8597889 payload: {}]
06-08 19:58:36.140 3945 19676 I OZ-DCS:ModeLogger: OZ-DMC New ModeStateEvent: Current: FIRE_TV [name : VIDEO_PLAYBACK_PROVIDER time: 8574604 payload: {}]
06-08 19:58:36.445 3566 4099 W bt_btif : bta_hh_le_input_rpt_notify uuid=0x2a4d srv_handle=79 is_bl_svc_primary=1 rpt_id=1 len=3
06-08 19:58:36.446 3370 3452 E AmazonProfileService: There is no KEY_CHILD_PIN_PACKAGE_NAME
06-08 19:58:36.446 3370 3452 I AmazonProfileService: Event is not filtered because it is not in filter key list.
06-08 19:58:36.446 3370 3452 I FireTVKeyPolicyManager: Dynamic key mapping has been enabled
06-08 19:58:36.446 3370 3452 I KeyMapManagerUtil: Unknown remote sku id 0. Fetch remote sku id from system property
06-08 19:58:36.446 3370 3452 I FireTVKeyPolicyManager: Dynamic key mapping key intercepted result 0
06-08 19:58:36.448 3370 3451 D AmzPhoneWindowManager: is 20 in key list = false
06-08 19:58:36.570 3566 4099 W bt_btif : bta_hh_le_input_rpt_notify uuid=0x2a4d srv_handle=79 is_bl_svc_primary=1 rpt_id=1 len=3
06-08 19:58:36.571 3370 3452 E AmazonProfileService: There is no KEY_CHILD_PIN_PACKAGE_NAME
06-08 19:58:36.572 3370 3452 I AmazonProfileService: Event is not filtered because it is not in filter key list.
06-08 19:58:36.572 3370 3452 I FireTVKeyPolicyManager: Dynamic key mapping has been enabled
06-08 19:58:36.572 3370 3452 I KeyMapManagerUtil: Unknown remote sku id 0. Fetch remote sku id from system property
06-08 19:58:36.572 3370 3452 I FireTVKeyPolicyManager: Dynamic key mapping key intercepted result 0
06-08 19:58:36.576 3370 3451 D AmzPhoneWindowManager: is 20 in key list = false
06-08 19:58:36.588 20034 20058 I chatty : uid=10043(org.xbmc.kodi) Thread-3 expire 28 lines
06-08 19:58:36.869 3566 4099 W bt_btif : bta_hh_le_input_rpt_notify uuid=0x2a4d srv_handle=79 is_bl_svc_primary=1 rpt_id=1 len=3
06-08 19:58:36.869 3370 3452 E AmazonProfileService: There is no KEY_CHILD_PIN_PACKAGE_NAME
06-08 19:58:36.869 3370 3452 I AmazonProfileService: Event is not filtered because it is not in filter key list.
06-08 19:58:36.869 3370 3452 I FireTVKeyPolicyManager: Dynamic key mapping has been enabled
06-08 19:58:36.869 3370 3452 I KeyMapManagerUtil: Unknown remote sku id 0. Fetch remote sku id from system property
06-08 19:58:36.869 3370 3452 I FireTVKeyPolicyManager: Dynamic key mapping key intercepted result 0
06-08 19:58:36.870 3370 3451 D AmzPhoneWindowManager: is 23 in key list = false
06-08 19:58:36.972 3566 4099 W bt_btif : bta_hh_le_input_rpt_notify uuid=0x2a4d srv_handle=79 is_bl_svc_primary=1 rpt_id=1 len=3
06-08 19:58:36.973 3370 3452 E AmazonProfileService: There is no KEY_CHILD_PIN_PACKAGE_NAME
06-08 19:58:36.973 3370 3452 I AmazonProfileService: Event is not filtered because it is not in filter key list.
06-08 19:58:36.973 3370 3452 I FireTVKeyPolicyManager: Dynamic key mapping has been enabled
06-08 19:58:36.973 3370 3452 I KeyMapManagerUtil: Unknown remote sku id 0. Fetch remote sku id from system property
06-08 19:58:36.973 3370 3452 I FireTVKeyPolicyManager: Dynamic key mapping key intercepted result 0
06-08 19:58:36.974 3370 3451 D AmzPhoneWindowManager: is 23 in key list = false
06-08 19:58:37.289 3566 4099 W bt_btif : bta_hh_le_input_rpt_notify uuid=0x2a4d srv_handle=79 is_bl_svc_primary=1 rpt_id=1 len=3
06-08 19:58:37.290 3370 3452 E AmazonProfileService: There is no KEY_CHILD_PIN_PACKAGE_NAME
06-08 19:58:37.290 3370 3452 I AmazonProfileService: Event is not filtered because it is not in filter key list.
06-08 19:58:37.290 3370 3452 I FireTVKeyPolicyManager: Dynamic key mapping has been enabled
06-08 19:58:37.290 3370 3452 I KeyMapManagerUtil: Unknown remote sku id 0. Fetch remote sku id from system property
06-08 19:58:37.290 3370 3452 I FireTVKeyPolicyManager: Dynamic key mapping key intercepted result 0
06-08 19:58:37.291 3370 3451 D AmzPhoneWindowManager: is 23 in key list = false
06-08 19:58:37.410 3566 4099 W bt_btif : bta_hh_le_input_rpt_notify uuid=0x2a4d srv_handle=79 is_bl_svc_primary=1 rpt_id=1 len=3
06-08 19:58:37.411 3370 3452 E AmazonProfileService: There is no KEY_CHILD_PIN_PACKAGE_NAME
06-08 19:58:37.411 3370 3452 I AmazonProfileService: Event is not filtered because it is not in filter key list.
06-08 19:58:37.411 3370 3452 I FireTVKeyPolicyManager: Dynamic key mapping has been enabled
06-08 19:58:37.411 3370 3452 I KeyMapManagerUtil: Unknown remote sku id 0. Fetch remote sku id from system property
06-08 19:58:37.411 3370 3452 I FireTVKeyPolicyManager: Dynamic key mapping key intercepted result 0
06-08 19:58:37.412 3370 3451 D AmzPhoneWindowManager: is 23 in key list = false
06-08 19:58:37.654 3566 4099 W bt_btif : bta_hh_le_input_rpt_notify uuid=0x2a4d srv_handle=79 is_bl_svc_primary=1 rpt_id=1 len=3
06-08 19:58:37.654 3370 3452 E AmazonProfileService: There is no KEY_CHILD_PIN_PACKAGE_NAME
06-08 19:58:37.655 3370 3452 I AmazonProfileService: Event is not filtered because it is not in filter key list.
06-08 19:58:37.655 3370 3452 I FireTVKeyPolicyManager: Dynamic key mapping has been enabled
06-08 19:58:37.655 3370 3452 I KeyMapManagerUtil: Unknown remote sku id 0. Fetch remote sku id from system property
06-08 19:58:37.655 3370 3452 I FireTVKeyPolicyManager: Dynamic key mapping key intercepted result 0
06-08 19:58:37.656 3370 3451 D AmzPhoneWindowManager: is 19 in key list = false
06-08 19:58:37.745 3566 4099 W bt_btif : bta_hh_le_input_rpt_notify uuid=0x2a4d srv_handle=79 is_bl_svc_primary=1 rpt_id=1 len=3
06-08 19:58:37.745 3370 3452 E AmazonProfileService: There is no KEY_CHILD_PIN_PACKAGE_NAME
06-08 19:58:37.745 3370 3452 I AmazonProfileService: Event is not filtered because it is not in filter key list.
06-08 19:58:37.745 3370 3452 I FireTVKeyPolicyManager: Dynamic key mapping has been enabled
06-08 19:58:37.745 3370 3452 I KeyMapManagerUtil: Unknown remote sku id 0. Fetch remote sku id from system property
06-08 19:58:37.745 3370 3452 I FireTVKeyPolicyManager: Dynamic key mapping key intercepted result 0
06-08 19:58:37.746 3370 3451 D AmzPhoneWindowManager: is 19 in key list = false
06-08 19:58:37.909 3566 4099 W bt_btif : bta_hh_le_input_rpt_notify uuid=0x2a4d srv_handle=79 is_bl_svc_primary=1 rpt_id=1 len=3
06-08 19:58:37.910 3370 3452 E AmazonProfileService: There is no KEY_CHILD_PIN_PACKAGE_NAME
06-08 19:58:37.910 3370 3452 I AmazonProfileService: Event is not filtered because it is not in filter key list.
06-08 19:58:37.910 3370 3452 I FireTVKeyPolicyManager: Dynamic key mapping has been enabled
06-08 19:58:37.910 3370 3452 I KeyMapManagerUtil: Unknown remote sku id 0. Fetch remote sku id from system property
06-08 19:58:37.910 3370 3452 I FireTVKeyPolicyManager: Dynamic key mapping key intercepted result 0
06-08 19:58:37.914 3370 3451 D AmzPhoneWindowManager: is 23 in key list = false
06-08 19:58:38.045 3566 4099 W bt_btif : bta_hh_le_input_rpt_notify uuid=0x2a4d srv_handle=79 is_bl_svc_primary=1 rpt_id=1 len=3
06-08 19:58:38.045 3370 3452 E AmazonProfileService: There is no KEY_CHILD_PIN_PACKAGE_NAME
06-08 19:58:38.045 3370 3452 I AmazonProfileService: Event is not filtered because it is not in filter key list.
06-08 19:58:38.045 3370 3452 I FireTVKeyPolicyManager: Dynamic key mapping has been enabled
