06-08 19:48:23.528 3370 3452 I AmazonProfileService: Event is not filtered because it is not in filter key list.
06-08 19:48:23.624 3370 3452 E AmazonProfileService: There is no KEY_CHILD_PIN_PACKAGE_NAME
06-08 19:48:23.624 3370 3452 I AmazonProfileService: Event is not filtered because it is not in filter key list.
06-08 19:48:25.287 3370 3452 E AmazonProfileService: There is no KEY_CHILD_PIN_PACKAGE_NAME
06-08 19:48:25.287 3370 3452 I AmazonProfileService: Event is not filtered because it is not in filter key list.
06-08 19:48:25.479 3370 3452 E AmazonProfileService: There is no KEY_CHILD_PIN_PACKAGE_NAME
06-08 19:48:25.480 3370 3452 I AmazonProfileService: Event is not filtered because it is not in filter key list.
06-08 19:48:25.545 3370 3452 E AmazonProfileService: There is no KEY_CHILD_PIN_PACKAGE_NAME
06-08 19:48:25.546 3370 3452 I AmazonProfileService: Event is not filtered because it is not in filter key list.
06-08 19:48:25.624 3370 3452 E AmazonProfileService: There is no KEY_CHILD_PIN_PACKAGE_NAME
06-08 19:48:25.624 3370 3452 I AmazonProfileService: Event is not filtered because it is not in filter key list.
06-08 19:48:25.721 3370 3452 E AmazonProfileService: There is no KEY_CHILD_PIN_PACKAGE_NAME
06-08 19:48:25.721 3370 3452 I AmazonProfileService: Event is not filtered because it is not in filter key list.
06-08 19:48:25.808 3370 3452 E AmazonProfileService: There is no KEY_CHILD_PIN_PACKAGE_NAME
06-08 19:48:25.808 3370 3452 I AmazonProfileService: Event is not filtered because it is not in filter key list.
06-08 19:48:26.447 3370 3452 E AmazonProfileService: There is no KEY_CHILD_PIN_PACKAGE_NAME
06-08 19:48:26.447 3370 3452 I AmazonProfileService: Event is not filtered because it is not in filter key list.
06-08 19:48:26.547 3370 3452 E AmazonProfileService: There is no KEY_CHILD_PIN_PACKAGE_NAME
06-08 19:48:26.548 3370 3452 I AmazonProfileService: Event is not filtered because it is not in filter key list.
06-08 19:48:26.624 3370 3452 E AmazonProfileService: There is no KEY_CHILD_PIN_PACKAGE_NAME
06-08 19:48:26.624 3370 3452 I AmazonProfileService: Event is not filtered because it is not in filter key list.
06-08 19:48:26.704 3370 3452 E AmazonProfileService: There is no KEY_CHILD_PIN_PACKAGE_NAME
06-08 19:48:26.704 3370 3452 I AmazonProfileService: Event is not filtered because it is not in filter key list.
06-08 19:48:27.727 3370 3452 E AmazonProfileService: There is no KEY_CHILD_PIN_PACKAGE_NAME
06-08 19:48:27.727 3370 3452 I AmazonProfileService: Event is not filtered because it is not in filter key list.
06-08 19:48:27.809 3370 3452 E AmazonProfileService: There is no KEY_CHILD_PIN_PACKAGE_NAME
06-08 19:48:27.809 3370 3452 I AmazonProfileService: Event is not filtered because it is not in filter key list.
06-08 19:48:28.121 3370 3452 E AmazonProfileService: There is no KEY_CHILD_PIN_PACKAGE_NAME
06-08 19:48:28.121 3370 3452 I AmazonProfileService: Event is not filtered because it is not in filter key list.
06-08 19:48:28.225 3370 3452 E AmazonProfileService: There is no KEY_CHILD_PIN_PACKAGE_NAME
06-08 19:48:28.225 3370 3452 I AmazonProfileService: Event is not filtered because it is not in filter key list.
06-08 19:48:28.366 3370 3452 E AmazonProfileService: There is no KEY_CHILD_PIN_PACKAGE_NAME
06-08 19:48:28.367 3370 3452 I AmazonProfileService: Event is not filtered because it is not in filter key list.
06-08 19:48:28.446 3370 3452 E AmazonProfileService: There is no KEY_CHILD_PIN_PACKAGE_NAME
06-08 19:48:28.446 3370 3452 I AmazonProfileService: Event is not filtered because it is not in filter key list.
06-08 19:48:28.545 3370 3452 E AmazonProfileService: There is no KEY_CHILD_PIN_PACKAGE_NAME
06-08 19:48:28.545 3370 3452 I AmazonProfileService: Event is not filtered because it is not in filter key list.
06-08 19:48:28.624 3370 3452 E AmazonProfileService: There is no KEY_CHILD_PIN_PACKAGE_NAME
06-08 19:48:28.624 3370 3452 I AmazonProfileService: Event is not filtered because it is not in filter key list.
06-08 19:48:29.549 3370 3452 E AmazonProfileService: There is no KEY_CHILD_PIN_PACKAGE_NAME
06-08 19:48:29.550 3370 3452 I AmazonProfileService: Event is not filtered because it is not in filter key list.
06-08 19:48:29.664 3370 3452 E AmazonProfileService: There is no KEY_CHILD_PIN_PACKAGE_NAME
06-08 19:48:29.664 3370 3452 I AmazonProfileService: Event is not filtered because it is not in filter key list.
06-08 19:48:29.724 3370 3452 E AmazonProfileService: There is no KEY_CHILD_PIN_PACKAGE_NAME
06-08 19:48:29.724 3370 3452 I AmazonProfileService: Event is not filtered because it is not in filter key list.
06-08 19:48:29.844 3370 3452 E AmazonProfileService: There is no KEY_CHILD_PIN_PACKAGE_NAME
06-08 19:48:29.844 3370 3452 I AmazonProfileService: Event is not filtered because it is not in filter key list.
06-08 19:48:30.125 3370 3452 E AmazonProfileService: There is no KEY_CHILD_PIN_PACKAGE_NAME
06-08 19:48:30.126 3370 3452 I AmazonProfileService: Event is not filtered because it is not in filter key list.
06-08 19:48:30.164 3370 3452 E AmazonProfileService: There is no KEY_CHILD_PIN_PACKAGE_NAME
06-08 19:48:30.164 3370 3452 I AmazonProfileService: Event is not filtered because it is not in filter key list.
06-08 19:48:30.544 3370 3452 E AmazonProfileService: There is no KEY_CHILD_PIN_PACKAGE_NAME
06-08 19:48:30.544 3370 3452 I AmazonProfileService: Event is not filtered because it is not in filter key list.
06-08 19:48:30.644 3370 3452 E AmazonProfileService: There is no KEY_CHILD_PIN_PACKAGE_NAME
06-08 19:48:30.644 3370 3452 I AmazonProfileService: Event is not filtered because it is not in filter key list.
06-08 19:48:32.264 3370 3452 E AmazonProfileService: There is no KEY_CHILD_PIN_PACKAGE_NAME
06-08 19:48:32.264 3370 3452 I AmazonProfileService: Event is not filtered because it is not in filter key list.
06-08 19:48:32.271 3370 3452 E AmazonProfileService: There is no KEY_CHILD_PIN_PACKAGE_NAME
06-08 19:48:32.271 3370 3452 I AmazonProfileService: Event is not filtered because it is not in filter key list.
06-08 19:48:32.744 3370 3452 E AmazonProfileService: There is no KEY_CHILD_PIN_PACKAGE_NAME
06-08 19:48:32.744 3370 3452 I AmazonProfileService: Event is not filtered because it is not in filter key list.
06-08 19:48:32.825 3370 3452 E AmazonProfileService: There is no KEY_CHILD_PIN_PACKAGE_NAME
06-08 19:48:32.825 3370 3452 I AmazonProfileService: Event is not filtered because it is not in filter key list.
06-08 19:48:33.460 3370 3452 E AmazonProfileService: There is no KEY_CHILD_PIN_PACKAGE_NAME
06-08 19:48:33.460 3370 3452 I AmazonProfileService: Event is not filtered because it is not in filter key list.
06-08 19:48:33.580 3370 3452 E AmazonProfileService: There is no KEY_CHILD_PIN_PACKAGE_NAME
06-08 19:48:33.580 3370 3452 I AmazonProfileService: Event is not filtered because it is not in filter key list.
06-08 19:48:33.884 3370 3452 E AmazonProfileService: There is no KEY_CHILD_PIN_PACKAGE_NAME
06-08 19:48:33.884 3370 3452 I AmazonProfileService: Event is not filtered because it is not in filter key list.
06-08 19:48:33.987 3370 3452 E AmazonProfileService: There is no KEY_CHILD_PIN_PACKAGE_NAME
06-08 19:48:33.987 3370 3452 I AmazonProfileService: Event is not filtered because it is not in filter key list.
06-08 19:48:34.404 3370 3452 E AmazonProfileService: There is no KEY_CHILD_PIN_PACKAGE_NAME
06-08 19:48:34.404 3370 3452 I AmazonProfileService: Event is not filtered because it is not in filter key list.
06-08 19:48:34.505 3370 3452 E AmazonProfileService: There is no KEY_CHILD_PIN_PACKAGE_NAME
06-08 19:48:34.505 3370 3452 I AmazonProfileService: Event is not filtered because it is not in filter key list.
06-08 19:48:35.744 3370 3452 E AmazonProfileService: There is no KEY_CHILD_PIN_PACKAGE_NAME
06-08 19:48:35.745 3370 3452 I AmazonProfileService: Event is not filtered because it is not in filter key list.
06-08 19:48:35.764 3370 3452 E AmazonProfileService: There is no KEY_CHILD_PIN_PACKAGE_NAME
06-08 19:48:35.764 3370 3452 I AmazonProfileService: Event is not filtered because it is not in filter key list.
06-08 19:48:36.744 3370 3452 E AmazonProfileService: There is no KEY_CHILD_PIN_PACKAGE_NAME
06-08 19:48:36.744 3370 3452 I AmazonProfileService: Event is not filtered because it is not in filter key list.
06-08 19:48:36.840 3370 3452 E AmazonProfileService: There is no KEY_CHILD_PIN_PACKAGE_NAME
06-08 19:48:36.840 3370 3452 I AmazonProfileService: Event is not filtered because it is not in filter key list.
06-08 19:48:36.884 3370 3452 E AmazonProfileService: There is no KEY_CHILD_PIN_PACKAGE_NAME
06-08 19:48:36.884 3370 3452 I AmazonProfileService: Event is not filtered because it is not in filter key list.
06-08 19:48:36.984 3370 3452 E AmazonProfileService: There is no KEY_CHILD_PIN_PACKAGE_NAME
06-08 19:48:36.984 3370 3452 I AmazonProfileService: Event is not filtered because it is not in filter key list.
06-08 19:48:37.060 3370 3452 E AmazonProfileService: There is no KEY_CHILD_PIN_PACKAGE_NAME
06-08 19:48:37.060 3370 3452 I AmazonProfileService: Event is not filtered because it is not in filter key list.
06-08 19:48:37.124 3370 3452 E AmazonProfileService: There is no KEY_CHILD_PIN_PACKAGE_NAME
06-08 19:48:37.124 3370 3452 I AmazonProfileService: Event is not filtered because it is not in filter key list.
06-08 19:48:37.205 3370 3452 E AmazonProfileService: There is no KEY_CHILD_PIN_PACKAGE_NAME
06-08 19:48:37.205 3370 3452 I AmazonProfileService: Event is not filtered because it is not in filter key list.
06-08 19:48:37.299 3370 3452 E AmazonProfileService: There is no KEY_CHILD_PIN_PACKAGE_NAME
06-08 19:48:37.300 3370 3452 I AmazonProfileService: Event is not filtered because it is not in filter key list.
06-08 19:48:37.344 3370 3452 E AmazonProfileService: There is no KEY_CHILD_PIN_PACKAGE_NAME
06-08 19:48:37.344 3370 3452 I AmazonProfileService: Event is not filtered because it is not in filter key list.
06-08 19:48:37.463 3370 3452 E AmazonProfileService: There is no KEY_CHILD_PIN_PACKAGE_NAME
06-08 19:48:37.463 3370 3452 I AmazonProfileService: Event is not filtered because it is not in filter key list.
06-08 19:48:37.504 3370 3452 E AmazonProfileService: There is no KEY_CHILD_PIN_PACKAGE_NAME
06-08 19:48:37.504 3370 3452 I AmazonProfileService: Event is not filtered because it is not in filter key list.
06-08 19:48:37.604 3370 3452 E AmazonProfileService: There is no KEY_CHILD_PIN_PACKAGE_NAME
06-08 19:48:37.604 3370 3452 I AmazonProfileService: Event is not filtered because it is not in filter key list.
06-08 19:48:37.664 3370 3452 E AmazonProfileService: There is no KEY_CHILD_PIN_PACKAGE_NAME
06-08 19:48:37.664 3370 3452 I AmazonProfileService: Event is not filtered because it is not in filter key list.
06-08 19:48:37.764 3370 3452 E AmazonProfileService: There is no KEY_CHILD_PIN_PACKAGE_NAME
06-08 19:48:37.764 3370 3452 I AmazonProfileService: Event is not filtered because it is not in filter key list.
06-08 19:48:38.365 3370 3452 E AmazonProfileService: There is no KEY_CHILD_PIN_PACKAGE_NAME
06-08 19:48:38.365 3370 3452 I AmazonProfileService: Event is not filtered because it is not in filter key list.
06-08 19:48:38.444 3370 3452 E AmazonProfileService: There is no KEY_CHILD_PIN_PACKAGE_NAME
06-08 19:48:38.444 3370 3452 I AmazonProfileService: Event is not filtered because it is not in filter key list.
06-08 19:48:39.825 3370 3452 E AmazonProfileService: There is no KEY_CHILD_PIN_PACKAGE_NAME
06-08 19:48:39.825 3370 3452 I AmazonProfileService: Event is not filtered because it is not in filter key list.
06-08 19:48:39.844 3370 3452 E AmazonProfileService: There is no KEY_CHILD_PIN_PACKAGE_NAME
06-08 19:48:39.844 3370 3452 I AmazonProfileService: Event is not filtered because it is not in filter key list.
06-08 19:48:39.905 3370 3452 E AmazonProfileService: There is no KEY_CHILD_PIN_PACKAGE_NAME
06-08 19:48:39.905 3370 3452 I AmazonProfileService: Event is not filtered because it is not in filter key list.
06-08 19:48:40.004 3370 3452 E AmazonProfileService: There is no KEY_CHILD_PIN_PACKAGE_NAME
06-08 19:48:40.004 3370 3452 I AmazonProfileService: Event is not filtered because it is not in filter key list.
06-08 19:48:40.244 3370 3452 E AmazonProfileService: There is no KEY_CHILD_PIN_PACKAGE_NAME
06-08 19:48:40.245 3370 3452 I AmazonProfileService: Event is not filtered because it is not in filter key list.
06-08 19:48:40.304 3370 3452 E AmazonProfileService: There is no KEY_CHILD_PIN_PACKAGE_NAME
06-08 19:48:40.304 3370 3452 I AmazonProfileService: Event is not filtered because it is not in filter key list.
06-08 19:48:40.366 3370 3452 E AmazonProfileService: There is no KEY_CHILD_PIN_PACKAGE_NAME
06-08 19:48:40.366 3370 3452 I AmazonProfileService: Event is not filtered because it is not in filter key list.
06-08 19:48:40.477 3370 3452 E AmazonProfileService: There is no KEY_CHILD_PIN_PACKAGE_NAME
06-08 19:48:40.477 3370 3452 I AmazonProfileService: Event is not filtered because it is not in filter key list.
06-08 19:48:40.525 3370 3452 E AmazonProfileService: There is no KEY_CHILD_PIN_PACKAGE_NAME
06-08 19:48:40.525 3370 3452 I AmazonProfileService: Event is not filtered because it is not in filter key list.
06-08 19:48:40.624 3370 3452 E AmazonProfileService: There is no KEY_CHILD_PIN_PACKAGE_NAME
06-08 19:48:40.625 3370 3452 I AmazonProfileService: Event is not filtered because it is not in filter key list.
06-08 19:48:40.684 3370 3452 E AmazonProfileService: There is no KEY_CHILD_PIN_PACKAGE_NAME
06-08 19:48:40.684 3370 3452 I AmazonProfileService: Event is not filtered because it is not in filter key list.
06-08 19:48:40.765 3370 3452 E AmazonProfileService: There is no KEY_CHILD_PIN_PACKAGE_NAME
06-08 19:48:40.765 3370 3452 I AmazonProfileService: Event is not filtered because it is not in filter key list.
06-08 19:48:41.005 3370 3452 E AmazonProfileService: There is no KEY_CHILD_PIN_PACKAGE_NAME
06-08 19:48:41.005 3370 3452 I AmazonProfileService: Event is not filtered because it is not in filter key list.
06-08 19:48:41.084 3370 3452 E AmazonProfileService: There is no KEY_CHILD_PIN_PACKAGE_NAME
06-08 19:48:41.085 3370 3452 I AmazonProfileService: Event is not filtered because it is not in filter key list.
06-08 19:48:41.144 3370 3452 E AmazonProfileService: There is no KEY_CHILD_PIN_PACKAGE_NAME
06-08 19:48:41.145 3370 3452 I AmazonProfileService: Event is not filtered because it is not in filter key list.
06-08 19:48:41.244 3370 3452 E AmazonProfileService: There is no KEY_CHILD_PIN_PACKAGE_NAME
06-08 19:48:41.245 3370 3452 I AmazonProfileService: Event is not filtered because it is not in filter key list.
06-08 19:48:41.464 3370 3452 E AmazonProfileService: There is no KEY_CHILD_PIN_PACKAGE_NAME
06-08 19:48:41.465 3370 3452 I AmazonProfileService: Event is not filtered because it is not in filter key list.
06-08 19:48:41.601 3370 3452 E AmazonProfileService: There is no KEY_CHILD_PIN_PACKAGE_NAME
06-08 19:48:41.601 3370 3452 I AmazonProfileService: Event is not filtered because it is not in filter key list.
06-08 19:48:41.809 3370 3452 E AmazonProfileService: There is no KEY_CHILD_PIN_PACKAGE_NAME
06-08 19:48:41.809 3370 3452 I AmazonProfileService: Event is not filtered because it is not in filter key list.
06-08 19:48:41.909 3370 3452 E AmazonProfileService: There is no KEY_CHILD_PIN_PACKAGE_NAME
06-08 19:48:41.909 3370 3452 I AmazonProfileService: Event is not filtered because it is not in filter key list.
06-08 19:48:42.164 3370 3452 E AmazonProfileService: There is no KEY_CHILD_PIN_PACKAGE_NAME
06-08 19:48:42.165 3370 3452 I AmazonProfileService: Event is not filtered because it is not in filter key list.
06-08 19:48:42.220 3370 3452 E AmazonProfileService: There is no KEY_CHILD_PIN_PACKAGE_NAME
06-08 19:48:42.220 3370 3452 I AmazonProfileService: Event is not filtered because it is not in filter key list.
06-08 19:48:42.286 3370 3452 E AmazonProfileService: There is no KEY_CHILD_PIN_PACKAGE_NAME
06-08 19:48:42.286 3370 3452 I AmazonProfileService: Event is not filtered because it is not in filter key list.
06-08 19:48:42.365 3370 3452 E AmazonProfileService: There is no KEY_CHILD_PIN_PACKAGE_NAME
06-08 19:48:42.365 3370 3452 I AmazonProfileService: Event is not filtered because it is not in filter key list.
06-08 19:48:42.431 3370 3452 E AmazonProfileService: There is no KEY_CHILD_PIN_PACKAGE_NAME
06-08 19:48:42.431 3370 3452 I AmazonProfileService: Event is not filtered because it is not in filter key list.
06-08 19:48:42.508 3370 3452 E AmazonProfileService: There is no KEY_CHILD_PIN_PACKAGE_NAME
06-08 19:48:42.508 3370 3452 I AmazonProfileService: Event is not filtered because it is not in filter key list.
06-08 19:48:42.581 3370 3452 E AmazonProfileService: There is no KEY_CHILD_PIN_PACKAGE_NAME
06-08 19:48:42.581 3370 3452 I AmazonProfileService: Event is not filtered because it is not in filter key list.
06-08 19:48:42.665 3370 3452 E AmazonProfileService: There is no KEY_CHILD_PIN_PACKAGE_NAME
06-08 19:48:42.665 3370 3452 I AmazonProfileService: Event is not filtered because it is not in filter key list.
06-08 19:48:42.920 3370 3452 E AmazonProfileService: There is no KEY_CHILD_PIN_PACKAGE_NAME
06-08 19:48:42.921 3370 3452 I AmazonProfileService: Event is not filtered because it is not in filter key list.
06-08 19:48:43.010 3370 3452 E AmazonProfileService: There is no KEY_CHILD_PIN_PACKAGE_NAME
06-08 19:48:43.011 3370 3452 I AmazonProfileService: Event is not filtered because it is not in filter key list.
06-08 19:48:43.210 3370 3452 E AmazonProfileService: There is no KEY_CHILD_PIN_PACKAGE_NAME
06-08 19:48:43.211 3370 3452 I AmazonProfileService: Event is not filtered because it is not in filter key list.
06-08 19:48:43.309 3370 3452 E AmazonProfileService: There is no KEY_CHILD_PIN_PACKAGE_NAME
06-08 19:48:43.309 3370 3452 I AmazonProfileService: Event is not filtered because it is not in filter key list.
06-08 19:48:43.584 3370 3452 E AmazonProfileService: There is no KEY_CHILD_PIN_PACKAGE_NAME
06-08 19:48:43.585 3370 3452 I AmazonProfileService: Event is not filtered because it is not in filter key list.
06-08 19:48:43.664 3370 3452 E AmazonProfileService: There is no KEY_CHILD_PIN_PACKAGE_NAME
06-08 19:48:43.664 3370 3452 I AmazonProfileService: Event is not filtered because it is not in filter key list.
06-08 19:48:43.745 3370 3452 E AmazonProfileService: There is no KEY_CHILD_PIN_PACKAGE_NAME
06-08 19:48:43.745 3370 3452 I AmazonProfileService: Event is not filtered because it is not in filter key list.
06-08 19:48:43.825 3370 3452 E AmazonProfileService: There is no KEY_CHILD_PIN_PACKAGE_NAME
06-08 19:48:43.825 3370 3452 I AmazonProfileService: Event is not filtered because it is not in filter key list.
06-08 19:48:44.085 3370 3452 E AmazonProfileService: There is no KEY_CHILD_PIN_PACKAGE_NAME
06-08 19:48:44.085 3370 3452 I AmazonProfileService: Event is not filtered because it is not in filter key list.
06-08 19:48:44.164 3370 3452 E AmazonProfileService: There is no KEY_CHILD_PIN_PACKAGE_NAME
06-08 19:48:44.165 3370 3452 I AmazonProfileService: Event is not filtered because it is not in filter key list.
06-08 19:48:44.245 3370 3452 E AmazonProfileService: There is no KEY_CHILD_PIN_PACKAGE_NAME
06-08 19:48:44.245 3370 3452 I AmazonProfileService: Event is not filtered because it is not in filter key list.
06-08 19:48:44.360 3370 3452 E AmazonProfileService: There is no KEY_CHILD_PIN_PACKAGE_NAME
06-08 19:48:44.360 3370 3452 I AmazonProfileService: Event is not filtered because it is not in filter key list.
06-08 19:48:44.585 3370 3452 E AmazonProfileService: There is no KEY_CHILD_PIN_PACKAGE_NAME
06-08 19:48:44.585 3370 3452 I AmazonProfileService: Event is not filtered because it is not in filter key list.
06-08 19:48:44.685 3370 3452 E AmazonProfileService: There is no KEY_CHILD_PIN_PACKAGE_NAME
06-08 19:48:44.685 3370 3452 I AmazonProfileService: Event is not filtered because it is not in filter key list.
06-08 19:48:44.752 3370 3452 E AmazonProfileService: There is no KEY_CHILD_PIN_PACKAGE_NAME
06-08 19:48:44.752 3370 3452 I AmazonProfileService: Event is not filtered because it is not in filter key list.
06-08 19:48:44.846 3370 3452 E AmazonProfileService: There is no KEY_CHILD_PIN_PACKAGE_NAME
06-08 19:48:44.846 3370 3452 I AmazonProfileService: Event is not filtered because it is not in filter key list.
06-08 19:48:45.065 3370 3452 E AmazonProfileService: There is no KEY_CHILD_PIN_PACKAGE_NAME
06-08 19:48:45.065 3370 3452 I AmazonProfileService: Event is not filtered because it is not in filter key list.
06-08 19:48:45.146 3370 3452 E AmazonProfileService: There is no KEY_CHILD_PIN_PACKAGE_NAME
06-08 19:48:45.146 3370 3452 I AmazonProfileService: Event is not filtered because it is not in filter key list.
06-08 19:48:55.965 3370 3452 E AmazonProfileService: There is no KEY_CHILD_PIN_PACKAGE_NAME
06-08 19:48:55.965 3370 3452 I AmazonProfileService: Event is not filtered because it is not in filter key list.
06-08 19:48:55.978 3370 3452 E AmazonProfileService: There is no KEY_CHILD_PIN_PACKAGE_NAME
06-08 19:48:55.979 3370 3452 I AmazonProfileService: Event is not filtered because it is not in filter key list.
06-08 19:48:56.025 3370 3452 E AmazonProfileService: There is no KEY_CHILD_PIN_PACKAGE_NAME
06-08 19:48:56.026 3370 3452 I AmazonProfileService: Event is not filtered because it is not in filter key list.
06-08 19:48:56.128 3370 3452 E AmazonProfileService: There is no KEY_CHILD_PIN_PACKAGE_NAME
06-08 19:48:56.128 3370 3452 I AmazonProfileService: Event is not filtered because it is not in filter key list.
06-08 19:48:56.241 3370 3452 E AmazonProfileService: There is no KEY_CHILD_PIN_PACKAGE_NAME
06-08 19:48:56.241 3370 3452 I AmazonProfileService: Event is not filtered because it is not in filter key list.
06-08 19:48:56.285 3370 3452 E AmazonProfileService: There is no KEY_CHILD_PIN_PACKAGE_NAME
06-08 19:48:56.285 3370 3452 I AmazonProfileService: Event is not filtered because it is not in filter key list.
06-08 19:49:16.657 3195 3256 E storaged: getDiskStats failed with result NOT_SUPPORTED and size 0
06-08 19:50:16.657 3195 3256 E storaged: getDiskStats failed with result NOT_SUPPORTED and size 0
06-08 19:51:16.657 3195 3256 E storaged: getDiskStats failed with result NOT_SUPPORTED and size 0
06-08 19:52:03.805 7165 19360 E ActivityThread: Failed to find provider info for com.amazon.tv.launcher.livetv
06-08 19:52:05.889 3370 3452 E AmazonProfileService: There is no KEY_CHILD_PIN_PACKAGE_NAME
06-08 19:52:05.889 3370 3452 I AmazonProfileService: Event is not filtered because it is not in filter key list.
06-08 19:52:05.896 3370 3452 E AmazonProfileService: There is no KEY_CHILD_PIN_PACKAGE_NAME
06-08 19:52:05.896 3370 3452 I AmazonProfileService: Event is not filtered because it is not in filter key list.
06-08 19:52:08.214 3370 3452 E AmazonProfileService: There is no KEY_CHILD_PIN_PACKAGE_NAME
06-08 19:52:08.214 3370 3452 I AmazonProfileService: Event is not filtered because it is not in filter key list.
06-08 19:52:08.309 3370 3452 E AmazonProfileService: There is no KEY_CHILD_PIN_PACKAGE_NAME
06-08 19:52:08.309 3370 3452 I AmazonProfileService: Event is not filtered because it is not in filter key list.
06-08 19:52:09.529 3370 3452 E AmazonProfileService: There is no KEY_CHILD_PIN_PACKAGE_NAME
06-08 19:52:09.529 3370 3452 I AmazonProfileService: Returning active profile for programId = PCA_FIRE_TV and customerId = xxx
06-08 19:52:09.530 3370 3452 I AmazonProfileService: Event not filtered. KPM proceeds the key
06-08 19:52:09.533 3370 3452 E AmazonProfileService: There is no KEY_CHILD_PIN_PACKAGE_NAME
06-08 19:52:09.533 3370 3452 I AmazonProfileService: Returning active profile for programId = PCA_FIRE_TV and customerId = xxx
06-08 19:52:09.534 3370 3452 I AmazonProfileService: Event not filtered. KPM proceeds the key
06-08 19:52:10.614 3370 3452 E AmazonProfileService: There is no KEY_CHILD_PIN_PACKAGE_NAME
06-08 19:52:10.614 3370 3452 I AmazonProfileService: Event is not filtered because it is not in filter key list.
06-08 19:52:10.733 3370 3452 E AmazonProfileService: There is no KEY_CHILD_PIN_PACKAGE_NAME
06-08 19:52:10.733 3370 3452 I AmazonProfileService: Event is not filtered because it is not in filter key list.
06-08 19:52:11.096 3370 3452 E AmazonProfileService: There is no KEY_CHILD_PIN_PACKAGE_NAME
06-08 19:52:11.096 3370 3452 I AmazonProfileService: Event is not filtered because it is not in filter key list.
06-08 19:52:11.176 3370 3452 E AmazonProfileService: There is no KEY_CHILD_PIN_PACKAGE_NAME
06-08 19:52:11.176 3370 3452 I AmazonProfileService: Event is not filtered because it is not in filter key list.
06-08 19:52:16.658 3195 3256 E storaged: getDiskStats failed with result NOT_SUPPORTED and size 0
06-08 19:52:58.494 3370 3447 D AmazonHdmiService: UEvent: HDCP state 0
06-08 19:52:58.495 3370 3447 I AmazonHdmiService: Get Current HDCP Error
06-08 19:52:58.497 3370 3964 D AmazonHdmiService: getRawEdid
06-08 19:52:58.529 3370 3964 I chatty : uid=1000(system) Binder:3370_8 identical 5 lines
06-08 19:52:58.544 3370 3964 D AmazonHdmiService: getRawEdid
06-08 19:52:58.546 3370 3964 I AmazonHdmiService: Get Current HDCP Version
06-08 19:52:58.547 3370 3964 D AmazonHdmiService: getRawEdid
06-08 19:52:58.664 3370 3755 D AmazonAspService: setActiveInputSource 0
06-08 19:52:58.690 3370 3447 I AmazonHdmiService: UEvent: {SUBSYSTEM=extcon, SEQNUM=3048, ACTION=change, DEVTYPE=hdmi_audio, SWITCH_NAME=hdmi_audio, DEVPATH=/devices/virtual/switch/hdmi_audio, SWITCH_STATE=0}
06-08 19:52:58.702 3370 3447 V WiredAccessoryManager: Headset UEVENT: {SUBSYSTEM=extcon, SEQNUM=3048, ACTION=change, DEVTYPE=hdmi_audio, SWITCH_NAME=hdmi_audio, DEVPATH=/devices/virtual/switch/hdmi_audio, SWITCH_STATE=0}
06-08 19:52:58.702 3370 3447 V WiredAccessoryManager: newName=hdmi_audio newState=0 headsetState=0 prev headsetState=16
06-08 19:52:58.704 3370 3370 V WiredAccessoryManager: headsetName: disconnected
06-08 19:52:58.806 3370 3964 E AmazonInputManagerService: Could not unregister callback
06-08 19:52:59.330 3370 3447 D AmazonHdmiService: UEvent: HDCP state 1
06-08 19:52:59.330 3370 3447 I AmazonHdmiService: Get Current HDCP Error
06-08 19:52:59.331 3370 3964 D AmazonHdmiService: getRawEdid
06-08 19:52:59.333 3370 3755 D AmazonHdmiService: getRawEdid
06-08 19:52:59.333 3370 3964 D AmazonHdmiService: getRawEdid
06-08 19:52:59.354 3370 3964 I chatty : uid=1000(system) Binder:3370_8 identical 3 lines
06-08 19:52:59.360 3370 3964 D AmazonHdmiService: getRawEdid
06-08 19:52:59.368 3370 3964 I AmazonHdmiService: Get Current HDCP Version
06-08 19:52:59.369 3370 3964 D AmazonHdmiService: getRawEdid
06-08 19:52:59.509 3370 3755 D AmazonAspService: setActiveInputSource 0
06-08 19:52:59.702 3370 3447 I AmazonHdmiService: UEvent: {SUBSYSTEM=extcon, SEQNUM=3050, ACTION=change, DEVTYPE=hdmi_audio, SWITCH_NAME=hdmi_audio, DEVPATH=/devices/virtual/switch/hdmi_audio, SWITCH_STATE=1}
06-08 19:52:59.703 3370 3447 V WiredAccessoryManager: Headset UEVENT: {SUBSYSTEM=extcon, SEQNUM=3050, ACTION=change, DEVTYPE=hdmi_audio, SWITCH_NAME=hdmi_audio, DEVPATH=/devices/virtual/switch/hdmi_audio, SWITCH_STATE=1}
06-08 19:52:59.703 3370 3447 V WiredAccessoryManager: newName=hdmi_audio newState=16 headsetState=16 prev headsetState=0
06-08 19:52:59.704 3370 3370 V WiredAccessoryManager: headsetName: connected
06-08 19:52:59.707 3370 3503 W AmazonProfileService: Active profile for the package xxx not present for customer Id xxx
06-08 19:52:59.707 3370 3503 I AmazonProfileService: Returning active profile for programId = PCA_FIRE_TV and customerId = xxx
06-08 19:52:59.712 3370 3755 I AmazonPowerManagerVendorCallback: Wakelock acquired UID:1041 PID:0 Tag:AudioDup
06-08 19:52:59.713 3370 3755 I AmazonPowerManagerVendorCallback: Wakelock released UID:1041 PID:0 Tag:AudioDup
06-08 19:52:59.713 3370 3964 I AmazonPowerManagerVendorCallback: Wakelock acquired UID:1041 PID:0 Tag:AudioMix
06-08 19:52:59.731 3370 3755 I AmazonPowerManagerVendorCallback: Wakelock released UID:1041 PID:0 Tag:AudioMix
06-08 19:52:59.733 3370 3755 I AmazonPowerManagerVendorCallback: Wakelock acquired UID:1041 PID:0 Tag:AudioMix
06-08 19:52:59.762 3370 3370 V SettingsProvider: Notifying for 0: content://settings/global/audio_platform_capabilities
06-08 19:52:59.763 3370 3370 V SettingsProvider: Notifying for 0: content://settings/global/nrdp_audio_platform_capabilities
06-08 19:52:59.769 3370 3964 I AmazonPowerManagerVendorCallback: Wakelock acquired UID:1041 PID:0 Tag:AudioMix
06-08 19:52:59.770 3370 3964 I AmazonPowerManagerVendorCallback: Wakelock released UID:1041 PID:0 Tag:AudioMix
06-08 19:52:59.772 3370 3497 I AmazonHdmiService: AudioManager.EXTRA_ENCODINGS=null
06-08 19:52:59.772 3370 3497 I AudioOutputFormatManager: Request to get dolby device id
06-08 19:52:59.772 3370 3497 I AudioOutputFormatManager: enableAudioFormat with device ordinal: 3 format: 1
06-08 19:52:59.773 3370 3964 I AmazonPowerManagerVendorCallback: Wakelock acquired UID:1041 PID:0 Tag:AudioMix
06-08 19:52:59.779 3370 3497 I AudioOutputFormatManager: KeyValuePair: spdif_format=4;hdmi_format=5;Status: 0
06-08 19:52:59.779 3370 3497 I AudioOutputFormatManager: Storing new dolby device with id: 3
06-08 19:52:59.779 3370 3497 I AudioOutputFormatManager: setDolbyPassthroughAvailability()
06-08 19:52:59.779 3370 3497 I AudioOutputFormatManager: Request to get dolby device id
06-08 19:52:59.779 3370 3497 I AudioOutputFormatManager: setDolbyPassthroughAvailability(): Value calculated for Dolby passthrough availability: 0
06-08 19:52:59.780 3370 3497 I AudioOutputFormatManager: setDolbyPassthroughAvailability(): Dolby passthrough availability: 0
06-08 19:52:59.780 3370 3370 V SettingsProvider: Notifying for 0: content://settings/global/firetv_hdmi_dolby_passthrough_available
06-08 19:52:59.783 3370 3964 I AmazonPowerManagerVendorCallback: Wakelock acquired UID:1041 PID:0 Tag:AudioDup
06-08 19:52:59.784 3370 5665 I AmazonPowerManagerVendorCallback: Wakelock released UID:1041 PID:0 Tag:AudioDup
06-08 19:52:59.785 3370 5665 I AmazonPowerManagerVendorCallback: Wakelock acquired UID:1041 PID:0 Tag:AudioDup
06-08 19:52:59.789 3370 5650 I AmazonPowerManagerVendorCallback: Wakelock acquired UID:1041 PID:0 Tag:AudioDirectOut
06-08 19:52:59.789 3370 5650 I AmazonPowerManagerVendorCallback: Wakelock released UID:1041 PID:0 Tag:AudioDirectOut
06-08 19:52:59.790 3370 5650 I AmazonPowerManagerVendorCallback: Wakelock acquired UID:1041 PID:0 Tag:AudioDirectOut
06-08 19:52:59.791 3370 5650 I AmazonPowerManagerVendorCallback: Wakelock released UID:1041 PID:0 Tag:AudioDirectOut
06-08 19:52:59.794 3370 5650 I AmazonPowerManagerVendorCallback: Wakelock acquired UID:1041 PID:0 Tag:AudioDirectOut
06-08 19:52:59.795 3370 5650 I AmazonPowerManagerVendorCallback: Wakelock released UID:1041 PID:0 Tag:AudioDirectOut
06-08 19:52:59.798 3370 5665 I AmazonPowerManagerVendorCallback: Wakelock acquired UID:1041 PID:0 Tag:AudioDirectOut
06-08 19:52:59.798 3370 5665 I AmazonPowerManagerVendorCallback: Wakelock released UID:1041 PID:0 Tag:AudioDirectOut
06-08 19:52:59.809 3370 5665 I AmazonPowerManagerVendorCallback: Wakelock acquired UID:1041 PID:0 Tag:AudioDirectOut
06-08 19:52:59.816 3370 5665 I AmazonPowerManagerVendorCallback: Wakelock released UID:1041 PID:0 Tag:AudioDirectOut
06-08 19:52:59.820 3370 5665 I AmazonPowerManagerVendorCallback: Wakelock acquired UID:1041 PID:0 Tag:AudioDirectOut
06-08 19:52:59.822 3370 3964 I AmazonPowerManagerVendorCallback: Wakelock released UID:1041 PID:0 Tag:AudioDirectOut
06-08 19:52:59.826 3370 5665 I AmazonPowerManagerVendorCallback: Wakelock acquired UID:1041 PID:0 Tag:AudioDirectOut
06-08 19:52:59.826 3370 3964 I AmazonPowerManagerVendorCallback: Wakelock released UID:1041 PID:0 Tag:AudioDirectOut
06-08 19:52:59.827 3370 3964 I AmazonPowerManagerVendorCallback: Wakelock acquired UID:1041 PID:0 Tag:AudioDirectOut
06-08 19:52:59.853 3370 5650 I AmazonPowerManagerVendorCallback: Wakelock acquired UID:1041 PID:0 Tag:AudioDirectOut
06-08 19:52:59.853 3370 5650 I AmazonPowerManagerVendorCallback: Wakelock released UID:1041 PID:0 Tag:AudioDirectOut
06-08 19:52:59.854 3370 5650 I AmazonPowerManagerVendorCallback: Wakelock acquired UID:1041 PID:0 Tag:AudioDirectOut
06-08 19:52:59.855 3370 5650 I AmazonPowerManagerVendorCallback: Wakelock released UID:1041 PID:0 Tag:AudioDirectOut
06-08 19:52:59.865 3370 5650 I AmazonPowerManagerVendorCallback: Wakelock acquired UID:1041 PID:0 Tag:AudioDirectOut
06-08 19:52:59.866 3370 5650 I AmazonPowerManagerVendorCallback: Wakelock released UID:1041 PID:0 Tag:AudioDirectOut
06-08 19:52:59.867 3370 3964 I AmazonPowerManagerVendorCallback: Wakelock acquired UID:1041 PID:0 Tag:AudioDirectOut
06-08 19:52:59.868 3370 3964 I AmazonPowerManagerVendorCallback: Wakelock released UID:1041 PID:0 Tag:AudioDirectOut
06-08 19:52:59.868 3370 5665 I AmazonPowerManagerVendorCallback: Wakelock acquired UID:1041 PID:0 Tag:AudioDirectOut
06-08 19:52:59.869 3370 5665 I AmazonPowerManagerVendorCallback: Wakelock released UID:1041 PID:0 Tag:AudioDirectOut
06-08 19:52:59.870 3370 3964 I AmazonPowerManagerVendorCallback: Wakelock acquired UID:1041 PID:0 Tag:AudioDirectOut
06-08 19:52:59.870 3370 5665 I AmazonPowerManagerVendorCallback: Wakelock released UID:1041 PID:0 Tag:AudioDirectOut
06-08 19:52:59.872 3370 3964 I AmazonPowerManagerVendorCallback: Wakelock acquired UID:1041 PID:0 Tag:AudioDirectOut
06-08 19:52:59.873 3370 3964 I AmazonPowerManagerVendorCallback: Wakelock released UID:1041 PID:0 Tag:AudioDirectOut
06-08 19:52:59.889 3370 3964 I AmazonPowerManagerVendorCallback: Wakelock acquired UID:1041 PID:0 Tag:AudioDirectOut
06-08 19:52:59.891 3370 5665 I AmazonPowerManagerVendorCallback: Wakelock released UID:1041 PID:0 Tag:AudioDirectOut
06-08 19:52:59.894 3370 5665 I AmazonPowerManagerVendorCallback: Wakelock released UID:1041 PID:0 Tag:AudioDirectOut
06-08 19:52:59.897 3370 5665 I AmazonPowerManagerVendorCallback: Wakelock acquired UID:1041 PID:0 Tag:AudioDirectOut
06-08 19:52:59.900 3370 3964 I AmazonPowerManagerVendorCallback: Wakelock released UID:1041 PID:0 Tag:AudioDirectOut
06-08 19:52:59.907 3370 3964 I AmazonPowerManagerVendorCallback: Wakelock acquired UID:1041 PID:0 Tag:AudioDirectOut
06-08 19:52:59.907 3370 5665 I AmazonPowerManagerVendorCallback: Wakelock released UID:1041 PID:0 Tag:AudioDirectOut
06-08 19:52:59.909 3370 5665 I AmazonPowerManagerVendorCallback: Wakelock acquired UID:1041 PID:0 Tag:AudioDirectOut
06-08 19:52:59.914 3370 3964 I AmazonPowerManagerVendorCallback: Wakelock acquired UID:1041 PID:0 Tag:AudioOffload
06-08 19:52:59.916 3370 3964 I AmazonPowerManagerVendorCallback: Wakelock released UID:1041 PID:0 Tag:AudioOffload
06-08 19:52:59.917 3370 3964 I AmazonPowerManagerVendorCallback: Wakelock acquired UID:1041 PID:0 Tag:AudioOffload
06-08 19:52:59.920 3370 3964 I AmazonPowerManagerVendorCallback: Wakelock released UID:1041 PID:0 Tag:AudioOffload
06-08 19:52:59.928 3370 3964 I AmazonPowerManagerVendorCallback: Wakelock acquired UID:1041 PID:0 Tag:AudioOffload
06-08 19:52:59.929 3370 3964 I AmazonPowerManagerVendorCallback: Wakelock released UID:1041 PID:0 Tag:AudioOffload
06-08 19:52:59.930 3370 3964 I AmazonPowerManagerVendorCallback: Wakelock released UID:1041 PID:0 Tag:AudioDirectOut
06-08 19:52:59.936 3370 3964 I AmazonPowerManagerVendorCallback: Wakelock acquired UID:1041 PID:0 Tag:AudioOffload
06-08 19:52:59.937 3370 3964 I AmazonPowerManagerVendorCallback: Wakelock released UID:1041 PID:0 Tag:AudioOffload
06-08 19:52:59.940 3370 4352 I AmazonPowerManagerVendorCallback: Wakelock acquired UID:1041 PID:0 Tag:AudioOffload
06-08 19:52:59.941 3370 3964 I AmazonPowerManagerVendorCallback: Wakelock released UID:1041 PID:0 Tag:AudioOffload
06-08 19:52:59.949 3370 3964 I AmazonPowerManagerVendorCallback: Wakelock acquired UID:1041 PID:0 Tag:AudioDirectOut
06-08 19:52:59.950 3370 3964 I AmazonPowerManagerVendorCallback: Wakelock released UID:1041 PID:0 Tag:AudioDirectOut
06-08 19:52:59.952 3370 3964 I AmazonPowerManagerVendorCallback: Wakelock acquired UID:1041 PID:0 Tag:AudioDirectOut
06-08 19:52:59.953 3370 3964 I AmazonPowerManagerVendorCallback: Wakelock released UID:1041 PID:0 Tag:AudioDirectOut
06-08 19:52:59.954 3370 3964 I AmazonPowerManagerVendorCallback: Wakelock acquired UID:1041 PID:0 Tag:AudioOffload
06-08 19:52:59.955 3370 3564 I AmazonPowerManagerVendorCallback: Wakelock released UID:1041 PID:0 Tag:AudioOffload
06-08 19:52:59.959 3370 3564 I AmazonPowerManagerVendorCallback: Wakelock acquired UID:1041 PID:0 Tag:AudioDirectOut
06-08 19:52:59.962 3370 3564 I AmazonPowerManagerVendorCallback: Wakelock released UID:1041 PID:0 Tag:AudioDirectOut
06-08 19:52:59.964 3370 3564 I AmazonPowerManagerVendorCallback: Wakelock acquired UID:1041 PID:0 Tag:AudioDirectOut
06-08 19:52:59.965 3370 3564 I AmazonPowerManagerVendorCallback: Wakelock released UID:1041 PID:0 Tag:AudioDirectOut
06-08 19:52:59.969 3370 5650 I AmazonPowerManagerVendorCallback: Wakelock acquired UID:1041 PID:0 Tag:AudioDirectOut
06-08 19:52:59.970 3370 3564 I AmazonPowerManagerVendorCallback: Wakelock released UID:1041 PID:0 Tag:AudioDirectOut
06-08 19:52:59.973 3370 3564 I AmazonPowerManagerVendorCallback: Wakelock acquired UID:1041 PID:0 Tag:AudioDirectOut
06-08 19:52:59.973 3370 5650 I AmazonPowerManagerVendorCallback: Wakelock released UID:1041 PID:0 Tag:AudioDirectOut
06-08 19:52:59.975 3370 5650 I AmazonPowerManagerVendorCallback: Wakelock acquired UID:1041 PID:0 Tag:AudioOffload
06-08 19:52:59.975 3370 5650 I AmazonPowerManagerVendorCallback: Wakelock released UID:1041 PID:0 Tag:AudioOffload
06-08 19:52:59.978 3370 5650 I AmazonPowerManagerVendorCallback: Wakelock acquired UID:1041 PID:0 Tag:AudioOffload
06-08 19:52:59.980 3370 3564 I AmazonPowerManagerVendorCallback: Wakelock released UID:1041 PID:0 Tag:AudioOffload
06-08 19:53:00.041 3370 3370 V SettingsProvider: Notifying for 0: content://settings/global/audio_platform_capabilities
06-08 19:53:00.043 3370 3370 V SettingsProvider: Notifying for 0: content://settings/global/nrdp_audio_platform_capabilities
06-08 19:53:00.045 3370 3497 I AmazonHdmiService: AudioManager.EXTRA_ENCODINGS=[2, 4, 5, 6, 18, 7, 13]
06-08 19:53:00.052 3370 3497 I AudioOutputFormatManager: Request to get dolby device id
06-08 19:53:00.053 3370 3497 I AudioOutputFormatManager: enableAudioFormat with device ordinal: 3 format: 1
06-08 19:53:00.061 3370 3497 I AudioOutputFormatManager: KeyValuePair: spdif_format=4;hdmi_format=5;Status: 0
06-08 19:53:00.061 3370 3497 I AudioOutputFormatManager: Storing new dolby device with id: 3
06-08 19:53:00.061 3370 3497 I AudioOutputFormatManager: setDolbyPassthroughAvailability()
06-08 19:53:00.061 3370 3497 I AudioOutputFormatManager: Request to get dolby device id
06-08 19:53:00.061 3370 3497 I AudioOutputFormatManager: setDolbyPassthroughAvailability(): Value calculated for Dolby passthrough availability: 1
06-08 19:53:00.061 3370 3497 I AudioOutputFormatManager: setDolbyPassthroughAvailability(): Dolby passthrough availability: 1
06-08 19:53:00.062 3370 3370 V SettingsProvider: Notifying for 0: content://settings/global/firetv_hdmi_dolby_passthrough_available
06-08 19:53:00.201 3370 3370 D AmazonHdmiService: Posting callback to app
06-08 19:53:00.201 3370 3497 D AmazonHdmiService: Num of callbacks registered 1
06-08 19:53:00.201 3370 3497 D AmazonHdmiService: Broadcasting callback
06-08 19:53:00.202 3370 3497 D AmazonHdmiService: Broadcasting finished
06-08 19:53:00.202 3370 3370 I AmzHdmiServiceCallback: power status is 0
06-08 19:53:01.210 3370 3447 D AmazonHdmiService: UEvent: HDCP state 0
06-08 19:53:01.210 3370 3447 I AmazonHdmiService: Get Current HDCP Error
06-08 19:53:01.211 3370 3564 D AmazonHdmiService: getRawEdid
06-08 19:53:01.219 3370 3564 I chatty : uid=1000(system) Binder:3370_3 identical 4 lines
06-08 19:53:01.221 3370 3564 D AmazonHdmiService: getRawEdid
06-08 19:53:01.221 3370 3564 I AmazonHdmiService: Get Current HDCP Version
06-08 19:53:01.221 3370 3755 D AmazonHdmiService: getRawEdid
06-08 19:53:01.222 3370 3564 D AmazonHdmiService: getRawEdid
06-08 19:53:01.703 3370 3447 I AmazonHdmiService: UEvent: {SUBSYSTEM=extcon, SEQNUM=3052, ACTION=change, DEVTYPE=hdmi_audio, SWITCH_NAME=hdmi_audio, DEVPATH=/devices/virtual/switch/hdmi_audio, SWITCH_STATE=0}
06-08 19:53:01.704 3370 3447 V WiredAccessoryManager: Headset UEVENT: {SUBSYSTEM=extcon, SEQNUM=3052, ACTION=change, DEVTYPE=hdmi_audio, SWITCH_NAME=hdmi_audio, DEVPATH=/devices/virtual/switch/hdmi_audio, SWITCH_STATE=0}
06-08 19:53:01.704 3370 3447 V WiredAccessoryManager: newName=hdmi_audio newState=0 headsetState=0 prev headsetState=16
06-08 19:53:01.705 3370 3370 V WiredAccessoryManager: headsetName: disconnected
06-08 19:53:02.250 3370 3447 D AmazonHdmiService: UEvent: HDCP state 1
06-08 19:53:02.250 3370 3447 I AmazonHdmiService: Get Current HDCP Error
06-08 19:53:02.251 3370 3564 D AmazonHdmiService: getRawEdid
06-08 19:53:02.252 3370 3564 D AmazonHdmiService: getRawEdid
06-08 19:53:02.252 3370 3755 D AmazonHdmiService: getRawEdid
06-08 19:53:02.257 3370 3564 D AmazonHdmiService: getRawEdid
06-08 19:53:02.259 3370 3564 I chatty : uid=1000(system) Binder:3370_3 identical 1 line
06-08 19:53:02.259 3370 3564 D AmazonHdmiService: getRawEdid
06-08 19:53:02.259 3370 3755 D AmazonHdmiService: getRawEdid
06-08 19:53:02.262 3370 3755 I AmazonHdmiService: Get Current HDCP Version
06-08 19:53:02.262 3370 3755 D AmazonHdmiService: getRawEdid
06-08 19:53:02.704 3370 3447 I AmazonHdmiService: UEvent: {SUBSYSTEM=extcon, SEQNUM=3054, ACTION=change, DEVTYPE=hdmi_audio, SWITCH_NAME=hdmi_audio, DEVPATH=/devices/virtual/switch/hdmi_audio, SWITCH_STATE=1}
06-08 19:53:02.705 3370 3447 V WiredAccessoryManager: Headset UEVENT: {SUBSYSTEM=extcon, SEQNUM=3054, ACTION=change, DEVTYPE=hdmi_audio, SWITCH_NAME=hdmi_audio, DEVPATH=/devices/virtual/switch/hdmi_audio, SWITCH_STATE=1}
06-08 19:53:02.705 3370 3447 V WiredAccessoryManager: newName=hdmi_audio newState=16 headsetState=16 prev headsetState=0
06-08 19:53:02.705 3370 3370 V WiredAccessoryManager: headsetName: connected
06-08 19:53:02.705 3370 3503 W AmazonProfileService: Active profile for the package xxx not present for customer Id xxx
06-08 19:53:02.705 3370 3503 I AmazonProfileService: Returning active profile for programId = PCA_FIRE_TV and customerId = xxx
06-08 19:53:02.708 3370 3755 I AmazonPowerManagerVendorCallback: Wakelock released UID:1041 PID:0 Tag:AudioDup
06-08 19:53:02.709 3370 3755 I AmazonPowerManagerVendorCallback: Wakelock released UID:1041 PID:0 Tag:AudioMix
06-08 19:53:02.718 3370 3370 V SettingsProvider: Notifying for 0: content://settings/global/audio_platform_capabilities
06-08 19:53:02.720 3370 3370 V SettingsProvider: Notifying for 0: content://settings/global/nrdp_audio_platform_capabilities
06-08 19:53:02.720 3370 3497 I AmazonHdmiService: AudioManager.EXTRA_ENCODINGS=null
06-08 19:53:02.721 3370 3497 I AudioOutputFormatManager: Request to get dolby device id
06-08 19:53:02.721 3370 3497 I AudioOutputFormatManager: enableAudioFormat with device ordinal: 3 format: 1
06-08 19:53:02.725 3370 3497 I AudioOutputFormatManager: KeyValuePair: spdif_format=4;hdmi_format=5;Status: 0
06-08 19:53:02.725 3370 3497 I AudioOutputFormatManager: Storing new dolby device with id: 3
06-08 19:53:02.725 3370 3497 I AudioOutputFormatManager: setDolbyPassthroughAvailability()
06-08 19:53:02.725 3370 3497 I AudioOutputFormatManager: Request to get dolby device id
06-08 19:53:02.725 3370 3497 I AudioOutputFormatManager: setDolbyPassthroughAvailability(): Value calculated for Dolby passthrough availability: 0
06-08 19:53:02.725 3370 3497 I AudioOutputFormatManager: setDolbyPassthroughAvailability(): Dolby passthrough availability: 0
06-08 19:53:02.726 3370 3370 V SettingsProvider: Notifying for 0: content://settings/global/firetv_hdmi_dolby_passthrough_available
06-08 19:53:02.741 3370 3755 I AmazonPowerManagerVendorCallback: Wakelock acquired UID:1041 PID:0 Tag:AudioMix
06-08 19:53:02.742 3370 3755 I AmazonPowerManagerVendorCallback: Wakelock released UID:1041 PID:0 Tag:AudioMix
06-08 19:53:02.744 3370 5650 I AmazonPowerManagerVendorCallback: Wakelock released UID:1041 PID:0 Tag:AudioMix
06-08 19:53:02.744 3370 5650 I AmazonPowerManagerVendorCallback: Wakelock acquired UID:1041 PID:0 Tag:AudioMix
06-08 19:53:02.747 3370 3755 I AmazonPowerManagerVendorCallback: Wakelock acquired UID:1041 PID:0 Tag:AudioMix
06-08 19:53:02.748 3370 5650 I AmazonPowerManagerVendorCallback: Wakelock acquired UID:1041 PID:0 Tag:AudioDup
06-08 19:53:02.748 3370 5650 I AmazonPowerManagerVendorCallback: Wakelock released UID:1041 PID:0 Tag:AudioDup
06-08 19:53:02.748 3370 3755 I AmazonPowerManagerVendorCallback: Wakelock acquired UID:1041 PID:0 Tag:AudioDup
06-08 19:53:02.753 3370 3564 I AmazonPowerManagerVendorCallback: Wakelock acquired UID:1041 PID:0 Tag:AudioDirectOut
06-08 19:53:02.754 3370 5665 I AmazonPowerManagerVendorCallback: Wakelock released UID:1041 PID:0 Tag:AudioDirectOut
06-08 19:53:02.754 3370 3564 I AmazonPowerManagerVendorCallback: Wakelock acquired UID:1041 PID:0 Tag:AudioDirectOut
06-08 19:53:02.755 3370 3564 I AmazonPowerManagerVendorCallback: Wakelock released UID:1041 PID:0 Tag:AudioDirectOut
06-08 19:53:02.756 3370 5650 I AmazonPowerManagerVendorCallback: Wakelock acquired UID:1041 PID:0 Tag:AudioDirectOut
06-08 19:53:02.756 3370 5665 I AmazonPowerManagerVendorCallback: Wakelock released UID:1041 PID:0 Tag:AudioDirectOut
06-08 19:53:02.769 3370 5650 I AmazonPowerManagerVendorCallback: Wakelock acquired UID:1041 PID:0 Tag:AudioDirectOut
06-08 19:53:02.770 3370 5650 I AmazonPowerManagerVendorCallback: Wakelock released UID:1041 PID:0 Tag:AudioDirectOut
06-08 19:53:02.773 3370 5650 I AmazonPowerManagerVendorCallback: Wakelock acquired UID:1041 PID:0 Tag:AudioDirectOut
06-08 19:53:02.776 3370 5650 I AmazonPowerManagerVendorCallback: Wakelock released UID:1041 PID:0 Tag:AudioDirectOut
06-08 19:53:02.781 3370 5650 I AmazonPowerManagerVendorCallback: Wakelock acquired UID:1041 PID:0 Tag:AudioDirectOut
06-08 19:53:02.783 3370 5665 I AmazonPowerManagerVendorCallback: Wakelock released UID:1041 PID:0 Tag:AudioDirectOut
06-08 19:53:02.785 3370 5665 I AmazonPowerManagerVendorCallback: Wakelock acquired UID:1041 PID:0 Tag:AudioDirectOut
06-08 19:53:02.795 3370 5665 I AmazonPowerManagerVendorCallback: Wakelock acquired UID:1041 PID:0 Tag:AudioDirectOut
06-08 19:53:02.798 3370 5650 I AmazonPowerManagerVendorCallback: Wakelock released UID:1041 PID:0 Tag:AudioDirectOut
06-08 19:53:02.807 3370 5650 I AmazonPowerManagerVendorCallback: Wakelock acquired UID:1041 PID:0 Tag:AudioDirectOut
06-08 19:53:02.807 3370 5665 I AmazonPowerManagerVendorCallback: Wakelock released UID:1041 PID:0 Tag:AudioDirectOut
06-08 19:53:02.808 3370 5650 I AmazonPowerManagerVendorCallback: Wakelock acquired UID:1041 PID:0 Tag:AudioDirectOut
06-08 19:53:02.808 3370 5650 I AmazonPowerManagerVendorCallback: Wakelock released UID:1041 PID:0 Tag:AudioDirectOut
06-08 19:53:02.812 3370 5650 I AmazonPowerManagerVendorCallback: Wakelock acquired UID:1041 PID:0 Tag:AudioDirectOut
06-08 19:53:02.814 3370 5650 I AmazonPowerManagerVendorCallback: Wakelock released UID:1041 PID:0 Tag:AudioDirectOut
06-08 19:53:02.816 3370 5650 I AmazonPowerManagerVendorCallback: Wakelock acquired UID:1041 PID:0 Tag:AudioDirectOut
06-08 19:53:02.816 3370 5650 I AmazonPowerManagerVendorCallback: Wakelock released UID:1041 PID:0 Tag:AudioDirectOut
06-08 19:53:02.835 3370 5665 I AmazonPowerManagerVendorCallback: Wakelock acquired UID:1041 PID:0 Tag:AudioDirectOut
06-08 19:53:02.837 3370 5650 I AmazonPowerManagerVendorCallback: Wakelock released UID:1041 PID:0 Tag:AudioDirectOut
06-08 19:53:02.841 3370 5650 I AmazonPowerManagerVendorCallback: Wakelock acquired UID:1041 PID:0 Tag:AudioDirectOut
06-08 19:53:02.845 3370 5665 I AmazonPowerManagerVendorCallback: Wakelock released UID:1041 PID:0 Tag:AudioDirectOut
06-08 19:53:02.853 3370 5650 I AmazonPowerManagerVendorCallback: Wakelock released UID:1041 PID:0 Tag:AudioDirectOut
06-08 19:53:02.853 3370 5650 I AmazonPowerManagerVendorCallback: Wakelock acquired UID:1041 PID:0 Tag:AudioDirectOut
06-08 19:53:02.854 3370 5650 I AmazonPowerManagerVendorCallback: Wakelock released UID:1041 PID:0 Tag:AudioDirectOut
06-08 19:53:02.858 3370 5650 I AmazonPowerManagerVendorCallback: Wakelock acquired UID:1041 PID:0 Tag:AudioOffload
06-08 19:53:02.858 3370 5650 I AmazonPowerManagerVendorCallback: Wakelock released UID:1041 PID:0 Tag:AudioOffload
06-08 19:53:02.862 3370 5650 I AmazonPowerManagerVendorCallback: Wakelock acquired UID:1041 PID:0 Tag:AudioOffload
06-08 19:53:02.864 3370 5665 I AmazonPowerManagerVendorCallback: Wakelock released UID:1041 PID:0 Tag:AudioOffload
06-08 19:53:02.874 3370 5665 I AmazonPowerManagerVendorCallback: Wakelock acquired UID:1041 PID:0 Tag:AudioOffload
06-08 19:53:02.875 3370 3755 I AmazonPowerManagerVendorCallback: Wakelock released UID:1041 PID:0 Tag:AudioOffload
06-08 19:53:02.881 3370 5650 I AmazonPowerManagerVendorCallback: Wakelock acquired UID:1041 PID:0 Tag:AudioOffload
06-08 19:53:02.881 3370 5650 I AmazonPowerManagerVendorCallback: Wakelock released UID:1041 PID:0 Tag:AudioOffload
06-08 19:53:02.884 3370 5650 I AmazonPowerManagerVendorCallback: Wakelock acquired UID:1041 PID:0 Tag:AudioOffload
06-08 19:53:02.885 3370 3755 I AmazonPowerManagerVendorCallback: Wakelock released UID:1041 PID:0 Tag:AudioOffload
06-08 19:53:02.892 3370 3755 I AmazonPowerManagerVendorCallback: Wakelock acquired UID:1041 PID:0 Tag:AudioDirectOut
06-08 19:53:02.893 3370 3755 I AmazonPowerManagerVendorCallback: Wakelock released UID:1041 PID:0 Tag:AudioDirectOut
06-08 19:53:02.895 3370 3755 I AmazonPowerManagerVendorCallback: Wakelock acquired UID:1041 PID:0 Tag:AudioDirectOut
06-08 19:53:02.896 3370 3755 I AmazonPowerManagerVendorCallback: Wakelock released UID:1041 PID:0 Tag:AudioDirectOut
