06-08 20:03:31.375 20034 20525 D Kodi : 2021-06-08 20:03:31.375 T:20525 DEBUG : Get: Using "UTF-8" charset for "https://api.thetvdb.com/episodes/8121935|Authorization=Bearer%20eyJhbGciOiJSUzI1NiIsInR5cCI6IkpXVCJ9.eyJleHAiOjE2MjM3ODAyMDksImlkIjoiS29kaSIsIm9yaWdfaWF0IjoxNjIzMTc1NDA5fQ.msUt_pKmUxqJg_A0HcZQiqb3jH-7PLbTATHzPShGOfKuD1zdx1hOfb16ZV25GpscvaioLL1qwsa2DAsAYdG7LJYQGA0Se6WuiMm73pXx1LfAzOLpTx3OR-suU7g0n7cbCDSAl0wITw33m6DUv76R0otjb-SixRclIlZgmQtNw20yL5fUEL0o616pqi9SMry1PHzEGrC1t421f3z6DhdjWSUvYHEwF0x_jDKe3mUUshRPAL-VdNmk1qmrZuMUinKNlv8aUm-iScmXBKRfpDS14bSrdo7Pd75iDVlAa1CXSqv_EF8sSZiC_xhHSPFWr8Vhh9GYc3OUIe_wzcX5G6Vmxg&accept-language=en"
06-08 20:03:31.380 20034 20525 D Kodi : 2021-06-08 20:03:31.380 T:20525 DEBUG : scraper: GetFallbackEpisodeDetails returned
06-08 20:03:31.420 20034 20525 D Kodi : 2021-06-08 20:03:31.420 T:20525 DEBUG : scraper: ParseEpisodeDetails returned
06-08 20:03:31.420 20034 20525 D Kodi :
06-08 20:03:31.420 20034 20525 D Kodi : Gotsta Get Pawned
06-08 20:03:31.420 20034 20525 D Kodi : Chum huddles up for a chance to buy an early 20th century football. Can he get this deal across the goal line before the seller hikes up the price? Next, a life-size Spider-Man flies into Rick's web. Will his spidey senses tingle for an offer? Then, a vintage military ID maker marches into the shop. Will it leave an impression on Corey, or will he let the dog tags out? Finally, ZZ Top's Sharp Dressed Man, Billy Gibbons makes a surprise appearance at the Gold & Silver. He's here to reclaim some lost memorabilia, but first someone's Gotsta Get Paid.
06-08 20:03:31.420 20034 20525 D Kodi :
06-08 20:03:31.420 20034 20525 D Kodi : 8121935
06-08 20:03:31.420 20034 20525 D Kodi : 2021-01-04
06-08 20:03:31.420 20034 20525 D Kodi : 1
06-08 20:03:31.420 20034 20525 D Kodi : 2021
06-08 20:03:31.420 20034 20525 D Kodi :
06-08 20:03:31.420 20034 20525 D Kodi :
06-08 20:03:31.420 20034 20525 D Kodi : 0
06-08 20:03:31.420 20034 20525 D Kodi :
06-08 20:03:31.420 20034 20525 D Kodi :
06-08 20:03:31.420 20034 20525 D Kodi :
06-08 20:03:31.420 20034 20525 D Kodi : https://artworks.thetvdb.com/banners/series/111051/episodes/5ffd60e37af8d.jpg
06-08 20:03:31.420 20034 20525 D Kodi :
06-08 20:03:31.502 20034 20529 D Kodi : 2021-06-08 20:03:31.502 T:20529 DEBUG : Thread JobWorker start, auto delete: true
06-08 20:03:31.504 20034 20525 D Kodi : 2021-06-08 20:03:31.504 T:20525 DEBUG : VideoInfoScanner: Adding new item to tvshows:smb://192.168.178.24/Elements/Serien TheTVDB/Pawn Stars/Pawn Stars - S2021E01 - Gotsta Get Pawned.mkv
06-08 20:03:31.518 20034 20057 D Kodi : sh: nmblookup: not found
06-08 20:03:31.593 20034 20529 D Kodi : 2021-06-08 20:03:31.593 T:20529 DEBUG : easy_acquire - Created session to https://artworks.thetvdb.com
06-08 20:03:31.648 20034 20525 D Kodi : 2021-06-08 20:03:31.648 T:20525 DEBUG : trying to load setting definitions from old format...
06-08 20:03:31.787 20034 20525 D Kodi : 2021-06-08 20:03:31.786 T:20525 DEBUG : VideoInfoScanner: Skipping dir 'smb://192.168.178.24/Elements/Serien TheTVDB/See/' due to no change
06-08 20:03:31.794 20034 20525 D Kodi : 2021-06-08 20:03:31.794 T:20525 DEBUG : trying to load setting definitions from old format...
06-08 20:03:31.821 20034 20529 D Kodi : 2021-06-08 20:03:31.821 T:20529 DEBUG : CCurlFile::GetMimeType - https://artworks.thetvdb.com/banners/series/111051/episodes/5ffd60e37af8d.jpg -> image/jpeg
06-08 20:03:31.824 20034 20529 D Kodi : 2021-06-08 20:03:31.824 T:20529 DEBUG : CurlFile::Open(0xcfd9cf00) https://artworks.thetvdb.com/banners/series/111051/episodes/5ffd60e37af8d.jpg
06-08 20:03:32.054 20034 20529 D Kodi : 2021-06-08 20:03:32.054 T:20529 DEBUG : ffmpeg[0xc345a0c0X]: [image2] Custom AVIOContext makes no sense and will be ignored with AVFMT_NOFILE format.
06-08 20:03:32.074 20034 20529 D Kodi : 2021-06-08 20:03:32.074 T:20529 DEBUG : Caching image 'https://artworks.thetvdb.com/banners/series/111051/episodes/5ffd60e37af8d.jpg' to '9/9c9ae64f.jpg':
06-08 20:03:32.074 20034 20529 D Kodi : 2021-06-08 20:03:32.074 T:20529 DEBUG : cached image 'special://masterprofile/Thumbnails/9/9c9ae64f.jpg' size 640x360
06-08 20:03:32.136 20034 20525 D Kodi : 2021-06-08 20:03:32.136 T:20525 DEBUG : VideoInfoScanner: Skipping dir 'smb://192.168.178.24/Elements/Serien TheTVDB/The Incredible Dr. Pol/' due to no change
06-08 20:03:32.140 20034 20525 D Kodi : 2021-06-08 20:03:32.140 T:20525 DEBUG : trying to load setting definitions from old format...
06-08 20:03:32.148 20034 20525 D Kodi : 2021-06-08 20:03:32.148 T:20525 DEBUG : trying to load setting definitions from old format...
06-08 20:03:32.420 20034 20525 D Kodi : 2021-06-08 20:03:32.419 T:20525 DEBUG : VideoInfoScanner: Skipping dir 'smb://192.168.178.24/Elements/Serien TheTVDB/Keeping Up with the Kardashians/S12/' due to no change
06-08 20:03:32.431 20034 20525 D Kodi : 2021-06-08 20:03:32.431 T:20525 DEBUG : trying to load setting definitions from old format...
06-08 20:03:32.434 20034 20525 D Kodi : 2021-06-08 20:03:32.434 T:20525 DEBUG : trying to load setting definitions from old format...
06-08 20:03:32.744 20034 20525 D Kodi : 2021-06-08 20:03:32.744 T:20525 DEBUG : VideoInfoScanner: Skipping dir 'smb://192.168.178.24/Elements/Serien TheTVDB/Keeping Up with the Kardashians/S13/' due to no change
06-08 20:03:32.747 20034 20525 D Kodi : 2021-06-08 20:03:32.747 T:20525 DEBUG : trying to load setting definitions from old format...
06-08 20:03:32.753 20034 20525 D Kodi : 2021-06-08 20:03:32.753 T:20525 DEBUG : trying to load setting definitions from old format...
06-08 20:03:32.862 3140 3332 I AUDIOALG: asyncProcess : process @@@
06-08 20:03:32.864 3140 3332 I AUDIOALG: RefDlyEstimation: maxRxy 0.000000 maxPos 0
06-08 20:03:32.864 3140 3332 I AUDIOALG: asyncProcess : waiting...
06-08 20:03:32.987 20034 20525 D Kodi : 2021-06-08 20:03:32.987 T:20525 DEBUG : VideoInfoScanner: Skipping dir 'smb://192.168.178.24/Elements/Serien TheTVDB/Keeping Up with the Kardashians/S14/' due to no change
06-08 20:03:32.989 20034 20525 D Kodi : 2021-06-08 20:03:32.989 T:20525 DEBUG : trying to load setting definitions from old format...
06-08 20:03:32.993 20034 20525 D Kodi : 2021-06-08 20:03:32.993 T:20525 DEBUG : trying to load setting definitions from old format...
06-08 20:03:33.150 20034 20525 D Kodi : 2021-06-08 20:03:33.150 T:20525 DEBUG : VideoInfoScanner: Skipping dir 'smb://192.168.178.24/Elements/Serien TheTVDB/Keeping Up with the Kardashians/S15/' due to no change
06-08 20:03:33.156 20034 20525 D Kodi : 2021-06-08 20:03:33.156 T:20525 DEBUG : trying to load setting definitions from old format...
06-08 20:03:33.163 20034 20525 D Kodi : 2021-06-08 20:03:33.163 T:20525 DEBUG : trying to load setting definitions from old format...
06-08 20:03:33.321 20034 20525 D Kodi : 2021-06-08 20:03:33.321 T:20525 DEBUG : VideoInfoScanner: Skipping dir 'smb://192.168.178.24/Elements/Serien TheTVDB/Keeping Up with the Kardashians/S16/' due to no change
06-08 20:03:33.325 20034 20525 D Kodi : 2021-06-08 20:03:33.325 T:20525 DEBUG : trying to load setting definitions from old format...
06-08 20:03:33.331 20034 20525 D Kodi : 2021-06-08 20:03:33.331 T:20525 DEBUG : trying to load setting definitions from old format...
06-08 20:03:33.416 20034 20525 D Kodi : 2021-06-08 20:03:33.416 T:20525 DEBUG : VideoInfoScanner: Skipping dir 'smb://192.168.178.24/Elements/Serien TheTVDB/Keeping Up with the Kardashians/S17/' due to no change
06-08 20:03:33.422 3140 20207 I Node : dolby-audio-meter, AdapterPcmSystem adapter audio meter: channel 0; audio level: 0.000
06-08 20:03:33.423 3140 20207 I Node : dolby-audio-meter, AdapterPcmSystem adapter audio meter: channel 1; audio level: 0.000
06-08 20:03:33.423 3140 20207 I RendererNode: dolby-audio-meter, Renderer renderer audio meter: channel 0; audio level: 0.000
06-08 20:03:33.423 3140 20207 I RendererNode: dolby-audio-meter, Renderer renderer audio meter: channel 1; audio level: 0.000
06-08 20:03:33.423 3140 20207 I RendererNode: dolby-audio-meter, Renderer renderer audio meter: channel 2; audio level: 0.000
06-08 20:03:33.423 3140 20207 I RendererNode: dolby-audio-meter, Renderer renderer audio meter: channel 3; audio level: 0.000
06-08 20:03:33.423 3140 20207 I RendererNode: dolby-audio-meter, Renderer renderer audio meter: channel 4; audio level: 0.000
06-08 20:03:33.423 3140 20207 I RendererNode: dolby-audio-meter, Renderer renderer audio meter: channel 5; audio level: 0.000
06-08 20:03:33.423 3140 20207 I Node : dolby-audio-meter, AdapterPcmOut adapter audio meter: channel 0; audio level: 0.000
06-08 20:03:33.423 3140 20207 I Node : dolby-audio-meter, AdapterPcmOut adapter audio meter: channel 1; audio level: 0.000
06-08 20:03:33.426 20034 20525 D Kodi : 2021-06-08 20:03:33.426 T:20525 DEBUG : trying to load setting definitions from old format...
06-08 20:03:33.431 20034 20525 D Kodi : 2021-06-08 20:03:33.431 T:20525 DEBUG : trying to load setting definitions from old format...
06-08 20:03:33.593 20034 20525 D Kodi : 2021-06-08 20:03:33.593 T:20525 DEBUG : VideoInfoScanner: Skipping dir 'smb://192.168.178.24/Elements/Serien TheTVDB/Keeping Up with the Kardashians/S18/' due to no change
06-08 20:03:33.600 20034 20525 D Kodi : 2021-06-08 20:03:33.600 T:20525 DEBUG : trying to load setting definitions from old format...
06-08 20:03:33.603 20034 20525 D Kodi : 2021-06-08 20:03:33.603 T:20525 DEBUG : trying to load setting definitions from old format...
06-08 20:03:33.894 20034 20525 D Kodi : 2021-06-08 20:03:33.894 T:20525 DEBUG : VideoInfoScanner: Skipping dir 'smb://192.168.178.24/Elements/Serien TheTVDB/Keeping Up with the Kardashians/S19/' due to no change
06-08 20:03:33.898 20034 20525 D Kodi : 2021-06-08 20:03:33.898 T:20525 DEBUG : trying to load setting definitions from old format...
06-08 20:03:33.904 20034 20525 D Kodi : 2021-06-08 20:03:33.904 T:20525 DEBUG : trying to load setting definitions from old format...
06-08 20:03:34.094 20034 20525 D Kodi : 2021-06-08 20:03:34.093 T:20525 DEBUG : VideoInfoScanner: Skipping dir 'smb://192.168.178.24/Elements/Serien TheTVDB/Keeping Up with the Kardashians/S20/' due to no change
06-08 20:03:34.111 20034 20525 I Kodi : 2021-06-08 20:03:34.111 T:20525 INFO : VideoInfoScanner: Finished scan. Scanning for video info took 00:07
06-08 20:03:34.140 20034 20058 D Kodi : 2021-06-08 20:03:34.140 T:20058 DEBUG : CGUIMediaWindow::GetDirectory (plugin://plugin.video.amazon-test/)
06-08 20:03:34.141 20034 20058 D Kodi : 2021-06-08 20:03:34.141 T:20058 DEBUG : ParentPath = [plugin://plugin.video.amazon-test/]
06-08 20:03:34.143 20034 20532 D Kodi : 2021-06-08 20:03:34.143 T:20532 DEBUG : Thread waiting start, auto delete: false
06-08 20:03:34.151 20034 20529 D Kodi : 2021-06-08 20:03:34.151 T:20529 DEBUG : CAddonDatabase::SetLastUsed[plugin.video.amazon-test] took 10 ms
06-08 20:03:34.151 20034 20532 D Kodi : 2021-06-08 20:03:34.151 T:20532 DEBUG : StartScript - calling plugin Amazon VOD('plugin://plugin.video.amazon-test/','1','','resume:false')
06-08 20:03:34.151 20034 20532 D Kodi : 2021-06-08 20:03:34.151 T:20532 DEBUG : GetLanguageInvoker - Reusing LanguageInvokerThread 15 for script /storage/emulated/0/Android/data/org.xbmc.kodi/files/.kodi/addons/plugin.video.amazon-test/default.py
06-08 20:03:34.152 20034 20315 I Kodi : 2021-06-08 20:03:34.152 T:20315 INFO : initializing python engine.
06-08 20:03:34.152 20034 20315 D Kodi : 2021-06-08 20:03:34.152 T:20315 DEBUG : CPythonInvoker(15, /storage/emulated/0/Android/data/org.xbmc.kodi/files/.kodi/addons/plugin.video.amazon-test/default.py): start processing
06-08 20:03:34.152 20034 20315 D Kodi : 2021-06-08 20:03:34.152 T:20315 DEBUG : CPythonInvoker(15, /storage/emulated/0/Android/data/org.xbmc.kodi/files/.kodi/addons/plugin.video.amazon-test/default.py): entering source directory /storage/emulated/0/Android/data/org.xbmc.kodi/files/.kodi/addons/plugin.video.amazon-test
06-08 20:03:34.152 20034 20315 D Kodi : 2021-06-08 20:03:34.152 T:20315 DEBUG : CPythonInvoker(15, /storage/emulated/0/Android/data/org.xbmc.kodi/files/.kodi/addons/plugin.video.amazon-test/default.py): instantiating addon using automatically obtained id of "plugin.video.amazon-test" dependent on version 3.0.0 of the xbmc.python api
06-08 20:03:34.154 20034 20315 D Kodi : 2021-06-08 20:03:34.154 T:20315 DEBUG : [Amazon VOD] Requested {}
06-08 20:03:34.156 20034 20315 I Kodi : 2021-06-08 20:03:34.156 T:20315 INFO : [Amazon VOD] Version: 0.9.4+matrix.1
06-08 20:03:34.158 20034 20315 I Kodi : 2021-06-08 20:03:34.158 T:20315 INFO : [Amazon VOD] Unicode filename support: False
06-08 20:03:34.159 20034 20315 I Kodi : 2021-06-08 20:03:34.159 T:20315 INFO : [Amazon VOD] Locale: en-us / Language: de
06-08 20:03:34.244 20034 20058 D Kodi : 2021-06-08 20:03:34.244 T:20058 DEBUG : ------ Window Init (DialogBusy.xml) ------
06-08 20:03:34.244 20034 20058 D Kodi : 2021-06-08 20:03:34.244 T:20058 DEBUG : Window DialogBusy.xml was already loaded
06-08 20:03:34.244 20034 20058 D Kodi : 2021-06-08 20:03:34.244 T:20058 DEBUG : Alloc resources: 0.01ms
06-08 20:03:34.245 20034 20239 D Kodi : 2021-06-08 20:03:34.245 T:20239 DEBUG : [service.librarywatchdog] [xbmcif] scan/clean ended.
06-08 20:03:34.508 20034 20315 D Kodi : 2021-06-08 20:03:34.508 T:20315 DEBUG : [Amazon VOD] Download Time: 0.3436837919998652
06-08 20:03:34.662 20034 20315 I Kodi : 2021-06-08 20:03:34.662 T:20315 INFO : CPythonInvoker(15, /storage/emulated/0/Android/data/org.xbmc.kodi/files/.kodi/addons/plugin.video.amazon-test/default.py): script successfully run
06-08 20:03:34.666 20034 20532 D Kodi : 2021-06-08 20:03:34.666 T:20532 DEBUG : Thread waiting -840570512 terminating
06-08 20:03:34.683 20034 20058 D Kodi : 2021-06-08 20:03:34.683 T:20058 DEBUG : ------ Window Deinit (DialogBusy.xml) ------
06-08 20:03:34.694 20034 20534 D Kodi : 2021-06-08 20:03:34.694 T:20534 DEBUG : Thread BackgroundLoader start, auto delete: false
06-08 20:03:34.706 20034 20534 D Kodi : 2021-06-08 20:03:34.706 T:20534 DEBUG : Thread BackgroundLoader -929564304 terminating
06-08 20:03:34.910 3140 3332 I AUDIOALG: asyncProcess : process @@@
06-08 20:03:34.912 3140 3332 I AUDIOALG: RefDlyEstimation: maxRxy 0.000000 maxPos 0
06-08 20:03:34.912 3140 3332 I AUDIOALG: asyncProcess : waiting...
06-08 20:03:35.174 3370 3460 W BestClock: java.time.DateTimeException: Missing NTP fix
06-08 20:03:35.195 3370 3460 W BestClock: java.time.DateTimeException: Missing NTP fix
06-08 20:03:35.196 3370 3461 W BestClock: java.time.DateTimeException: Missing NTP fix
06-08 20:03:36.960 3140 3332 I AUDIOALG: asyncProcess : process @@@
06-08 20:03:36.963 3140 3332 I AUDIOALG: RefDlyEstimation: maxRxy 0.000000 maxPos 0
06-08 20:03:36.963 3140 3332 I AUDIOALG: asyncProcess : waiting...
06-08 20:03:39.008 3140 3332 I AUDIOALG: asyncProcess : process @@@
06-08 20:03:39.010 3140 3332 I AUDIOALG: RefDlyEstimation: maxRxy 0.000000 maxPos 0
06-08 20:03:39.010 3140 3332 I AUDIOALG: asyncProcess : waiting...
06-08 20:03:41.054 3140 3332 I AUDIOALG: asyncProcess : process @@@
06-08 20:03:41.059 3140 3332 I AUDIOALG: RefDlyEstimation: maxRxy 0.000000 maxPos 0
06-08 20:03:41.059 3140 3332 I AUDIOALG: asyncProcess : waiting...
06-08 20:03:43.105 3140 3332 I AUDIOALG: asyncProcess : process @@@
06-08 20:03:43.107 3140 3332 I AUDIOALG: RefDlyEstimation: maxRxy 0.000000 maxPos 0
06-08 20:03:43.107 3140 3332 I AUDIOALG: asyncProcess : waiting...
06-08 20:03:43.444 3140 20207 I Node : dolby-audio-meter, AdapterPcmSystem adapter audio meter: channel 0; audio level: 0.000
06-08 20:03:43.444 3140 20207 I Node : dolby-audio-meter, AdapterPcmSystem adapter audio meter: channel 1; audio level: 0.000
06-08 20:03:43.444 3140 20207 I RendererNode: dolby-audio-meter, Renderer renderer audio meter: channel 0; audio level: 0.000
06-08 20:03:43.444 3140 20207 I RendererNode: dolby-audio-meter, Renderer renderer audio meter: channel 1; audio level: 0.000
06-08 20:03:43.444 3140 20207 I RendererNode: dolby-audio-meter, Renderer renderer audio meter: channel 2; audio level: 0.000
06-08 20:03:43.444 3140 20207 I RendererNode: dolby-audio-meter, Renderer renderer audio meter: channel 3; audio level: 0.000
06-08 20:03:43.444 3140 20207 I RendererNode: dolby-audio-meter, Renderer renderer audio meter: channel 4; audio level: 0.000
06-08 20:03:43.444 3140 20207 I RendererNode: dolby-audio-meter, Renderer renderer audio meter: channel 5; audio level: 0.000
06-08 20:03:43.444 3140 20207 I Node : dolby-audio-meter, AdapterPcmOut adapter audio meter: channel 0; audio level: 0.000
06-08 20:03:43.444 3140 20207 I Node : dolby-audio-meter, AdapterPcmOut adapter audio meter: channel 1; audio level: 0.000
06-08 20:03:45.150 3140 3332 I AUDIOALG: asyncProcess : process @@@
06-08 20:03:45.152 3140 3332 I AUDIOALG: RefDlyEstimation: maxRxy 0.000000 maxPos 0
06-08 20:03:45.152 3140 3332 I AUDIOALG: asyncProcess : waiting...
06-08 20:03:47.198 3140 3332 I AUDIOALG: asyncProcess : process @@@
06-08 20:03:47.200 3140 3332 I AUDIOALG: RefDlyEstimation: maxRxy 0.000000 maxPos 0
06-08 20:03:47.200 3140 3332 I AUDIOALG: asyncProcess : waiting...
06-08 20:03:49.246 3140 3332 I AUDIOALG: asyncProcess : process @@@
06-08 20:03:49.248 3140 3332 I AUDIOALG: RefDlyEstimation: maxRxy 0.000000 maxPos 0
06-08 20:03:49.248 3140 3332 I AUDIOALG: asyncProcess : waiting...
06-08 20:03:51.294 3140 3332 I AUDIOALG: asyncProcess : process @@@
06-08 20:03:51.298 3140 3332 I AUDIOALG: RefDlyEstimation: maxRxy 0.000000 maxPos 0
06-08 20:03:51.298 3140 3332 I AUDIOALG: asyncProcess : waiting...
06-08 20:03:52.312 3370 3460 W BestClock: java.time.DateTimeException: Missing NTP fix
06-08 20:03:52.351 3370 3460 W BestClock: java.time.DateTimeException: Missing NTP fix
06-08 20:03:52.353 3370 3461 W BestClock: java.time.DateTimeException: Missing NTP fix
06-08 20:03:53.342 3140 3332 I AUDIOALG: asyncProcess : process @@@
06-08 20:03:53.346 3140 3332 I AUDIOALG: RefDlyEstimation: maxRxy 0.000000 maxPos 0
06-08 20:03:53.346 3140 3332 I AUDIOALG: asyncProcess : waiting...
06-08 20:03:53.451 3140 20207 I Node : dolby-audio-meter, AdapterPcmSystem adapter audio meter: channel 0; audio level: 0.000
06-08 20:03:53.451 3140 20207 I Node : dolby-audio-meter, AdapterPcmSystem adapter audio meter: channel 1; audio level: 0.000
06-08 20:03:53.451 3140 20207 I RendererNode: dolby-audio-meter, Renderer renderer audio meter: channel 0; audio level: 0.000
06-08 20:03:53.451 3140 20207 I RendererNode: dolby-audio-meter, Renderer renderer audio meter: channel 1; audio level: 0.000
06-08 20:03:53.451 3140 20207 I RendererNode: dolby-audio-meter, Renderer renderer audio meter: channel 2; audio level: 0.000
06-08 20:03:53.451 3140 20207 I RendererNode: dolby-audio-meter, Renderer renderer audio meter: channel 3; audio level: 0.000
06-08 20:03:53.451 3140 20207 I RendererNode: dolby-audio-meter, Renderer renderer audio meter: channel 4; audio level: 0.000
06-08 20:03:53.451 3140 20207 I RendererNode: dolby-audio-meter, Renderer renderer audio meter: channel 5; audio level: 0.000
06-08 20:03:53.451 3140 20207 I Node : dolby-audio-meter, AdapterPcmOut adapter audio meter: channel 0; audio level: 0.000
06-08 20:03:53.451 3140 20207 I Node : dolby-audio-meter, AdapterPcmOut adapter audio meter: channel 1; audio level: 0.000
06-08 20:03:55.390 3140 3332 I AUDIOALG: asyncProcess : process @@@
06-08 20:03:55.392 3140 3332 I AUDIOALG: RefDlyEstimation: maxRxy 0.000000 maxPos 0
06-08 20:03:55.392 3140 3332 I AUDIOALG: asyncProcess : waiting...
06-08 20:03:55.972 5779 20519 D EventBus: No subscribers registered for event class org.primftpd.events.ClientActionEvent
06-08 20:03:55.972 5779 20519 D EventBus: No subscribers registered for event class org.greenrobot.eventbus.NoSubscriberEvent
06-08 20:03:57.438 3140 3332 I AUDIOALG: asyncProcess : process @@@
06-08 20:03:57.440 3140 3332 I AUDIOALG: RefDlyEstimation: maxRxy 0.000000 maxPos 0
06-08 20:03:57.440 3140 3332 I AUDIOALG: asyncProcess : waiting...
06-08 20:03:59.486 3140 3332 I AUDIOALG: asyncProcess : process @@@
06-08 20:03:59.488 3140 3332 I AUDIOALG: RefDlyEstimation: maxRxy 0.000000 maxPos 0
06-08 20:03:59.488 3140 3332 I AUDIOALG: asyncProcess : waiting...
06-08 20:04:01.534 3140 3332 I AUDIOALG: asyncProcess : process @@@
06-08 20:04:01.538 3140 3332 I AUDIOALG: RefDlyEstimation: maxRxy 0.000000 maxPos 0
06-08 20:04:01.539 3140 3332 I AUDIOALG: asyncProcess : waiting...
06-08 20:04:01.883 20034 20058 D Kodi : 2021-06-08 20:04:01.883 T:20058 DEBUG : CheckIdle - Closing session to https://api.thetvdb.com (easy=0xcb8f3000, multi=0xc2705ae0)
06-08 20:04:02.401 20034 20058 D Kodi : 2021-06-08 20:04:02.400 T:20058 DEBUG : CheckIdle - Closing session to https://artworks.thetvdb.com (easy=0xc1a2f000, multi=0xbf06d940)
06-08 20:04:03.208 20600 20600 I main.wifi_log_levels: wifi_log_levels:wlan0:rssi=;rssi2=;noise=-92;noise2=-92;channel=;txframes=;txfails=;txper=0%;txaggr=;rxframes=;rxcrc=;rxper=;rxdrop=;phymode=;phyrate=;lasttxrate=;lastrxrate=;
06-08 20:04:03.224 20601 20601 I main.wifi_log_levels: tx_packets=0;tx_bytes=0;tx_errors=0;tx_dropped=0;rx_packets=0;rx_bytes=0;rx_errors=0;rx_dropped=0;
06-08 20:04:03.243 20602 20602 I main.wifi_log_levels: max_rssi=;min_rssi=;max_noise=-92;min_noise=-92;noise histogram=0 0 0 0 0 0 0 0 0 0 0
06-08 20:04:03.281 20604 20604 I main.wifi_log_levels: wifi_log_levels:ch_busy=13%;ch_idle=87%;ch_tx=0%;ch_rx=0%;tx_ok=0%;tx_fail=0%;tx_retry=0%;rx_ok=0%;rx_fcs=0%;tx_ok=0;tx_fail=0;tx_retry=0;rx_ok=0;rx_fcs=49;cck_false=371;cck_crc=0;ofdm_false=109;ofdm_crc=11;
06-08 20:04:03.479 3140 20207 I Node : dolby-audio-meter, AdapterPcmSystem adapter audio meter: channel 0; audio level: 0.000
06-08 20:04:03.479 3140 20207 I Node : dolby-audio-meter, AdapterPcmSystem adapter audio meter: channel 1; audio level: 0.000
06-08 20:04:03.479 3140 20207 I RendererNode: dolby-audio-meter, Renderer renderer audio meter: channel 0; audio level: 0.000
06-08 20:04:03.479 3140 20207 I RendererNode: dolby-audio-meter, Renderer renderer audio meter: channel 1; audio level: 0.000
06-08 20:04:03.479 3140 20207 I RendererNode: dolby-audio-meter, Renderer renderer audio meter: channel 2; audio level: 0.000
06-08 20:04:03.479 3140 20207 I RendererNode: dolby-audio-meter, Renderer renderer audio meter: channel 3; audio level: 0.000
06-08 20:04:03.479 3140 20207 I RendererNode: dolby-audio-meter, Renderer renderer audio meter: channel 4; audio level: 0.000
06-08 20:04:03.479 3140 20207 I RendererNode: dolby-audio-meter, Renderer renderer audio meter: channel 5; audio level: 0.000
06-08 20:04:03.479 3140 20207 I Node : dolby-audio-meter, AdapterPcmOut adapter audio meter: channel 0; audio level: 0.000
06-08 20:04:03.479 3140 20207 I Node : dolby-audio-meter, AdapterPcmOut adapter audio meter: channel 1; audio level: 0.000
06-08 20:04:03.584 3140 3332 I AUDIOALG: asyncProcess : process @@@
06-08 20:04:03.586 3140 3332 I AUDIOALG: RefDlyEstimation: maxRxy 0.000000 maxPos 0
06-08 20:04:03.586 3140 3332 I AUDIOALG: asyncProcess : waiting...
06-08 20:04:04.151 20034 20525 D Kodi : 2021-06-08 20:04:04.151 T:20525 DEBUG : Thread JobWorker -839530128 terminating (autodelete)
06-08 20:04:04.152 20034 20529 D Kodi : 2021-06-08 20:04:04.152 T:20529 DEBUG : Thread JobWorker -890242704 terminating (autodelete)
06-08 20:04:04.152 20034 20525 V XBMC : detaching thread
06-08 20:04:04.152 20034 20529 V XBMC : detaching thread
06-08 20:04:05.630 3140 3332 I AUDIOALG: asyncProcess : process @@@
06-08 20:04:05.633 3140 3332 I AUDIOALG: RefDlyEstimation: maxRxy 0.000000 maxPos 0
06-08 20:04:05.633 3140 3332 I AUDIOALG: asyncProcess : waiting...
06-08 20:04:07.678 3140 3332 I AUDIOALG: asyncProcess : process @@@
06-08 20:04:07.681 3140 3332 I AUDIOALG: RefDlyEstimation: maxRxy 0.000000 maxPos 0
06-08 20:04:07.681 3140 3332 I AUDIOALG: asyncProcess : waiting...
06-08 20:04:09.361 3370 3460 W BestClock: java.time.DateTimeException: Missing NTP fix
06-08 20:04:09.383 3370 3460 W BestClock: java.time.DateTimeException: Missing NTP fix
06-08 20:04:09.389 3370 3461 W BestClock: java.time.DateTimeException: Missing NTP fix
06-08 20:04:09.726 3140 3332 I AUDIOALG: asyncProcess : process @@@
06-08 20:04:09.728 3140 3332 I AUDIOALG: RefDlyEstimation: maxRxy 0.000000 maxPos 0
06-08 20:04:09.728 3140 3332 I AUDIOALG: asyncProcess : waiting...
06-08 20:04:11.774 3140 3332 I AUDIOALG: asyncProcess : process @@@
06-08 20:04:11.777 3140 3332 I AUDIOALG: RefDlyEstimation: maxRxy 0.000000 maxPos 0
06-08 20:04:11.777 3140 3332 I AUDIOALG: asyncProcess : waiting...
06-08 20:04:13.482 3140 20207 I Node : dolby-audio-meter, AdapterPcmSystem adapter audio meter: channel 0; audio level: 0.000
06-08 20:04:13.482 3140 20207 I Node : dolby-audio-meter, AdapterPcmSystem adapter audio meter: channel 1; audio level: 0.000
06-08 20:04:13.482 3140 20207 I RendererNode: dolby-audio-meter, Renderer renderer audio meter: channel 0; audio level: 0.000
06-08 20:04:13.482 3140 20207 I RendererNode: dolby-audio-meter, Renderer renderer audio meter: channel 1; audio level: 0.000
06-08 20:04:13.482 3140 20207 I RendererNode: dolby-audio-meter, Renderer renderer audio meter: channel 2; audio level: 0.000
06-08 20:04:13.482 3140 20207 I RendererNode: dolby-audio-meter, Renderer renderer audio meter: channel 3; audio level: 0.000
06-08 20:04:13.482 3140 20207 I RendererNode: dolby-audio-meter, Renderer renderer audio meter: channel 4; audio level: 0.000
06-08 20:04:13.482 3140 20207 I RendererNode: dolby-audio-meter, Renderer renderer audio meter: channel 5; audio level: 0.000
06-08 20:04:13.482 3140 20207 I Node : dolby-audio-meter, AdapterPcmOut adapter audio meter: channel 0; audio level: 0.000
06-08 20:04:13.482 3140 20207 I Node : dolby-audio-meter, AdapterPcmOut adapter audio meter: channel 1; audio level: 0.000
06-08 20:04:13.822 3140 3332 I AUDIOALG: asyncProcess : process @@@
06-08 20:04:13.825 3140 3332 I AUDIOALG: RefDlyEstimation: maxRxy 0.000000 maxPos 0
06-08 20:04:13.825 3140 3332 I AUDIOALG: asyncProcess : waiting...
06-08 20:04:15.873 3140 3332 I AUDIOALG: asyncProcess : process @@@
06-08 20:04:15.875 3140 3332 I AUDIOALG: RefDlyEstimation: maxRxy 0.000000 maxPos 0
06-08 20:04:15.875 3140 3332 I AUDIOALG: asyncProcess : waiting...
06-08 20:04:16.666 3195 3256 E storaged: getDiskStats failed with result NOT_SUPPORTED and size 0
06-08 20:04:17.918 3140 3332 I AUDIOALG: asyncProcess : process @@@
06-08 20:04:17.921 3140 3332 I AUDIOALG: RefDlyEstimation: maxRxy 0.000000 maxPos 0
06-08 20:04:17.921 3140 3332 I AUDIOALG: asyncProcess : waiting...
06-08 20:04:19.968 3140 3332 I AUDIOALG: asyncProcess : process @@@
06-08 20:04:19.970 3140 3332 I AUDIOALG: RefDlyEstimation: maxRxy 0.000000 maxPos 0
06-08 20:04:19.970 3140 3332 I AUDIOALG: asyncProcess : waiting...
06-08 20:04:21.530 3883 20524 I Vizzini_2.0.11122.0:HealthLogger: Current State = {"AlexaCaptionsEnabled":"false","Account":"valid","ProfileValidated":"true","AlexaCaptionsSupported":"true","memoryTotalPss":"104817","DeviceFamily":"WAKEWORD","memoryTotalSharedDirty":"7280","WakewordDetector":"disabled","InstaHintsSyncTime":"2021-06-08 17:35:22","ReleaseVersion":"634.0.0","AlexaLegalTermsAccepted":"true","AppVersion":"2.0.11122.0","AlexaExperience":"FULL","SupportsFarField":"true","memoryAvailable":"743600128","Gateway":"avs-alexa-6-eu.amazon.com:443","memoryLow":"false","ConnectionState":"CONNECTED","OOBECompleted":"true","memoryTotalPrivateDirty":"58564","WakeWord":"SET"}
06-08 20:04:21.530 3883 20524 I DeviceEvent: CSMSIM#device_event_contract#0#1.0
06-08 20:04:22.014 3140 3332 I AUDIOALG: asyncProcess : process @@@
06-08 20:04:22.016 3140 3332 I AUDIOALG: RefDlyEstimation: maxRxy 0.000000 maxPos 0
06-08 20:04:22.016 3140 3332 I AUDIOALG: asyncProcess : waiting...
06-08 20:04:22.570 7165 7223 I Metrics:BatchTransmitte: QueuePusher.sendBatches - Drained batch queue.; Number of HIGH_ANONYMOUS queue batches sent: 0
06-08 20:04:23.508 3140 20207 I Node : dolby-audio-meter, AdapterPcmSystem adapter audio meter: channel 0; audio level: 0.000
06-08 20:04:23.508 3140 20207 I Node : dolby-audio-meter, AdapterPcmSystem adapter audio meter: channel 1; audio level: 0.000
06-08 20:04:23.508 3140 20207 I RendererNode: dolby-audio-meter, Renderer renderer audio meter: channel 0; audio level: 0.000
06-08 20:04:23.508 3140 20207 I RendererNode: dolby-audio-meter, Renderer renderer audio meter: channel 1; audio level: 0.000
06-08 20:04:23.508 3140 20207 I RendererNode: dolby-audio-meter, Renderer renderer audio meter: channel 2; audio level: 0.000
06-08 20:04:23.508 3140 20207 I RendererNode: dolby-audio-meter, Renderer renderer audio meter: channel 3; audio level: 0.000
06-08 20:04:23.508 3140 20207 I RendererNode: dolby-audio-meter, Renderer renderer audio meter: channel 4; audio level: 0.000
06-08 20:04:23.508 3140 20207 I RendererNode: dolby-audio-meter, Renderer renderer audio meter: channel 5; audio level: 0.000
06-08 20:04:23.508 3140 20207 I Node : dolby-audio-meter, AdapterPcmOut adapter audio meter: channel 0; audio level: 0.000
06-08 20:04:23.508 3140 20207 I Node : dolby-audio-meter, AdapterPcmOut adapter audio meter: channel 1; audio level: 0.000
06-08 20:04:24.066 3140 3332 I AUDIOALG: asyncProcess : process @@@
06-08 20:04:24.069 3140 3332 I AUDIOALG: RefDlyEstimation: maxRxy 0.000000 maxPos 0
06-08 20:04:24.069 3140 3332 I AUDIOALG: asyncProcess : waiting...
06-08 20:04:26.110 3140 3332 I AUDIOALG: asyncProcess : process @@@
06-08 20:04:26.112 3140 3332 I AUDIOALG: RefDlyEstimation: maxRxy 0.000000 maxPos 0
06-08 20:04:26.112 3140 3332 I AUDIOALG: asyncProcess : waiting...
06-08 20:04:26.337 3370 3460 W BestClock: java.time.DateTimeException: Missing NTP fix
06-08 20:04:26.363 3370 3460 W BestClock: java.time.DateTimeException: Missing NTP fix
06-08 20:04:26.364 3370 3461 W BestClock: java.time.DateTimeException: Missing NTP fix
06-08 20:04:28.159 3140 3332 I AUDIOALG: asyncProcess : process @@@
06-08 20:04:28.162 3140 3332 I AUDIOALG: RefDlyEstimation: maxRxy 0.000000 maxPos 0
06-08 20:04:28.162 3140 3332 I AUDIOALG: asyncProcess : waiting...
06-08 20:04:30.207 3140 3332 I AUDIOALG: asyncProcess : process @@@
06-08 20:04:30.209 3140 3332 I AUDIOALG: RefDlyEstimation: maxRxy 0.000000 maxPos 0
06-08 20:04:30.209 3140 3332 I AUDIOALG: asyncProcess : waiting...
06-08 20:04:32.256 3140 3332 I AUDIOALG: asyncProcess : process @@@
06-08 20:04:32.260 3140 3332 I AUDIOALG: RefDlyEstimation: maxRxy 0.000000 maxPos 0
06-08 20:04:32.260 3140 3332 I AUDIOALG: asyncProcess : waiting...
06-08 20:04:33.516 3140 20207 I Node : dolby-audio-meter, AdapterPcmSystem adapter audio meter: channel 0; audio level: 0.000
06-08 20:04:33.516 3140 20207 I Node : dolby-audio-meter, AdapterPcmSystem adapter audio meter: channel 1; audio level: 0.000
06-08 20:04:33.516 3140 20207 I RendererNode: dolby-audio-meter, Renderer renderer audio meter: channel 0; audio level: 0.000
06-08 20:04:33.516 3140 20207 I RendererNode: dolby-audio-meter, Renderer renderer audio meter: channel 1; audio level: 0.000
06-08 20:04:33.516 3140 20207 I RendererNode: dolby-audio-meter, Renderer renderer audio meter: channel 2; audio level: 0.000
06-08 20:04:33.516 3140 20207 I RendererNode: dolby-audio-meter, Renderer renderer audio meter: channel 3; audio level: 0.000
06-08 20:04:33.516 3140 20207 I RendererNode: dolby-audio-meter, Renderer renderer audio meter: channel 4; audio level: 0.000
06-08 20:04:33.516 3140 20207 I RendererNode: dolby-audio-meter, Renderer renderer audio meter: channel 5; audio level: 0.000
06-08 20:04:33.516 3140 20207 I Node : dolby-audio-meter, AdapterPcmOut adapter audio meter: channel 0; audio level: 0.000
06-08 20:04:33.516 3140 20207 I Node : dolby-audio-meter, AdapterPcmOut adapter audio meter: channel 1; audio level: 0.000
06-08 20:04:34.302 3140 3332 I AUDIOALG: asyncProcess : process @@@
06-08 20:04:34.304 3140 3332 I AUDIOALG: RefDlyEstimation: maxRxy 0.000000 maxPos 0
06-08 20:04:34.304 3140 3332 I AUDIOALG: asyncProcess : waiting...
06-08 20:04:36.350 3140 3332 I AUDIOALG: asyncProcess : process @@@
06-08 20:04:36.352 3140 3332 I AUDIOALG: RefDlyEstimation: maxRxy 0.000000 maxPos 0
06-08 20:04:36.352 3140 3332 I AUDIOALG: asyncProcess : waiting...
06-08 20:04:38.398 3140 3332 I AUDIOALG: asyncProcess : process @@@
06-08 20:04:38.400 3140 3332 I AUDIOALG: RefDlyEstimation: maxRxy 0.000000 maxPos 0
06-08 20:04:38.400 3140 3332 I AUDIOALG: asyncProcess : waiting...
06-08 20:04:38.522 3906 3906 I TComm.HeartbeatBroadcas: onReceive - received intent; Intent { act=com.amazon.intent.action.NOS_DATA_TRANSFER typ=199076139 flg=0x14 cmp=com.amazon.tcomm/com.amazon.communication.heartbeat.HeartbeatBroadcastReceiver (has extras) }
06-08 20:04:38.519 3133 3133 W memtrack@1.0-se: type=1400 audit(0.0:1929): avc: denied { search } for name="18101" dev="proc" ino=323659 scontext=u:r:hal_memtrack_default:s0 tcontext=u:r:amazon_app:s0 tclass=dir permissive=0
06-08 20:04:38.522 3906 3906 I TComm.HeartbeatConnecti: onHeartbeatNotification - time to heartbeat; attribute: DEFAULT, registrationId: 199076139
06-08 20:04:38.523 3906 3906 I TComm.HeartbeatConnecti: getSocketToHeartbeat - active socket found; registrationId: 199076139, socketHeartbeatState: SocketHeartbeatState: socket: {1: wss://dp-gw-na.amazon.com:443/tcomm/}(TUNING_FINISHED) Purpose:Regular; Attributes: SECURE;REUSABLE;, socket hashCode: 131356350, idleTimeBeforeHeartbeat: 0, heartbeatResponseReceived: false, heartbeatAttempts: 0, heartbeatState: mHid: ConservativeHID: lastKnownGoodIntervalMillis: 115000, mRegistrationId: 199076139, mIsHeartbeatPaused: true
06-08 20:04:38.524 3906 3906 I TComm.WakeLockImpl: acquire - acquire WakeLock; refCount: 1, tag: TComm.HeartbeatConnectionHealthManager, lock: WakeLock{4cddd81 held=true, refCount=1}
06-08 20:04:38.524 3906 4558 I TComm.HeartbeatConnecti: run - begin health check; registrationId: 199076139
06-08 20:04:38.526 3906 4558 I TComm.HeartbeatConnecti: getSocketToHeartbeat - active socket found; registrationId: 199076139, socketHeartbeatState: SocketHeartbeatState: socket: {1: wss://dp-gw-na.amazon.com:443/tcomm/}(TUNING_FINISHED) Purpose:Regular; Attributes: SECURE;REUSABLE;, socket hashCode: 131356350, idleTimeBeforeHeartbeat: 0, heartbeatResponseReceived: false, heartbeatAttempts: 0, heartbeatState: mHid: ConservativeHID: lastKnownGoodIntervalMillis: 115000, mRegistrationId: 199076139, mIsHeartbeatPaused: true
06-08 20:04:38.528 3906 4558 I TComm.HeartbeatConnecti: enqueueScheduleHeartbeatNotification - enqueue task; SocketHeartbeatState: socket: {1: wss://dp-gw-na.amazon.com:443/tcomm/}(TUNING_FINISHED) Purpose:Regular; Attributes: SECURE;REUSABLE;, socket hashCode: 131356350, idleTimeBeforeHeartbeat: 0, heartbeatResponseReceived: false, heartbeatAttempts: 0, heartbeatState: mHid: ConservativeHID: lastKnownGoodIntervalMillis: 115000, mRegistrationId: 199076139, mIsHeartbeatPaused: true: SocketHeartbeatState: socket: {1: wss://dp-gw-na.amazon.com:443/tcomm/}(TUNING_FINISHED) Purpose:Regular; Attributes: SECURE;REUSABLE;, socket hashCode: 131356350, idleTimeBeforeHeartbeat: 0, heartbeatResponseReceived: false, heartbeatAttempts: 0, heartbeatState: mHid: ConservativeHID: lastKnownGoodIntervalMillis: 115000, mRegistrationId: 199076139, mIsHeartbeatPaused: true
06-08 20:04:38.529 3906 4558 I TComm.WakeLockImpl: acquire - acquire WakeLock; refCount: 2, tag: TComm.HeartbeatConnectionHealthManager, lock: WakeLock{4cddd81 held=true, refCount=2}
06-08 20:04:38.531 3906 4558 I TComm.WakeLockImpl: acquire - acquire WakeLock; refCount: 3, tag: TComm.HeartbeatConnectionHealthManager, lock: WakeLock{4cddd81 held=true, refCount=3}
06-08 20:04:38.531 3906 4558 I TComm.WakeLockImpl: release - release WakeLock; refCount: 2, duration: 0, tag: TComm.HeartbeatConnectionHealthManager, lock: WakeLock{4cddd81 held=true, refCount=2}
06-08 20:04:38.537 3906 4558 I TComm.HeartbeatConnecti: run - schedule heartbeat; registrationId: 199076139, intervalMin: 100000, intervalMax: 115000, socketInfo: SocketHeartbeatState: socket: {1: wss://dp-gw-na.amazon.com:443/tcomm/}(TUNING_FINISHED) Purpose:Regular; Attributes: SECURE;REUSABLE;, socket hashCode: 131356350, idleTimeBeforeHeartbeat: 0, heartbeatResponseReceived: false, heartbeatAttempts: 0, heartbeatState: mHid: ConservativeHID: lastKnownGoodIntervalMillis: 115000, mRegistrationId: 199076139, mIsHeartbeatPaused: true
06-08 20:04:38.543 3906 4558 I GenericNetworkOptimizationManagerImpl: Setting inexact alarm: delay=100000, length=15000
06-08 20:04:38.544 3906 4558 D GenericNetworkOptimizationManagerImpl: Registered: ComponentInfo{com.amazon.tcomm/com.amazon.communication.heartbeat.HeartbeatBroadcastReceiver}; Registration ID: 199076139; Data Size KB: 1; Min Delay Millis: 100000; Max Delay Millis: 115000; Repeat Interval Millis: 0; Mobile?: true; WIFI?: true; Roaming?: falseRequire Charing?: falseRequire Device Idle?: false
06-08 20:04:38.544 3906 4558 I TComm.WakeLockImpl: release - release WakeLock; refCount: 1, duration: 0, tag: TComm.HeartbeatConnectionHealthManager, lock: WakeLock{4cddd81 held=true, refCount=1}
06-08 20:04:38.546 3906 4558 I TComm.HeartbeatConnecti: run - sending heartbeat; socketHeartbeatState: SocketHeartbeatState: socket: {1: wss://dp-gw-na.amazon.com:443/tcomm/}(TUNING_FINISHED) Purpose:Regular; Attributes: SECURE;REUSABLE;, socket hashCode: 131356350, idleTimeBeforeHeartbeat: 0, heartbeatResponseReceived: false, heartbeatAttempts: 0, heartbeatState: mHid: ConservativeHID: lastKnownGoodIntervalMillis: 115000, mRegistrationId: 199076139, mIsHeartbeatPaused: true
06-08 20:04:38.548 3906 4558 I TComm.WakeLockImpl: acquire - acquire WakeLock; refCount: 1, tag: TComm.WorkExecutor, lock: WakeLock{e5a016d held=true, refCount=1}
06-08 20:04:38.552 3906 4558 I TComm.WakeLockImpl: acquire - acquire WakeLock; refCount: 2, tag: TComm.HeartbeatConnectionHealthManager, lock: WakeLock{4cddd81 held=true, refCount=2}
06-08 20:04:38.553 3906 4558 I TComm.WakeLockImpl: release - release WakeLock; refCount: 1, duration: 0, tag: TComm.HeartbeatConnectionHealthManager, lock: WakeLock{4cddd81 held=true, refCount=1}
06-08 20:04:38.559 3906 4359 I TComm.WakeLockImpl: release - release WakeLock; refCount: 0, duration: 0, tag: TComm.WorkExecutor, lock: WakeLock{e5a016d held=false, refCount=0}
06-08 20:04:38.702 3906 4194 I TComm.WakeLockImpl: acquire - acquire WakeLock; refCount: 1, tag: TComm.WorkExecutor, lock: WakeLock{e5a016d held=true, refCount=1}
06-08 20:04:38.705 3906 4359 I TComm.HeartbeatConnecti: onHeartbeatReceived - response received; registrationId: 199076139, destination: urn:tcomm-endpoint:service:serviceName:DPGatewayService, socketHashCode: 131356350
06-08 20:04:38.709 3906 4359 I TComm.WakeLockImpl: release - release WakeLock; refCount: 0, duration: 0, tag: TComm.HeartbeatConnectionHealthManager, lock: WakeLock{4cddd81 held=false, refCount=0}
06-08 20:04:38.711 3906 4359 I TComm.WakeLockImpl: acquire - acquire WakeLock; refCount: 1, tag: TComm.HeartbeatConnectionHealthManager, lock: WakeLock{4cddd81 held=true, refCount=1}
06-08 20:04:38.712 3906 4359 I TComm.WakeLockImpl: release - release WakeLock; refCount: 0, duration: 0, tag: TComm.WorkExecutor, lock: WakeLock{e5a016d held=false, refCount=0}
06-08 20:04:38.712 3906 4558 I TComm.HeartbeatConnecti: run - finish health check; socketHeartbeatState: SocketHeartbeatState: socket: {1: wss://dp-gw-na.amazon.com:443/tcomm/}(TUNING_FINISHED) Purpose:Regular; Attributes: SECURE;REUSABLE;, socket hashCode: 131356350, idleTimeBeforeHeartbeat: 100047, heartbeatResponseReceived: true, heartbeatAttempts: 1, heartbeatState: mHid: ConservativeHID: lastKnownGoodIntervalMillis: 115000, mRegistrationId: 199076139, mIsHeartbeatPaused: true
06-08 20:04:38.715 3906 4558 I TComm.HeartbeatConnecti: enqueueScheduleHeartbeatNotification - enqueue task; SocketHeartbeatState: socket: {1: wss://dp-gw-na.amazon.com:443/tcomm/}(TUNING_FINISHED) Purpose:Regular; Attributes: SECURE;REUSABLE;, socket hashCode: 131356350, idleTimeBeforeHeartbeat: 100047, heartbeatResponseReceived: true, heartbeatAttempts: 1, heartbeatState: mHid: ConservativeHID: lastKnownGoodIntervalMillis: 115000, mRegistrationId: 199076139, mIsHeartbeatPaused: true: SocketHeartbeatState: socket: {1: wss://dp-gw-na.amazon.com:443/tcomm/}(TUNING_FINISHED) Purpose:Regular; Attributes: SECURE;REUSABLE;, socket hashCode: 131356350, idleTimeBeforeHeartbeat: 100047, heartbeatResponseReceived: true, heartbeatAttempts: 1, heartbeatState: mHid: ConservativeHID: lastKnownGoodIntervalMillis: 115000, mRegistrationId: 199076139, mIsHeartbeatPaused: true
06-08 20:04:38.715 3906 4558 I TComm.WakeLockImpl: acquire - acquire WakeLock; refCount: 2, tag: TComm.HeartbeatConnectionHealthManager, lock: WakeLock{4cddd81 held=true, refCount=2}
06-08 20:04:38.715 3906 4558 I TComm.WakeLockImpl: release - release WakeLock; refCount: 1, duration: 0, tag: TComm.HeartbeatConnectionHealthManager, lock: WakeLock{4cddd81 held=true, refCount=1}
06-08 20:04:38.720 3906 4558 I TComm.HeartbeatConnecti: run - schedule heartbeat; registrationId: 199076139, intervalMin: 100000, intervalMax: 115000, socketInfo: SocketHeartbeatState: socket: {1: wss://dp-gw-na.amazon.com:443/tcomm/}(TUNING_FINISHED) Purpose:Regular; Attributes: SECURE;REUSABLE;, socket hashCode: 131356350, idleTimeBeforeHeartbeat: 100047, heartbeatResponseReceived: true, heartbeatAttempts: 1, heartbeatState: mHid: ConservativeHID: lastKnownGoodIntervalMillis: 115000, mRegistrationId: 199076139, mIsHeartbeatPaused: true
06-08 20:04:38.722 3906 4558 I GenericNetworkOptimizationManagerImpl: Setting inexact alarm: delay=100000, length=15000
06-08 20:04:38.723 3906 4558 D GenericNetworkOptimizationManagerImpl: Registered: ComponentInfo{com.amazon.tcomm/com.amazon.communication.heartbeat.HeartbeatBroadcastReceiver}; Registration ID: 199076139; Data Size KB: 1; Min Delay Millis: 100000; Max Delay Millis: 115000; Repeat Interval Millis: 0; Mobile?: true; WIFI?: true; Roaming?: falseRequire Charing?: falseRequire Device Idle?: false
06-08 20:04:38.726 3906 4558 I TComm.WakeLockImpl: release - release WakeLock; refCount: 0, duration: 0, tag: TComm.HeartbeatConnectionHealthManager, lock: WakeLock{4cddd81 held=false, refCount=0}
06-08 20:04:40.449 3140 3332 I AUDIOALG: asyncProcess : process @@@
06-08 20:04:40.451 3140 3332 I AUDIOALG: RefDlyEstimation: maxRxy 0.000000 maxPos 0
06-08 20:04:40.451 3140 3332 I AUDIOALG: asyncProcess : waiting...
06-08 20:04:42.494 3140 3332 I AUDIOALG: asyncProcess : process @@@
06-08 20:04:42.502 3140 3332 I AUDIOALG: RefDlyEstimation: maxRxy 0.000000 maxPos 0
06-08 20:04:42.502 3140 3332 I AUDIOALG: asyncProcess : waiting...
06-08 20:04:43.282 3370 3460 W BestClock: java.time.DateTimeException: Missing NTP fix
06-08 20:04:43.304 3370 3460 W BestClock: java.time.DateTimeException: Missing NTP fix
06-08 20:04:43.306 3370 3461 W BestClock: java.time.DateTimeException: Missing NTP fix
06-08 20:04:43.540 3140 20207 I Node : dolby-audio-meter, AdapterPcmSystem adapter audio meter: channel 0; audio level: 0.000
06-08 20:04:43.540 3140 20207 I Node : dolby-audio-meter, AdapterPcmSystem adapter audio meter: channel 1; audio level: 0.000
06-08 20:04:43.540 3140 20207 I RendererNode: dolby-audio-meter, Renderer renderer audio meter: channel 0; audio level: 0.000
06-08 20:04:43.540 3140 20207 I RendererNode: dolby-audio-meter, Renderer renderer audio meter: channel 1; audio level: 0.000
06-08 20:04:43.540 3140 20207 I RendererNode: dolby-audio-meter, Renderer renderer audio meter: channel 2; audio level: 0.000
06-08 20:04:43.540 3140 20207 I RendererNode: dolby-audio-meter, Renderer renderer audio meter: channel 3; audio level: 0.000
06-08 20:04:43.540 3140 20207 I RendererNode: dolby-audio-meter, Renderer renderer audio meter: channel 4; audio level: 0.000
06-08 20:04:43.540 3140 20207 I RendererNode: dolby-audio-meter, Renderer renderer audio meter: channel 5; audio level: 0.000
06-08 20:04:43.540 3140 20207 I Node : dolby-audio-meter, AdapterPcmOut adapter audio meter: channel 0; audio level: 0.000
06-08 20:04:43.540 3140 20207 I Node : dolby-audio-meter, AdapterPcmOut adapter audio meter: channel 1; audio level: 0.000
06-08 20:04:44.544 3140 3332 I AUDIOALG: asyncProcess : process @@@
06-08 20:04:44.546 3140 3332 I AUDIOALG: RefDlyEstimation: maxRxy 0.000000 maxPos 0
06-08 20:04:44.546 3140 3332 I AUDIOALG: asyncProcess : waiting...
06-08 20:04:46.590 3140 3332 I AUDIOALG: asyncProcess : process @@@
06-08 20:04:46.592 3140 3332 I AUDIOALG: RefDlyEstimation: maxRxy 0.000000 maxPos 0
06-08 20:04:46.592 3140 3332 I AUDIOALG: asyncProcess : waiting...
06-08 20:04:48.639 3140 3332 I AUDIOALG: asyncProcess : process @@@
06-08 20:04:48.642 3140 3332 I AUDIOALG: RefDlyEstimation: maxRxy 0.000000 maxPos 0
06-08 20:04:48.642 3140 3332 I AUDIOALG: asyncProcess : waiting...
06-08 20:04:50.686 3140 3332 I AUDIOALG: asyncProcess : process @@@
06-08 20:04:50.689 3140 3332 I AUDIOALG: RefDlyEstimation: maxRxy 0.000000 maxPos 0
06-08 20:04:50.689 3140 3332 I AUDIOALG: asyncProcess : waiting...
06-08 20:04:52.734 3140 3332 I AUDIOALG: asyncProcess : process @@@
06-08 20:04:52.736 3140 3332 I AUDIOALG: RefDlyEstimation: maxRxy 0.000000 maxPos 0
06-08 20:04:52.736 3140 3332 I AUDIOALG: asyncProcess : waiting...
06-08 20:04:53.545 3140 20207 I Node : dolby-audio-meter, AdapterPcmSystem adapter audio meter: channel 0; audio level: 0.000
06-08 20:04:53.545 3140 20207 I Node : dolby-audio-meter, AdapterPcmSystem adapter audio meter: channel 1; audio level: 0.000
06-08 20:04:53.545 3140 20207 I RendererNode: dolby-audio-meter, Renderer renderer audio meter: channel 0; audio level: 0.000
06-08 20:04:53.545 3140 20207 I RendererNode: dolby-audio-meter, Renderer renderer audio meter: channel 1; audio level: 0.000
06-08 20:04:53.545 3140 20207 I RendererNode: dolby-audio-meter, Renderer renderer audio meter: channel 2; audio level: 0.000
06-08 20:04:53.545 3140 20207 I RendererNode: dolby-audio-meter, Renderer renderer audio meter: channel 3; audio level: 0.000
06-08 20:04:53.545 3140 20207 I RendererNode: dolby-audio-meter, Renderer renderer audio meter: channel 4; audio level: 0.000
06-08 20:04:53.545 3140 20207 I RendererNode: dolby-audio-meter, Renderer renderer audio meter: channel 5; audio level: 0.000
06-08 20:04:53.545 3140 20207 I Node : dolby-audio-meter, AdapterPcmOut adapter audio meter: channel 0; audio level: 0.000
06-08 20:04:53.545 3140 20207 I Node : dolby-audio-meter, AdapterPcmOut adapter audio meter: channel 1; audio level: 0.000
06-08 20:04:54.782 3140 3332 I AUDIOALG: asyncProcess : process @@@
06-08 20:04:54.784 3140 3332 I AUDIOALG: RefDlyEstimation: maxRxy 0.000000 maxPos 0
06-08 20:04:54.784 3140 3332 I AUDIOALG: asyncProcess : waiting...
06-08 20:04:56.833 3140 3332 I AUDIOALG: asyncProcess : process @@@
06-08 20:04:56.836 3140 3332 I AUDIOALG: RefDlyEstimation: maxRxy 0.000000 maxPos 0
06-08 20:04:56.836 3140 3332 I AUDIOALG: asyncProcess : waiting...
06-08 20:04:58.878 3140 3332 I AUDIOALG: asyncProcess : process @@@
06-08 20:04:58.880 3140 3332 I AUDIOALG: RefDlyEstimation: maxRxy 0.000000 maxPos 0
06-08 20:04:58.880 3140 3332 I AUDIOALG: asyncProcess : waiting...
06-08 20:04:59.941 3370 3460 W BestClock: java.time.DateTimeException: Missing NTP fix
06-08 20:04:59.970 3370 3460 W BestClock: java.time.DateTimeException: Missing NTP fix
06-08 20:04:59.971 3370 3461 W BestClock: java.time.DateTimeException: Missing NTP fix
06-08 20:05:00.926 3140 3332 I AUDIOALG: asyncProcess : process @@@
06-08 20:05:00.929 3140 3332 I AUDIOALG: RefDlyEstimation: maxRxy 0.000000 maxPos 0
06-08 20:05:00.929 3140 3332 I AUDIOALG: asyncProcess : waiting...
06-08 20:05:02.976 3140 3332 I AUDIOALG: asyncProcess : process @@@
06-08 20:05:02.980 3140 3332 I AUDIOALG: RefDlyEstimation: maxRxy 0.000000 maxPos 0
06-08 20:05:02.980 3140 3332 I AUDIOALG: asyncProcess : waiting...
06-08 20:05:03.573 3140 20207 I Node : dolby-audio-meter, AdapterPcmSystem adapter audio meter: channel 0; audio level: 0.000
06-08 20:05:03.573 3140 20207 I Node : dolby-audio-meter, AdapterPcmSystem adapter audio meter: channel 1; audio level: 0.000
06-08 20:05:03.573 3140 20207 I RendererNode: dolby-audio-meter, Renderer renderer audio meter: channel 0; audio level: 0.000
06-08 20:05:03.573 3140 20207 I RendererNode: dolby-audio-meter, Renderer renderer audio meter: channel 1; audio level: 0.000
06-08 20:05:03.573 3140 20207 I RendererNode: dolby-audio-meter, Renderer renderer audio meter: channel 2; audio level: 0.000
06-08 20:05:03.573 3140 20207 I RendererNode: dolby-audio-meter, Renderer renderer audio meter: channel 3; audio level: 0.000
06-08 20:05:03.573 3140 20207 I RendererNode: dolby-audio-meter, Renderer renderer audio meter: channel 4; audio level: 0.000
06-08 20:05:03.573 3140 20207 I RendererNode: dolby-audio-meter, Renderer renderer audio meter: channel 5; audio level: 0.000
06-08 20:05:03.573 3140 20207 I Node : dolby-audio-meter, AdapterPcmOut adapter audio meter: channel 0; audio level: 0.000
06-08 20:05:03.573 3140 20207 I Node : dolby-audio-meter, AdapterPcmOut adapter audio meter: channel 1; audio level: 0.000
06-08 20:05:04.873 3370 3464 W HalDevMgr: isWifiStarted called but mWifi is null!?
06-08 20:05:04.876 3370 3392 E BatteryExternalStatsWorker: no controller energy info supplied for wifi
06-08 20:05:04.888 3370 3392 E BatteryExternalStatsWorker: no controller energy info supplied for telephony
06-08 20:05:04.892 3134 3134 I PowerHAL: geNumberOfPlatformModes
06-08 20:05:05.022 3140 3332 I AUDIOALG: asyncProcess : process @@@
06-08 20:05:05.024 3140 3332 I AUDIOALG: RefDlyEstimation: maxRxy 0.000000 maxPos 0
06-08 20:05:05.024 3140 3332 I AUDIOALG: asyncProcess : waiting...
06-08 20:05:07.071 3140 3332 I AUDIOALG: asyncProcess : process @@@
06-08 20:05:07.075 3140 3332 I AUDIOALG: RefDlyEstimation: maxRxy 0.000000 maxPos 0
06-08 20:05:07.075 3140 3332 I AUDIOALG: asyncProcess : waiting...
06-08 20:05:09.118 3140 3332 I AUDIOALG: asyncProcess : process @@@
