06-08 20:08:45.395 20034 20056 V Kodi : CAndroidKey: key down (dev:7; src:769; code: 20; repeat: 0; flags: 0x8; alt: no; shift: no; sym: no)
06-08 20:08:45.395 3370 3452 E AmazonProfileService: There is no KEY_CHILD_PIN_PACKAGE_NAME
06-08 20:08:45.395 3370 3452 I AmazonProfileService: Event is not filtered because it is not in filter key list.
06-08 20:08:45.396 3370 3452 I FireTVKeyPolicyManager: Dynamic key mapping has been enabled
06-08 20:08:45.396 3370 3452 I KeyMapManagerUtil: Unknown remote sku id 0. Fetch remote sku id from system property
06-08 20:08:45.396 3370 3452 I FireTVKeyPolicyManager: Dynamic key mapping key intercepted result 0
06-08 20:08:45.396 3370 3451 D AmzPhoneWindowManager: is 20 in key list = false
06-08 20:08:45.398 20034 20056 V Kodi : CAndroidKey: key up (dev:7; src:769; code: 20; repeat: 0; flags: 0x8; alt: no; shift: no; sym: no)
06-08 20:08:45.423 20034 20058 D Kodi : 2021-06-08 20:08:45.423 T:20058 DEBUG : Keyboard: scancode: 0x14, sym: 0x274, unicode: 0x0000, modifier: 0x0
06-08 20:08:45.424 20034 20058 D Kodi : 2021-06-08 20:08:45.424 T:20058 DEBUG : HandleKey: down (0xf081) pressed, action is Down
06-08 20:08:45.424 20034 20058 D Kodi : 2021-06-08 20:08:45.424 T:20058 DEBUG : Keyboard: scancode: 0x14, sym: 0x274, unicode: 0x0000, modifier: 0x0
06-08 20:08:45.455 3566 4099 W bt_btif : bta_hh_le_input_rpt_notify uuid=0x2a4d srv_handle=79 is_bl_svc_primary=1 rpt_id=1 len=3
06-08 20:08:45.456 3370 3452 E AmazonProfileService: There is no KEY_CHILD_PIN_PACKAGE_NAME
06-08 20:08:45.456 3370 3452 I AmazonProfileService: Event is not filtered because it is not in filter key list.
06-08 20:08:45.456 3370 3452 I FireTVKeyPolicyManager: Dynamic key mapping has been enabled
06-08 20:08:45.456 3370 3452 I KeyMapManagerUtil: Unknown remote sku id 0. Fetch remote sku id from system property
06-08 20:08:45.456 3370 3452 I FireTVKeyPolicyManager: Dynamic key mapping key intercepted result 0
06-08 20:08:45.456 3370 3451 D AmzPhoneWindowManager: is 20 in key list = false
06-08 20:08:45.460 20034 20056 V Kodi : CAndroidKey: key down (dev:7; src:769; code: 20; repeat: 0; flags: 0x8; alt: no; shift: no; sym: no)
06-08 20:08:45.485 20034 20058 D Kodi : 2021-06-08 20:08:45.485 T:20058 DEBUG : Keyboard: scancode: 0x14, sym: 0x274, unicode: 0x0000, modifier: 0x0
06-08 20:08:45.485 20034 20058 D Kodi : 2021-06-08 20:08:45.485 T:20058 DEBUG : HandleKey: down (0xf081) pressed, action is Down
06-08 20:08:45.555 3566 4099 W bt_btif : bta_hh_le_input_rpt_notify uuid=0x2a4d srv_handle=79 is_bl_svc_primary=1 rpt_id=1 len=3
06-08 20:08:45.556 3370 3452 E AmazonProfileService: There is no KEY_CHILD_PIN_PACKAGE_NAME
06-08 20:08:45.556 3370 3452 I AmazonProfileService: Event is not filtered because it is not in filter key list.
06-08 20:08:45.556 3370 3452 I FireTVKeyPolicyManager: Dynamic key mapping has been enabled
06-08 20:08:45.556 3370 3452 I KeyMapManagerUtil: Unknown remote sku id 0. Fetch remote sku id from system property
06-08 20:08:45.556 3370 3452 I FireTVKeyPolicyManager: Dynamic key mapping key intercepted result 0
06-08 20:08:45.559 3370 3451 D AmzPhoneWindowManager: is 20 in key list = false
06-08 20:08:45.561 20034 20056 V Kodi : CAndroidKey: key up (dev:7; src:769; code: 20; repeat: 0; flags: 0x8; alt: no; shift: no; sym: no)
06-08 20:08:45.584 20034 20058 D Kodi : 2021-06-08 20:08:45.584 T:20058 DEBUG : Keyboard: scancode: 0x14, sym: 0x274, unicode: 0x0000, modifier: 0x0
06-08 20:08:45.615 3566 4099 W bt_btif : bta_hh_le_input_rpt_notify uuid=0x2a4d srv_handle=79 is_bl_svc_primary=1 rpt_id=1 len=3
06-08 20:08:45.616 3370 3452 E AmazonProfileService: There is no KEY_CHILD_PIN_PACKAGE_NAME
06-08 20:08:45.616 3370 3452 I AmazonProfileService: Event is not filtered because it is not in filter key list.
06-08 20:08:45.616 3370 3452 I FireTVKeyPolicyManager: Dynamic key mapping has been enabled
06-08 20:08:45.616 3370 3452 I KeyMapManagerUtil: Unknown remote sku id 0. Fetch remote sku id from system property
06-08 20:08:45.616 3370 3452 I FireTVKeyPolicyManager: Dynamic key mapping key intercepted result 0
06-08 20:08:45.616 3370 3451 D AmzPhoneWindowManager: is 20 in key list = false
06-08 20:08:45.620 20034 20056 V Kodi : CAndroidKey: key down (dev:7; src:769; code: 20; repeat: 0; flags: 0x8; alt: no; shift: no; sym: no)
06-08 20:08:45.643 20034 20058 D Kodi : 2021-06-08 20:08:45.643 T:20058 DEBUG : Keyboard: scancode: 0x14, sym: 0x274, unicode: 0x0000, modifier: 0x0
06-08 20:08:45.646 20034 20058 D Kodi : 2021-06-08 20:08:45.646 T:20058 DEBUG : HandleKey: down (0xf081) pressed, action is Down
06-08 20:08:45.715 3566 4099 W bt_btif : bta_hh_le_input_rpt_notify uuid=0x2a4d srv_handle=79 is_bl_svc_primary=1 rpt_id=1 len=3
06-08 20:08:45.716 3370 3452 E AmazonProfileService: There is no KEY_CHILD_PIN_PACKAGE_NAME
06-08 20:08:45.716 3370 3452 I AmazonProfileService: Event is not filtered because it is not in filter key list.
06-08 20:08:45.716 3370 3452 I FireTVKeyPolicyManager: Dynamic key mapping has been enabled
06-08 20:08:45.716 3370 3452 I KeyMapManagerUtil: Unknown remote sku id 0. Fetch remote sku id from system property
06-08 20:08:45.716 3370 3452 I FireTVKeyPolicyManager: Dynamic key mapping key intercepted result 0
06-08 20:08:45.717 3370 3451 D AmzPhoneWindowManager: is 20 in key list = false
06-08 20:08:45.719 20034 20056 V Kodi : CAndroidKey: key up (dev:7; src:769; code: 20; repeat: 0; flags: 0x8; alt: no; shift: no; sym: no)
06-08 20:08:45.746 20034 20058 D Kodi : 2021-06-08 20:08:45.745 T:20058 DEBUG : Keyboard: scancode: 0x14, sym: 0x274, unicode: 0x0000, modifier: 0x0
06-08 20:08:45.775 3566 4099 W bt_btif : bta_hh_le_input_rpt_notify uuid=0x2a4d srv_handle=79 is_bl_svc_primary=1 rpt_id=1 len=3
06-08 20:08:45.776 3370 3452 E AmazonProfileService: There is no KEY_CHILD_PIN_PACKAGE_NAME
06-08 20:08:45.776 3370 3452 I AmazonProfileService: Event is not filtered because it is not in filter key list.
06-08 20:08:45.776 3370 3452 I FireTVKeyPolicyManager: Dynamic key mapping has been enabled
06-08 20:08:45.776 3370 3452 I KeyMapManagerUtil: Unknown remote sku id 0. Fetch remote sku id from system property
06-08 20:08:45.776 3370 3452 I FireTVKeyPolicyManager: Dynamic key mapping key intercepted result 0
06-08 20:08:45.776 3370 3451 D AmzPhoneWindowManager: is 20 in key list = false
06-08 20:08:45.783 20034 20056 V Kodi : CAndroidKey: key down (dev:7; src:769; code: 20; repeat: 0; flags: 0x8; alt: no; shift: no; sym: no)
06-08 20:08:45.799 20034 20058 D Kodi : 2021-06-08 20:08:45.799 T:20058 DEBUG : Keyboard: scancode: 0x14, sym: 0x274, unicode: 0x0000, modifier: 0x0
06-08 20:08:45.801 20034 20058 D Kodi : 2021-06-08 20:08:45.801 T:20058 DEBUG : HandleKey: down (0xf081) pressed, action is Down
06-08 20:08:45.855 3566 4099 W bt_btif : bta_hh_le_input_rpt_notify uuid=0x2a4d srv_handle=79 is_bl_svc_primary=1 rpt_id=1 len=3
06-08 20:08:45.856 3370 3452 E AmazonProfileService: There is no KEY_CHILD_PIN_PACKAGE_NAME
06-08 20:08:45.856 3370 3452 I AmazonProfileService: Event is not filtered because it is not in filter key list.
06-08 20:08:45.856 3370 3452 I FireTVKeyPolicyManager: Dynamic key mapping has been enabled
06-08 20:08:45.856 3370 3452 I KeyMapManagerUtil: Unknown remote sku id 0. Fetch remote sku id from system property
06-08 20:08:45.856 3370 3452 I FireTVKeyPolicyManager: Dynamic key mapping key intercepted result 0
06-08 20:08:45.859 3370 3451 D AmzPhoneWindowManager: is 20 in key list = false
06-08 20:08:45.866 20034 20056 V Kodi : CAndroidKey: key up (dev:7; src:769; code: 20; repeat: 0; flags: 0x8; alt: no; shift: no; sym: no)
06-08 20:08:45.881 20034 20058 D Kodi : 2021-06-08 20:08:45.881 T:20058 DEBUG : Keyboard: scancode: 0x14, sym: 0x274, unicode: 0x0000, modifier: 0x0
06-08 20:08:46.035 3566 4099 W bt_btif : bta_hh_le_input_rpt_notify uuid=0x2a4d srv_handle=79 is_bl_svc_primary=1 rpt_id=1 len=3
06-08 20:08:46.036 3370 3452 E AmazonProfileService: There is no KEY_CHILD_PIN_PACKAGE_NAME
06-08 20:08:46.036 3370 3452 I AmazonProfileService: Event is not filtered because it is not in filter key list.
06-08 20:08:46.036 3370 3452 I FireTVKeyPolicyManager: Dynamic key mapping has been enabled
06-08 20:08:46.036 3370 3452 I KeyMapManagerUtil: Unknown remote sku id 0. Fetch remote sku id from system property
06-08 20:08:46.036 3370 3452 I FireTVKeyPolicyManager: Dynamic key mapping key intercepted result 0
06-08 20:08:46.038 3370 3451 D AmzPhoneWindowManager: is 23 in key list = false
06-08 20:08:46.045 20034 20056 V Kodi : CAndroidKey: key down (dev:7; src:769; code: 23; repeat: 0; flags: 0x8; alt: no; shift: no; sym: no)
06-08 20:08:46.060 20034 20058 D Kodi : 2021-06-08 20:08:46.060 T:20058 DEBUG : Keyboard: scancode: 0x17, sym: 0x13, unicode: 0x0000, modifier: 0x0
06-08 20:08:46.136 3566 4099 W bt_btif : bta_hh_le_input_rpt_notify uuid=0x2a4d srv_handle=79 is_bl_svc_primary=1 rpt_id=1 len=3
06-08 20:08:46.138 3370 3452 E AmazonProfileService: There is no KEY_CHILD_PIN_PACKAGE_NAME
06-08 20:08:46.138 3370 3452 I AmazonProfileService: Event is not filtered because it is not in filter key list.
06-08 20:08:46.139 3370 3452 I FireTVKeyPolicyManager: Dynamic key mapping has been enabled
06-08 20:08:46.139 3370 3452 I KeyMapManagerUtil: Unknown remote sku id 0. Fetch remote sku id from system property
06-08 20:08:46.139 3370 3452 I FireTVKeyPolicyManager: Dynamic key mapping key intercepted result 0
06-08 20:08:46.143 3370 3451 D AmzPhoneWindowManager: is 23 in key list = false
06-08 20:08:46.150 20034 20056 V Kodi : CAndroidKey: key up (dev:7; src:769; code: 23; repeat: 0; flags: 0x8; alt: no; shift: no; sym: no)
06-08 20:08:46.162 20034 20058 D Kodi : 2021-06-08 20:08:46.162 T:20058 DEBUG : Keyboard: scancode: 0x17, sym: 0x13, unicode: 0x0000, modifier: 0x0
06-08 20:08:46.163 20034 20058 D Kodi : 2021-06-08 20:08:46.163 T:20058 DEBUG : HandleKey: return (0xf00d) pressed, action is Select
06-08 20:08:46.168 20034 20058 D Kodi : 2021-06-08 20:08:46.168 T:20058 DEBUG : CGUIMediaWindow::GetDirectory (plugin://plugin.video.amazon-test/?cat=Browse&mode=Search&opt&page=1&url)
06-08 20:08:46.168 20034 20058 D Kodi : 2021-06-08 20:08:46.168 T:20058 DEBUG : ParentPath = [plugin://plugin.video.amazon-test/]
06-08 20:08:46.169 20034 20824 D Kodi : 2021-06-08 20:08:46.169 T:20824 DEBUG : Thread JobWorker start, auto delete: true
06-08 20:08:46.170 20034 20825 D Kodi : 2021-06-08 20:08:46.170 T:20825 DEBUG : Thread waiting start, auto delete: false
06-08 20:08:46.177 20034 20824 D Kodi : 2021-06-08 20:08:46.177 T:20824 DEBUG : CAddonDatabase::SetLastUsed[plugin.video.amazon-test] took 7 ms
06-08 20:08:46.177 20034 20825 D Kodi : 2021-06-08 20:08:46.177 T:20825 DEBUG : StartScript - calling plugin Amazon VOD('plugin://plugin.video.amazon-test/','1','?cat=Browse&mode=Search&opt&page=1&url','resume:false')
06-08 20:08:46.178 20034 20825 D Kodi : 2021-06-08 20:08:46.178 T:20825 DEBUG : GetLanguageInvoker - Reusing LanguageInvokerThread 15 for script /storage/emulated/0/Android/data/org.xbmc.kodi/files/.kodi/addons/plugin.video.amazon-test/default.py
06-08 20:08:46.178 20034 20826 D Kodi : 2021-06-08 20:08:46.178 T:20826 DEBUG : Thread JobWorker start, auto delete: true
06-08 20:08:46.179 20034 20315 I Kodi : 2021-06-08 20:08:46.179 T:20315 INFO : initializing python engine.
06-08 20:08:46.179 20034 20315 D Kodi : 2021-06-08 20:08:46.179 T:20315 DEBUG : CPythonInvoker(15, /storage/emulated/0/Android/data/org.xbmc.kodi/files/.kodi/addons/plugin.video.amazon-test/default.py): start processing
06-08 20:08:46.179 20034 20315 D Kodi : 2021-06-08 20:08:46.179 T:20315 DEBUG : CPythonInvoker(15, /storage/emulated/0/Android/data/org.xbmc.kodi/files/.kodi/addons/plugin.video.amazon-test/default.py): entering source directory /storage/emulated/0/Android/data/org.xbmc.kodi/files/.kodi/addons/plugin.video.amazon-test
06-08 20:08:46.180 20034 20315 D Kodi : 2021-06-08 20:08:46.180 T:20315 DEBUG : CPythonInvoker(15, /storage/emulated/0/Android/data/org.xbmc.kodi/files/.kodi/addons/plugin.video.amazon-test/default.py): instantiating addon using automatically obtained id of "plugin.video.amazon-test" dependent on version 3.0.0 of the xbmc.python api
06-08 20:08:46.182 20034 20315 D Kodi : 2021-06-08 20:08:46.181 T:20315 DEBUG : [Amazon VOD] Requested {'cat': 'Browse', 'mode': 'Search', 'page': '1'}
06-08 20:08:46.206 3140 3332 I AUDIOALG: asyncProcess : process @@@
06-08 20:08:46.209 3140 3332 I AUDIOALG: RefDlyEstimation: maxRxy 0.000000 maxPos 0
06-08 20:08:46.209 3140 3332 I AUDIOALG: asyncProcess : waiting...
06-08 20:08:46.271 20034 20058 D Kodi : 2021-06-08 20:08:46.271 T:20058 DEBUG : ------ Window Init (DialogBusy.xml) ------
06-08 20:08:46.271 20034 20058 D Kodi : 2021-06-08 20:08:46.271 T:20058 DEBUG : Window DialogBusy.xml was already loaded
06-08 20:08:46.271 20034 20058 D Kodi : 2021-06-08 20:08:46.271 T:20058 DEBUG : Alloc resources: 0.01ms
06-08 20:08:46.272 20034 20058 I Kodi : 2021-06-08 20:08:46.272 T:20058 INFO : Loading skin file: DialogKeyboard.xml, load type: KEEP_IN_MEMORY
06-08 20:08:46.314 20034 20058 D Kodi : 2021-06-08 20:08:46.314 T:20058 DEBUG : Skin file /storage/emulated/0/Android/data/org.xbmc.kodi/files/.kodi/addons/skin.madnox/16x9/DialogKeyboard.xml loaded in 41.91ms
06-08 20:08:46.317 20034 20058 D Kodi : 2021-06-08 20:08:46.317 T:20058 DEBUG : Alloc resources: 44.73ms (42.14 ms skin load)
06-08 20:08:46.338 20034 20058 D Kodi : 2021-06-08 20:08:46.338 T:20058 DEBUG : ------ Window Init (DialogKeyboard.xml) ------
06-08 20:08:46.339 20034 20058 D Kodi : 2021-06-08 20:08:46.339 T:20058 DEBUG : Window DialogKeyboard.xml was already loaded
06-08 20:08:46.339 20034 20058 D Kodi : 2021-06-08 20:08:46.339 T:20058 DEBUG : Alloc resources: 0.43ms
06-08 20:08:47.604 3566 4099 W bt_btif : bta_hh_le_input_rpt_notify uuid=0x2a4d srv_handle=79 is_bl_svc_primary=1 rpt_id=1 len=3
06-08 20:08:47.604 3370 3452 E AmazonProfileService: There is no KEY_CHILD_PIN_PACKAGE_NAME
06-08 20:08:47.604 3370 3452 I AmazonProfileService: Event is not filtered because it is not in filter key list.
06-08 20:08:47.604 3370 3452 I FireTVKeyPolicyManager: Dynamic key mapping has been enabled
06-08 20:08:47.604 3370 3452 I KeyMapManagerUtil: Unknown remote sku id 0. Fetch remote sku id from system property
06-08 20:08:47.604 3370 3452 I FireTVKeyPolicyManager: Dynamic key mapping key intercepted result 0
06-08 20:08:47.606 3370 3451 D AmzPhoneWindowManager: is 22 in key list = false
06-08 20:08:47.610 20034 20056 V Kodi : CAndroidKey: key down (dev:7; src:769; code: 22; repeat: 0; flags: 0x8; alt: no; shift: no; sym: no)
06-08 20:08:47.625 20034 20058 D Kodi : 2021-06-08 20:08:47.625 T:20058 DEBUG : Keyboard: scancode: 0x16, sym: 0x275, unicode: 0x0000, modifier: 0x0
06-08 20:08:47.626 20034 20058 D Kodi : 2021-06-08 20:08:47.626 T:20058 DEBUG : HandleKey: right (0xf083) pressed, trying keyboard action 2
06-08 20:08:47.671 3566 4099 W bt_btif : bta_hh_le_input_rpt_notify uuid=0x2a4d srv_handle=79 is_bl_svc_primary=1 rpt_id=1 len=3
06-08 20:08:47.671 3370 3452 E AmazonProfileService: There is no KEY_CHILD_PIN_PACKAGE_NAME
06-08 20:08:47.671 3370 3452 I AmazonProfileService: Event is not filtered because it is not in filter key list.
06-08 20:08:47.672 3370 3452 I FireTVKeyPolicyManager: Dynamic key mapping has been enabled
06-08 20:08:47.672 3370 3452 I KeyMapManagerUtil: Unknown remote sku id 0. Fetch remote sku id from system property
06-08 20:08:47.672 3370 3452 I FireTVKeyPolicyManager: Dynamic key mapping key intercepted result 0
06-08 20:08:47.672 3370 3451 D AmzPhoneWindowManager: is 22 in key list = false
06-08 20:08:47.674 20034 20056 V Kodi : CAndroidKey: key up (dev:7; src:769; code: 22; repeat: 0; flags: 0x8; alt: no; shift: no; sym: no)
06-08 20:08:47.707 20034 20058 D Kodi : 2021-06-08 20:08:47.707 T:20058 DEBUG : Keyboard: scancode: 0x16, sym: 0x275, unicode: 0x0000, modifier: 0x0
06-08 20:08:47.717 3566 4099 W bt_btif : bta_hh_le_input_rpt_notify uuid=0x2a4d srv_handle=79 is_bl_svc_primary=1 rpt_id=1 len=3
06-08 20:08:47.718 3370 3452 E AmazonProfileService: There is no KEY_CHILD_PIN_PACKAGE_NAME
06-08 20:08:47.718 3370 3452 I AmazonProfileService: Event is not filtered because it is not in filter key list.
06-08 20:08:47.718 3370 3452 I FireTVKeyPolicyManager: Dynamic key mapping has been enabled
06-08 20:08:47.718 3370 3452 I KeyMapManagerUtil: Unknown remote sku id 0. Fetch remote sku id from system property
06-08 20:08:47.718 3370 3452 I FireTVKeyPolicyManager: Dynamic key mapping key intercepted result 0
06-08 20:08:47.722 3370 3451 D AmzPhoneWindowManager: is 22 in key list = false
06-08 20:08:47.723 20034 20056 V Kodi : CAndroidKey: key down (dev:7; src:769; code: 22; repeat: 0; flags: 0x8; alt: no; shift: no; sym: no)
06-08 20:08:47.738 20034 20058 D Kodi : 2021-06-08 20:08:47.738 T:20058 DEBUG : Keyboard: scancode: 0x16, sym: 0x275, unicode: 0x0000, modifier: 0x0
06-08 20:08:47.739 20034 20058 D Kodi : 2021-06-08 20:08:47.739 T:20058 DEBUG : HandleKey: right (0xf083) pressed, trying keyboard action 2
06-08 20:08:47.799 3566 4099 W bt_btif : bta_hh_le_input_rpt_notify uuid=0x2a4d srv_handle=79 is_bl_svc_primary=1 rpt_id=1 len=3
06-08 20:08:47.799 3370 3452 E AmazonProfileService: There is no KEY_CHILD_PIN_PACKAGE_NAME
06-08 20:08:47.800 3370 3452 I AmazonProfileService: Event is not filtered because it is not in filter key list.
06-08 20:08:47.800 3370 3452 I FireTVKeyPolicyManager: Dynamic key mapping has been enabled
06-08 20:08:47.800 3370 3452 I KeyMapManagerUtil: Unknown remote sku id 0. Fetch remote sku id from system property
06-08 20:08:47.800 3370 3452 I FireTVKeyPolicyManager: Dynamic key mapping key intercepted result 0
06-08 20:08:47.800 3370 3451 D AmzPhoneWindowManager: is 22 in key list = false
06-08 20:08:47.802 20034 20056 V Kodi : CAndroidKey: key up (dev:7; src:769; code: 22; repeat: 0; flags: 0x8; alt: no; shift: no; sym: no)
06-08 20:08:47.816 20034 20058 D Kodi : 2021-06-08 20:08:47.816 T:20058 DEBUG : Keyboard: scancode: 0x16, sym: 0x275, unicode: 0x0000, modifier: 0x0
06-08 20:08:47.835 3566 4099 W bt_btif : bta_hh_le_input_rpt_notify uuid=0x2a4d srv_handle=79 is_bl_svc_primary=1 rpt_id=1 len=3
06-08 20:08:47.836 3370 3452 E AmazonProfileService: There is no KEY_CHILD_PIN_PACKAGE_NAME
06-08 20:08:47.836 3370 3452 I AmazonProfileService: Event is not filtered because it is not in filter key list.
06-08 20:08:47.837 3370 3452 I FireTVKeyPolicyManager: Dynamic key mapping has been enabled
06-08 20:08:47.837 3370 3452 I KeyMapManagerUtil: Unknown remote sku id 0. Fetch remote sku id from system property
06-08 20:08:47.837 3370 3452 I FireTVKeyPolicyManager: Dynamic key mapping key intercepted result 0
06-08 20:08:47.838 3370 3451 D AmzPhoneWindowManager: is 22 in key list = false
06-08 20:08:47.839 20034 20056 V Kodi : CAndroidKey: key down (dev:7; src:769; code: 22; repeat: 0; flags: 0x8; alt: no; shift: no; sym: no)
06-08 20:08:47.867 20034 20058 D Kodi : 2021-06-08 20:08:47.867 T:20058 DEBUG : Keyboard: scancode: 0x16, sym: 0x275, unicode: 0x0000, modifier: 0x0
06-08 20:08:47.867 20034 20058 D Kodi : 2021-06-08 20:08:47.867 T:20058 DEBUG : HandleKey: right (0xf083) pressed, trying keyboard action 2
06-08 20:08:47.935 3566 4099 W bt_btif : bta_hh_le_input_rpt_notify uuid=0x2a4d srv_handle=79 is_bl_svc_primary=1 rpt_id=1 len=3
06-08 20:08:47.936 3370 3452 E AmazonProfileService: There is no KEY_CHILD_PIN_PACKAGE_NAME
06-08 20:08:47.936 3370 3452 I AmazonProfileService: Event is not filtered because it is not in filter key list.
06-08 20:08:47.936 3370 3452 I FireTVKeyPolicyManager: Dynamic key mapping has been enabled
06-08 20:08:47.936 3370 3452 I KeyMapManagerUtil: Unknown remote sku id 0. Fetch remote sku id from system property
06-08 20:08:47.936 3370 3452 I FireTVKeyPolicyManager: Dynamic key mapping key intercepted result 0
06-08 20:08:47.939 3370 3451 D AmzPhoneWindowManager: is 22 in key list = false
06-08 20:08:47.942 20034 20056 V Kodi : CAndroidKey: key up (dev:7; src:769; code: 22; repeat: 0; flags: 0x8; alt: no; shift: no; sym: no)
06-08 20:08:47.956 20034 20058 D Kodi : 2021-06-08 20:08:47.956 T:20058 DEBUG : Keyboard: scancode: 0x16, sym: 0x275, unicode: 0x0000, modifier: 0x0
06-08 20:08:48.098 3566 4099 W bt_btif : bta_hh_le_input_rpt_notify uuid=0x2a4d srv_handle=79 is_bl_svc_primary=1 rpt_id=1 len=3
06-08 20:08:48.098 3370 3452 E AmazonProfileService: There is no KEY_CHILD_PIN_PACKAGE_NAME
06-08 20:08:48.098 3370 3452 I AmazonProfileService: Event is not filtered because it is not in filter key list.
06-08 20:08:48.098 3370 3452 I FireTVKeyPolicyManager: Dynamic key mapping has been enabled
06-08 20:08:48.099 3370 3452 I KeyMapManagerUtil: Unknown remote sku id 0. Fetch remote sku id from system property
06-08 20:08:48.100 3370 3452 I FireTVKeyPolicyManager: Dynamic key mapping key intercepted result 0
06-08 20:08:48.101 3370 3451 D AmzPhoneWindowManager: is 19 in key list = false
06-08 20:08:48.102 20034 20056 V Kodi : CAndroidKey: key down (dev:7; src:769; code: 19; repeat: 0; flags: 0x8; alt: no; shift: no; sym: no)
06-08 20:08:48.115 20034 20058 D Kodi : 2021-06-08 20:08:48.115 T:20058 DEBUG : Keyboard: scancode: 0x13, sym: 0x273, unicode: 0x0000, modifier: 0x0
06-08 20:08:48.116 20034 20058 D Kodi : 2021-06-08 20:08:48.116 T:20058 DEBUG : HandleKey: up (0xf080) pressed, trying keyboard action 3
06-08 20:08:48.179 3566 4099 W bt_btif : bta_hh_le_input_rpt_notify uuid=0x2a4d srv_handle=79 is_bl_svc_primary=1 rpt_id=1 len=3
06-08 20:08:48.179 3370 3452 E AmazonProfileService: There is no KEY_CHILD_PIN_PACKAGE_NAME
06-08 20:08:48.179 3370 3452 I AmazonProfileService: Event is not filtered because it is not in filter key list.
06-08 20:08:48.179 3370 3452 I FireTVKeyPolicyManager: Dynamic key mapping has been enabled
06-08 20:08:48.180 3370 3452 I KeyMapManagerUtil: Unknown remote sku id 0. Fetch remote sku id from system property
06-08 20:08:48.180 3370 3452 I FireTVKeyPolicyManager: Dynamic key mapping key intercepted result 0
06-08 20:08:48.181 3370 3451 D AmzPhoneWindowManager: is 19 in key list = false
06-08 20:08:48.182 20034 20056 V Kodi : CAndroidKey: key up (dev:7; src:769; code: 19; repeat: 0; flags: 0x8; alt: no; shift: no; sym: no)
06-08 20:08:48.197 20034 20058 D Kodi : 2021-06-08 20:08:48.197 T:20058 DEBUG : Keyboard: scancode: 0x13, sym: 0x273, unicode: 0x0000, modifier: 0x0
06-08 20:08:48.236 3566 4099 W bt_btif : bta_hh_le_input_rpt_notify uuid=0x2a4d srv_handle=79 is_bl_svc_primary=1 rpt_id=1 len=3
06-08 20:08:48.236 3370 3452 E AmazonProfileService: There is no KEY_CHILD_PIN_PACKAGE_NAME
06-08 20:08:48.236 3370 3452 I AmazonProfileService: Event is not filtered because it is not in filter key list.
06-08 20:08:48.236 3370 3452 I FireTVKeyPolicyManager: Dynamic key mapping has been enabled
06-08 20:08:48.236 3370 3452 I KeyMapManagerUtil: Unknown remote sku id 0. Fetch remote sku id from system property
06-08 20:08:48.236 3370 3452 I FireTVKeyPolicyManager: Dynamic key mapping key intercepted result 0
06-08 20:08:48.238 3370 3451 D AmzPhoneWindowManager: is 19 in key list = false
06-08 20:08:48.241 20034 20056 V Kodi : CAndroidKey: key down (dev:7; src:769; code: 19; repeat: 0; flags: 0x8; alt: no; shift: no; sym: no)
06-08 20:08:48.252 20034 20058 D Kodi : 2021-06-08 20:08:48.252 T:20058 DEBUG : Keyboard: scancode: 0x13, sym: 0x273, unicode: 0x0000, modifier: 0x0
06-08 20:08:48.252 20034 20058 D Kodi : 2021-06-08 20:08:48.252 T:20058 DEBUG : HandleKey: up (0xf080) pressed, trying keyboard action 3
06-08 20:08:48.257 3140 3332 I AUDIOALG: asyncProcess : process @@@
06-08 20:08:48.261 3140 3332 I AUDIOALG: RefDlyEstimation: maxRxy 0.000000 maxPos 0
06-08 20:08:48.261 3140 3332 I AUDIOALG: asyncProcess : waiting...
06-08 20:08:48.316 3566 4099 W bt_btif : bta_hh_le_input_rpt_notify uuid=0x2a4d srv_handle=79 is_bl_svc_primary=1 rpt_id=1 len=3
06-08 20:08:48.316 3370 3452 E AmazonProfileService: There is no KEY_CHILD_PIN_PACKAGE_NAME
06-08 20:08:48.316 3370 3452 I AmazonProfileService: Event is not filtered because it is not in filter key list.
06-08 20:08:48.316 3370 3452 I FireTVKeyPolicyManager: Dynamic key mapping has been enabled
06-08 20:08:48.316 3370 3452 I KeyMapManagerUtil: Unknown remote sku id 0. Fetch remote sku id from system property
06-08 20:08:48.316 3370 3452 I FireTVKeyPolicyManager: Dynamic key mapping key intercepted result 0
06-08 20:08:48.317 3370 3451 D AmzPhoneWindowManager: is 19 in key list = false
06-08 20:08:48.318 20034 20056 V Kodi : CAndroidKey: key up (dev:7; src:769; code: 19; repeat: 0; flags: 0x8; alt: no; shift: no; sym: no)
06-08 20:08:48.330 20034 20058 D Kodi : 2021-06-08 20:08:48.330 T:20058 DEBUG : Keyboard: scancode: 0x13, sym: 0x273, unicode: 0x0000, modifier: 0x0
06-08 20:08:48.375 3566 4099 W bt_btif : bta_hh_le_input_rpt_notify uuid=0x2a4d srv_handle=79 is_bl_svc_primary=1 rpt_id=1 len=3
06-08 20:08:48.376 3370 3452 E AmazonProfileService: There is no KEY_CHILD_PIN_PACKAGE_NAME
06-08 20:08:48.376 3370 3452 I AmazonProfileService: Event is not filtered because it is not in filter key list.
06-08 20:08:48.376 3370 3452 I FireTVKeyPolicyManager: Dynamic key mapping has been enabled
06-08 20:08:48.376 3370 3452 I KeyMapManagerUtil: Unknown remote sku id 0. Fetch remote sku id from system property
06-08 20:08:48.376 3370 3452 I FireTVKeyPolicyManager: Dynamic key mapping key intercepted result 0
06-08 20:08:48.378 3370 3451 D AmzPhoneWindowManager: is 19 in key list = false
06-08 20:08:48.379 20034 20056 V Kodi : CAndroidKey: key down (dev:7; src:769; code: 19; repeat: 0; flags: 0x8; alt: no; shift: no; sym: no)
06-08 20:08:48.393 3566 4099 W bt_btif : bta_hh_le_input_rpt_notify uuid=0x2a19 srv_handle=64 is_bl_svc_primary=1 rpt_id=3 len=1
06-08 20:08:48.394 3566 3727 D BluetoothHidHostServiceJni: call to battery_level_callback
06-08 20:08:48.397 4962 4962 D RemoteBatteryLevelReceiver: AmazonBluetoothInputDevice.ACTION_BATTERY_LEVEL_UPDATE received
06-08 20:08:48.391 3133 3133 W memtrack@1.0-se: type=1400 audit(0.0:1934): avc: denied { search } for name="19917" dev="proc" ino=350955 scontext=u:r:hal_memtrack_default:s0 tcontext=u:r:amazon_app:s0 tclass=dir permissive=0
06-08 20:08:48.400 4962 4962 D ConnectivityCtrlService: handle intent action:com.amazon.device.action.BATTERY_LEVEL
06-08 20:08:48.400 4962 5050 I ConnectivityCtrlService: handleRemoteBatteryEvent...device address [xx:xx:66:xx:xx:FE],newLevel:[69]
06-08 20:08:48.400 4962 5050 E ConnectivityCtrlService: Ignoring battery level as it is same as current battery level
06-08 20:08:48.401 3370 5671 W BroadcastQueue: Background execution not allowed: receiving Intent { act=amazon.bluetooth.input.profile.action.BATTERY_LEVEL_UPDATE flg=0x4000010 (has extras) } to com.amazon.device.rdmapplication/.services.RemoteBatteryLevelReceiver
06-08 20:08:48.414 20034 20058 D Kodi : 2021-06-08 20:08:48.414 T:20058 DEBUG : Keyboard: scancode: 0x13, sym: 0x273, unicode: 0x0000, modifier: 0x0
06-08 20:08:48.415 20034 20058 D Kodi : 2021-06-08 20:08:48.415 T:20058 DEBUG : HandleKey: up (0xf080) pressed, trying keyboard action 3
06-08 20:08:48.480 3566 4099 W bt_btif : bta_hh_le_input_rpt_notify uuid=0x2a4d srv_handle=79 is_bl_svc_primary=1 rpt_id=1 len=3
06-08 20:08:48.480 3370 3452 E AmazonProfileService: There is no KEY_CHILD_PIN_PACKAGE_NAME
06-08 20:08:48.480 3370 3452 I AmazonProfileService: Event is not filtered because it is not in filter key list.
06-08 20:08:48.481 3370 3452 I FireTVKeyPolicyManager: Dynamic key mapping has been enabled
06-08 20:08:48.481 3370 3452 I KeyMapManagerUtil: Unknown remote sku id 0. Fetch remote sku id from system property
06-08 20:08:48.481 3370 3452 I FireTVKeyPolicyManager: Dynamic key mapping key intercepted result 0
06-08 20:08:48.483 3370 3451 D AmzPhoneWindowManager: is 19 in key list = false
06-08 20:08:48.485 20034 20056 V Kodi : CAndroidKey: key up (dev:7; src:769; code: 19; repeat: 0; flags: 0x8; alt: no; shift: no; sym: no)
06-08 20:08:48.497 20034 20058 D Kodi : 2021-06-08 20:08:48.497 T:20058 DEBUG : Keyboard: scancode: 0x13, sym: 0x273, unicode: 0x0000, modifier: 0x0
06-08 20:08:48.661 3566 4099 W bt_btif : bta_hh_le_input_rpt_notify uuid=0x2a4d srv_handle=79 is_bl_svc_primary=1 rpt_id=1 len=3
06-08 20:08:48.661 3370 3452 E AmazonProfileService: There is no KEY_CHILD_PIN_PACKAGE_NAME
06-08 20:08:48.661 3370 3452 I AmazonProfileService: Event is not filtered because it is not in filter key list.
06-08 20:08:48.661 3370 3452 I FireTVKeyPolicyManager: Dynamic key mapping has been enabled
06-08 20:08:48.661 3370 3452 I KeyMapManagerUtil: Unknown remote sku id 0. Fetch remote sku id from system property
06-08 20:08:48.661 3370 3452 I FireTVKeyPolicyManager: Dynamic key mapping key intercepted result 0
06-08 20:08:48.663 3370 3451 D AmzPhoneWindowManager: is 19 in key list = false
06-08 20:08:48.666 20034 20056 V Kodi : CAndroidKey: key down (dev:7; src:769; code: 19; repeat: 0; flags: 0x8; alt: no; shift: no; sym: no)
06-08 20:08:48.680 20034 20058 D Kodi : 2021-06-08 20:08:48.680 T:20058 DEBUG : Keyboard: scancode: 0x13, sym: 0x273, unicode: 0x0000, modifier: 0x0
06-08 20:08:48.681 20034 20058 D Kodi : 2021-06-08 20:08:48.681 T:20058 DEBUG : HandleKey: up (0xf080) pressed, trying keyboard action 3
06-08 20:08:48.755 3566 4099 W bt_btif : bta_hh_le_input_rpt_notify uuid=0x2a4d srv_handle=79 is_bl_svc_primary=1 rpt_id=1 len=3
06-08 20:08:48.756 3370 3452 E AmazonProfileService: There is no KEY_CHILD_PIN_PACKAGE_NAME
06-08 20:08:48.756 3370 3452 I AmazonProfileService: Event is not filtered because it is not in filter key list.
06-08 20:08:48.756 3370 3452 I FireTVKeyPolicyManager: Dynamic key mapping has been enabled
06-08 20:08:48.756 3370 3452 I KeyMapManagerUtil: Unknown remote sku id 0. Fetch remote sku id from system property
06-08 20:08:48.756 3370 3452 I FireTVKeyPolicyManager: Dynamic key mapping key intercepted result 0
06-08 20:08:48.756 3370 3451 D AmzPhoneWindowManager: is 19 in key list = false
06-08 20:08:48.758 20034 20056 V Kodi : CAndroidKey: key up (dev:7; src:769; code: 19; repeat: 0; flags: 0x8; alt: no; shift: no; sym: no)
06-08 20:08:48.785 20034 20058 D Kodi : 2021-06-08 20:08:48.785 T:20058 DEBUG : Keyboard: scancode: 0x13, sym: 0x273, unicode: 0x0000, modifier: 0x0
06-08 20:08:48.856 3566 4099 W bt_btif : bta_hh_le_input_rpt_notify uuid=0x2a4d srv_handle=79 is_bl_svc_primary=1 rpt_id=1 len=3
06-08 20:08:48.856 3370 3452 E AmazonProfileService: There is no KEY_CHILD_PIN_PACKAGE_NAME
06-08 20:08:48.856 3370 3452 I AmazonProfileService: Event is not filtered because it is not in filter key list.
06-08 20:08:48.856 3370 3452 I FireTVKeyPolicyManager: Dynamic key mapping has been enabled
06-08 20:08:48.856 3370 3452 I KeyMapManagerUtil: Unknown remote sku id 0. Fetch remote sku id from system property
06-08 20:08:48.857 3370 3452 I FireTVKeyPolicyManager: Dynamic key mapping key intercepted result 0
06-08 20:08:48.858 3370 3451 D AmzPhoneWindowManager: is 19 in key list = false
06-08 20:08:48.860 20034 20056 V Kodi : CAndroidKey: key down (dev:7; src:769; code: 19; repeat: 0; flags: 0x8; alt: no; shift: no; sym: no)
06-08 20:08:48.888 20034 20058 D Kodi : 2021-06-08 20:08:48.888 T:20058 DEBUG : Keyboard: scancode: 0x13, sym: 0x273, unicode: 0x0000, modifier: 0x0
06-08 20:08:48.889 20034 20058 D Kodi : 2021-06-08 20:08:48.889 T:20058 DEBUG : HandleKey: up (0xf080) pressed, trying keyboard action 3
06-08 20:08:48.956 3566 4099 W bt_btif : bta_hh_le_input_rpt_notify uuid=0x2a4d srv_handle=79 is_bl_svc_primary=1 rpt_id=1 len=3
06-08 20:08:48.956 3370 3452 E AmazonProfileService: There is no KEY_CHILD_PIN_PACKAGE_NAME
06-08 20:08:48.956 3370 3452 I AmazonProfileService: Event is not filtered because it is not in filter key list.
06-08 20:08:48.956 3370 3452 I FireTVKeyPolicyManager: Dynamic key mapping has been enabled
06-08 20:08:48.956 3370 3452 I KeyMapManagerUtil: Unknown remote sku id 0. Fetch remote sku id from system property
06-08 20:08:48.957 3370 3452 I FireTVKeyPolicyManager: Dynamic key mapping key intercepted result 0
06-08 20:08:48.958 3370 3451 D AmzPhoneWindowManager: is 19 in key list = false
06-08 20:08:48.961 20034 20056 V Kodi : CAndroidKey: key up (dev:7; src:769; code: 19; repeat: 0; flags: 0x8; alt: no; shift: no; sym: no)
06-08 20:08:48.996 20034 20058 D Kodi : 2021-06-08 20:08:48.996 T:20058 DEBUG : Keyboard: scancode: 0x13, sym: 0x273, unicode: 0x0000, modifier: 0x0
06-08 20:08:49.257 3566 4099 W bt_btif : bta_hh_le_input_rpt_notify uuid=0x2a4d srv_handle=79 is_bl_svc_primary=1 rpt_id=1 len=3
06-08 20:08:49.257 3370 3452 E AmazonProfileService: There is no KEY_CHILD_PIN_PACKAGE_NAME
06-08 20:08:49.257 3370 3452 I AmazonProfileService: Event is not filtered because it is not in filter key list.
06-08 20:08:49.257 3370 3452 I FireTVKeyPolicyManager: Dynamic key mapping has been enabled
06-08 20:08:49.257 3370 3452 I KeyMapManagerUtil: Unknown remote sku id 0. Fetch remote sku id from system property
06-08 20:08:49.257 3370 3452 I FireTVKeyPolicyManager: Dynamic key mapping key intercepted result 0
06-08 20:08:49.260 3370 3451 D AmzPhoneWindowManager: is 21 in key list = false
06-08 20:08:49.262 20034 20056 V Kodi : CAndroidKey: key down (dev:7; src:769; code: 21; repeat: 0; flags: 0x8; alt: no; shift: no; sym: no)
06-08 20:08:49.276 20034 20058 D Kodi : 2021-06-08 20:08:49.276 T:20058 DEBUG : Keyboard: scancode: 0x15, sym: 0x276, unicode: 0x0000, modifier: 0x0
06-08 20:08:49.277 20034 20058 D Kodi : 2021-06-08 20:08:49.277 T:20058 DEBUG : HandleKey: left (0xf082) pressed, trying keyboard action 1
06-08 20:08:49.362 3566 4099 W bt_btif : bta_hh_le_input_rpt_notify uuid=0x2a4d srv_handle=79 is_bl_svc_primary=1 rpt_id=1 len=3
06-08 20:08:49.363 3370 3452 E AmazonProfileService: There is no KEY_CHILD_PIN_PACKAGE_NAME
06-08 20:08:49.363 3370 3452 I AmazonProfileService: Event is not filtered because it is not in filter key list.
06-08 20:08:49.363 3370 3452 I FireTVKeyPolicyManager: Dynamic key mapping has been enabled
06-08 20:08:49.363 3370 3452 I KeyMapManagerUtil: Unknown remote sku id 0. Fetch remote sku id from system property
06-08 20:08:49.363 3370 3452 I FireTVKeyPolicyManager: Dynamic key mapping key intercepted result 0
06-08 20:08:49.364 3370 3451 D AmzPhoneWindowManager: is 21 in key list = false
06-08 20:08:49.366 20034 20056 V Kodi : CAndroidKey: key up (dev:7; src:769; code: 21; repeat: 0; flags: 0x8; alt: no; shift: no; sym: no)
06-08 20:08:49.379 20034 20058 D Kodi : 2021-06-08 20:08:49.379 T:20058 DEBUG : Keyboard: scancode: 0x15, sym: 0x276, unicode: 0x0000, modifier: 0x0
06-08 20:08:49.795 3566 4099 W bt_btif : bta_hh_le_input_rpt_notify uuid=0x2a4d srv_handle=79 is_bl_svc_primary=1 rpt_id=1 len=3
06-08 20:08:49.795 3370 3452 E AmazonProfileService: There is no KEY_CHILD_PIN_PACKAGE_NAME
06-08 20:08:49.795 3370 3452 I AmazonProfileService: Event is not filtered because it is not in filter key list.
06-08 20:08:49.795 3370 3452 I FireTVKeyPolicyManager: Dynamic key mapping has been enabled
06-08 20:08:49.795 3370 3452 I KeyMapManagerUtil: Unknown remote sku id 0. Fetch remote sku id from system property
06-08 20:08:49.795 3370 3452 I FireTVKeyPolicyManager: Dynamic key mapping key intercepted result 0
06-08 20:08:49.797 3370 3451 D AmzPhoneWindowManager: is 20 in key list = false
06-08 20:08:49.800 20034 20056 V Kodi : CAndroidKey: key down (dev:7; src:769; code: 20; repeat: 0; flags: 0x8; alt: no; shift: no; sym: no)
06-08 20:08:49.816 20034 20058 D Kodi : 2021-06-08 20:08:49.815 T:20058 DEBUG : Keyboard: scancode: 0x14, sym: 0x274, unicode: 0x0000, modifier: 0x0
06-08 20:08:49.818 20034 20058 D Kodi : 2021-06-08 20:08:49.818 T:20058 DEBUG : HandleKey: down (0xf081) pressed, trying keyboard action 4
06-08 20:08:49.876 3566 4099 W bt_btif : bta_hh_le_input_rpt_notify uuid=0x2a4d srv_handle=79 is_bl_svc_primary=1 rpt_id=1 len=3
06-08 20:08:49.876 3370 3452 E AmazonProfileService: There is no KEY_CHILD_PIN_PACKAGE_NAME
06-08 20:08:49.876 3370 3452 I AmazonProfileService: Event is not filtered because it is not in filter key list.
06-08 20:08:49.876 3370 3452 I FireTVKeyPolicyManager: Dynamic key mapping has been enabled
06-08 20:08:49.876 3370 3452 I KeyMapManagerUtil: Unknown remote sku id 0. Fetch remote sku id from system property
06-08 20:08:49.876 3370 3452 I FireTVKeyPolicyManager: Dynamic key mapping key intercepted result 0
06-08 20:08:49.879 3370 3451 D AmzPhoneWindowManager: is 20 in key list = false
06-08 20:08:49.880 20034 20056 V Kodi : CAndroidKey: key up (dev:7; src:769; code: 20; repeat: 0; flags: 0x8; alt: no; shift: no; sym: no)
06-08 20:08:49.891 20034 20058 D Kodi : 2021-06-08 20:08:49.891 T:20058 DEBUG : Keyboard: scancode: 0x14, sym: 0x274, unicode: 0x0000, modifier: 0x0
06-08 20:08:50.304 3140 3332 I AUDIOALG: asyncProcess : process @@@
06-08 20:08:50.307 3140 3332 I AUDIOALG: RefDlyEstimation: maxRxy 0.000000 maxPos 0
06-08 20:08:50.307 3140 3332 I AUDIOALG: asyncProcess : waiting...
06-08 20:08:50.376 3566 4099 W bt_btif : bta_hh_le_input_rpt_notify uuid=0x2a4d srv_handle=79 is_bl_svc_primary=1 rpt_id=1 len=3
06-08 20:08:50.376 3370 3452 E AmazonProfileService: There is no KEY_CHILD_PIN_PACKAGE_NAME
06-08 20:08:50.376 3370 3452 I AmazonProfileService: Event is not filtered because it is not in filter key list.
06-08 20:08:50.376 3370 3452 I FireTVKeyPolicyManager: Dynamic key mapping has been enabled
06-08 20:08:50.376 3370 3452 I KeyMapManagerUtil: Unknown remote sku id 0. Fetch remote sku id from system property
06-08 20:08:50.376 3370 3452 I FireTVKeyPolicyManager: Dynamic key mapping key intercepted result 0
06-08 20:08:50.379 3370 3451 D AmzPhoneWindowManager: is 21 in key list = false
06-08 20:08:50.381 20034 20056 V Kodi : CAndroidKey: key down (dev:7; src:769; code: 21; repeat: 0; flags: 0x8; alt: no; shift: no; sym: no)
06-08 20:08:50.394 20034 20058 D Kodi : 2021-06-08 20:08:50.394 T:20058 DEBUG : Keyboard: scancode: 0x15, sym: 0x276, unicode: 0x0000, modifier: 0x0
06-08 20:08:50.395 20034 20058 D Kodi : 2021-06-08 20:08:50.395 T:20058 DEBUG : HandleKey: left (0xf082) pressed, trying keyboard action 1
06-08 20:08:50.479 3566 4099 W bt_btif : bta_hh_le_input_rpt_notify uuid=0x2a4d srv_handle=79 is_bl_svc_primary=1 rpt_id=1 len=3
06-08 20:08:50.480 3370 3452 E AmazonProfileService: There is no KEY_CHILD_PIN_PACKAGE_NAME
06-08 20:08:50.480 3370 3452 I AmazonProfileService: Event is not filtered because it is not in filter key list.
06-08 20:08:50.480 3370 3452 I FireTVKeyPolicyManager: Dynamic key mapping has been enabled
06-08 20:08:50.480 3370 3452 I KeyMapManagerUtil: Unknown remote sku id 0. Fetch remote sku id from system property
06-08 20:08:50.480 3370 3452 I FireTVKeyPolicyManager: Dynamic key mapping key intercepted result 0
06-08 20:08:50.482 3370 3451 D AmzPhoneWindowManager: is 21 in key list = false
06-08 20:08:50.486 20034 20056 V Kodi : CAndroidKey: key up (dev:7; src:769; code: 21; repeat: 0; flags: 0x8; alt: no; shift: no; sym: no)
06-08 20:08:50.496 20034 20058 D Kodi : 2021-06-08 20:08:50.496 T:20058 DEBUG : Keyboard: scancode: 0x15, sym: 0x276, unicode: 0x0000, modifier: 0x0
06-08 20:08:50.536 3566 4099 W bt_btif : bta_hh_le_input_rpt_notify uuid=0x2a4d srv_handle=79 is_bl_svc_primary=1 rpt_id=1 len=3
06-08 20:08:50.538 3370 3452 E AmazonProfileService: There is no KEY_CHILD_PIN_PACKAGE_NAME
06-08 20:08:50.538 3370 3452 I AmazonProfileService: Event is not filtered because it is not in filter key list.
06-08 20:08:50.539 3370 3452 I FireTVKeyPolicyManager: Dynamic key mapping has been enabled
06-08 20:08:50.539 3370 3452 I KeyMapManagerUtil: Unknown remote sku id 0. Fetch remote sku id from system property
06-08 20:08:50.539 3370 3452 I FireTVKeyPolicyManager: Dynamic key mapping key intercepted result 0
06-08 20:08:50.540 3370 3451 D AmzPhoneWindowManager: is 21 in key list = false
06-08 20:08:50.541 20034 20056 V Kodi : CAndroidKey: key down (dev:7; src:769; code: 21; repeat: 0; flags: 0x8; alt: no; shift: no; sym: no)
06-08 20:08:50.550 20034 20058 D Kodi : 2021-06-08 20:08:50.550 T:20058 DEBUG : Keyboard: scancode: 0x15, sym: 0x276, unicode: 0x0000, modifier: 0x0
06-08 20:08:50.550 20034 20058 D Kodi : 2021-06-08 20:08:50.550 T:20058 DEBUG : HandleKey: left (0xf082) pressed, trying keyboard action 1
06-08 20:08:50.651 3566 4099 W bt_btif : bta_hh_le_input_rpt_notify uuid=0x2a4d srv_handle=79 is_bl_svc_primary=1 rpt_id=1 len=3
06-08 20:08:50.652 3370 3452 E AmazonProfileService: There is no KEY_CHILD_PIN_PACKAGE_NAME
06-08 20:08:50.652 3370 3452 I AmazonProfileService: Event is not filtered because it is not in filter key list.
06-08 20:08:50.652 3370 3452 I FireTVKeyPolicyManager: Dynamic key mapping has been enabled
06-08 20:08:50.652 3370 3452 I KeyMapManagerUtil: Unknown remote sku id 0. Fetch remote sku id from system property
06-08 20:08:50.652 3370 3452 I FireTVKeyPolicyManager: Dynamic key mapping key intercepted result 0
06-08 20:08:50.653 3370 3451 D AmzPhoneWindowManager: is 21 in key list = false
06-08 20:08:50.657 20034 20056 V Kodi : CAndroidKey: key up (dev:7; src:769; code: 21; repeat: 0; flags: 0x8; alt: no; shift: no; sym: no)
06-08 20:08:50.681 20034 20058 D Kodi : 2021-06-08 20:08:50.681 T:20058 DEBUG : Keyboard: scancode: 0x15, sym: 0x276, unicode: 0x0000, modifier: 0x0
06-08 20:08:50.871 3566 4099 W bt_btif : bta_hh_le_input_rpt_notify uuid=0x2a4d srv_handle=79 is_bl_svc_primary=1 rpt_id=1 len=3
06-08 20:08:50.871 3370 3452 E AmazonProfileService: There is no KEY_CHILD_PIN_PACKAGE_NAME
06-08 20:08:50.872 3370 3452 I AmazonProfileService: Event is not filtered because it is not in filter key list.
06-08 20:08:50.872 3370 3452 I FireTVKeyPolicyManager: Dynamic key mapping has been enabled
06-08 20:08:50.872 3370 3452 I KeyMapManagerUtil: Unknown remote sku id 0. Fetch remote sku id from system property
06-08 20:08:50.872 3370 3452 I FireTVKeyPolicyManager: Dynamic key mapping key intercepted result 0
06-08 20:08:50.874 3370 3451 D AmzPhoneWindowManager: is 20 in key list = false
06-08 20:08:50.875 20034 20056 V Kodi : CAndroidKey: key down (dev:7; src:769; code: 20; repeat: 0; flags: 0x8; alt: no; shift: no; sym: no)
06-08 20:08:50.911 20034 20058 D Kodi : 2021-06-08 20:08:50.911 T:20058 DEBUG : Keyboard: scancode: 0x14, sym: 0x274, unicode: 0x0000, modifier: 0x0
06-08 20:08:50.911 20034 20058 D Kodi : 2021-06-08 20:08:50.911 T:20058 DEBUG : HandleKey: down (0xf081) pressed, trying keyboard action 4
06-08 20:08:50.997 3566 4099 W bt_btif : bta_hh_le_input_rpt_notify uuid=0x2a4d srv_handle=79 is_bl_svc_primary=1 rpt_id=1 len=3
06-08 20:08:50.997 3370 3452 E AmazonProfileService: There is no KEY_CHILD_PIN_PACKAGE_NAME
06-08 20:08:50.997 3370 3452 I AmazonProfileService: Event is not filtered because it is not in filter key list.
06-08 20:08:50.997 3370 3452 I FireTVKeyPolicyManager: Dynamic key mapping has been enabled
06-08 20:08:50.997 3370 3452 I KeyMapManagerUtil: Unknown remote sku id 0. Fetch remote sku id from system property
06-08 20:08:50.997 3370 3452 I FireTVKeyPolicyManager: Dynamic key mapping key intercepted result 0
06-08 20:08:50.999 3370 3451 D AmzPhoneWindowManager: is 20 in key list = false
06-08 20:08:51.001 20034 20056 V Kodi : CAndroidKey: key up (dev:7; src:769; code: 20; repeat: 0; flags: 0x8; alt: no; shift: no; sym: no)
06-08 20:08:51.014 20034 20058 D Kodi : 2021-06-08 20:08:51.014 T:20058 DEBUG : Keyboard: scancode: 0x14, sym: 0x274, unicode: 0x0000, modifier: 0x0
06-08 20:08:51.211 3566 4099 W bt_btif : bta_hh_le_input_rpt_notify uuid=0x2a4d srv_handle=79 is_bl_svc_primary=1 rpt_id=1 len=3
06-08 20:08:51.212 3370 3452 E AmazonProfileService: There is no KEY_CHILD_PIN_PACKAGE_NAME
06-08 20:08:51.212 3370 3452 I AmazonProfileService: Event is not filtered because it is not in filter key list.
06-08 20:08:51.212 3370 3452 I FireTVKeyPolicyManager: Dynamic key mapping has been enabled
06-08 20:08:51.212 3370 3452 I KeyMapManagerUtil: Unknown remote sku id 0. Fetch remote sku id from system property
06-08 20:08:51.212 3370 3452 I FireTVKeyPolicyManager: Dynamic key mapping key intercepted result 0
06-08 20:08:51.214 3370 3451 D AmzPhoneWindowManager: is 22 in key list = false
06-08 20:08:51.215 20034 20056 V Kodi : CAndroidKey: key down (dev:7; src:769; code: 22; repeat: 0; flags: 0x8; alt: no; shift: no; sym: no)
06-08 20:08:51.243 20034 20058 D Kodi : 2021-06-08 20:08:51.243 T:20058 DEBUG : Keyboard: scancode: 0x16, sym: 0x275, unicode: 0x0000, modifier: 0x0
06-08 20:08:51.243 20034 20058 D Kodi : 2021-06-08 20:08:51.243 T:20058 DEBUG : HandleKey: right (0xf083) pressed, trying keyboard action 2
06-08 20:08:51.302 3566 4099 W bt_btif : bta_hh_le_input_rpt_notify uuid=0x2a4d srv_handle=79 is_bl_svc_primary=1 rpt_id=1 len=3
06-08 20:08:51.302 3370 3452 E AmazonProfileService: There is no KEY_CHILD_PIN_PACKAGE_NAME
06-08 20:08:51.304 3370 3452 I AmazonProfileService: Event is not filtered because it is not in filter key list.
06-08 20:08:51.304 3370 3452 I FireTVKeyPolicyManager: Dynamic key mapping has been enabled
06-08 20:08:51.304 3370 3452 I KeyMapManagerUtil: Unknown remote sku id 0. Fetch remote sku id from system property
06-08 20:08:51.304 3370 3452 I FireTVKeyPolicyManager: Dynamic key mapping key intercepted result 0
06-08 20:08:51.304 3370 3451 D AmzPhoneWindowManager: is 22 in key list = false
06-08 20:08:51.306 20034 20056 V Kodi : CAndroidKey: key up (dev:7; src:769; code: 22; repeat: 0; flags: 0x8; alt: no; shift: no; sym: no)
06-08 20:08:51.320 20034 20058 D Kodi : 2021-06-08 20:08:51.320 T:20058 DEBUG : Keyboard: scancode: 0x16, sym: 0x275, unicode: 0x0000, modifier: 0x0
06-08 20:08:51.396 3566 4099 W bt_btif : bta_hh_le_input_rpt_notify uuid=0x2a4d srv_handle=79 is_bl_svc_primary=1 rpt_id=1 len=3
06-08 20:08:51.396 3370 3452 E AmazonProfileService: There is no KEY_CHILD_PIN_PACKAGE_NAME
06-08 20:08:51.396 3370 3452 I AmazonProfileService: Event is not filtered because it is not in filter key list.
06-08 20:08:51.396 3370 3452 I FireTVKeyPolicyManager: Dynamic key mapping has been enabled
06-08 20:08:51.396 3370 3452 I KeyMapManagerUtil: Unknown remote sku id 0. Fetch remote sku id from system property
06-08 20:08:51.396 3370 3452 I FireTVKeyPolicyManager: Dynamic key mapping key intercepted result 0
06-08 20:08:51.402 3370 3451 D AmzPhoneWindowManager: is 22 in key list = false
06-08 20:08:51.407 20034 20056 V Kodi : CAndroidKey: key down (dev:7; src:769; code: 22; repeat: 0; flags: 0x8; alt: no; shift: no; sym: no)
06-08 20:08:51.422 20034 20058 D Kodi : 2021-06-08 20:08:51.422 T:20058 DEBUG : Keyboard: scancode: 0x16, sym: 0x275, unicode: 0x0000, modifier: 0x0
06-08 20:08:51.423 20034 20058 D Kodi : 2021-06-08 20:08:51.423 T:20058 DEBUG : HandleKey: right (0xf083) pressed, trying keyboard action 2
06-08 20:08:51.485 3566 4099 W bt_btif : bta_hh_le_input_rpt_notify uuid=0x2a4d srv_handle=79 is_bl_svc_primary=1 rpt_id=1 len=3
06-08 20:08:51.486 3370 3452 E AmazonProfileService: There is no KEY_CHILD_PIN_PACKAGE_NAME
06-08 20:08:51.486 3370 3452 I AmazonProfileService: Event is not filtered because it is not in filter key list.
06-08 20:08:51.486 3370 3452 I FireTVKeyPolicyManager: Dynamic key mapping has been enabled
06-08 20:08:51.486 3370 3452 I KeyMapManagerUtil: Unknown remote sku id 0. Fetch remote sku id from system property
06-08 20:08:51.487 3370 3452 I FireTVKeyPolicyManager: Dynamic key mapping key intercepted result 0
06-08 20:08:51.487 3370 3451 D AmzPhoneWindowManager: is 22 in key list = false
06-08 20:08:51.488 20034 20056 V Kodi : CAndroidKey: key up (dev:7; src:769; code: 22; repeat: 0; flags: 0x8; alt: no; shift: no; sym: no)
06-08 20:08:51.502 20034 20058 D Kodi : 2021-06-08 20:08:51.501 T:20058 DEBUG : Keyboard: scancode: 0x16, sym: 0x275, unicode: 0x0000, modifier: 0x0
06-08 20:08:51.537 3566 4099 W bt_btif : bta_hh_le_input_rpt_notify uuid=0x2a4d srv_handle=79 is_bl_svc_primary=1 rpt_id=1 len=3
06-08 20:08:51.537 3370 3452 E AmazonProfileService: There is no KEY_CHILD_PIN_PACKAGE_NAME
06-08 20:08:51.538 3370 3452 I AmazonProfileService: Event is not filtered because it is not in filter key list.
06-08 20:08:51.539 3370 3452 I FireTVKeyPolicyManager: Dynamic key mapping has been enabled
06-08 20:08:51.539 3370 3452 I KeyMapManagerUtil: Unknown remote sku id 0. Fetch remote sku id from system property
06-08 20:08:51.539 3370 3452 I FireTVKeyPolicyManager: Dynamic key mapping key intercepted result 0
06-08 20:08:51.540 3370 3451 D AmzPhoneWindowManager: is 22 in key list = false
06-08 20:08:51.542 20034 20056 V Kodi : CAndroidKey: key down (dev:7; src:769; code: 22; repeat: 0; flags: 0x8; alt: no; shift: no; sym: no)
06-08 20:08:51.553 20034 20058 D Kodi : 2021-06-08 20:08:51.553 T:20058 DEBUG : Keyboard: scancode: 0x16, sym: 0x275, unicode: 0x0000, modifier: 0x0
06-08 20:08:51.554 20034 20058 D Kodi : 2021-06-08 20:08:51.554 T:20058 DEBUG : HandleKey: right (0xf083) pressed, trying keyboard action 2
06-08 20:08:51.617 3566 4099 W bt_btif : bta_hh_le_input_rpt_notify uuid=0x2a4d srv_handle=79 is_bl_svc_primary=1 rpt_id=1 len=3
06-08 20:08:51.617 3370 3452 E AmazonProfileService: There is no KEY_CHILD_PIN_PACKAGE_NAME
06-08 20:08:51.617 3370 3452 I AmazonProfileService: Event is not filtered because it is not in filter key list.
06-08 20:08:51.619 3370 3452 I FireTVKeyPolicyManager: Dynamic key mapping has been enabled
06-08 20:08:51.619 3370 3452 I KeyMapManagerUtil: Unknown remote sku id 0. Fetch remote sku id from system property
06-08 20:08:51.619 3370 3452 I FireTVKeyPolicyManager: Dynamic key mapping key intercepted result 0
06-08 20:08:51.619 3370 3451 D AmzPhoneWindowManager: is 22 in key list = false
06-08 20:08:51.622 20034 20056 V Kodi : CAndroidKey: key up (dev:7; src:769; code: 22; repeat: 0; flags: 0x8; alt: no; shift: no; sym: no)
06-08 20:08:51.644 20034 20058 D Kodi : 2021-06-08 20:08:51.644 T:20058 DEBUG : Keyboard: scancode: 0x16, sym: 0x275, unicode: 0x0000, modifier: 0x0
