06-08 19:53:02.896 3370 3755 I AmazonPowerManagerVendorCallback: Wakelock acquired UID:1041 PID:0 Tag:AudioDirectOut
06-08 19:53:02.897 3370 3755 I AmazonPowerManagerVendorCallback: Wakelock released UID:1041 PID:0 Tag:AudioDirectOut
06-08 19:53:02.901 3370 5665 I AmazonPowerManagerVendorCallback: Wakelock acquired UID:1041 PID:0 Tag:AudioDirectOut
06-08 19:53:02.901 3370 5650 I AmazonPowerManagerVendorCallback: Wakelock released UID:1041 PID:0 Tag:AudioDirectOut
06-08 19:53:02.902 3370 5665 I AmazonPowerManagerVendorCallback: Wakelock acquired UID:1041 PID:0 Tag:AudioDirectOut
06-08 19:53:02.904 3370 5665 I AmazonPowerManagerVendorCallback: Wakelock released UID:1041 PID:0 Tag:AudioDirectOut
06-08 19:53:02.904 3370 5665 I AmazonPowerManagerVendorCallback: Wakelock acquired UID:1041 PID:0 Tag:AudioOffload
06-08 19:53:02.905 3370 5665 I AmazonPowerManagerVendorCallback: Wakelock acquired UID:1041 PID:0 Tag:AudioDirectOut
06-08 19:53:02.905 3370 5665 I AmazonPowerManagerVendorCallback: Wakelock released UID:1041 PID:0 Tag:AudioOffload
06-08 19:53:02.906 3370 5650 I AmazonPowerManagerVendorCallback: Wakelock released UID:1041 PID:0 Tag:AudioDirectOut
06-08 19:53:02.906 3370 5665 I AmazonPowerManagerVendorCallback: Wakelock acquired UID:1041 PID:0 Tag:AudioOffload
06-08 19:53:02.907 3370 3564 I AmazonPowerManagerVendorCallback: Wakelock released UID:1041 PID:0 Tag:AudioOffload
06-08 19:53:02.908 3370 5665 I AmazonPowerManagerVendorCallback: Wakelock acquired UID:1041 PID:0 Tag:AudioOffload
06-08 19:53:02.913 3370 5665 I AmazonPowerManagerVendorCallback: Wakelock released UID:1041 PID:0 Tag:AudioOffload
06-08 19:53:02.946 3370 3370 V SettingsProvider: Notifying for 0: content://settings/global/audio_platform_capabilities
06-08 19:53:02.947 3370 3370 V SettingsProvider: Notifying for 0: content://settings/global/nrdp_audio_platform_capabilities
06-08 19:53:02.952 3370 3497 I AmazonHdmiService: AudioManager.EXTRA_ENCODINGS=[2, 4, 5, 6, 18, 7, 13]
06-08 19:53:02.955 3370 3497 I AudioOutputFormatManager: Request to get dolby device id
06-08 19:53:02.955 3370 3497 I AudioOutputFormatManager: enableAudioFormat with device ordinal: 3 format: 1
06-08 19:53:02.958 3370 3497 I AudioOutputFormatManager: KeyValuePair: spdif_format=4;hdmi_format=5;Status: 0
06-08 19:53:02.958 3370 3497 I AudioOutputFormatManager: Storing new dolby device with id: 3
06-08 19:53:02.958 3370 3497 I AudioOutputFormatManager: setDolbyPassthroughAvailability()
06-08 19:53:02.958 3370 3497 I AudioOutputFormatManager: Request to get dolby device id
06-08 19:53:02.958 3370 3497 I AudioOutputFormatManager: setDolbyPassthroughAvailability(): Value calculated for Dolby passthrough availability: 1
06-08 19:53:02.958 3370 3497 I AudioOutputFormatManager: setDolbyPassthroughAvailability(): Dolby passthrough availability: 1
06-08 19:53:02.959 3370 3370 V SettingsProvider: Notifying for 0: content://settings/global/firetv_hdmi_dolby_passthrough_available
06-08 19:53:03.109 3370 3370 D AmazonHdmiService: Posting callback to app
06-08 19:53:03.109 3370 3497 D AmazonHdmiService: Num of callbacks registered 1
06-08 19:53:03.109 3370 3497 D AmazonHdmiService: Broadcasting callback
06-08 19:53:03.110 3370 3497 D AmazonHdmiService: Broadcasting finished
06-08 19:53:03.111 3370 3370 I AmzHdmiServiceCallback: power status is 0
06-08 19:53:05.752 3370 5665 I AmazonPowerManagerVendorCallback: Wakelock released UID:1041 PID:0 Tag:AudioMix
06-08 19:53:05.752 3370 3564 I AmazonPowerManagerVendorCallback: Wakelock released UID:1041 PID:0 Tag:AudioDup
06-08 19:53:05.756 3370 3564 I AmazonPowerManagerVendorCallback: Wakelock released UID:1041 PID:0 Tag:AudioMix
06-08 19:53:06.260 3370 3564 D AmazonHdmiService: getRawEdid
06-08 19:53:07.218 3370 3452 E AmazonProfileService: There is no KEY_CHILD_PIN_PACKAGE_NAME
06-08 19:53:07.218 3370 3452 I AmazonProfileService: Event is not filtered because it is not in filter key list.
06-08 19:53:07.297 3370 3452 E AmazonProfileService: There is no KEY_CHILD_PIN_PACKAGE_NAME
06-08 19:53:07.297 3370 3452 I AmazonProfileService: Event is not filtered because it is not in filter key list.
06-08 19:53:07.301 3370 3564 E AmazonInputManagerService: Could not unregister callback
06-08 19:53:16.658 3195 3256 E storaged: getDiskStats failed with result NOT_SUPPORTED and size 0
06-08 19:54:16.659 3195 3256 E storaged: getDiskStats failed with result NOT_SUPPORTED and size 0
06-08 19:55:16.660 3195 3256 E storaged: getDiskStats failed with result NOT_SUPPORTED and size 0
06-08 19:55:43.800 3370 3387 I UsageStatsService: User[0] Flushing usage stats to disk
06-08 19:56:16.660 3195 3256 E storaged: getDiskStats failed with result NOT_SUPPORTED and size 0
06-08 19:56:24.280 3370 3452 E AmazonProfileService: There is no KEY_CHILD_PIN_PACKAGE_NAME
06-08 19:56:24.280 3370 3452 I AmazonProfileService: Returning active profile for programId = PCA_FIRE_TV and customerId = xxx
06-08 19:56:24.281 3370 3452 I AmazonProfileService: Event not filtered. KPM proceeds the key
06-08 19:56:24.344 3370 3452 E AmazonProfileService: There is no KEY_CHILD_PIN_PACKAGE_NAME
06-08 19:56:24.344 3370 3452 I AmazonProfileService: Returning active profile for programId = PCA_FIRE_TV and customerId = xxx
06-08 19:56:24.345 3370 3452 I AmazonProfileService: Event not filtered. KPM proceeds the key
06-08 19:56:24.684 3370 3452 E AmazonProfileService: There is no KEY_CHILD_PIN_PACKAGE_NAME
06-08 19:56:24.684 3370 3452 I AmazonProfileService: Returning active profile for programId = PCA_FIRE_TV and customerId = xxx
06-08 19:56:24.685 3370 3452 I AmazonProfileService: Event not filtered. KPM proceeds the key
06-08 19:56:24.864 3370 3452 E AmazonProfileService: There is no KEY_CHILD_PIN_PACKAGE_NAME
06-08 19:56:24.864 3370 3452 I AmazonProfileService: Returning active profile for programId = PCA_FIRE_TV and customerId = xxx
06-08 19:56:24.865 3370 3452 I AmazonProfileService: Event not filtered. KPM proceeds the key
06-08 19:56:24.984 3370 3452 E AmazonProfileService: There is no KEY_CHILD_PIN_PACKAGE_NAME
06-08 19:56:24.984 3370 3452 I AmazonProfileService: Returning active profile for programId = PCA_FIRE_TV and customerId = xxx
06-08 19:56:24.984 3370 3452 I AmazonProfileService: Event not filtered. KPM proceeds the key
06-08 19:56:25.124 3370 3452 E AmazonProfileService: There is no KEY_CHILD_PIN_PACKAGE_NAME
06-08 19:56:25.124 3370 3452 I AmazonProfileService: Returning active profile for programId = PCA_FIRE_TV and customerId = xxx
06-08 19:56:25.124 3370 3452 I AmazonProfileService: Event not filtered. KPM proceeds the key
06-08 19:56:25.244 3370 3452 E AmazonProfileService: There is no KEY_CHILD_PIN_PACKAGE_NAME
06-08 19:56:25.244 3370 3452 I AmazonProfileService: Returning active profile for programId = PCA_FIRE_TV and customerId = xxx
06-08 19:56:25.244 3370 3452 I AmazonProfileService: Event not filtered. KPM proceeds the key
06-08 19:56:25.364 3370 3452 E AmazonProfileService: There is no KEY_CHILD_PIN_PACKAGE_NAME
06-08 19:56:25.364 3370 3452 I AmazonProfileService: Returning active profile for programId = PCA_FIRE_TV and customerId = xxx
06-08 19:56:25.365 3370 3452 I AmazonProfileService: Event not filtered. KPM proceeds the key
06-08 19:56:26.024 3370 3452 E AmazonProfileService: There is no KEY_CHILD_PIN_PACKAGE_NAME
06-08 19:56:26.024 3370 3452 I AmazonProfileService: Returning active profile for programId = PCA_FIRE_TV and customerId = xxx
06-08 19:56:26.025 3370 3452 I AmazonProfileService: Event not filtered. KPM proceeds the key
06-08 19:56:26.164 3370 3452 E AmazonProfileService: There is no KEY_CHILD_PIN_PACKAGE_NAME
06-08 19:56:26.164 3370 3452 I AmazonProfileService: Returning active profile for programId = PCA_FIRE_TV and customerId = xxx
06-08 19:56:26.164 3370 3452 I AmazonProfileService: Event not filtered. KPM proceeds the key
06-08 19:56:28.284 3370 3452 E AmazonProfileService: There is no KEY_CHILD_PIN_PACKAGE_NAME
06-08 19:56:28.284 3370 3452 I AmazonProfileService: Event is not filtered because it is not in filter key list.
06-08 19:56:28.324 3370 3452 E AmazonProfileService: There is no KEY_CHILD_PIN_PACKAGE_NAME
06-08 19:56:28.324 3370 3452 I AmazonProfileService: Event is not filtered because it is not in filter key list.
06-08 19:56:29.164 3370 3452 E AmazonProfileService: There is no KEY_CHILD_PIN_PACKAGE_NAME
06-08 19:56:29.164 3370 3452 I AmazonProfileService: Returning active profile for programId = PCA_FIRE_TV and customerId = xxx
06-08 19:56:29.165 3370 3452 I AmazonProfileService: Event not filtered. KPM proceeds the key
06-08 19:56:29.264 3370 3452 E AmazonProfileService: There is no KEY_CHILD_PIN_PACKAGE_NAME
06-08 19:56:29.265 3370 3452 I AmazonProfileService: Returning active profile for programId = PCA_FIRE_TV and customerId = xxx
06-08 19:56:29.265 3370 3452 I AmazonProfileService: Event not filtered. KPM proceeds the key
06-08 19:56:29.570 3370 3389 W ContextImpl: Calling a method in the system process without a qualified user: android.app.ContextImpl.sendBroadcast:1056 com.amazon.policy.keypolicymanager.FireTVKeyPolicyManager.sendHomePressedIntent:2323 com.amazon.policy.keypolicymanager.FireTVKeyPolicyManager.handleHomeKeyInteractive:2288 com.amazon.policy.keypolicymanager.FireTVKeyPolicyManager.handleShortPressOnHome:2850 com.android.server.policy.PhoneWindowManager.handleShortPressOnHome:1895
06-08 19:56:29.572 3370 3389 I chatty : uid=1000(system) android.ui identical 4 lines
06-08 19:56:29.572 3370 3389 W ContextImpl: Calling a method in the system process without a qualified user: android.app.ContextImpl.sendBroadcast:1056 com.amazon.policy.keypolicymanager.FireTVKeyPolicyManager.sendHomePressedIntent:2323 com.amazon.policy.keypolicymanager.FireTVKeyPolicyManager.handleHomeKeyInteractive:2288 com.amazon.policy.keypolicymanager.FireTVKeyPolicyManager.handleShortPressOnHome:2850 com.android.server.policy.PhoneWindowManager.handleShortPressOnHome:1895
06-08 19:56:29.577 3370 3564 I AmazonPowerManagerVendorCallback: Wakelock acquired UID:10081 PID:3945 Tag:WakeUpDisplayHandler
06-08 19:56:29.579 3370 3388 W BroadcastQueue: Permission Denial: receiving Intent { act=android.intent.action.CLOSE_SYSTEM_DIALOGS flg=0x50000010 (has extras) } to ProcessRecord{d5c10bb 17938:com.amazon.aca/u0a25} (pid=17938, uid=10025) requires com.amazon.permission.ENABLE_KEYGUARD_FLAGS due to sender null (uid 1000)
06-08 19:56:29.581 3370 3389 I ActivityManager: START u0 {act=android.intent.action.MAIN cat=[android.intent.category.HOME] flg=0x10200000 cmp=com.wolf.lmu/.customlauncher.LaunchActivity (has extras)} from uid 1000
06-08 19:56:29.582 3370 3389 I AmazonProfileService: shouldAbortActivityStart() Package: xxx activity: xxx
06-08 19:56:29.582 3370 3389 I AmazonProfileService: shouldAbortActivityStart() not aborted
06-08 19:56:29.599 3370 5665 I AmazonPowerManagerVendorCallback: Wakelock released UID:10043 PID:18870 Tag:org.xbmc.kodi
06-08 19:56:29.599 3370 4352 D AmazonHdmiService: getRawEdid
06-08 19:56:29.612 3370 3370 D AmazonHdmiService: onDisplayChanged: mode switch
06-08 19:56:29.616 3370 3503 W AmazonProfileService: Active profile for the package xxx not present for customer Id xxx
06-08 19:56:29.617 3370 3503 I AmazonProfileService: Returning active profile for programId = PCA_FIRE_TV and customerId = xxx
06-08 19:56:29.624 3370 3396 I AmazonProfileService: Sending broadcast as the package is a non-enabled app
06-08 19:56:29.642 3370 5665 I ActivityManager: START u0 {act=android.intent.action.MAIN cat=[android.intent.category.LEANBACK_LAUNCHER] flg=0x34e34000 pkg=org.xbmc.kodi cmp=org.xbmc.kodi/.Splash} from uid 10193
06-08 19:56:29.643 3370 5665 I AmazonProfileService: shouldAbortActivityStart() Package: xxx activity: xxx
06-08 19:56:29.643 3370 5665 I AmazonProfileService: shouldAbortActivityStart() not aborted
06-08 19:56:29.693 3370 5665 W ActivityManager: Finishing task with all activities already finished
06-08 19:56:29.693 3370 5665 W ActivityManager: Duplicate finish request for ActivityRecord{16831f3 u0 com.wolf.lmu/.customlauncher.LaunchActivity t1762 f}
06-08 19:56:29.727 3370 3503 W AmazonProfileService: Active profile for the package xxx not present for customer Id xxx
06-08 19:56:29.727 3370 3503 I AmazonProfileService: Returning active profile for programId = PCA_FIRE_TV and customerId = xxx
06-08 19:56:29.728 3370 3396 I AmazonProfileService: Sending broadcast as the package is a non-enabled app
06-08 19:56:29.773 3370 3396 I DisplayManagerService: Display device changed: DisplayDeviceInfo{"Integrierter Bildschirm": uniqueId="local:0", 3840 x 2160, modeId 4, defaultModeId 1, supportedModes [{id=1, width=1920, height=1080, fps=60.000004}, {id=2, width=3840, height=2160, fps=50.0}, {id=3, width=3840, height=2160, fps=60.000004}, {id=4, width=3840, height=2160, fps=59.94006}, {id=5, width=3840, height=2160, fps=24.0}, {id=6, width=3840, height=2160, fps=23.976025}, {id=7, width=3840, height=2160, fps=25.0}, {id=8, width=3840, height=2160, fps=30.0}, {id=9, width=3840, height=2160, fps=29.97003}, {id=10, width=1920, height=1080, fps=24.0}, {id=11, width=1920, height=1080, fps=23.976025}, {id=12, width=1920, height=1080, fps=25.0}, {id=13, width=1920, height=1080, fps=50.0}, {id=14, width=1920, height=1080, fps=30.0}, {id=15, width=1920, height=1080, fps=29.97003}, {id=16, width=1280, height=720, fps=50.0}, {id=17, width=1920, height=1080, fps=59.94006}, {id=18, width=1280, height=720, fps=60.000004}, {id=19, width=1280, height=720, fps=59.94006}, {id=20, width=720, height=576, fps=50.0}, {id=21, width=720, height=480, fps=60.000004}, {id=22, width=720, height=480, fps=59.94006}], colorMode 0, supportedColorModes [0], HdrCapabilities android.view.Display$HdrCapabilities@40f3c928, density 320, 92.0 x 92.0 dpi, appVsyncOff 1000000, presDeadline 16683333, touch INTERNAL, rotation 0, type BUILT_IN, state ON, FLAG_DEFAULT_DISPLAY, FLAG_SECURE, FLAG_SUPPORTS_PROTECTED_BUFFERS}
06-08 19:56:29.789 3370 4350 I ActivityManager: START u0 {act=android.intent.action.MAIN cat=[android.intent.category.LEANBACK_LAUNCHER] flg=0x35e34000 pkg=org.xbmc.kodi cmp=org.xbmc.kodi/.Main} from uid 10043
06-08 19:56:29.789 3370 4350 I AmazonProfileService: shouldAbortActivityStart() Package: xxx activity: xxx
06-08 19:56:29.789 3370 4350 I AmazonProfileService: shouldAbortActivityStart() not aborted
06-08 19:56:30.078 3370 3447 D AmazonHdmiService: UEvent: HDCP state 0
06-08 19:56:30.079 3370 4352 I AmazonPowerManagerVendorCallback: Wakelock released UID:10081 PID:3945 Tag:WakeUpDisplayHandler
06-08 19:56:30.808 3370 3370 W Looper : Slow dispatch took 1019ms main h=com.android.server.job.JobSchedulerService$JobHandler c=null m=4
06-08 19:56:30.808 3370 3370 W Looper : Slow delivery took 1046ms main h=com.android.server.job.JobSchedulerService$JobHandler c=null m=6
06-08 19:56:30.809 3370 3447 I AmazonHdmiService: Get Current HDCP Error
06-08 19:56:30.809 3370 3370 D AmazonHdmiService: onDisplayChanged: mode switch
06-08 19:56:30.809 3370 3370 W Looper : Drained
06-08 19:56:30.810 3370 4352 D AmazonHdmiService: getRawEdid
06-08 19:56:30.811 3370 3447 I AmazonHdmiService: UEvent: {SUBSYSTEM=extcon, SEQNUM=3056, ACTION=change, DEVTYPE=hdmi_audio, SWITCH_NAME=hdmi_audio, DEVPATH=/devices/virtual/switch/hdmi_audio, SWITCH_STATE=0}
06-08 19:56:30.812 3370 4352 D AmazonHdmiService: getRawEdid
06-08 19:56:30.818 3370 3447 V WiredAccessoryManager: Headset UEVENT: {SUBSYSTEM=extcon, SEQNUM=3056, ACTION=change, DEVTYPE=hdmi_audio, SWITCH_NAME=hdmi_audio, DEVPATH=/devices/virtual/switch/hdmi_audio, SWITCH_STATE=0}
06-08 19:56:30.819 3370 4350 D AmazonHdmiService: getRawEdid
06-08 19:56:30.820 3370 4350 D AmazonHdmiService: getRawEdid
06-08 19:56:30.820 3370 3447 V WiredAccessoryManager: newName=hdmi_audio newState=0 headsetState=0 prev headsetState=16
06-08 19:56:30.821 3370 3370 V WiredAccessoryManager: headsetName: disconnected
06-08 19:56:30.853 3370 4352 I AmazonPowerManagerVendorCallback: Wakelock acquired UID:10043 PID:18870 Tag:org.xbmc.kodi
06-08 19:56:30.856 3370 5650 I AmazonPowerManagerVendorCallback: Wakelock released UID:10043 PID:18870 Tag:org.xbmc.kodi
06-08 19:56:30.861 3370 3370 D AmazonHdmiService: onDisplayChanged: mode switch
06-08 19:56:30.863 3370 3503 W AmazonProfileService: Active profile for the package xxx not present for customer Id xxx
06-08 19:56:30.863 3370 3503 I AmazonProfileService: Returning active profile for programId = PCA_FIRE_TV and customerId = xxx
06-08 19:56:30.870 3370 3396 I AmazonProfileService: Sending broadcast as the package is a non-enabled app
06-08 19:56:30.874 3370 3396 I DisplayManagerService: Display device changed: DisplayDeviceInfo{"Integrierter Bildschirm": uniqueId="local:0", 3840 x 2160, modeId 2, defaultModeId 1, supportedModes [{id=1, width=1920, height=1080, fps=60.000004}, {id=2, width=3840, height=2160, fps=50.0}, {id=3, width=3840, height=2160, fps=60.000004}, {id=4, width=3840, height=2160, fps=59.94006}, {id=5, width=3840, height=2160, fps=24.0}, {id=6, width=3840, height=2160, fps=23.976025}, {id=7, width=3840, height=2160, fps=25.0}, {id=8, width=3840, height=2160, fps=30.0}, {id=9, width=3840, height=2160, fps=29.97003}, {id=10, width=1920, height=1080, fps=24.0}, {id=11, width=1920, height=1080, fps=23.976025}, {id=12, width=1920, height=1080, fps=25.0}, {id=13, width=1920, height=1080, fps=50.0}, {id=14, width=1920, height=1080, fps=30.0}, {id=15, width=1920, height=1080, fps=29.97003}, {id=16, width=1280, height=720, fps=50.0}, {id=17, width=1920, height=1080, fps=59.94006}, {id=18, width=1280, height=720, fps=60.000004}, {id=19, width=1280, height=720, fps=59.94006}, {id=20, width=720, height=576, fps=50.0}, {id=21, width=720, height=480, fps=60.000004}, {id=22, width=720, height=480, fps=59.94006}], colorMode 0, supportedColorModes [0], HdrCapabilities android.view.Display$HdrCapabilities@40f3c928, density 320, 92.0 x 92.0 dpi, appVsyncOff 1000000, presDeadline 20000000, touch INTERNAL, rotation 0, type BUILT_IN, state ON, FLAG_DEFAULT_DISPLAY, FLAG_SECURE, FLAG_SUPPORTS_PROTECTED_BUFFERS}
06-08 19:56:30.947 3370 5665 D AmazonHdmiService: getRawEdid
06-08 19:56:30.960 3370 5665 I chatty : uid=1000(system) Binder:3370_15 identical 1 line
06-08 19:56:30.962 3370 5665 D AmazonHdmiService: getRawEdid
06-08 19:56:30.964 3370 5665 I AmazonHdmiService: Get Current HDCP Version
06-08 19:56:30.965 3370 5665 D AmazonHdmiService: getRawEdid
06-08 19:56:31.048 3370 3964 D AmazonAspService: setActiveInputSource 0
06-08 19:56:31.124 3370 3964 E AmazonInputManagerService: Could not unregister callback
06-08 19:56:31.232 3370 3964 D AmazonAspService: setActiveInputSource 0
06-08 19:56:31.379 3370 3964 D AmazonAspService: setActiveInputSource 0
06-08 19:56:31.789 3370 3370 D AmazonHdmiService: onDisplayChanged: mode switch
06-08 19:56:31.825 3370 3964 I AmazonPowerManagerVendorCallback: Wakelock acquired UID:1041 PID:0 Tag:AudioDup
06-08 19:56:31.826 3370 3964 I AmazonPowerManagerVendorCallback: Wakelock released UID:1041 PID:0 Tag:AudioDup
06-08 19:56:31.827 3370 3964 I AmazonPowerManagerVendorCallback: Wakelock acquired UID:1041 PID:0 Tag:AudioMix
06-08 19:56:31.828 3370 3964 I AmazonPowerManagerVendorCallback: Wakelock released UID:1041 PID:0 Tag:AudioMix
06-08 19:56:31.833 3370 3370 V SettingsProvider: Notifying for 0: content://settings/global/audio_platform_capabilities
06-08 19:56:31.834 3370 3370 V SettingsProvider: Notifying for 0: content://settings/global/nrdp_audio_platform_capabilities
06-08 19:56:31.835 3370 3497 I AmazonHdmiService: AudioManager.EXTRA_ENCODINGS=null
06-08 19:56:31.835 3370 3497 I AudioOutputFormatManager: Request to get dolby device id
06-08 19:56:31.835 3370 3497 I AudioOutputFormatManager: enableAudioFormat with device ordinal: 3 format: 1
06-08 19:56:31.837 3370 3497 I AudioOutputFormatManager: KeyValuePair: spdif_format=4;hdmi_format=5;Status: 0
06-08 19:56:31.837 3370 3497 I AudioOutputFormatManager: Storing new dolby device with id: 3
06-08 19:56:31.837 3370 3497 I AudioOutputFormatManager: setDolbyPassthroughAvailability()
06-08 19:56:31.837 3370 3497 I AudioOutputFormatManager: Request to get dolby device id
06-08 19:56:31.837 3370 3497 I AudioOutputFormatManager: setDolbyPassthroughAvailability(): Value calculated for Dolby passthrough availability: 0
06-08 19:56:31.837 3370 3497 I AudioOutputFormatManager: setDolbyPassthroughAvailability(): Dolby passthrough availability: 0
06-08 19:56:31.837 3370 3370 V SettingsProvider: Notifying for 0: content://settings/global/firetv_hdmi_dolby_passthrough_available
06-08 19:56:34.446 3370 3447 D AmazonHdmiService: UEvent: HDCP state 1
06-08 19:56:34.446 3370 3447 I AmazonHdmiService: Get Current HDCP Error
06-08 19:56:34.447 3370 3964 D AmazonHdmiService: getRawEdid
06-08 19:56:34.460 3370 3964 I chatty : uid=1000(system) Binder:3370_8 identical 5 lines
06-08 19:56:34.462 3370 3964 D AmazonHdmiService: getRawEdid
06-08 19:56:34.464 3370 3964 I AmazonHdmiService: Get Current HDCP Version
06-08 19:56:34.465 3370 3964 D AmazonHdmiService: getRawEdid
06-08 19:56:34.484 3370 3447 I AmazonHdmiService: UEvent: {SUBSYSTEM=extcon, SEQNUM=3062, ACTION=change, DEVTYPE=hdmi_audio, SWITCH_NAME=hdmi_audio, DEVPATH=/devices/virtual/switch/hdmi_audio, SWITCH_STATE=1}
06-08 19:56:34.485 3370 3447 V WiredAccessoryManager: Headset UEVENT: {SUBSYSTEM=extcon, SEQNUM=3062, ACTION=change, DEVTYPE=hdmi_audio, SWITCH_NAME=hdmi_audio, DEVPATH=/devices/virtual/switch/hdmi_audio, SWITCH_STATE=1}
06-08 19:56:34.485 3370 3447 V WiredAccessoryManager: newName=hdmi_audio newState=16 headsetState=16 prev headsetState=0
06-08 19:56:34.486 3370 3370 V WiredAccessoryManager: headsetName: connected
06-08 19:56:34.491 3370 3964 I AmazonPowerManagerVendorCallback: Wakelock acquired UID:1041 PID:0 Tag:AudioMix
06-08 19:56:34.493 3370 3964 I AmazonPowerManagerVendorCallback: Wakelock released UID:1041 PID:0 Tag:AudioMix
06-08 19:56:34.494 3370 3964 I AmazonPowerManagerVendorCallback: Wakelock acquired UID:1041 PID:0 Tag:AudioMix
06-08 19:56:34.497 3370 5650 I AmazonPowerManagerVendorCallback: Wakelock acquired UID:1041 PID:0 Tag:AudioMix
06-08 19:56:34.497 3370 5650 I AmazonPowerManagerVendorCallback: Wakelock acquired UID:1041 PID:0 Tag:AudioDup
06-08 19:56:34.498 3370 5650 I AmazonPowerManagerVendorCallback: Wakelock released UID:1041 PID:0 Tag:AudioDup
06-08 19:56:34.501 3370 5650 I AmazonPowerManagerVendorCallback: Wakelock acquired UID:1041 PID:0 Tag:AudioDirectOut
06-08 19:56:34.502 3370 5650 I AmazonPowerManagerVendorCallback: Wakelock released UID:1041 PID:0 Tag:AudioDirectOut
06-08 19:56:34.505 3370 5650 I AmazonPowerManagerVendorCallback: Wakelock acquired UID:1041 PID:0 Tag:AudioDirectOut
06-08 19:56:34.506 3370 5650 I AmazonPowerManagerVendorCallback: Wakelock released UID:1041 PID:0 Tag:AudioDirectOut
06-08 19:56:34.507 3370 3964 I AmazonPowerManagerVendorCallback: Wakelock acquired UID:1041 PID:0 Tag:AudioDirectOut
06-08 19:56:34.507 3370 3964 I AmazonPowerManagerVendorCallback: Wakelock released UID:1041 PID:0 Tag:AudioDirectOut
06-08 19:56:34.514 3370 5650 I AmazonPowerManagerVendorCallback: Wakelock acquired UID:1041 PID:0 Tag:AudioDirectOut
06-08 19:56:34.517 3370 3964 I AmazonPowerManagerVendorCallback: Wakelock released UID:1041 PID:0 Tag:AudioDirectOut
06-08 19:56:34.519 3370 3964 I AmazonPowerManagerVendorCallback: Wakelock acquired UID:1041 PID:0 Tag:AudioDirectOut
06-08 19:56:34.521 3370 3564 I AmazonPowerManagerVendorCallback: Wakelock released UID:1041 PID:0 Tag:AudioDirectOut
06-08 19:56:34.524 3370 3564 I AmazonPowerManagerVendorCallback: Wakelock acquired UID:1041 PID:0 Tag:AudioDirectOut
06-08 19:56:34.524 3370 3564 I AmazonPowerManagerVendorCallback: Wakelock released UID:1041 PID:0 Tag:AudioDirectOut
06-08 19:56:34.525 3370 3564 I AmazonPowerManagerVendorCallback: Wakelock acquired UID:1041 PID:0 Tag:AudioDirectOut
06-08 19:56:34.537 3370 3964 I AmazonPowerManagerVendorCallback: Wakelock acquired UID:1041 PID:0 Tag:AudioDirectOut
06-08 19:56:34.539 3370 5650 I AmazonPowerManagerVendorCallback: Wakelock released UID:1041 PID:0 Tag:AudioDirectOut
06-08 19:56:34.548 3370 3964 I AmazonPowerManagerVendorCallback: Wakelock acquired UID:1041 PID:0 Tag:AudioDirectOut
06-08 19:56:34.549 3370 3964 I AmazonPowerManagerVendorCallback: Wakelock released UID:1041 PID:0 Tag:AudioDirectOut
06-08 19:56:34.551 3370 4348 I AmazonPowerManagerVendorCallback: Wakelock acquired UID:1041 PID:0 Tag:AudioDirectOut
06-08 19:56:34.551 3370 5650 I AmazonPowerManagerVendorCallback: Wakelock released UID:1041 PID:0 Tag:AudioDirectOut
06-08 19:56:34.558 3370 4348 I AmazonPowerManagerVendorCallback: Wakelock acquired UID:1041 PID:0 Tag:AudioDirectOut
06-08 19:56:34.559 3370 4348 I AmazonPowerManagerVendorCallback: Wakelock released UID:1041 PID:0 Tag:AudioDirectOut
06-08 19:56:34.570 3370 4348 I AmazonPowerManagerVendorCallback: Wakelock acquired UID:1041 PID:0 Tag:AudioDirectOut
06-08 19:56:34.571 3370 5650 I AmazonPowerManagerVendorCallback: Wakelock released UID:1041 PID:0 Tag:AudioDirectOut
06-08 19:56:34.576 3370 5650 I AmazonPowerManagerVendorCallback: Wakelock acquired UID:1041 PID:0 Tag:AudioDirectOut
06-08 19:56:34.578 3370 3964 I AmazonPowerManagerVendorCallback: Wakelock released UID:1041 PID:0 Tag:AudioDirectOut
06-08 19:56:34.585 3370 3964 I AmazonPowerManagerVendorCallback: Wakelock acquired UID:1041 PID:0 Tag:AudioDirectOut
06-08 19:56:34.585 3370 3964 I AmazonPowerManagerVendorCallback: Wakelock released UID:1041 PID:0 Tag:AudioDirectOut
06-08 19:56:34.587 3370 5650 I AmazonPowerManagerVendorCallback: Wakelock acquired UID:1041 PID:0 Tag:AudioOffload
06-08 19:56:34.588 3370 5650 I AmazonPowerManagerVendorCallback: Wakelock released UID:1041 PID:0 Tag:AudioOffload
06-08 19:56:34.590 3370 3964 I AmazonPowerManagerVendorCallback: Wakelock released UID:1041 PID:0 Tag:AudioDirectOut
06-08 19:56:34.590 3370 5650 D AmazonAspService: setActiveInputSource 0
06-08 19:56:34.597 3370 4348 I AmazonPowerManagerVendorCallback: Wakelock acquired UID:1041 PID:0 Tag:AudioOffload
06-08 19:56:34.601 3370 4348 I AmazonPowerManagerVendorCallback: Wakelock released UID:1041 PID:0 Tag:AudioOffload
06-08 19:56:34.607 3370 4348 I AmazonPowerManagerVendorCallback: Wakelock acquired UID:1041 PID:0 Tag:AudioOffload
06-08 19:56:34.607 3370 4348 I AmazonPowerManagerVendorCallback: Wakelock released UID:1041 PID:0 Tag:AudioOffload
06-08 19:56:34.613 3370 5650 I AmazonPowerManagerVendorCallback: Wakelock acquired UID:1041 PID:0 Tag:AudioOffload
06-08 19:56:34.614 3370 5650 I AmazonPowerManagerVendorCallback: Wakelock released UID:1041 PID:0 Tag:AudioOffload
06-08 19:56:34.617 3370 5650 I AmazonPowerManagerVendorCallback: Wakelock acquired UID:1041 PID:0 Tag:AudioOffload
06-08 19:56:34.620 3370 4348 I AmazonPowerManagerVendorCallback: Wakelock released UID:1041 PID:0 Tag:AudioOffload
06-08 19:56:34.625 3370 4348 I AmazonPowerManagerVendorCallback: Wakelock acquired UID:1041 PID:0 Tag:AudioOffload
06-08 19:56:34.625 3370 4348 I AmazonPowerManagerVendorCallback: Wakelock released UID:1041 PID:0 Tag:AudioOffload
06-08 19:56:34.626 3370 3564 I AmazonPowerManagerVendorCallback: Wakelock acquired UID:1041 PID:0 Tag:AudioOffload
06-08 19:56:34.629 3370 3964 I AmazonPowerManagerVendorCallback: Wakelock acquired UID:1041 PID:0 Tag:AudioDirectOut
06-08 19:56:34.630 3370 3964 I AmazonPowerManagerVendorCallback: Wakelock released UID:1041 PID:0 Tag:AudioDirectOut
06-08 19:56:34.630 3370 3964 I AmazonPowerManagerVendorCallback: Wakelock acquired UID:1041 PID:0 Tag:AudioDirectOut
06-08 19:56:34.631 3370 3964 I AmazonPowerManagerVendorCallback: Wakelock released UID:1041 PID:0 Tag:AudioDirectOut
06-08 19:56:34.631 3370 3755 I AmazonPowerManagerVendorCallback: Wakelock acquired UID:1041 PID:0 Tag:AudioDirectOut
06-08 19:56:34.633 3370 3755 I AmazonPowerManagerVendorCallback: Wakelock released UID:1041 PID:0 Tag:AudioDirectOut
06-08 19:56:34.634 3370 3755 I AmazonPowerManagerVendorCallback: Wakelock acquired UID:1041 PID:0 Tag:AudioDirectOut
06-08 19:56:34.636 3370 3755 I AmazonPowerManagerVendorCallback: Wakelock released UID:1041 PID:0 Tag:AudioDirectOut
06-08 19:56:34.637 3370 18866 I AmazonPowerManagerVendorCallback: Wakelock acquired UID:1041 PID:0 Tag:AudioDirectOut
06-08 19:56:34.638 3370 18866 I AmazonPowerManagerVendorCallback: Wakelock released UID:1041 PID:0 Tag:AudioDirectOut
06-08 19:56:34.639 3370 3564 I AmazonPowerManagerVendorCallback: Wakelock acquired UID:1041 PID:0 Tag:AudioDirectOut
06-08 19:56:34.639 3370 3564 I AmazonPowerManagerVendorCallback: Wakelock released UID:1041 PID:0 Tag:AudioDirectOut
06-08 19:56:34.640 3370 3564 I AmazonPowerManagerVendorCallback: Wakelock acquired UID:1041 PID:0 Tag:AudioOffload
06-08 19:56:34.641 3370 3564 I AmazonPowerManagerVendorCallback: Wakelock released UID:1041 PID:0 Tag:AudioOffload
06-08 19:56:34.641 3370 3564 I AmazonPowerManagerVendorCallback: Wakelock released UID:1041 PID:0 Tag:AudioOffload
06-08 19:56:34.681 3370 3370 V SettingsProvider: Notifying for 0: content://settings/global/audio_platform_capabilities
06-08 19:56:34.684 3370 3370 V SettingsProvider: Notifying for 0: content://settings/global/nrdp_audio_platform_capabilities
06-08 19:56:34.685 3370 3497 I AmazonHdmiService: AudioManager.EXTRA_ENCODINGS=[2, 4, 5, 6, 18, 7, 13]
06-08 19:56:34.688 3370 3497 I AudioOutputFormatManager: Request to get dolby device id
06-08 19:56:34.688 3370 3497 I AudioOutputFormatManager: enableAudioFormat with device ordinal: 3 format: 1
06-08 19:56:34.692 3370 3497 I AudioOutputFormatManager: KeyValuePair: spdif_format=4;hdmi_format=5;Status: 0
06-08 19:56:34.692 3370 3497 I AudioOutputFormatManager: Storing new dolby device with id: 3
06-08 19:56:34.692 3370 3497 I AudioOutputFormatManager: setDolbyPassthroughAvailability()
06-08 19:56:34.692 3370 3497 I AudioOutputFormatManager: Request to get dolby device id
06-08 19:56:34.692 3370 3497 I AudioOutputFormatManager: setDolbyPassthroughAvailability(): Value calculated for Dolby passthrough availability: 1
06-08 19:56:34.692 3370 3497 I AudioOutputFormatManager: setDolbyPassthroughAvailability(): Dolby passthrough availability: 1
06-08 19:56:34.693 3370 3370 V SettingsProvider: Notifying for 0: content://settings/global/firetv_hdmi_dolby_passthrough_available
06-08 19:56:34.849 3370 3370 D AmazonHdmiService: Posting callback to app
06-08 19:56:34.849 3370 3497 D AmazonHdmiService: Num of callbacks registered 1
06-08 19:56:34.849 3370 3497 D AmazonHdmiService: Broadcasting callback
06-08 19:56:34.849 3370 3497 D AmazonHdmiService: Broadcasting finished
06-08 19:56:34.850 3370 3370 I AmzHdmiServiceCallback: power status is 0
06-08 19:56:37.497 3370 3755 I AmazonPowerManagerVendorCallback: Wakelock released UID:1041 PID:0 Tag:AudioMix
06-08 19:56:37.500 3370 3755 I AmazonPowerManagerVendorCallback: Wakelock released UID:1041 PID:0 Tag:AudioMix
06-08 19:56:38.453 3370 3755 D AmazonHdmiService: getRawEdid
06-08 19:56:39.599 3370 3388 W ActivityManager: Launch timeout has expired, giving up wake lock!
06-08 19:56:39.745 3370 3452 E AmazonProfileService: There is no KEY_CHILD_PIN_PACKAGE_NAME
06-08 19:56:39.745 3370 3452 I AmazonProfileService: Event is not filtered because it is not in filter key list.
06-08 19:56:39.765 3370 3452 E AmazonProfileService: There is no KEY_CHILD_PIN_PACKAGE_NAME
06-08 19:56:39.765 3370 3452 I AmazonProfileService: Event is not filtered because it is not in filter key list.
06-08 19:56:39.767 3370 3755 E AmazonInputManagerService: Could not unregister callback
06-08 19:56:40.065 3370 3452 E AmazonProfileService: There is no KEY_CHILD_PIN_PACKAGE_NAME
06-08 19:56:40.065 3370 3452 I AmazonProfileService: Returning active profile for programId = PCA_FIRE_TV and customerId = xxx
06-08 19:56:40.065 3370 3452 I AmazonProfileService: Event not filtered. KPM proceeds the key
06-08 19:56:40.220 3370 3452 E AmazonProfileService: There is no KEY_CHILD_PIN_PACKAGE_NAME
06-08 19:56:40.220 3370 3452 I AmazonProfileService: Returning active profile for programId = PCA_FIRE_TV and customerId = xxx
06-08 19:56:40.221 3370 3452 I AmazonProfileService: Event not filtered. KPM proceeds the key
06-08 19:56:40.861 3370 3388 W ActivityManager: Activity destroy timeout for ActivityRecord{56d0474 u0 org.xbmc.kodi/.Splash t1763 f}
06-08 19:56:41.024 3370 3389 W ContextImpl: Calling a method in the system process without a qualified user: android.app.ContextImpl.sendBroadcast:1056 com.amazon.policy.keypolicymanager.FireTVKeyPolicyManager.sendHomePressedIntent:2323 com.amazon.policy.keypolicymanager.FireTVKeyPolicyManager.handleHomeKeyInteractive:2288 com.amazon.policy.keypolicymanager.FireTVKeyPolicyManager.handleShortPressOnHome:2850 com.android.server.policy.PhoneWindowManager.handleShortPressOnHome:1895
06-08 19:56:41.025 3370 3389 I chatty : uid=1000(system) android.ui identical 4 lines
06-08 19:56:41.025 3370 3389 W ContextImpl: Calling a method in the system process without a qualified user: android.app.ContextImpl.sendBroadcast:1056 com.amazon.policy.keypolicymanager.FireTVKeyPolicyManager.sendHomePressedIntent:2323 com.amazon.policy.keypolicymanager.FireTVKeyPolicyManager.handleHomeKeyInteractive:2288 com.amazon.policy.keypolicymanager.FireTVKeyPolicyManager.handleShortPressOnHome:2850 com.android.server.policy.PhoneWindowManager.handleShortPressOnHome:1895
06-08 19:56:41.026 3370 3388 W BroadcastQueue: Permission Denial: receiving Intent { act=android.intent.action.CLOSE_SYSTEM_DIALOGS flg=0x50000010 (has extras) } to ProcessRecord{d5c10bb 17938:com.amazon.aca/u0a25} (pid=17938, uid=10025) requires com.amazon.permission.ENABLE_KEYGUARD_FLAGS due to sender null (uid 1000)
06-08 19:56:41.028 3370 3755 I AmazonPowerManagerVendorCallback: Wakelock acquired UID:10081 PID:3945 Tag:WakeUpDisplayHandler
06-08 19:56:41.029 3370 3389 I ActivityManager: START u0 {act=android.intent.action.MAIN cat=[android.intent.category.HOME] flg=0x10200000 cmp=com.wolf.lmu/.customlauncher.LaunchActivity (has extras)} from uid 1000
06-08 19:56:41.029 3370 3389 I AmazonProfileService: shouldAbortActivityStart() Package: xxx activity: xxx
06-08 19:56:41.029 3370 3389 I AmazonProfileService: shouldAbortActivityStart() not aborted
06-08 19:56:41.043 3370 3755 D AmazonHdmiService: getRawEdid
06-08 19:56:41.530 3370 3755 I AmazonPowerManagerVendorCallback: Wakelock released UID:10081 PID:3945 Tag:WakeUpDisplayHandler
06-08 19:56:41.546 3370 3388 W ActivityManager: Activity pause timeout for ActivityRecord{7df9b9c u0 org.xbmc.kodi/.Main t1761}
06-08 19:56:41.548 3370 3370 D AmazonHdmiService: onDisplayChanged: mode switch
06-08 19:56:41.558 3370 3503 W AmazonProfileService: Active profile for the package xxx not present for customer Id xxx
06-08 19:56:41.558 3370 3503 I AmazonProfileService: Returning active profile for programId = PCA_FIRE_TV and customerId = xxx
06-08 19:56:41.561 3370 3396 I AmazonProfileService: Sending broadcast as the package is a non-enabled app
06-08 19:56:41.586 3370 3564 I ActivityManager: START u0 {act=android.intent.action.MAIN cat=[android.intent.category.LEANBACK_LAUNCHER] flg=0x34e34000 pkg=org.xbmc.kodi cmp=org.xbmc.kodi/.Splash} from uid 10193
06-08 19:56:41.586 3370 3564 I AmazonProfileService: shouldAbortActivityStart() Package: xxx activity: xxx
06-08 19:56:41.586 3370 3564 I AmazonProfileService: shouldAbortActivityStart() not aborted
06-08 19:56:41.613 3370 3564 W ActivityManager: Finishing task with all activities already finished
06-08 19:56:41.613 3370 3564 W ActivityManager: Duplicate finish request for ActivityRecord{83bb007 u0 com.wolf.lmu/.customlauncher.LaunchActivity t1764 f}
06-08 19:56:41.630 3370 3503 W AmazonProfileService: Active profile for the package xxx not present for customer Id xxx
06-08 19:56:41.630 3370 3503 I AmazonProfileService: Returning active profile for programId = PCA_FIRE_TV and customerId = xxx
06-08 19:56:41.631 3370 3396 I AmazonProfileService: Sending broadcast as the package is a non-enabled app
06-08 19:56:41.665 3370 3396 I DisplayManagerService: Display device changed: DisplayDeviceInfo{"Integrierter Bildschirm": uniqueId="local:0", 3840 x 2160, modeId 4, defaultModeId 1, supportedModes [{id=1, width=1920, height=1080, fps=60.000004}, {id=2, width=3840, height=2160, fps=50.0}, {id=3, width=3840, height=2160, fps=60.000004}, {id=4, width=3840, height=2160, fps=59.94006}, {id=5, width=3840, height=2160, fps=24.0}, {id=6, width=3840, height=2160, fps=23.976025}, {id=7, width=3840, height=2160, fps=25.0}, {id=8, width=3840, height=2160, fps=30.0}, {id=9, width=3840, height=2160, fps=29.97003}, {id=10, width=1920, height=1080, fps=24.0}, {id=11, width=1920, height=1080, fps=23.976025}, {id=12, width=1920, height=1080, fps=25.0}, {id=13, width=1920, height=1080, fps=50.0}, {id=14, width=1920, height=1080, fps=30.0}, {id=15, width=1920, height=1080, fps=29.97003}, {id=16, width=1280, height=720, fps=50.0}, {id=17, width=1920, height=1080, fps=59.94006}, {id=18, width=1280, height=720, fps=60.000004}, {id=19, width=1280, height=720, fps=59.94006}, {id=20, width=720, height=576, fps=50.0}, {id=21, width=720, height=480, fps=60.000004}, {id=22, width=720, height=480, fps=59.94006}], colorMode 0, supportedColorModes [0], HdrCapabilities android.view.Display$HdrCapabilities@40f3c928, density 320, 92.0 x 92.0 dpi, appVsyncOff 1000000, presDeadline 16683333, touch INTERNAL, rotation 0, type BUILT_IN, state ON, FLAG_DEFAULT_DISPLAY, FLAG_SECURE, FLAG_SUPPORTS_PROTECTED_BUFFERS}
06-08 19:56:41.667 3370 3370 D AmazonHdmiService: onDisplayChanged: mode switch
06-08 19:56:41.934 3370 3447 D AmazonHdmiService: UEvent: HDCP state 0
06-08 19:56:41.934 3370 3447 I AmazonHdmiService: Get Current HDCP Error
06-08 19:56:41.935 3370 3755 D AmazonHdmiService: getRawEdid
06-08 19:56:41.935 3370 3755 D AmazonHdmiService: getRawEdid
06-08 19:56:41.935 3370 3964 D AmazonHdmiService: getRawEdid
06-08 19:56:41.941 3370 3964 I chatty : uid=1000(system) Binder:3370_8 identical 3 lines
06-08 19:56:41.942 3370 3964 D AmazonHdmiService: getRawEdid
06-08 19:56:41.942 3370 3755 I AmazonHdmiService: Get Current HDCP Version
06-08 19:56:41.944 3370 3755 D AmazonHdmiService: getRawEdid
06-08 19:56:41.989 3370 3447 I AmazonHdmiService: UEvent: {SUBSYSTEM=extcon, SEQNUM=3064, ACTION=change, DEVTYPE=hdmi_audio, SWITCH_NAME=hdmi_audio, DEVPATH=/devices/virtual/switch/hdmi_audio, SWITCH_STATE=0}
06-08 19:56:41.989 3370 3447 V WiredAccessoryManager: Headset UEVENT: {SUBSYSTEM=extcon, SEQNUM=3064, ACTION=change, DEVTYPE=hdmi_audio, SWITCH_NAME=hdmi_audio, DEVPATH=/devices/virtual/switch/hdmi_audio, SWITCH_STATE=0}
06-08 19:56:41.989 3370 3447 V WiredAccessoryManager: newName=hdmi_audio newState=0 headsetState=0 prev headsetState=16
06-08 19:56:41.991 3370 3370 V WiredAccessoryManager: headsetName: disconnected
06-08 19:56:42.994 3370 3755 I AmazonPowerManagerVendorCallback: Wakelock acquired UID:1041 PID:0 Tag:AudioDup
06-08 19:56:42.994 3370 3755 I AmazonPowerManagerVendorCallback: Wakelock released UID:1041 PID:0 Tag:AudioDup
06-08 19:56:42.995 3370 3964 I AmazonPowerManagerVendorCallback: Wakelock acquired UID:1041 PID:0 Tag:AudioMix
06-08 19:56:42.996 3370 18866 I AmazonPowerManagerVendorCallback: Wakelock released UID:1041 PID:0 Tag:AudioMix
06-08 19:56:43.002 3370 3370 V SettingsProvider: Notifying for 0: content://settings/global/audio_platform_capabilities
06-08 19:56:43.003 3370 3370 V SettingsProvider: Notifying for 0: content://settings/global/nrdp_audio_platform_capabilities
06-08 19:56:43.004 3370 3497 I AmazonHdmiService: AudioManager.EXTRA_ENCODINGS=null
06-08 19:56:43.004 3370 3497 I AudioOutputFormatManager: Request to get dolby device id
06-08 19:56:43.004 3370 3497 I AudioOutputFormatManager: enableAudioFormat with device ordinal: 3 format: 1
06-08 19:56:43.006 3370 3497 I AudioOutputFormatManager: KeyValuePair: spdif_format=4;hdmi_format=5;Status: 0
06-08 19:56:43.006 3370 3497 I AudioOutputFormatManager: Storing new dolby device with id: 3
06-08 19:56:43.006 3370 3497 I AudioOutputFormatManager: setDolbyPassthroughAvailability()
06-08 19:56:43.006 3370 3497 I AudioOutputFormatManager: Request to get dolby device id
06-08 19:56:43.006 3370 3497 I AudioOutputFormatManager: setDolbyPassthroughAvailability(): Value calculated for Dolby passthrough availability: 0
06-08 19:56:43.006 3370 3497 I AudioOutputFormatManager: setDolbyPassthroughAvailability(): Dolby passthrough availability: 0
06-08 19:56:43.007 3370 3370 V SettingsProvider: Notifying for 0: content://settings/global/firetv_hdmi_dolby_passthrough_available
06-08 19:56:45.262 3370 3447 D AmazonHdmiService: UEvent: HDCP state 1
06-08 19:56:45.262 3370 3447 I AmazonHdmiService: Get Current HDCP Error
06-08 19:56:45.263 3370 18866 D AmazonHdmiService: getRawEdid
06-08 19:56:45.269 3370 18866 I chatty : uid=1000(system) Binder:3370_1B identical 5 lines
06-08 19:56:45.270 3370 18866 D AmazonHdmiService: getRawEdid
06-08 19:56:45.270 3370 18866 I AmazonHdmiService: Get Current HDCP Version
06-08 19:56:45.271 3370 18866 D AmazonHdmiService: getRawEdid
06-08 19:56:45.374 3370 3447 I AmazonHdmiService: UEvent: {SUBSYSTEM=extcon, SEQNUM=3068, ACTION=change, DEVTYPE=hdmi_audio, SWITCH_NAME=hdmi_audio, DEVPATH=/devices/virtual/switch/hdmi_audio, SWITCH_STATE=1}
06-08 19:56:45.375 3370 3447 V WiredAccessoryManager: Headset UEVENT: {SUBSYSTEM=extcon, SEQNUM=3068, ACTION=change, DEVTYPE=hdmi_audio, SWITCH_NAME=hdmi_audio, DEVPATH=/devices/virtual/switch/hdmi_audio, SWITCH_STATE=1}
06-08 19:56:45.375 3370 3447 V WiredAccessoryManager: newName=hdmi_audio newState=16 headsetState=16 prev headsetState=0
06-08 19:56:45.375 3370 3370 V WiredAccessoryManager: headsetName: connected
06-08 19:56:45.376 3370 3503 W AmazonProfileService: Active profile for the package xxx not present for customer Id xxx
06-08 19:56:45.376 3370 3503 I AmazonProfileService: Returning active profile for programId = PCA_FIRE_TV and customerId = xxx
06-08 19:56:45.379 3370 18866 I AmazonPowerManagerVendorCallback: Wakelock acquired UID:1041 PID:0 Tag:AudioMix
06-08 19:56:45.380 3370 18866 I AmazonPowerManagerVendorCallback: Wakelock released UID:1041 PID:0 Tag:AudioMix
06-08 19:56:45.380 3370 3964 I AmazonPowerManagerVendorCallback: Wakelock acquired UID:1041 PID:0 Tag:AudioMix
06-08 19:56:45.383 3370 3964 I AmazonPowerManagerVendorCallback: Wakelock acquired UID:1041 PID:0 Tag:AudioMix
06-08 19:56:45.383 3370 18866 I AmazonPowerManagerVendorCallback: Wakelock acquired UID:1041 PID:0 Tag:AudioDup
06-08 19:56:45.383 3370 18866 I AmazonPowerManagerVendorCallback: Wakelock released UID:1041 PID:0 Tag:AudioDup
06-08 19:56:45.384 3370 3564 I AmazonPowerManagerVendorCallback: Wakelock acquired UID:1041 PID:0 Tag:AudioDup
06-08 19:56:45.388 3370 3564 I AmazonPowerManagerVendorCallback: Wakelock acquired UID:1041 PID:0 Tag:AudioDirectOut
06-08 19:56:45.388 3370 3564 I AmazonPowerManagerVendorCallback: Wakelock released UID:1041 PID:0 Tag:AudioDirectOut
06-08 19:56:45.389 3370 3564 I AmazonPowerManagerVendorCallback: Wakelock acquired UID:1041 PID:0 Tag:AudioDirectOut
06-08 19:56:45.389 3370 3564 I AmazonPowerManagerVendorCallback: Wakelock released UID:1041 PID:0 Tag:AudioDirectOut
06-08 19:56:45.390 3370 3564 I AmazonPowerManagerVendorCallback: Wakelock acquired UID:1041 PID:0 Tag:AudioDirectOut
06-08 19:56:45.390 3370 18866 I AmazonPowerManagerVendorCallback: Wakelock released UID:1041 PID:0 Tag:AudioDirectOut
06-08 19:56:45.391 3370 18866 I AmazonPowerManagerVendorCallback: Wakelock acquired UID:1041 PID:0 Tag:AudioDirectOut
06-08 19:56:45.391 3370 18866 I AmazonPowerManagerVendorCallback: Wakelock released UID:1041 PID:0 Tag:AudioDirectOut
06-08 19:56:45.391 3370 18866 I AmazonPowerManagerVendorCallback: Wakelock acquired UID:1041 PID:0 Tag:AudioDirectOut
06-08 19:56:45.392 3370 18866 I AmazonPowerManagerVendorCallback: Wakelock released UID:1041 PID:0 Tag:AudioDirectOut
06-08 19:56:45.398 3370 18866 I AmazonPowerManagerVendorCallback: Wakelock acquired UID:1041 PID:0 Tag:AudioDirectOut
06-08 19:56:45.399 3370 3964 I AmazonPowerManagerVendorCallback: Wakelock released UID:1041 PID:0 Tag:AudioDirectOut
06-08 19:56:45.403 3370 3964 I AmazonPowerManagerVendorCallback: Wakelock acquired UID:1041 PID:0 Tag:AudioDirectOut
06-08 19:56:45.404 3370 3755 I AmazonPowerManagerVendorCallback: Wakelock released UID:1041 PID:0 Tag:AudioDirectOut
06-08 19:56:45.407 3370 3755 I AmazonPowerManagerVendorCallback: Wakelock acquired UID:1041 PID:0 Tag:AudioDirectOut
06-08 19:56:45.408 3370 3755 I AmazonPowerManagerVendorCallback: Wakelock released UID:1041 PID:0 Tag:AudioDirectOut
06-08 19:56:45.408 3370 3964 I AmazonPowerManagerVendorCallback: Wakelock acquired UID:1041 PID:0 Tag:AudioDirectOut
06-08 19:56:45.422 3370 3755 I AmazonPowerManagerVendorCallback: Wakelock acquired UID:1041 PID:0 Tag:AudioDirectOut
06-08 19:56:45.424 3370 3964 I AmazonPowerManagerVendorCallback: Wakelock released UID:1041 PID:0 Tag:AudioDirectOut
06-08 19:56:45.429 3370 3964 I AmazonPowerManagerVendorCallback: Wakelock acquired UID:1041 PID:0 Tag:AudioDirectOut
06-08 19:56:45.429 3370 3755 I AmazonPowerManagerVendorCallback: Wakelock released UID:1041 PID:0 Tag:AudioDirectOut
06-08 19:56:45.430 3370 3755 I AmazonPowerManagerVendorCallback: Wakelock acquired UID:1041 PID:0 Tag:AudioDirectOut
06-08 19:56:45.431 3370 3755 I AmazonPowerManagerVendorCallback: Wakelock released UID:1041 PID:0 Tag:AudioDirectOut
06-08 19:56:45.433 3370 3755 I AmazonPowerManagerVendorCallback: Wakelock acquired UID:1041 PID:0 Tag:AudioDirectOut
06-08 19:56:45.434 3370 3964 I AmazonPowerManagerVendorCallback: Wakelock released UID:1041 PID:0 Tag:AudioDirectOut
06-08 19:56:45.435 3370 3964 I AmazonPowerManagerVendorCallback: Wakelock acquired UID:1041 PID:0 Tag:AudioDirectOut
06-08 19:56:45.435 3370 3964 I AmazonPowerManagerVendorCallback: Wakelock released UID:1041 PID:0 Tag:AudioDirectOut
06-08 19:56:45.436 3370 3964 I AmazonPowerManagerVendorCallback: Wakelock acquired UID:1041 PID:0 Tag:AudioDirectOut
06-08 19:56:45.436 3370 3755 I AmazonPowerManagerVendorCallback: Wakelock released UID:1041 PID:0 Tag:AudioDirectOut
06-08 19:56:45.437 3370 3755 I AmazonPowerManagerVendorCallback: Wakelock acquired UID:1041 PID:0 Tag:AudioDirectOut
06-08 19:56:45.438 3370 3755 I AmazonPowerManagerVendorCallback: Wakelock released UID:1041 PID:0 Tag:AudioDirectOut
06-08 19:56:45.438 3370 3755 I AmazonPowerManagerVendorCallback: Wakelock acquired UID:1041 PID:0 Tag:AudioDirectOut
06-08 19:56:45.439 3370 18866 I AmazonPowerManagerVendorCallback: Wakelock released UID:1041 PID:0 Tag:AudioDirectOut
06-08 19:56:45.439 3370 18866 I AmazonPowerManagerVendorCallback: Wakelock acquired UID:1041 PID:0 Tag:AudioDirectOut
06-08 19:56:45.440 3370 3755 I AmazonPowerManagerVendorCallback: Wakelock released UID:1041 PID:0 Tag:AudioDirectOut
06-08 19:56:45.440 3370 3564 I AmazonPowerManagerVendorCallback: Wakelock acquired UID:1041 PID:0 Tag:AudioDirectOut
06-08 19:56:45.441 3370 3564 I AmazonPowerManagerVendorCallback: Wakelock released UID:1041 PID:0 Tag:AudioDirectOut
06-08 19:56:45.441 3370 18866 I AmazonPowerManagerVendorCallback: Wakelock acquired UID:1041 PID:0 Tag:AudioDirectOut
06-08 19:56:45.442 3370 3964 I AmazonPowerManagerVendorCallback: Wakelock released UID:1041 PID:0 Tag:AudioDirectOut
06-08 19:56:45.443 3370 18866 I AmazonPowerManagerVendorCallback: Wakelock acquired UID:1041 PID:0 Tag:AudioDirectOut
06-08 19:56:45.443 3370 3964 I AmazonPowerManagerVendorCallback: Wakelock released UID:1041 PID:0 Tag:AudioDirectOut
06-08 19:56:45.448 3370 3964 I AmazonPowerManagerVendorCallback: Wakelock acquired UID:1041 PID:0 Tag:AudioDirectOut
06-08 19:56:45.448 3370 3755 I AmazonPowerManagerVendorCallback: Wakelock released UID:1041 PID:0 Tag:AudioDirectOut
06-08 19:56:45.455 3370 3755 I AmazonPowerManagerVendorCallback: Wakelock acquired UID:1041 PID:0 Tag:AudioDirectOut
06-08 19:56:45.456 3370 18866 I AmazonPowerManagerVendorCallback: Wakelock released UID:1041 PID:0 Tag:AudioDirectOut
06-08 19:56:45.459 3370 18866 I AmazonPowerManagerVendorCallback: Wakelock acquired UID:1041 PID:0 Tag:AudioDirectOut
06-08 19:56:45.459 3370 3755 I AmazonPowerManagerVendorCallback: Wakelock released UID:1041 PID:0 Tag:AudioDirectOut
06-08 19:56:45.460 3370 18866 I AmazonPowerManagerVendorCallback: Wakelock acquired UID:1041 PID:0 Tag:AudioDirectOut
06-08 19:56:45.463 3370 3755 I AmazonPowerManagerVendorCallback: Wakelock acquired UID:1041 PID:0 Tag:AudioOffload
06-08 19:56:45.464 3370 3755 I AmazonPowerManagerVendorCallback: Wakelock released UID:1041 PID:0 Tag:AudioOffload
06-08 19:56:45.466 3370 3755 I AmazonPowerManagerVendorCallback: Wakelock acquired UID:1041 PID:0 Tag:AudioOffload
06-08 19:56:45.467 3370 18866 I AmazonPowerManagerVendorCallback: Wakelock released UID:1041 PID:0 Tag:AudioOffload
06-08 19:56:45.470 3370 18866 I AmazonPowerManagerVendorCallback: Wakelock acquired UID:1041 PID:0 Tag:AudioOffload
06-08 19:56:45.470 3370 18866 I AmazonPowerManagerVendorCallback: Wakelock released UID:1041 PID:0 Tag:AudioOffload
06-08 19:56:45.471 3370 18866 I AmazonPowerManagerVendorCallback: Wakelock acquired UID:1041 PID:0 Tag:AudioOffload
06-08 19:56:45.473 3370 3964 I AmazonPowerManagerVendorCallback: Wakelock released UID:1041 PID:0 Tag:AudioDirectOut
06-08 19:56:45.475 3370 3964 I AmazonPowerManagerVendorCallback: Wakelock acquired UID:1041 PID:0 Tag:AudioOffload
06-08 19:56:45.478 3370 18866 I AmazonPowerManagerVendorCallback: Wakelock released UID:1041 PID:0 Tag:AudioOffload
06-08 19:56:45.481 3370 18866 I AmazonPowerManagerVendorCallback: Wakelock released UID:1041 PID:0 Tag:AudioDirectOut
06-08 19:56:45.481 3370 3964 I AmazonPowerManagerVendorCallback: Wakelock acquired UID:1041 PID:0 Tag:AudioOffload
06-08 19:56:45.483 3370 3964 I AmazonPowerManagerVendorCallback: Wakelock released UID:1041 PID:0 Tag:AudioOffload
06-08 19:56:45.486 3370 3964 I AmazonPowerManagerVendorCallback: Wakelock acquired UID:1041 PID:0 Tag:AudioOffload
