06-08 20:08:57.243 3370 3452 I AmazonProfileService: Event is not filtered because it is not in filter key list.
06-08 20:08:57.243 3370 3452 I FireTVKeyPolicyManager: Dynamic key mapping has been enabled
06-08 20:08:57.243 3370 3452 I KeyMapManagerUtil: Unknown remote sku id 0. Fetch remote sku id from system property
06-08 20:08:57.243 3370 3452 I FireTVKeyPolicyManager: Dynamic key mapping key intercepted result 0
06-08 20:08:57.245 3370 3451 D AmzPhoneWindowManager: is 21 in key list = false
06-08 20:08:57.247 20034 20056 V Kodi : CAndroidKey: key down (dev:7; src:769; code: 21; repeat: 0; flags: 0x8; alt: no; shift: no; sym: no)
06-08 20:08:57.261 20034 20058 D Kodi : 2021-06-08 20:08:57.261 T:20058 DEBUG : Keyboard: scancode: 0x15, sym: 0x276, unicode: 0x0000, modifier: 0x0
06-08 20:08:57.261 20034 20058 D Kodi : 2021-06-08 20:08:57.261 T:20058 DEBUG : HandleKey: left (0xf082) pressed, trying keyboard action 1
06-08 20:08:57.336 3566 4099 W bt_btif : bta_hh_le_input_rpt_notify uuid=0x2a4d srv_handle=79 is_bl_svc_primary=1 rpt_id=1 len=3
06-08 20:08:57.337 3370 3452 E AmazonProfileService: There is no KEY_CHILD_PIN_PACKAGE_NAME
06-08 20:08:57.337 3370 3452 I AmazonProfileService: Event is not filtered because it is not in filter key list.
06-08 20:08:57.337 3370 3452 I FireTVKeyPolicyManager: Dynamic key mapping has been enabled
06-08 20:08:57.337 3370 3452 I KeyMapManagerUtil: Unknown remote sku id 0. Fetch remote sku id from system property
06-08 20:08:57.337 3370 3452 I FireTVKeyPolicyManager: Dynamic key mapping key intercepted result 0
06-08 20:08:57.337 3370 3451 D AmzPhoneWindowManager: is 21 in key list = false
06-08 20:08:57.339 20034 20056 V Kodi : CAndroidKey: key up (dev:7; src:769; code: 21; repeat: 0; flags: 0x8; alt: no; shift: no; sym: no)
06-08 20:08:57.367 20034 20058 D Kodi : 2021-06-08 20:08:57.367 T:20058 DEBUG : Keyboard: scancode: 0x15, sym: 0x276, unicode: 0x0000, modifier: 0x0
06-08 20:08:57.536 3566 4099 W bt_btif : bta_hh_le_input_rpt_notify uuid=0x2a4d srv_handle=79 is_bl_svc_primary=1 rpt_id=1 len=3
06-08 20:08:57.536 3370 3452 E AmazonProfileService: There is no KEY_CHILD_PIN_PACKAGE_NAME
06-08 20:08:57.537 3370 3452 I AmazonProfileService: Event is not filtered because it is not in filter key list.
06-08 20:08:57.537 3370 3452 I FireTVKeyPolicyManager: Dynamic key mapping has been enabled
06-08 20:08:57.537 3370 3452 I KeyMapManagerUtil: Unknown remote sku id 0. Fetch remote sku id from system property
06-08 20:08:57.537 3370 3452 I FireTVKeyPolicyManager: Dynamic key mapping key intercepted result 0
06-08 20:08:57.539 3370 3451 D AmzPhoneWindowManager: is 23 in key list = false
06-08 20:08:57.541 20034 20056 V Kodi : CAndroidKey: key down (dev:7; src:769; code: 23; repeat: 0; flags: 0x8; alt: no; shift: no; sym: no)
06-08 20:08:57.570 20034 20058 D Kodi : 2021-06-08 20:08:57.569 T:20058 DEBUG : Keyboard: scancode: 0x17, sym: 0x13, unicode: 0x0000, modifier: 0x0
06-08 20:08:57.652 3566 4099 W bt_btif : bta_hh_le_input_rpt_notify uuid=0x2a4d srv_handle=79 is_bl_svc_primary=1 rpt_id=1 len=3
06-08 20:08:57.653 3370 3452 E AmazonProfileService: There is no KEY_CHILD_PIN_PACKAGE_NAME
06-08 20:08:57.653 3370 3452 I AmazonProfileService: Event is not filtered because it is not in filter key list.
06-08 20:08:57.653 3370 3452 I FireTVKeyPolicyManager: Dynamic key mapping has been enabled
06-08 20:08:57.653 3370 3452 I KeyMapManagerUtil: Unknown remote sku id 0. Fetch remote sku id from system property
06-08 20:08:57.653 3370 3452 I FireTVKeyPolicyManager: Dynamic key mapping key intercepted result 0
06-08 20:08:57.655 3370 3451 D AmzPhoneWindowManager: is 23 in key list = false
06-08 20:08:57.656 20034 20056 V Kodi : CAndroidKey: key up (dev:7; src:769; code: 23; repeat: 0; flags: 0x8; alt: no; shift: no; sym: no)
06-08 20:08:57.670 20034 20058 D Kodi : 2021-06-08 20:08:57.670 T:20058 DEBUG : Keyboard: scancode: 0x17, sym: 0x13, unicode: 0x0000, modifier: 0x0
06-08 20:08:57.670 20034 20058 D Kodi : 2021-06-08 20:08:57.670 T:20058 DEBUG : HandleKey: return (0xf00d) pressed, trying keyboard action 7
06-08 20:08:58.165 20034 20058 D Kodi : 2021-06-08 20:08:58.165 T:20058 DEBUG : ------ Window Deinit (DialogKeyboard.xml) ------
06-08 20:08:58.195 20034 20315 I Kodi : 2021-06-08 20:08:58.195 T:20315 INFO : [Amazon VOD] getURL: https://atv-ps-eu.amazon.de/cdp/catalog/Search?firmware=fmw:28-app:5.2.3&deviceTypeID=A1C66CX2XD756O&deviceID=9bfe1b6eed41f7a1cbe8e94cd4fd65d3c3727f10f2b19e69939af2b5&format=json&version=2&formatVersion=3&marketplaceId=A1PA6795UKMFR9&IncludeAll=T&AID=1&searchString=4k&OfferGroups=B0043YVHMY&NumberOfResults=40&StartIndex=0&Detailed=T
06-08 20:08:58.494 3140 3332 I AUDIOALG: asyncProcess : process @@@
06-08 20:08:58.497 3140 3332 I AUDIOALG: RefDlyEstimation: maxRxy 0.000000 maxPos 0
06-08 20:08:58.497 3140 3332 I AUDIOALG: asyncProcess : waiting...
06-08 20:08:59.737 20034 20315 D Kodi : 2021-06-08 20:08:59.737 T:20315 DEBUG : [Amazon VOD] Download Time: 1.540639626000484
06-08 20:09:00.544 3140 3332 I AUDIOALG: asyncProcess : process @@@
06-08 20:09:00.546 3140 3332 I AUDIOALG: RefDlyEstimation: maxRxy 0.000000 maxPos 0
06-08 20:09:00.546 3140 3332 I AUDIOALG: asyncProcess : waiting...
06-08 20:09:02.460 20034 20315 I Kodi : 2021-06-08 20:09:02.460 T:20315 INFO : CPythonInvoker(15, /storage/emulated/0/Android/data/org.xbmc.kodi/files/.kodi/addons/plugin.video.amazon-test/default.py): script successfully run
06-08 20:09:02.511 20034 20058 D Kodi : 2021-06-08 20:09:02.510 T:20058 DEBUG : RunScriptWithParams - calling plugin Amazon VOD('plugin://plugin.video.amazon-test/','-1','?mode=checkMissing','resume:false')
06-08 20:09:02.511 20034 20058 D Kodi : 2021-06-08 20:09:02.511 T:20058 DEBUG : GetLanguageInvoker - Reusing LanguageInvokerThread 15 for script /storage/emulated/0/Android/data/org.xbmc.kodi/files/.kodi/addons/plugin.video.amazon-test/default.py
06-08 20:09:02.512 20034 20315 I Kodi : 2021-06-08 20:09:02.512 T:20315 INFO : initializing python engine.
06-08 20:09:02.514 20034 20315 D Kodi : 2021-06-08 20:09:02.514 T:20315 DEBUG : CPythonInvoker(15, /storage/emulated/0/Android/data/org.xbmc.kodi/files/.kodi/addons/plugin.video.amazon-test/default.py): start processing
06-08 20:09:02.515 20034 20315 D Kodi : 2021-06-08 20:09:02.515 T:20315 DEBUG : CPythonInvoker(15, /storage/emulated/0/Android/data/org.xbmc.kodi/files/.kodi/addons/plugin.video.amazon-test/default.py): entering source directory /storage/emulated/0/Android/data/org.xbmc.kodi/files/.kodi/addons/plugin.video.amazon-test
06-08 20:09:02.515 20034 20315 D Kodi : 2021-06-08 20:09:02.515 T:20315 DEBUG : CPythonInvoker(15, /storage/emulated/0/Android/data/org.xbmc.kodi/files/.kodi/addons/plugin.video.amazon-test/default.py): instantiating addon using automatically obtained id of "plugin.video.amazon-test" dependent on version 3.0.0 of the xbmc.python api
06-08 20:09:02.518 20034 20315 D Kodi : 2021-06-08 20:09:02.518 T:20315 DEBUG : [Amazon VOD] Requested {'mode': 'checkMissing'}
06-08 20:09:02.531 20034 20315 I Kodi : 2021-06-08 20:09:02.531 T:20315 INFO : [Amazon VOD] Starting Fanart Update
06-08 20:09:02.539 20034 20315 I Kodi : 2021-06-08 20:09:02.539 T:20315 INFO : [Amazon VOD] searching fanart for PRIME JAPAN at thetvdb.com
06-08 20:09:02.590 3140 3332 I AUDIOALG: asyncProcess : process @@@
06-08 20:09:02.593 3140 3332 I AUDIOALG: RefDlyEstimation: maxRxy 0.000000 maxPos 0
06-08 20:09:02.599 3140 3332 I AUDIOALG: asyncProcess : waiting...
06-08 20:09:02.612 20034 20825 D Kodi : 2021-06-08 20:09:02.612 T:20825 DEBUG : Thread waiting -890242704 terminating
06-08 20:09:02.612 20034 20058 D Kodi : 2021-06-08 20:09:02.612 T:20058 DEBUG : ------ Window Deinit (DialogBusy.xml) ------
06-08 20:09:02.616 20034 20058 D Kodi : 2021-06-08 20:09:02.616 T:20058 DEBUG : Saving fileitems [plugin://plugin.video.amazon-test/?cat=Browse&mode=Search&opt&page=1&url]
06-08 20:09:02.635 20034 20058 D Kodi : 2021-06-08 20:09:02.635 T:20058 DEBUG : -- items: 251, sort method: 0, ascending: false
06-08 20:09:02.813 20034 20834 D Kodi : 2021-06-08 20:09:02.813 T:20834 DEBUG : Thread BackgroundLoader start, auto delete: false
06-08 20:09:02.843 20034 20824 D Kodi : 2021-06-08 20:09:02.843 T:20824 DEBUG : ffmpeg[0xbef59ec0X]: [image2] Custom AVIOContext makes no sense and will be ignored with AVFMT_NOFILE format.
06-08 20:09:02.952 20034 20824 D Kodi : 2021-06-08 20:09:02.952 T:20824 DEBUG : DoWork - took 110 ms to load special://skin/extras/backgrounds/videos.jpg
06-08 20:09:03.110 20034 20834 D Kodi : 2021-06-08 20:09:03.109 T:20834 DEBUG : Thread BackgroundLoader -890242704 terminating
06-08 20:09:03.784 20034 20315 D Kodi : 2021-06-08 20:09:03.784 T:20315 DEBUG : [Amazon VOD] Download Time: 1.2414698760003375
06-08 20:09:03.956 3140 20207 I Node : dolby-audio-meter, AdapterPcmSystem adapter audio meter: channel 0; audio level: 0.000
06-08 20:09:03.956 3140 20207 I Node : dolby-audio-meter, AdapterPcmSystem adapter audio meter: channel 1; audio level: 0.000
06-08 20:09:03.956 3140 20207 I RendererNode: dolby-audio-meter, Renderer renderer audio meter: channel 0; audio level: 0.000
06-08 20:09:03.956 3140 20207 I RendererNode: dolby-audio-meter, Renderer renderer audio meter: channel 1; audio level: 0.000
06-08 20:09:03.956 3140 20207 I RendererNode: dolby-audio-meter, Renderer renderer audio meter: channel 2; audio level: 0.000
06-08 20:09:03.956 3140 20207 I RendererNode: dolby-audio-meter, Renderer renderer audio meter: channel 3; audio level: 0.000
06-08 20:09:03.956 3140 20207 I RendererNode: dolby-audio-meter, Renderer renderer audio meter: channel 4; audio level: 0.000
06-08 20:09:03.956 3140 20207 I RendererNode: dolby-audio-meter, Renderer renderer audio meter: channel 5; audio level: 0.000
06-08 20:09:03.956 3140 20207 I Node : dolby-audio-meter, AdapterPcmOut adapter audio meter: channel 0; audio level: 0.000
06-08 20:09:03.956 3140 20207 I Node : dolby-audio-meter, AdapterPcmOut adapter audio meter: channel 1; audio level: 0.000
06-08 20:09:04.108 20034 20315 D Kodi : 2021-06-08 20:09:04.107 T:20315 DEBUG : [Amazon VOD] Download Time: 0.3166967500001192
06-08 20:09:04.112 20034 20315 I Kodi : 2021-06-08 20:09:04.112 T:20315 INFO : [Amazon VOD] searching fanart for PRIME JAPAN at tmdb.com
06-08 20:09:04.272 3566 4099 W bt_btif : bta_hh_le_input_rpt_notify uuid=0x2a4d srv_handle=79 is_bl_svc_primary=1 rpt_id=1 len=3
06-08 20:09:04.273 3370 3452 E AmazonProfileService: There is no KEY_CHILD_PIN_PACKAGE_NAME
06-08 20:09:04.273 3370 3452 I AmazonProfileService: Event is not filtered because it is not in filter key list.
06-08 20:09:04.273 3370 3452 I FireTVKeyPolicyManager: Dynamic key mapping has been enabled
06-08 20:09:04.273 3370 3452 I KeyMapManagerUtil: Unknown remote sku id 0. Fetch remote sku id from system property
06-08 20:09:04.273 3370 3452 I FireTVKeyPolicyManager: Dynamic key mapping key intercepted result 0
06-08 20:09:04.276 3370 3451 D AmzPhoneWindowManager: is 20 in key list = false
06-08 20:09:04.279 20034 20056 V Kodi : CAndroidKey: key down (dev:7; src:769; code: 20; repeat: 0; flags: 0x8; alt: no; shift: no; sym: no)
06-08 20:09:04.279 3566 4099 W bt_btif : bta_hh_le_input_rpt_notify uuid=0x2a4d srv_handle=79 is_bl_svc_primary=1 rpt_id=1 len=3
06-08 20:09:04.283 3370 3452 E AmazonProfileService: There is no KEY_CHILD_PIN_PACKAGE_NAME
06-08 20:09:04.283 3370 3452 I AmazonProfileService: Event is not filtered because it is not in filter key list.
06-08 20:09:04.283 3370 3452 I FireTVKeyPolicyManager: Dynamic key mapping has been enabled
06-08 20:09:04.283 3370 3452 I KeyMapManagerUtil: Unknown remote sku id 0. Fetch remote sku id from system property
06-08 20:09:04.283 3370 3452 I FireTVKeyPolicyManager: Dynamic key mapping key intercepted result 0
06-08 20:09:04.284 3370 3451 D AmzPhoneWindowManager: is 20 in key list = false
06-08 20:09:04.286 20034 20056 V Kodi : CAndroidKey: key up (dev:7; src:769; code: 20; repeat: 0; flags: 0x8; alt: no; shift: no; sym: no)
06-08 20:09:04.300 20034 20058 D Kodi : 2021-06-08 20:09:04.300 T:20058 DEBUG : Keyboard: scancode: 0x14, sym: 0x274, unicode: 0x0000, modifier: 0x0
06-08 20:09:04.301 20034 20058 D Kodi : 2021-06-08 20:09:04.301 T:20058 DEBUG : HandleKey: down (0xf081) pressed, action is Down
06-08 20:09:04.301 20034 20058 D Kodi : 2021-06-08 20:09:04.301 T:20058 DEBUG : Keyboard: scancode: 0x14, sym: 0x274, unicode: 0x0000, modifier: 0x0
06-08 20:09:04.305 20034 20826 D Kodi : 2021-06-08 20:09:04.305 T:20826 DEBUG : ffmpeg[0xca024800X]: [image2] Custom AVIOContext makes no sense and will be ignored with AVFMT_NOFILE format.
06-08 20:09:04.309 20034 20824 D Kodi : 2021-06-08 20:09:04.309 T:20824 DEBUG : ffmpeg[0xbef59ec0X]: [image2] Custom AVIOContext makes no sense and will be ignored with AVFMT_NOFILE format.
06-08 20:09:04.315 20034 20824 D Kodi : 2021-06-08 20:09:04.315 T:20824 DEBUG : ffmpeg[0xbef59ec0X]: [swscaler] No accelerated colorspace conversion found from yuv420p to bgra.
06-08 20:09:04.329 20034 20826 D Kodi : 2021-06-08 20:09:04.329 T:20826 DEBUG : ffmpeg[0xca024800X]: [swscaler] No accelerated colorspace conversion found from yuv420p to bgra.
06-08 20:09:04.336 3566 4099 W bt_btif : bta_hh_le_input_rpt_notify uuid=0x2a4d srv_handle=79 is_bl_svc_primary=1 rpt_id=1 len=3
06-08 20:09:04.337 3370 3452 E AmazonProfileService: There is no KEY_CHILD_PIN_PACKAGE_NAME
06-08 20:09:04.337 3370 3452 I AmazonProfileService: Event is not filtered because it is not in filter key list.
06-08 20:09:04.337 3370 3452 I FireTVKeyPolicyManager: Dynamic key mapping has been enabled
06-08 20:09:04.338 3370 3452 I KeyMapManagerUtil: Unknown remote sku id 0. Fetch remote sku id from system property
06-08 20:09:04.338 3370 3452 I FireTVKeyPolicyManager: Dynamic key mapping key intercepted result 0
06-08 20:09:04.338 3370 3451 D AmzPhoneWindowManager: is 20 in key list = false
06-08 20:09:04.342 20034 20056 V Kodi : CAndroidKey: key down (dev:7; src:769; code: 20; repeat: 0; flags: 0x8; alt: no; shift: no; sym: no)
06-08 20:09:04.401 20034 20315 D Kodi : 2021-06-08 20:09:04.401 T:20315 DEBUG : [Amazon VOD] Download Time: 0.285400374999881
06-08 20:09:04.402 20034 20315 I Kodi : 2021-06-08 20:09:04.402 T:20315 INFO : [Amazon VOD] getURL: https://atv-ps-eu.amazon.de/cdp/catalog/GetASINDetails?firmware=fmw:28-app:5.2.3&deviceTypeID=A1C66CX2XD756O&deviceID=9bfe1b6eed41f7a1cbe8e94cd4fd65d3c3727f10f2b19e69939af2b5&format=json&version=2&formatVersion=3&marketplaceId=A1PA6795UKMFR9&IncludeAll=T&AID=1&ASINList=B01IIWCH2A
06-08 20:09:04.405 20034 20058 D Kodi : 2021-06-08 20:09:04.405 T:20058 DEBUG : Keyboard: scancode: 0x14, sym: 0x274, unicode: 0x0000, modifier: 0x0
06-08 20:09:04.406 20034 20058 D Kodi : 2021-06-08 20:09:04.406 T:20058 DEBUG : HandleKey: down (0xf081) pressed, action is Down
06-08 20:09:04.413 20034 20824 D Kodi : 2021-06-08 20:09:04.412 T:20824 DEBUG : ffmpeg[0xbef59ec0X]: [image2] Custom AVIOContext makes no sense and will be ignored with AVFMT_NOFILE format.
06-08 20:09:04.415 20034 20826 D Kodi : 2021-06-08 20:09:04.415 T:20826 DEBUG : ffmpeg[0xca024800X]: [image2] Custom AVIOContext makes no sense and will be ignored with AVFMT_NOFILE format.
06-08 20:09:04.420 20034 20836 D Kodi : 2021-06-08 20:09:04.418 T:20836 DEBUG : Thread JobWorker start, auto delete: true
06-08 20:09:04.421 20034 20826 D Kodi : 2021-06-08 20:09:04.421 T:20826 DEBUG : ffmpeg[0xca024800X]: [swscaler] No accelerated colorspace conversion found from yuv420p to bgra.
06-08 20:09:04.432 20034 20824 D Kodi : 2021-06-08 20:09:04.432 T:20824 DEBUG : ffmpeg[0xbef59ec0X]: [swscaler] No accelerated colorspace conversion found from yuv420p to bgra.
06-08 20:09:04.441 3566 4099 W bt_btif : bta_hh_le_input_rpt_notify uuid=0x2a4d srv_handle=79 is_bl_svc_primary=1 rpt_id=1 len=3
06-08 20:09:04.442 3370 3452 E AmazonProfileService: There is no KEY_CHILD_PIN_PACKAGE_NAME
06-08 20:09:04.442 3370 3452 I AmazonProfileService: Event is not filtered because it is not in filter key list.
06-08 20:09:04.442 3370 3452 I FireTVKeyPolicyManager: Dynamic key mapping has been enabled
06-08 20:09:04.442 3370 3452 I KeyMapManagerUtil: Unknown remote sku id 0. Fetch remote sku id from system property
06-08 20:09:04.442 3370 3452 I FireTVKeyPolicyManager: Dynamic key mapping key intercepted result 0
06-08 20:09:04.445 3370 3451 D AmzPhoneWindowManager: is 20 in key list = false
06-08 20:09:04.446 20034 20056 V Kodi : CAndroidKey: key up (dev:7; src:769; code: 20; repeat: 0; flags: 0x8; alt: no; shift: no; sym: no)
06-08 20:09:04.459 20034 20058 D Kodi : 2021-06-08 20:09:04.458 T:20058 DEBUG : Keyboard: scancode: 0x14, sym: 0x274, unicode: 0x0000, modifier: 0x0
06-08 20:09:04.496 3566 4099 W bt_btif : bta_hh_le_input_rpt_notify uuid=0x2a4d srv_handle=79 is_bl_svc_primary=1 rpt_id=1 len=3
06-08 20:09:04.497 3370 3452 E AmazonProfileService: There is no KEY_CHILD_PIN_PACKAGE_NAME
06-08 20:09:04.497 3370 3452 I AmazonProfileService: Event is not filtered because it is not in filter key list.
06-08 20:09:04.497 3370 3452 I FireTVKeyPolicyManager: Dynamic key mapping has been enabled
06-08 20:09:04.497 3370 3452 I KeyMapManagerUtil: Unknown remote sku id 0. Fetch remote sku id from system property
06-08 20:09:04.497 3370 3452 I FireTVKeyPolicyManager: Dynamic key mapping key intercepted result 0
06-08 20:09:04.498 3370 3451 D AmzPhoneWindowManager: is 20 in key list = false
06-08 20:09:04.500 20034 20056 V Kodi : CAndroidKey: key down (dev:7; src:769; code: 20; repeat: 0; flags: 0x8; alt: no; shift: no; sym: no)
06-08 20:09:04.509 20034 20058 D Kodi : 2021-06-08 20:09:04.509 T:20058 DEBUG : Keyboard: scancode: 0x14, sym: 0x274, unicode: 0x0000, modifier: 0x0
06-08 20:09:04.510 20034 20058 D Kodi : 2021-06-08 20:09:04.510 T:20058 DEBUG : HandleKey: down (0xf081) pressed, action is Down
06-08 20:09:04.516 20034 20836 D Kodi : 2021-06-08 20:09:04.515 T:20836 DEBUG : ffmpeg[0xc8c0a480X]: [image2] Custom AVIOContext makes no sense and will be ignored with AVFMT_NOFILE format.
06-08 20:09:04.520 20034 20824 D Kodi : 2021-06-08 20:09:04.520 T:20824 DEBUG : ffmpeg[0xbef59ec0X]: [image2] Custom AVIOContext makes no sense and will be ignored with AVFMT_NOFILE format.
06-08 20:09:04.526 20034 20824 D Kodi : 2021-06-08 20:09:04.526 T:20824 DEBUG : ffmpeg[0xbef59ec0X]: [swscaler] No accelerated colorspace conversion found from yuv420p to bgra.
06-08 20:09:04.527 20034 20826 E Kodi : 2021-06-08 20:09:04.527 T:20826 ERROR : DoWork - Direct texture file loading failed for resource://resource.images.studios.coloured/Telepool.png
06-08 20:09:04.528 20034 20826 D Kodi : 2021-06-08 20:09:04.528 T:20826 DEBUG : GetImageHash - unable to stat url resource://resource.images.studios.coloured/Telepool.png
06-08 20:09:04.535 20034 20836 D Kodi : 2021-06-08 20:09:04.535 T:20836 DEBUG : ffmpeg[0xc8c0a480X]: [swscaler] No accelerated colorspace conversion found from yuv420p to bgra.
06-08 20:09:04.577 3566 4099 W bt_btif : bta_hh_le_input_rpt_notify uuid=0x2a4d srv_handle=79 is_bl_svc_primary=1 rpt_id=1 len=3
06-08 20:09:04.577 3370 3452 E AmazonProfileService: There is no KEY_CHILD_PIN_PACKAGE_NAME
06-08 20:09:04.577 3370 3452 I AmazonProfileService: Event is not filtered because it is not in filter key list.
06-08 20:09:04.577 3370 3452 I FireTVKeyPolicyManager: Dynamic key mapping has been enabled
06-08 20:09:04.578 20034 20058 D Kodi : 2021-06-08 20:09:04.578 T:20058 DEBUG : [Warning] CGUITextureManager::GetTexturePath: could not find texture 'none'
06-08 20:09:04.578 3370 3452 I KeyMapManagerUtil: Unknown remote sku id 0. Fetch remote sku id from system property
06-08 20:09:04.580 3370 3452 I FireTVKeyPolicyManager: Dynamic key mapping key intercepted result 0
06-08 20:09:04.582 3370 3451 D AmzPhoneWindowManager: is 20 in key list = false
06-08 20:09:04.585 20034 20056 V Kodi : CAndroidKey: key up (dev:7; src:769; code: 20; repeat: 0; flags: 0x8; alt: no; shift: no; sym: no)
06-08 20:09:04.586 20034 20144 D Kodi : 2021-06-08 20:09:04.586 T:20144 DEBUG : [plugin.video.themoviedb.helper]
06-08 20:09:04.586 20034 20144 D Kodi : CACHE: Initialized
06-08 20:09:04.587 20034 20315 D Kodi : 2021-06-08 20:09:04.587 T:20315 DEBUG : [Amazon VOD] Download Time: 0.1817118750004738
06-08 20:09:04.589 20034 20315 I Kodi : 2021-06-08 20:09:04.589 T:20315 INFO : [Amazon VOD] searching fanart for ERSTER 4K-LIVE-STREAM AUS DEM WELTRAUM at tmdb.com
06-08 20:09:04.629 20034 20058 D Kodi : 2021-06-08 20:09:04.629 T:20058 DEBUG : Keyboard: scancode: 0x14, sym: 0x274, unicode: 0x0000, modifier: 0x0
06-08 20:09:04.638 3140 3332 I AUDIOALG: asyncProcess : process @@@
06-08 20:09:04.642 3140 3332 I AUDIOALG: RefDlyEstimation: maxRxy 0.000000 maxPos 0
06-08 20:09:04.642 3140 3332 I AUDIOALG: asyncProcess : waiting...
06-08 20:09:04.775 20034 20315 D Kodi : 2021-06-08 20:09:04.775 T:20315 DEBUG : [Amazon VOD] Download Time: 0.1822742919994198
06-08 20:09:04.818 3566 4099 W bt_btif : bta_hh_le_input_rpt_notify uuid=0x2a4d srv_handle=79 is_bl_svc_primary=1 rpt_id=1 len=3
06-08 20:09:04.819 3370 3452 E AmazonProfileService: There is no KEY_CHILD_PIN_PACKAGE_NAME
06-08 20:09:04.820 3370 3452 I AmazonProfileService: Event is not filtered because it is not in filter key list.
06-08 20:09:04.820 3370 3452 I FireTVKeyPolicyManager: Dynamic key mapping has been enabled
06-08 20:09:04.820 3370 3452 I KeyMapManagerUtil: Unknown remote sku id 0. Fetch remote sku id from system property
06-08 20:09:04.820 3370 3452 I FireTVKeyPolicyManager: Dynamic key mapping key intercepted result 0
06-08 20:09:04.828 3370 3451 D AmzPhoneWindowManager: is 23 in key list = false
06-08 20:09:04.831 20034 20056 V Kodi : CAndroidKey: key down (dev:7; src:769; code: 23; repeat: 0; flags: 0x8; alt: no; shift: no; sym: no)
06-08 20:09:04.843 20034 20058 D Kodi : 2021-06-08 20:09:04.842 T:20058 DEBUG : Keyboard: scancode: 0x17, sym: 0x13, unicode: 0x0000, modifier: 0x0
06-08 20:09:04.920 3566 4099 W bt_btif : bta_hh_le_input_rpt_notify uuid=0x2a4d srv_handle=79 is_bl_svc_primary=1 rpt_id=1 len=3
06-08 20:09:04.923 3370 3452 E AmazonProfileService: There is no KEY_CHILD_PIN_PACKAGE_NAME
06-08 20:09:04.923 3370 3452 I AmazonProfileService: Event is not filtered because it is not in filter key list.
06-08 20:09:04.923 3370 3452 I FireTVKeyPolicyManager: Dynamic key mapping has been enabled
06-08 20:09:04.923 3370 3452 I KeyMapManagerUtil: Unknown remote sku id 0. Fetch remote sku id from system property
06-08 20:09:04.923 3370 3452 I FireTVKeyPolicyManager: Dynamic key mapping key intercepted result 0
06-08 20:09:04.927 3370 3451 D AmzPhoneWindowManager: is 23 in key list = false
06-08 20:09:04.928 20034 20056 V Kodi : CAndroidKey: key up (dev:7; src:769; code: 23; repeat: 0; flags: 0x8; alt: no; shift: no; sym: no)
06-08 20:09:04.944 20034 20058 D Kodi : 2021-06-08 20:09:04.943 T:20058 DEBUG : Keyboard: scancode: 0x17, sym: 0x13, unicode: 0x0000, modifier: 0x0
06-08 20:09:04.944 20034 20058 D Kodi : 2021-06-08 20:09:04.944 T:20058 DEBUG : HandleKey: return (0xf00d) pressed, action is Select
06-08 20:09:04.964 20034 20058 D Kodi : 2021-06-08 20:09:04.964 T:20058 DEBUG : ------ Window Init (DialogVideoInfo.xml) ------
06-08 20:09:04.964 20034 20058 I Kodi : 2021-06-08 20:09:04.964 T:20058 INFO : Loading skin file: DialogVideoInfo.xml, load type: KEEP_IN_MEMORY
06-08 20:09:04.973 20034 20315 D Kodi : 2021-06-08 20:09:04.973 T:20315 DEBUG : [Amazon VOD] Download Time: 0.18840158300008625
06-08 20:09:04.974 20034 20315 I Kodi : 2021-06-08 20:09:04.974 T:20315 INFO : [Amazon VOD] searching fanart for THE 2018 ROSE PARADE HOSTED BY CORD & TISH at thetvdb.com
06-08 20:09:05.149 20034 20058 D Kodi : 2021-06-08 20:09:05.149 T:20058 DEBUG : Skin file /storage/emulated/0/Android/data/org.xbmc.kodi/files/.kodi/addons/skin.madnox/16x9/DialogVideoInfo.xml loaded in 185.39ms
06-08 20:09:05.150 20034 20058 D Kodi : 2021-06-08 20:09:05.150 T:20058 DEBUG : CDirectoryProvider[plugin://script.embuary.helper/?info=getbydbid&dbid=&type=]: refreshing..
06-08 20:09:05.150 20034 20058 D Kodi : 2021-06-08 20:09:05.150 T:20058 DEBUG : CDirectoryProvider[videodb://movies/titles/?xsp=%7B%22rules%22%3A%7B%22and%22%3A%5B%7B%22field%22%3A%22actor%22%2C%22operator%22%3A%22is%22%2C%22value%22%3A%5B%22%22%5D%7D%2C%7B%22field%22%3A%22title%22%2C%22operator%22%3A%22isnot%22%2C%22value%22%3A%5B%22%22%5D%7D%5D%7D%2C%22type%22%3A%22movies%22%7D]: refreshing..
06-08 20:09:05.151 20034 20058 D Kodi : 2021-06-08 20:09:05.151 T:20058 DEBUG : CDirectoryProvider[videodb://tvshows/titles/?xsp=%7B%22rules%22%3A%7B%22and%22%3A%5B%7B%22field%22%3A%22actor%22%2C%22operator%22%3A%22is%22%2C%22value%22%3A%5B%22%22%5D%7D%2C%7B%22field%22%3A%22title%22%2C%22operator%22%3A%22isnot%22%2C%22value%22%3A%5B%22%22%5D%7D%5D%7D%2C%22type%22%3A%22tvshows%22%7D]: refreshing..
06-08 20:09:05.151 20034 20058 D Kodi : 2021-06-08 20:09:05.151 T:20058 DEBUG : CDirectoryProvider[videodb://inprogresstvshows//-2/?tvshowid=]: refreshing..
06-08 20:09:05.151 20034 20058 D Kodi : 2021-06-08 20:09:05.151 T:20058 DEBUG : CDirectoryProvider[plugin://script.embuary.helper/?info=getdirectedby&dbid=]: refreshing..
06-08 20:09:05.151 20034 20058 D Kodi : 2021-06-08 20:09:05.151 T:20058 DEBUG : CDirectoryProvider[plugin://script.embuary.helper/?info=getbyargs&filter_args=%7B%22and%22%3A%20%5B%7B%22or%22%3A%20%5B%7B%22operator%22%3A%20%22is%22%2C%20%22field%22%3A%20%22writers%22%2C%20%22value%22%3A%20%22%22%7D%2C%7B%22operator%22%3A%20%22is%22%2C%20%22field%22%3A%20%22writers%22%2C%20%22value%22%3A%20%22%22%7D%5D%7D%2C%20%7B%22operator%22%3A%20%22isnot%22%2C%20%22field%22%3A%20%22title%22%2C%20%22value%22%3A%20%22%22%7D%5D%7D&type=movie]: refreshing..
06-08 20:09:05.151 20034 20058 D Kodi : 2021-06-08 20:09:05.151 T:20058 DEBUG : CDirectoryProvider[plugin://script.embuary.helper/?info=getsimilar&dbid=&type=movie]: refreshing..
06-08 20:09:05.151 20034 20826 E Kodi : 2021-06-08 20:09:05.151 T:20826 ERROR : Unable to find plugin script.embuary.helper
06-08 20:09:05.151 20034 20826 E Kodi : 2021-06-08 20:09:05.151 T:20826 ERROR : GetDirectory - Error getting plugin://script.embuary.helper/?info=getbydbid&dbid=&type=
06-08 20:09:05.151 20034 20058 D Kodi : 2021-06-08 20:09:05.151 T:20058 DEBUG : Alloc resources: 187.50ms (185.64 ms skin load)
06-08 20:09:05.155 20034 20058 E Kodi : 2021-06-08 20:09:05.155 T:20058 ERROR : Unmatched ]
06-08 20:09:05.155 20034 20058 E Kodi : 2021-06-08 20:09:05.155 T:20058 ERROR : Error parsing boolean expression system.addonisenabled(script.embuary.helper) + skin.hassetting(blurenabled) + !string.isequal(listitem.dbtype,musicvideo) + skin.hassetting(videoblurenabled)]
06-08 20:09:05.155 20034 20058 E Kodi : 2021-06-08 20:09:05.155 T:20058 ERROR : Unmatched ]
06-08 20:09:05.155 20034 20058 E Kodi : 2021-06-08 20:09:05.155 T:20058 ERROR : Error parsing boolean expression system.addonisenabled(script.embuary.helper) + skin.hassetting(blurenabled) + string.isequal(listitem.dbtype,musicvideo) + skin.hassetting(musicblurenabled)]
06-08 20:09:05.169 20034 20838 D Kodi : 2021-06-08 20:09:05.169 T:20838 DEBUG : Thread JobWorker start, auto delete: true
06-08 20:09:05.175 20034 20836 E Kodi : 2021-06-08 20:09:05.175 T:20836 ERROR : DoWork - Direct texture file loading failed for resource://resource.images.studios.coloured/Telepool.png
06-08 20:09:05.176 20034 20836 D Kodi : 2021-06-08 20:09:05.176 T:20836 DEBUG : GetImageHash - unable to stat url resource://resource.images.studios.coloured/Telepool.png
06-08 20:09:05.180 20034 20824 E Kodi : 2021-06-08 20:09:05.180 T:20824 ERROR : Unable to find plugin script.embuary.helper
06-08 20:09:05.180 20034 20824 E Kodi : 2021-06-08 20:09:05.180 T:20824 ERROR : GetDirectory - Error getting plugin://script.embuary.helper/?info=getdirectedby&dbid=
06-08 20:09:05.182 20034 20826 E Kodi : 2021-06-08 20:09:05.182 T:20826 ERROR : Unable to find plugin script.embuary.helper
06-08 20:09:05.182 20034 20826 E Kodi : 2021-06-08 20:09:05.182 T:20826 ERROR : GetDirectory - Error getting plugin://script.embuary.helper/?info=getsimilar&dbid=&type=movie
06-08 20:09:05.184 20034 20824 E Kodi : 2021-06-08 20:09:05.184 T:20824 ERROR : Unable to find plugin script.embuary.helper
06-08 20:09:05.184 20034 20824 E Kodi : 2021-06-08 20:09:05.184 T:20824 ERROR : GetDirectory - Error getting plugin://script.embuary.helper/?info=getbyargs&filter_args=%7B%22and%22%3A%20%5B%7B%22or%22%3A%20%5B%7B%22operator%22%3A%20%22is%22%2C%20%22field%22%3A%20%22writers%22%2C%20%22value%22%3A%20%22%22%7D%2C%7B%22operator%22%3A%20%22is%22%2C%20%22field%22%3A%20%22writers%22%2C%20%22value%22%3A%20%22%22%7D%5D%7D%2C%20%7B%22operator%22%3A%20%22isnot%22%2C%20%22field%22%3A%20%22title%22%2C%20%22value%22%3A%20%22%22%7D%5D%7D&type=movie
06-08 20:09:05.215 20034 20058 D Kodi : 2021-06-08 20:09:05.215 T:20058 DEBUG : CDirectoryProvider[videodb://movies/titles/?xsp=%7B%22rules%22%3A%7B%22and%22%3A%5B%7B%22field%22%3A%22actor%22%2C%22operator%22%3A%22is%22%2C%22value%22%3A%5B%22Tye Sheridan%22%5D%7D%2C%7B%22field%22%3A%22title%22%2C%22operator%22%3A%22isnot%22%2C%22value%22%3A%5B%22%22%5D%7D%5D%7D%2C%22type%22%3A%22movies%22%7D]: refreshing..
06-08 20:09:05.215 20034 20058 D Kodi : 2021-06-08 20:09:05.215 T:20058 DEBUG : CDirectoryProvider[videodb://tvshows/titles/?xsp=%7B%22rules%22%3A%7B%22and%22%3A%5B%7B%22field%22%3A%22actor%22%2C%22operator%22%3A%22is%22%2C%22value%22%3A%5B%22Tye Sheridan%22%5D%7D%2C%7B%22field%22%3A%22title%22%2C%22operator%22%3A%22isnot%22%2C%22value%22%3A%5B%22%22%5D%7D%5D%7D%2C%22type%22%3A%22tvshows%22%7D]: refreshing..
06-08 20:09:05.231 20034 20058 D Kodi : 2021-06-08 20:09:05.231 T:20058 DEBUG : [Warning] CGUITextureManager::GetTexturePath: could not find texture 'flags/colored/'
06-08 20:09:05.312 20034 20058 D Kodi : 2021-06-08 20:09:05.312 T:20058 DEBUG : [Warning] CGUITextureManager::GetTexturePath: could not find texture 'none'
06-08 20:09:05.753 20034 20315 D Kodi : 2021-06-08 20:09:05.753 T:20315 DEBUG : [Amazon VOD] Download Time: 0.7741368759998295
06-08 20:09:05.757 20034 20315 I Kodi : 2021-06-08 20:09:05.757 T:20315 INFO : [Amazon VOD] searching fanart for THE 2018 ROSE PARADE HOSTED BY CORD & TISH at tmdb.com
06-08 20:09:05.893 20034 20315 D Kodi : 2021-06-08 20:09:05.893 T:20315 DEBUG : [Amazon VOD] Download Time: 0.1309748749990831
06-08 20:09:05.895 20034 20315 I Kodi : 2021-06-08 20:09:05.895 T:20315 INFO : [Amazon VOD] getURL: https://atv-ps-eu.amazon.de/cdp/catalog/GetASINDetails?firmware=fmw:28-app:5.2.3&deviceTypeID=A1C66CX2XD756O&deviceID=9bfe1b6eed41f7a1cbe8e94cd4fd65d3c3727f10f2b19e69939af2b5&format=json&version=2&formatVersion=3&marketplaceId=A1PA6795UKMFR9&IncludeAll=T&AID=1&ASINList=B078X1QH76
06-08 20:09:05.916 3566 4099 W bt_btif : bta_hh_le_input_rpt_notify uuid=0x2a4d srv_handle=79 is_bl_svc_primary=1 rpt_id=1 len=3
06-08 20:09:05.917 3370 3452 E AmazonProfileService: There is no KEY_CHILD_PIN_PACKAGE_NAME
06-08 20:09:05.917 3370 3452 I AmazonProfileService: Event is not filtered because it is not in filter key list.
06-08 20:09:05.917 3370 3452 I FireTVKeyPolicyManager: Dynamic key mapping has been enabled
06-08 20:09:05.917 3370 3452 I KeyMapManagerUtil: Unknown remote sku id 0. Fetch remote sku id from system property
06-08 20:09:05.918 3370 3452 I FireTVKeyPolicyManager: Dynamic key mapping key intercepted result 0
06-08 20:09:05.924 3370 3451 D AmzPhoneWindowManager: is 23 in key list = false
06-08 20:09:05.925 20034 20056 V Kodi : CAndroidKey: key down (dev:7; src:769; code: 23; repeat: 0; flags: 0x8; alt: no; shift: no; sym: no)
06-08 20:09:05.940 20034 20058 D Kodi : 2021-06-08 20:09:05.939 T:20058 DEBUG : Keyboard: scancode: 0x17, sym: 0x13, unicode: 0x0000, modifier: 0x0
06-08 20:09:05.975 20034 20839 D Kodi : 2021-06-08 20:09:05.975 T:20839 DEBUG : [plugin.video.themoviedb.helper]
06-08 20:09:05.975 20034 20839 D Kodi : CACHE: Initialized
06-08 20:09:06.017 3566 4099 W bt_btif : bta_hh_le_input_rpt_notify uuid=0x2a4d srv_handle=79 is_bl_svc_primary=1 rpt_id=1 len=3
06-08 20:09:06.018 3370 3452 E AmazonProfileService: There is no KEY_CHILD_PIN_PACKAGE_NAME
06-08 20:09:06.018 3370 3452 I AmazonProfileService: Event is not filtered because it is not in filter key list.
06-08 20:09:06.018 3370 3452 I FireTVKeyPolicyManager: Dynamic key mapping has been enabled
06-08 20:09:06.018 3370 3452 I KeyMapManagerUtil: Unknown remote sku id 0. Fetch remote sku id from system property
06-08 20:09:06.018 3370 3452 I FireTVKeyPolicyManager: Dynamic key mapping key intercepted result 0
06-08 20:09:06.021 3370 3451 D AmzPhoneWindowManager: is 23 in key list = false
06-08 20:09:06.025 20034 20056 V Kodi : CAndroidKey: key up (dev:7; src:769; code: 23; repeat: 0; flags: 0x8; alt: no; shift: no; sym: no)
06-08 20:09:06.039 20034 20058 D Kodi : 2021-06-08 20:09:06.039 T:20058 DEBUG : Keyboard: scancode: 0x17, sym: 0x13, unicode: 0x0000, modifier: 0x0
06-08 20:09:06.040 20034 20058 D Kodi : 2021-06-08 20:09:06.040 T:20058 DEBUG : HandleKey: return (0xf00d) pressed, action is Select
06-08 20:09:06.043 20034 20058 D Kodi : 2021-06-08 20:09:06.043 T:20058 DEBUG : ------ Window Deinit (DialogVideoInfo.xml) ------
06-08 20:09:06.048 20034 20315 D Kodi : 2021-06-08 20:09:06.048 T:20315 DEBUG : [Amazon VOD] Download Time: 0.15021879199957766
06-08 20:09:06.049 20034 20315 I Kodi : 2021-06-08 20:09:06.049 T:20315 INFO : [Amazon VOD] searching fanart for MARVEL STUDIOS' THE RETURN OF THE FIRST AVENGER at tmdb.com
06-08 20:09:06.066 20034 20058 D Kodi : 2021-06-08 20:09:06.066 T:20058 DEBUG : StartScript - calling plugin Amazon VOD('plugin://plugin.video.amazon-test/','2','?asin=B093156M7R&mode=PlayVideo&name=Voyagers+%28UHD%29&adult=0&trailer=0&selbitrate=-1','resume:false')
06-08 20:09:06.067 20034 20841 D Kodi : 2021-06-08 20:09:06.067 T:20841 DEBUG : Thread LanguageInvoker start, auto delete: false
06-08 20:09:06.067 20034 20841 I Kodi : 2021-06-08 20:09:06.067 T:20841 INFO : initializing python engine.
06-08 20:09:06.067 20034 20841 D Kodi : 2021-06-08 20:09:06.067 T:20841 DEBUG : CPythonInvoker(16, /storage/emulated/0/Android/data/org.xbmc.kodi/files/.kodi/addons/plugin.video.amazon-test/default.py): start processing
06-08 20:09:06.087 20034 20842 D Kodi : 2021-06-08 20:09:06.087 T:20842 DEBUG : Thread scriptobs start, auto delete: false
06-08 20:09:06.114 20034 20841 D Kodi : 2021-06-08 20:09:06.114 T:20841 DEBUG : -->Python Interpreter Initialized<--
06-08 20:09:06.114 20034 20841 D Kodi : 2021-06-08 20:09:06.114 T:20841 DEBUG :
06-08 20:09:06.114 20034 20841 D Kodi :
06-08 20:09:06.114 20034 20841 D Kodi : 2021-06-08 20:09:06.114 T:20841 DEBUG : CPythonInvoker(16, /storage/emulated/0/Android/data/org.xbmc.kodi/files/.kodi/addons/plugin.video.amazon-test/default.py): the source file to load is "/storage/emulated/0/Android/data/org.xbmc.kodi/files/.kodi/addons/plugin.video.amazon-test/default.py"
06-08 20:09:06.115 20034 20841 D Kodi : 2021-06-08 20:09:06.115 T:20841 DEBUG : CPythonInvoker(16, /storage/emulated/0/Android/data/org.xbmc.kodi/files/.kodi/addons/plugin.video.amazon-test/default.py): setting the Python path to /storage/emulated/0/Android/data/org.xbmc.kodi/files/.kodi/addons/plugin.video.amazon-test:/storage/emulated/0/Android/data/org.xbmc.kodi/files/.kodi/addons/script.module.beautifulsoup4/lib:/storage/emulated/0/Android/data/org.xbmc.kodi/files/.kodi/addons/script.module.certifi/lib:/storage/emulated/0/Android/data/org.xbmc.kodi/files/.kodi/addons/script.module.chardet/lib:/storage/emulated/0/Android/data/org.xbmc.kodi/files/.kodi/addons/script.module.idna/lib:/storage/emulated/0/Android/data/org.xbmc.kodi/files/.kodi/addons/script.module.inputstreamhelper/lib:/storage/emulated/0/Android/data/org.xbmc.kodi/files/.kodi/addons/script.module.kodi-six/libs:/storage/emulated/0/Android/data/org.xbmc.kodi/files/.kodi/addons/script.module.mechanicalsoup/lib:/storage/emulated/0/Android/data/org.xbmc.kodi/files/.kodi/addons/script.module.pyautogui/lib:/storage/emulated/0/Android/data/org.xbmc.kodi/files/.kodi/addons/script.module.pyxbmct/lib:/storage/emulated/0/Android/data/org.xbmc.kodi/files/.kodi/addons/script.module.requests/lib:/storage/emulated/0/Android/data/org.xbmc.kodi/files/.kodi/addons/script.module.six/lib:/storage/emulated/0/Android/data/org.xbmc.kodi/files/.kodi/addons/script.module.soupsieve/lib:/storage/emulated/0/Android/data/org.xbmc.kodi/files/.kodi/addons/script.module.urllib3/lib:/data/user/0/org.xbmc.kodi/cache/apk/assets/python3.8/lib/python3.8/site-packages/setuptools-18.4-py3.8.egg:/data/user/0/org.xbmc.kodi/cache/apk/assets/python3.8/lib/python38.zip:/data/user/0/org.xbmc.kodi/cache/apk/assets/python3.8/lib/python3.8:/data/user/0/org.xbmc.kodi/cache/apk/assets/python3.8/lib/python3.8/site-packages:/data/user/0/org.xbmc.kodi/cache/apk/assets/python3.8/lib/python3.8/lib-dynload
06-08 20:09:06.116 20034 20841 D Kodi : 2021-06-08 20:09:06.116 T:20841 DEBUG : CPythonInvoker(16, /storage/emulated/0/Android/data/org.xbmc.kodi/files/.kodi/addons/plugin.video.amazon-test/default.py): entering source directory /storage/emulated/0/Android/data/org.xbmc.kodi/files/.kodi/addons/plugin.video.amazon-test
06-08 20:09:06.117 20034 20841 D Kodi : 2021-06-08 20:09:06.117 T:20841 DEBUG : CPythonInvoker(16, /storage/emulated/0/Android/data/org.xbmc.kodi/files/.kodi/addons/plugin.video.amazon-test/default.py): instantiating addon using automatically obtained id of "plugin.video.amazon-test" dependent on version 3.0.0 of the xbmc.python api
06-08 20:09:06.200 20034 20315 D Kodi : 2021-06-08 20:09:06.200 T:20315 DEBUG : [Amazon VOD] Download Time: 0.1481936250002036
06-08 20:09:06.288 20034 20058 D Kodi : 2021-06-08 20:09:06.288 T:20058 DEBUG : ------ Window Init (DialogBusy.xml) ------
06-08 20:09:06.288 20034 20058 D Kodi : 2021-06-08 20:09:06.288 T:20058 DEBUG : Window DialogBusy.xml was already loaded
06-08 20:09:06.288 20034 20058 D Kodi : 2021-06-08 20:09:06.288 T:20058 DEBUG : Alloc resources: 0.01ms
06-08 20:09:06.299 20034 20058 D Kodi : 2021-06-08 20:09:06.299 T:20058 DEBUG : [Warning] CGUITextureManager::GetTexturePath: could not find texture 'flags/colored/nextaired/Released.png'
06-08 20:09:06.353 20034 20315 D Kodi : 2021-06-08 20:09:06.353 T:20315 DEBUG : [Amazon VOD] Download Time: 0.1499984170004609
06-08 20:09:06.354 20034 20315 I Kodi : 2021-06-08 20:09:06.354 T:20315 INFO : [Amazon VOD] searching fanart for CHRIS TALL PRESENTS... at thetvdb.com
06-08 20:09:06.686 3140 3332 I AUDIOALG: asyncProcess : process @@@
06-08 20:09:06.689 3140 3332 I AUDIOALG: RefDlyEstimation: maxRxy 0.000000 maxPos 0
06-08 20:09:06.689 3140 3332 I AUDIOALG: asyncProcess : waiting...
06-08 20:09:07.165 20034 20315 D Kodi : 2021-06-08 20:09:07.165 T:20315 DEBUG : [Amazon VOD] Download Time: 0.8044981250004639
06-08 20:09:07.246 3370 3460 W BestClock: java.time.DateTimeException: Missing NTP fix
06-08 20:09:07.270 3370 3460 W BestClock: java.time.DateTimeException: Missing NTP fix
06-08 20:09:07.272 3370 3461 W BestClock: java.time.DateTimeException: Missing NTP fix
06-08 20:09:07.487 20034 20315 D Kodi : 2021-06-08 20:09:07.487 T:20315 DEBUG : [Amazon VOD] Download Time: 0.3007742509998934
06-08 20:09:07.491 20034 20315 I Kodi : 2021-06-08 20:09:07.491 T:20315 INFO : [Amazon VOD] searching fanart for CHRIS TALL PRESENTS... at tmdb.com
06-08 20:09:07.510 20034 20841 D Kodi : 2021-06-08 20:09:07.510 T:20841 DEBUG : trying to load setting definitions from old format...
06-08 20:09:07.519 20034 20841 D Kodi : 2021-06-08 20:09:07.519 T:20841 DEBUG : requested setting (drm_check) was not found.
06-08 20:09:07.520 20034 20841 D Kodi : 2021-06-08 20:09:07.520 T:20841 DEBUG : requested setting (fallback_method) was not found.
06-08 20:09:07.565 20034 20315 D Kodi : 2021-06-08 20:09:07.565 T:20315 DEBUG : [Amazon VOD] Download Time: 0.06772704099967086
06-08 20:09:07.567 20034 20315 I Kodi : 2021-06-08 20:09:07.566 T:20315 INFO : [Amazon VOD] getURL: https://atv-ps-eu.amazon.de/cdp/catalog/GetASINDetails?firmware=fmw:28-app:5.2.3&deviceTypeID=A1C66CX2XD756O&deviceID=9bfe1b6eed41f7a1cbe8e94cd4fd65d3c3727f10f2b19e69939af2b5&format=json&version=2&formatVersion=3&marketplaceId=A1PA6795UKMFR9&IncludeAll=T&AID=1&ASINList=B086HHJDF5
06-08 20:09:07.672 20034 20315 D Kodi : 2021-06-08 20:09:07.672 T:20315 DEBUG : [Amazon VOD] Download Time: 0.10289579200070875
06-08 20:09:07.674 20034 20315 I Kodi : 2021-06-08 20:09:07.674 T:20315 INFO : [Amazon VOD] searching fanart for PRIME VIDEO CONCERTS at thetvdb.com
06-08 20:09:08.041 20034 20841 D Kodi : 2021-06-08 20:09:08.041 T:20841 DEBUG : [Amazon VOD] Requested {'asin': 'B093156M7R', 'mode': 'PlayVideo', 'name': 'Voyagers (UHD)', 'adult': '0', 'trailer': '0', 'selbitrate': '-1'}
06-08 20:09:08.256 20848 20848 V Kodi-Amazon: Manufacturer: b'amazon'
06-08 20:09:08.304 20849 20849 V Kodi-Amazon: Starting App: com.amazon.amazonvideo.livingroom Video: https://watch.amazon.de/watch?asin=B093156M7R
06-08 20:09:08.308 20034 20841 I Kodi : 2021-06-08 20:09:08.308 T:20841 INFO : [Amazon VOD] Manufacturer: b'amazon'
06-08 20:09:08.309 20034 20841 I Kodi : 2021-06-08 20:09:08.309 T:20841 INFO : [Amazon VOD] Starting App: com.amazon.amazonvideo.livingroom Video: https://watch.amazon.de/watch?asin=B093156M7R
06-08 20:09:08.310 20034 20841 D Kodi : 2021-06-08 20:09:08.310 T:20841 DEBUG : [Amazon VOD] Playing Dummy Video
06-08 20:09:08.318 20034 20058 D Kodi : 2021-06-08 20:09:08.317 T:20058 DEBUG : ------ Window Deinit (DialogBusy.xml) ------
06-08 20:09:08.319 20034 20842 D Kodi : 2021-06-08 20:09:08.319 T:20842 DEBUG : Thread scriptobs -1037043344 terminating
06-08 20:09:08.327 20034 20058 D Kodi : 2021-06-08 20:09:08.327 T:20058 DEBUG : CPlayerCoreFactory::GetPlayers(/storage/emulated/0/Android/data/org.xbmc.kodi/files/.kodi/addons/plugin.video.amazon-test/resources/art/dummy.avi)
06-08 20:09:08.327 20034 20058 D Kodi : 2021-06-08 20:09:08.327 T:20058 DEBUG : CPlayerSelectionRule::GetPlayers: considering rule: system rules
06-08 20:09:08.327 20034 20058 D Kodi : 2021-06-08 20:09:08.327 T:20058 DEBUG : CPlayerSelectionRule::GetPlayers: matches rule: system rules
06-08 20:09:08.327 20034 20058 D Kodi : 2021-06-08 20:09:08.327 T:20058 DEBUG : CPlayerSelectionRule::GetPlayers: considering rule: mms/udp
06-08 20:09:08.327 20034 20058 D Kodi : 2021-06-08 20:09:08.327 T:20058 DEBUG : CPlayerSelectionRule::GetPlayers: considering rule: lastfm/shout
06-08 20:09:08.327 20034 20058 D Kodi : 2021-06-08 20:09:08.327 T:20058 DEBUG : CPlayerSelectionRule::GetPlayers: considering rule: rtmp
06-08 20:09:08.327 20034 20058 D Kodi : 2021-06-08 20:09:08.327 T:20058 DEBUG : CPlayerSelectionRule::GetPlayers: considering rule: rtsp
06-08 20:09:08.327 20034 20058 D Kodi : 2021-06-08 20:09:08.327 T:20058 DEBUG : CPlayerSelectionRule::GetPlayers: considering rule: streams
06-08 20:09:08.328 20034 20058 D Kodi : 2021-06-08 20:09:08.327 T:20058 DEBUG : CPlayerSelectionRule::GetPlayers: considering rule: dvd
06-08 20:09:08.328 20034 20058 D Kodi : 2021-06-08 20:09:08.328 T:20058 DEBUG : CPlayerSelectionRule::GetPlayers: considering rule: discimage
06-08 20:09:08.328 20034 20058 D Kodi : 2021-06-08 20:09:08.328 T:20058 DEBUG : CPlayerSelectionRule::GetPlayers: considering rule: sdp/asf
06-08 20:09:08.328 20034 20058 D Kodi : 2021-06-08 20:09:08.328 T:20058 DEBUG : CPlayerSelectionRule::GetPlayers: considering rule: nsv
06-08 20:09:08.328 20034 20058 D Kodi : 2021-06-08 20:09:08.328 T:20058 DEBUG : CPlayerSelectionRule::GetPlayers: considering rule: radio
06-08 20:09:08.328 20034 20058 D Kodi : 2021-06-08 20:09:08.328 T:20058 DEBUG : CPlayerCoreFactory::GetPlayers: matched 0 rules with players
06-08 20:09:08.328 20034 20058 D Kodi : 2021-06-08 20:09:08.328 T:20058 DEBUG : CPlayerCoreFactory::GetPlayers: adding videodefaultplayer (VideoPlayer)
06-08 20:09:08.328 20034 20058 D Kodi : 2021-06-08 20:09:08.328 T:20058 DEBUG : CPlayerCoreFactory::GetPlayers: for video=1, audio=0
06-08 20:09:08.328 20034 20058 D Kodi : 2021-06-08 20:09:08.328 T:20058 DEBUG : CPlayerCoreFactory::GetPlayers: for video=1, audio=1
06-08 20:09:08.328 20034 20058 D Kodi : 2021-06-08 20:09:08.328 T:20058 DEBUG : CPlayerCoreFactory::GetPlayers: added 1 players
06-08 20:09:08.330 20034 20058 D Kodi : 2021-06-08 20:09:08.330 T:20058 DEBUG : Radio UECP (RDS) Processor - new CDVDRadioRDSData
06-08 20:09:08.331 20034 20058 I Kodi : 2021-06-08 20:09:08.331 T:20058 INFO : VideoPlayer::OpenFile: plugin://plugin.video.amazon-test/?asin=B093156M7R&mode=PlayVideo&name=Voyagers+%28UHD%29&adult=0&trailer=0&selbitrate=-1
06-08 20:09:08.331 20034 20850 D Kodi : 2021-06-08 20:09:08.331 T:20850 DEBUG : Thread VideoPlayer start, auto delete: false
06-08 20:09:08.332 20034 20058 D Kodi : 2021-06-08 20:09:08.332 T:20058 DEBUG : OnPlayBackStarted: CApplication::OnPlayBackStarted
06-08 20:09:08.333 20034 20851 D Kodi : 2021-06-08 20:09:08.333 T:20851 DEBUG : Thread BackgroundLoader start, auto delete: false
06-08 20:09:08.334 20034 20850 I Kodi : 2021-06-08 20:09:08.334 T:20850 INFO : Creating InputStream
06-08 20:09:08.342 20034 20824 D Kodi : 2021-06-08 20:09:08.342 T:20824 DEBUG : Loading settings for plugin://plugin.video.amazon-test/?asin=B093156M7R&mode=PlayVideo&name=Voyagers+%28UHD%29&adult=0&trailer=0&selbitrate=-1
06-08 20:09:08.351 20034 20850 D Kodi : 2021-06-08 20:09:08.351 T:20850 DEBUG : ScanForExternalSubtitles: Searching for subtitles...
06-08 20:09:08.352 20034 20850 D Kodi : 2021-06-08 20:09:08.352 T:20850 DEBUG : ScanForExternalSubtitles: END (total time: 1 ms)
06-08 20:09:08.352 20034 20850 I Kodi : 2021-06-08 20:09:08.352 T:20850 INFO : Creating Demuxer
06-08 20:09:08.354 20034 20850 D Kodi : 2021-06-08 20:09:08.354 T:20850 DEBUG : Open - probing detected format [avi]
06-08 20:09:08.354 20034 20850 D Kodi : 2021-06-08 20:09:08.354 T:20850 DEBUG : Open - avformat_find_stream_info starting
06-08 20:09:08.355 20034 20850 D Kodi : 2021-06-08 20:09:08.355 T:20850 DEBUG : Open - av_find_stream_info finished
06-08 20:09:08.355 20034 20850 I Kodi : 2021-06-08 20:09:08.355 T:20850 INFO : ffmpeg[0xc1c59c20X]: Input #0, avi, from '/storage/emulated/0/Android/data/org.xbmc.kodi/files/.kodi/addons/plugin.video.amazon-test/resources/art/dummy.avi':
06-08 20:09:08.355 20034 20850 I Kodi : 2021-06-08 20:09:08.355 T:20850 INFO : ffmpeg[0xc1c59c20X]: Metadata:
06-08 20:09:08.355 20034 20850 I Kodi : 2021-06-08 20:09:08.355 T:20850 INFO : ffmpeg[0xc1c59c20X]: encoder : VirtualDubMod 1.5.10.2 (build 2542/release)
06-08 20:09:08.355 20034 20850 I Kodi : 2021-06-08 20:09:08.355 T:20850 INFO : ffmpeg[0xc1c59c20X]: Duration: N/A, start: 0.000000, bitrate: N/A
06-08 20:09:08.356 20034 20850 I Kodi : 2021-06-08 20:09:08.356 T:20850 INFO : ffmpeg[0xc1c59c20X]: Stream #0:0: Video: rawvideo, bgr24, 640x352, 25 fps, 25 tbr, 25 tbn, 25 tbc
06-08 20:09:08.356 20034 20850 D Kodi : 2021-06-08 20:09:08.356 T:20850 DEBUG : CDVDDemuxFFmpeg::AddStream ID: 0
06-08 20:09:08.356 20034 20850 I Kodi : 2021-06-08 20:09:08.356 T:20850 INFO : Opening stream: 0 source: 256
06-08 20:09:08.356 20034 20850 I Kodi : 2021-06-08 20:09:08.356 T:20850 INFO : [WHITELIST] Searching the whitelist for: width: 640, height: 352, fps: 25.000, 3D: false
06-08 20:09:08.357 20034 20850 D Kodi : 2021-06-08 20:09:08.357 T:20850 DEBUG : [WHITELIST] Searching for an exact resolution with an exact refresh rate
06-08 20:09:08.357 20034 20850 D Kodi : 2021-06-08 20:09:08.357 T:20850 DEBUG : [WHITELIST] No match for an exact resolution with an exact refresh rate
06-08 20:09:08.357 20034 20850 D Kodi : 2021-06-08 20:09:08.357 T:20850 DEBUG : [WHITELIST] Searching for an exact resolution with double the refresh rate
06-08 20:09:08.357 20034 20850 D Kodi : 2021-06-08 20:09:08.357 T:20850 DEBUG : [WHITELIST] No match for an exact resolution with double the refresh rate
06-08 20:09:08.358 20034 20850 D Kodi : 2021-06-08 20:09:08.358 T:20850 DEBUG : [WHITELIST] Searching for a desktop resolution with an exact refresh rate
06-08 20:09:08.358 20034 20850 D Kodi : 2021-06-08 20:09:08.358 T:20850 DEBUG : [WHITELIST] No match for a desktop resolution with an exact refresh rate
06-08 20:09:08.358 20034 20850 D Kodi : 2021-06-08 20:09:08.358 T:20850 DEBUG : [WHITELIST] Searching for a desktop resolution with double the refresh rate
06-08 20:09:08.358 20034 20850 D Kodi : 2021-06-08 20:09:08.358 T:20850 DEBUG : [WHITELIST] Matched a desktop resolution with double the refresh rate 3840x2160 @ 50.000000 - Full Screen (18)
06-08 20:09:08.359 20034 20850 I Kodi : 2021-06-08 20:09:08.359 T:20850 INFO : Display resolution ADJUST : 3840x2160 @ 50.000000 - Full Screen (18) (weight: 0.000)
06-08 20:09:08.380 20034 20058 D Kodi : 2021-06-08 20:09:08.380 T:20058 DEBUG : CVideoGUIInfo::InitCurrentItem(plugin://plugin.video.amazon-test/?asin=B093156M7R&mode=PlayVideo&name=Voyagers+%28UHD%29&adult=0&trailer=0&selbitrate=-1)
06-08 20:09:08.381 20034 20058 D Kodi : 2021-06-08 20:09:08.381 T:20058 DEBUG : CPlayerGUIInfo::InitCurrentItem(plugin://plugin.video.amazon-test/?asin=B093156M7R&mode=PlayVideo&name=Voyagers+%28UHD%29&adult=0&trailer=0&selbitrate=-1)
06-08 20:09:08.387 3566 4259 I Avrcp : Skipping update due to invalid playback state
06-08 20:09:08.387 3566 4259 E bt_btif : register_notification_rsp: Avrcp device is not connected, handle: 0x0
06-08 20:09:08.387 3566 4259 I chatty : uid=1002(bluetooth) BluetoothAvrcpH identical 4 lines
06-08 20:09:08.387 3566 4259 E bt_btif : register_notification_rsp: Avrcp device is not connected, handle: 0x0
06-08 20:09:08.396 20034 20073 D Kodi : 2021-06-08 20:09:08.396 T:20073 DEBUG : void CXBMCApp::OnPlayBackStarted()
06-08 20:09:08.398 3883 3883 D AMP_vizzini.locked.374.0_MediaSessionObserver: Active mediaSessions changed
06-08 20:09:08.398 3883 4637 I Vizzini:MediaSessionLib.MediaSessionCommandQueue: Active Sessions changed: 3
06-08 20:09:08.398 4962 4962 D com.amazon.connectivitycontroller.managers.BTControllerManager: onActiveSessionsChanged : 3
06-08 20:09:08.399 3883 5180 I Vizzini:MediaSessionLib.MediaSessionCommandQueue: Active Sessions changed: 3
