06-08 20:08:51.776 3566 4099 W bt_btif : bta_hh_le_input_rpt_notify uuid=0x2a4d srv_handle=79 is_bl_svc_primary=1 rpt_id=1 len=3
06-08 20:08:51.776 3370 3452 E AmazonProfileService: There is no KEY_CHILD_PIN_PACKAGE_NAME
06-08 20:08:51.776 3370 3452 I AmazonProfileService: Event is not filtered because it is not in filter key list.
06-08 20:08:51.776 3370 3452 I FireTVKeyPolicyManager: Dynamic key mapping has been enabled
06-08 20:08:51.777 3370 3452 I KeyMapManagerUtil: Unknown remote sku id 0. Fetch remote sku id from system property
06-08 20:08:51.777 3370 3452 I FireTVKeyPolicyManager: Dynamic key mapping key intercepted result 0
06-08 20:08:51.778 3370 3451 D AmzPhoneWindowManager: is 20 in key list = false
06-08 20:08:51.780 20034 20056 V Kodi : CAndroidKey: key down (dev:7; src:769; code: 20; repeat: 0; flags: 0x8; alt: no; shift: no; sym: no)
06-08 20:08:51.790 20034 20058 D Kodi : 2021-06-08 20:08:51.790 T:20058 DEBUG : Keyboard: scancode: 0x14, sym: 0x274, unicode: 0x0000, modifier: 0x0
06-08 20:08:51.791 20034 20058 D Kodi : 2021-06-08 20:08:51.791 T:20058 DEBUG : HandleKey: down (0xf081) pressed, trying keyboard action 4
06-08 20:08:51.899 3566 4099 W bt_btif : bta_hh_le_input_rpt_notify uuid=0x2a4d srv_handle=79 is_bl_svc_primary=1 rpt_id=1 len=3
06-08 20:08:51.900 3370 3452 E AmazonProfileService: There is no KEY_CHILD_PIN_PACKAGE_NAME
06-08 20:08:51.900 3370 3452 I AmazonProfileService: Event is not filtered because it is not in filter key list.
06-08 20:08:51.900 3370 3452 I FireTVKeyPolicyManager: Dynamic key mapping has been enabled
06-08 20:08:51.900 3370 3452 I KeyMapManagerUtil: Unknown remote sku id 0. Fetch remote sku id from system property
06-08 20:08:51.900 3370 3452 I FireTVKeyPolicyManager: Dynamic key mapping key intercepted result 0
06-08 20:08:51.902 3370 3451 D AmzPhoneWindowManager: is 20 in key list = false
06-08 20:08:51.904 20034 20056 V Kodi : CAndroidKey: key up (dev:7; src:769; code: 20; repeat: 0; flags: 0x8; alt: no; shift: no; sym: no)
06-08 20:08:51.918 20034 20058 D Kodi : 2021-06-08 20:08:51.918 T:20058 DEBUG : Keyboard: scancode: 0x14, sym: 0x274, unicode: 0x0000, modifier: 0x0
06-08 20:08:52.115 3566 4099 W bt_btif : bta_hh_le_input_rpt_notify uuid=0x2a4d srv_handle=79 is_bl_svc_primary=1 rpt_id=1 len=3
06-08 20:08:52.116 3370 3452 E AmazonProfileService: There is no KEY_CHILD_PIN_PACKAGE_NAME
06-08 20:08:52.116 3370 3452 I AmazonProfileService: Event is not filtered because it is not in filter key list.
06-08 20:08:52.116 3370 3452 I FireTVKeyPolicyManager: Dynamic key mapping has been enabled
06-08 20:08:52.116 3370 3452 I KeyMapManagerUtil: Unknown remote sku id 0. Fetch remote sku id from system property
06-08 20:08:52.116 3370 3452 I FireTVKeyPolicyManager: Dynamic key mapping key intercepted result 0
06-08 20:08:52.118 3370 3451 D AmzPhoneWindowManager: is 19 in key list = false
06-08 20:08:52.119 20034 20056 V Kodi : CAndroidKey: key down (dev:7; src:769; code: 19; repeat: 0; flags: 0x8; alt: no; shift: no; sym: no)
06-08 20:08:52.157 20034 20058 D Kodi : 2021-06-08 20:08:52.157 T:20058 DEBUG : Keyboard: scancode: 0x13, sym: 0x273, unicode: 0x0000, modifier: 0x0
06-08 20:08:52.159 20034 20058 D Kodi : 2021-06-08 20:08:52.158 T:20058 DEBUG : HandleKey: up (0xf080) pressed, trying keyboard action 3
06-08 20:08:52.276 3566 4099 W bt_btif : bta_hh_le_input_rpt_notify uuid=0x2a4d srv_handle=79 is_bl_svc_primary=1 rpt_id=1 len=3
06-08 20:08:52.277 3370 3452 E AmazonProfileService: There is no KEY_CHILD_PIN_PACKAGE_NAME
06-08 20:08:52.277 3370 3452 I AmazonProfileService: Event is not filtered because it is not in filter key list.
06-08 20:08:52.277 3370 3452 I FireTVKeyPolicyManager: Dynamic key mapping has been enabled
06-08 20:08:52.277 3370 3452 I KeyMapManagerUtil: Unknown remote sku id 0. Fetch remote sku id from system property
06-08 20:08:52.278 3370 3452 I FireTVKeyPolicyManager: Dynamic key mapping key intercepted result 0
06-08 20:08:52.280 3370 3451 D AmzPhoneWindowManager: is 19 in key list = false
06-08 20:08:52.281 20034 20056 V Kodi : CAndroidKey: key up (dev:7; src:769; code: 19; repeat: 0; flags: 0x8; alt: no; shift: no; sym: no)
06-08 20:08:52.309 20034 20058 D Kodi : 2021-06-08 20:08:52.309 T:20058 DEBUG : Keyboard: scancode: 0x13, sym: 0x273, unicode: 0x0000, modifier: 0x0
06-08 20:08:52.350 3140 3332 I AUDIOALG: asyncProcess : process @@@
06-08 20:08:52.353 3140 3332 I AUDIOALG: RefDlyEstimation: maxRxy 0.000000 maxPos 0
06-08 20:08:52.353 3140 3332 I AUDIOALG: asyncProcess : waiting...
06-08 20:08:52.371 3566 4099 W bt_btif : bta_hh_le_input_rpt_notify uuid=0x2a4d srv_handle=79 is_bl_svc_primary=1 rpt_id=1 len=3
06-08 20:08:52.372 3370 3452 E AmazonProfileService: There is no KEY_CHILD_PIN_PACKAGE_NAME
06-08 20:08:52.372 3370 3452 I AmazonProfileService: Event is not filtered because it is not in filter key list.
06-08 20:08:52.372 3370 3452 I FireTVKeyPolicyManager: Dynamic key mapping has been enabled
06-08 20:08:52.372 3370 3452 I KeyMapManagerUtil: Unknown remote sku id 0. Fetch remote sku id from system property
06-08 20:08:52.372 3370 3452 I FireTVKeyPolicyManager: Dynamic key mapping key intercepted result 0
06-08 20:08:52.372 3370 3451 D AmzPhoneWindowManager: is 19 in key list = false
06-08 20:08:52.374 20034 20056 V Kodi : CAndroidKey: key down (dev:7; src:769; code: 19; repeat: 0; flags: 0x8; alt: no; shift: no; sym: no)
06-08 20:08:52.389 20034 20058 D Kodi : 2021-06-08 20:08:52.389 T:20058 DEBUG : Keyboard: scancode: 0x13, sym: 0x273, unicode: 0x0000, modifier: 0x0
06-08 20:08:52.389 20034 20058 D Kodi : 2021-06-08 20:08:52.389 T:20058 DEBUG : HandleKey: up (0xf080) pressed, trying keyboard action 3
06-08 20:08:52.477 3566 4099 W bt_btif : bta_hh_le_input_rpt_notify uuid=0x2a4d srv_handle=79 is_bl_svc_primary=1 rpt_id=1 len=3
06-08 20:08:52.477 3370 3452 E AmazonProfileService: There is no KEY_CHILD_PIN_PACKAGE_NAME
06-08 20:08:52.477 3370 3452 I AmazonProfileService: Event is not filtered because it is not in filter key list.
06-08 20:08:52.478 3370 3452 I FireTVKeyPolicyManager: Dynamic key mapping has been enabled
06-08 20:08:52.478 3370 3452 I KeyMapManagerUtil: Unknown remote sku id 0. Fetch remote sku id from system property
06-08 20:08:52.478 3370 3452 I FireTVKeyPolicyManager: Dynamic key mapping key intercepted result 0
06-08 20:08:52.480 3370 3451 D AmzPhoneWindowManager: is 19 in key list = false
06-08 20:08:52.481 20034 20056 V Kodi : CAndroidKey: key up (dev:7; src:769; code: 19; repeat: 0; flags: 0x8; alt: no; shift: no; sym: no)
06-08 20:08:52.492 20034 20058 D Kodi : 2021-06-08 20:08:52.492 T:20058 DEBUG : Keyboard: scancode: 0x13, sym: 0x273, unicode: 0x0000, modifier: 0x0
06-08 20:08:52.567 3370 3460 W BestClock: java.time.DateTimeException: Missing NTP fix
06-08 20:08:52.579 3566 4099 W bt_btif : bta_hh_le_input_rpt_notify uuid=0x2a4d srv_handle=79 is_bl_svc_primary=1 rpt_id=1 len=3
06-08 20:08:52.579 3370 3452 E AmazonProfileService: There is no KEY_CHILD_PIN_PACKAGE_NAME
06-08 20:08:52.579 3370 3452 I AmazonProfileService: Event is not filtered because it is not in filter key list.
06-08 20:08:52.579 3370 3452 I FireTVKeyPolicyManager: Dynamic key mapping has been enabled
06-08 20:08:52.579 3370 3452 I KeyMapManagerUtil: Unknown remote sku id 0. Fetch remote sku id from system property
06-08 20:08:52.580 3370 3452 I FireTVKeyPolicyManager: Dynamic key mapping key intercepted result 0
06-08 20:08:52.581 3370 3451 D AmzPhoneWindowManager: is 19 in key list = false
06-08 20:08:52.582 20034 20056 V Kodi : CAndroidKey: key down (dev:7; src:769; code: 19; repeat: 0; flags: 0x8; alt: no; shift: no; sym: no)
06-08 20:08:52.593 3370 3460 W BestClock: java.time.DateTimeException: Missing NTP fix
06-08 20:08:52.596 20034 20058 D Kodi : 2021-06-08 20:08:52.596 T:20058 DEBUG : Keyboard: scancode: 0x13, sym: 0x273, unicode: 0x0000, modifier: 0x0
06-08 20:08:52.596 3370 3461 W BestClock: java.time.DateTimeException: Missing NTP fix
06-08 20:08:52.596 20034 20058 D Kodi : 2021-06-08 20:08:52.596 T:20058 DEBUG : HandleKey: up (0xf080) pressed, trying keyboard action 3
06-08 20:08:52.615 3566 4099 W bt_btif : bta_hh_le_input_rpt_notify uuid=0x2a4d srv_handle=79 is_bl_svc_primary=1 rpt_id=1 len=3
06-08 20:08:52.616 3370 3452 E AmazonProfileService: There is no KEY_CHILD_PIN_PACKAGE_NAME
06-08 20:08:52.616 3370 3452 I AmazonProfileService: Event is not filtered because it is not in filter key list.
06-08 20:08:52.616 3370 3452 I FireTVKeyPolicyManager: Dynamic key mapping has been enabled
06-08 20:08:52.616 3370 3452 I KeyMapManagerUtil: Unknown remote sku id 0. Fetch remote sku id from system property
06-08 20:08:52.617 3370 3452 I FireTVKeyPolicyManager: Dynamic key mapping key intercepted result 0
06-08 20:08:52.617 3370 3451 D AmzPhoneWindowManager: is 19 in key list = false
06-08 20:08:52.620 20034 20056 V Kodi : CAndroidKey: key up (dev:7; src:769; code: 19; repeat: 0; flags: 0x8; alt: no; shift: no; sym: no)
06-08 20:08:52.658 20034 20058 D Kodi : 2021-06-08 20:08:52.658 T:20058 DEBUG : Keyboard: scancode: 0x13, sym: 0x273, unicode: 0x0000, modifier: 0x0
06-08 20:08:52.716 3566 4099 W bt_btif : bta_hh_le_input_rpt_notify uuid=0x2a4d srv_handle=79 is_bl_svc_primary=1 rpt_id=1 len=3
06-08 20:08:52.717 3370 3452 E AmazonProfileService: There is no KEY_CHILD_PIN_PACKAGE_NAME
06-08 20:08:52.718 3370 3452 I AmazonProfileService: Event is not filtered because it is not in filter key list.
06-08 20:08:52.718 3370 3452 I FireTVKeyPolicyManager: Dynamic key mapping has been enabled
06-08 20:08:52.718 3370 3452 I KeyMapManagerUtil: Unknown remote sku id 0. Fetch remote sku id from system property
06-08 20:08:52.718 3370 3452 I FireTVKeyPolicyManager: Dynamic key mapping key intercepted result 0
06-08 20:08:52.719 3370 3451 D AmzPhoneWindowManager: is 19 in key list = false
06-08 20:08:52.720 20034 20056 V Kodi : CAndroidKey: key down (dev:7; src:769; code: 19; repeat: 0; flags: 0x8; alt: no; shift: no; sym: no)
06-08 20:08:52.729 20034 20058 D Kodi : 2021-06-08 20:08:52.729 T:20058 DEBUG : Keyboard: scancode: 0x13, sym: 0x273, unicode: 0x0000, modifier: 0x0
06-08 20:08:52.730 20034 20058 D Kodi : 2021-06-08 20:08:52.729 T:20058 DEBUG : HandleKey: up (0xf080) pressed, trying keyboard action 3
06-08 20:08:52.776 3566 4099 W bt_btif : bta_hh_le_input_rpt_notify uuid=0x2a4d srv_handle=79 is_bl_svc_primary=1 rpt_id=1 len=3
06-08 20:08:52.776 3370 3452 E AmazonProfileService: There is no KEY_CHILD_PIN_PACKAGE_NAME
06-08 20:08:52.777 3370 3452 I AmazonProfileService: Event is not filtered because it is not in filter key list.
06-08 20:08:52.777 3370 3452 I FireTVKeyPolicyManager: Dynamic key mapping has been enabled
06-08 20:08:52.777 3370 3452 I KeyMapManagerUtil: Unknown remote sku id 0. Fetch remote sku id from system property
06-08 20:08:52.777 3370 3452 I FireTVKeyPolicyManager: Dynamic key mapping key intercepted result 0
06-08 20:08:52.778 3370 3451 D AmzPhoneWindowManager: is 19 in key list = false
06-08 20:08:52.779 20034 20056 V Kodi : CAndroidKey: key up (dev:7; src:769; code: 19; repeat: 0; flags: 0x8; alt: no; shift: no; sym: no)
06-08 20:08:52.808 20034 20058 D Kodi : 2021-06-08 20:08:52.808 T:20058 DEBUG : Keyboard: scancode: 0x13, sym: 0x273, unicode: 0x0000, modifier: 0x0
06-08 20:08:52.876 3566 4099 W bt_btif : bta_hh_le_input_rpt_notify uuid=0x2a4d srv_handle=79 is_bl_svc_primary=1 rpt_id=1 len=3
06-08 20:08:52.876 3370 3452 E AmazonProfileService: There is no KEY_CHILD_PIN_PACKAGE_NAME
06-08 20:08:52.877 3370 3452 I AmazonProfileService: Event is not filtered because it is not in filter key list.
06-08 20:08:52.877 3370 3452 I FireTVKeyPolicyManager: Dynamic key mapping has been enabled
06-08 20:08:52.877 3370 3452 I KeyMapManagerUtil: Unknown remote sku id 0. Fetch remote sku id from system property
06-08 20:08:52.877 3370 3452 I FireTVKeyPolicyManager: Dynamic key mapping key intercepted result 0
06-08 20:08:52.878 3370 3451 D AmzPhoneWindowManager: is 19 in key list = false
06-08 20:08:52.880 20034 20056 V Kodi : CAndroidKey: key down (dev:7; src:769; code: 19; repeat: 0; flags: 0x8; alt: no; shift: no; sym: no)
06-08 20:08:52.908 20034 20058 D Kodi : 2021-06-08 20:08:52.907 T:20058 DEBUG : Keyboard: scancode: 0x13, sym: 0x273, unicode: 0x0000, modifier: 0x0
06-08 20:08:52.908 20034 20058 D Kodi : 2021-06-08 20:08:52.908 T:20058 DEBUG : HandleKey: up (0xf080) pressed, trying keyboard action 3
06-08 20:08:52.976 3566 4099 W bt_btif : bta_hh_le_input_rpt_notify uuid=0x2a4d srv_handle=79 is_bl_svc_primary=1 rpt_id=1 len=3
06-08 20:08:52.976 3370 3452 E AmazonProfileService: There is no KEY_CHILD_PIN_PACKAGE_NAME
06-08 20:08:52.976 3370 3452 I AmazonProfileService: Event is not filtered because it is not in filter key list.
06-08 20:08:52.977 3370 3452 I FireTVKeyPolicyManager: Dynamic key mapping has been enabled
06-08 20:08:52.977 3370 3452 I KeyMapManagerUtil: Unknown remote sku id 0. Fetch remote sku id from system property
06-08 20:08:52.977 3370 3452 I FireTVKeyPolicyManager: Dynamic key mapping key intercepted result 0
06-08 20:08:52.977 3370 3451 D AmzPhoneWindowManager: is 19 in key list = false
06-08 20:08:52.980 20034 20056 V Kodi : CAndroidKey: key up (dev:7; src:769; code: 19; repeat: 0; flags: 0x8; alt: no; shift: no; sym: no)
06-08 20:08:53.014 20034 20058 D Kodi : 2021-06-08 20:08:53.014 T:20058 DEBUG : Keyboard: scancode: 0x13, sym: 0x273, unicode: 0x0000, modifier: 0x0
06-08 20:08:53.257 3566 4099 W bt_btif : bta_hh_le_input_rpt_notify uuid=0x2a4d srv_handle=79 is_bl_svc_primary=1 rpt_id=1 len=3
06-08 20:08:53.257 3370 3452 E AmazonProfileService: There is no KEY_CHILD_PIN_PACKAGE_NAME
06-08 20:08:53.258 3370 3452 I AmazonProfileService: Event is not filtered because it is not in filter key list.
06-08 20:08:53.258 3370 3452 I FireTVKeyPolicyManager: Dynamic key mapping has been enabled
06-08 20:08:53.258 3370 3452 I KeyMapManagerUtil: Unknown remote sku id 0. Fetch remote sku id from system property
06-08 20:08:53.258 3370 3452 I FireTVKeyPolicyManager: Dynamic key mapping key intercepted result 0
06-08 20:08:53.259 3370 3451 D AmzPhoneWindowManager: is 21 in key list = false
06-08 20:08:53.261 20034 20056 V Kodi : CAndroidKey: key down (dev:7; src:769; code: 21; repeat: 0; flags: 0x8; alt: no; shift: no; sym: no)
06-08 20:08:53.274 20034 20058 D Kodi : 2021-06-08 20:08:53.274 T:20058 DEBUG : Keyboard: scancode: 0x15, sym: 0x276, unicode: 0x0000, modifier: 0x0
06-08 20:08:53.276 20034 20058 D Kodi : 2021-06-08 20:08:53.276 T:20058 DEBUG : HandleKey: left (0xf082) pressed, trying keyboard action 1
06-08 20:08:53.359 3566 4099 W bt_btif : bta_hh_le_input_rpt_notify uuid=0x2a4d srv_handle=79 is_bl_svc_primary=1 rpt_id=1 len=3
06-08 20:08:53.359 3370 3452 E AmazonProfileService: There is no KEY_CHILD_PIN_PACKAGE_NAME
06-08 20:08:53.360 3370 3452 I AmazonProfileService: Event is not filtered because it is not in filter key list.
06-08 20:08:53.361 3370 3452 I FireTVKeyPolicyManager: Dynamic key mapping has been enabled
06-08 20:08:53.361 3370 3452 I KeyMapManagerUtil: Unknown remote sku id 0. Fetch remote sku id from system property
06-08 20:08:53.361 3370 3452 I FireTVKeyPolicyManager: Dynamic key mapping key intercepted result 0
06-08 20:08:53.363 3370 3451 D AmzPhoneWindowManager: is 21 in key list = false
06-08 20:08:53.364 20034 20056 V Kodi : CAndroidKey: key up (dev:7; src:769; code: 21; repeat: 0; flags: 0x8; alt: no; shift: no; sym: no)
06-08 20:08:53.377 20034 20058 D Kodi : 2021-06-08 20:08:53.376 T:20058 DEBUG : Keyboard: scancode: 0x15, sym: 0x276, unicode: 0x0000, modifier: 0x0
06-08 20:08:53.437 3566 4099 W bt_btif : bta_hh_le_input_rpt_notify uuid=0x2a4d srv_handle=79 is_bl_svc_primary=1 rpt_id=1 len=3
06-08 20:08:53.437 3370 3452 E AmazonProfileService: There is no KEY_CHILD_PIN_PACKAGE_NAME
06-08 20:08:53.438 3370 3452 I AmazonProfileService: Event is not filtered because it is not in filter key list.
06-08 20:08:53.438 3370 3452 I FireTVKeyPolicyManager: Dynamic key mapping has been enabled
06-08 20:08:53.438 3370 3452 I KeyMapManagerUtil: Unknown remote sku id 0. Fetch remote sku id from system property
06-08 20:08:53.438 3370 3452 I FireTVKeyPolicyManager: Dynamic key mapping key intercepted result 0
06-08 20:08:53.438 3370 3451 D AmzPhoneWindowManager: is 21 in key list = false
06-08 20:08:53.441 20034 20056 V Kodi : CAndroidKey: key down (dev:7; src:769; code: 21; repeat: 0; flags: 0x8; alt: no; shift: no; sym: no)
06-08 20:08:53.452 20034 20058 D Kodi : 2021-06-08 20:08:53.452 T:20058 DEBUG : Keyboard: scancode: 0x15, sym: 0x276, unicode: 0x0000, modifier: 0x0
06-08 20:08:53.453 20034 20058 D Kodi : 2021-06-08 20:08:53.453 T:20058 DEBUG : HandleKey: left (0xf082) pressed, trying keyboard action 1
06-08 20:08:53.571 3566 4099 W bt_btif : bta_hh_le_input_rpt_notify uuid=0x2a4d srv_handle=79 is_bl_svc_primary=1 rpt_id=1 len=3
06-08 20:08:53.572 3370 3452 E AmazonProfileService: There is no KEY_CHILD_PIN_PACKAGE_NAME
06-08 20:08:53.572 3370 3452 I AmazonProfileService: Event is not filtered because it is not in filter key list.
06-08 20:08:53.572 3370 3452 I FireTVKeyPolicyManager: Dynamic key mapping has been enabled
06-08 20:08:53.572 3370 3452 I KeyMapManagerUtil: Unknown remote sku id 0. Fetch remote sku id from system property
06-08 20:08:53.572 3370 3452 I FireTVKeyPolicyManager: Dynamic key mapping key intercepted result 0
06-08 20:08:53.574 3370 3451 D AmzPhoneWindowManager: is 21 in key list = false
06-08 20:08:53.575 20034 20056 V Kodi : CAndroidKey: key up (dev:7; src:769; code: 21; repeat: 0; flags: 0x8; alt: no; shift: no; sym: no)
06-08 20:08:53.609 20034 20058 D Kodi : 2021-06-08 20:08:53.609 T:20058 DEBUG : Keyboard: scancode: 0x15, sym: 0x276, unicode: 0x0000, modifier: 0x0
06-08 20:08:53.619 3566 4099 W bt_btif : bta_hh_le_input_rpt_notify uuid=0x2a4d srv_handle=79 is_bl_svc_primary=1 rpt_id=1 len=3
06-08 20:08:53.620 3370 3452 E AmazonProfileService: There is no KEY_CHILD_PIN_PACKAGE_NAME
06-08 20:08:53.620 3370 3452 I AmazonProfileService: Event is not filtered because it is not in filter key list.
06-08 20:08:53.620 3370 3452 I FireTVKeyPolicyManager: Dynamic key mapping has been enabled
06-08 20:08:53.620 3370 3452 I KeyMapManagerUtil: Unknown remote sku id 0. Fetch remote sku id from system property
06-08 20:08:53.620 3370 3452 I FireTVKeyPolicyManager: Dynamic key mapping key intercepted result 0
06-08 20:08:53.620 3370 3451 D AmzPhoneWindowManager: is 21 in key list = false
06-08 20:08:53.622 20034 20056 V Kodi : CAndroidKey: key down (dev:7; src:769; code: 21; repeat: 0; flags: 0x8; alt: no; shift: no; sym: no)
06-08 20:08:53.635 20034 20058 D Kodi : 2021-06-08 20:08:53.635 T:20058 DEBUG : Keyboard: scancode: 0x15, sym: 0x276, unicode: 0x0000, modifier: 0x0
06-08 20:08:53.635 20034 20058 D Kodi : 2021-06-08 20:08:53.635 T:20058 DEBUG : HandleKey: left (0xf082) pressed, trying keyboard action 1
06-08 20:08:53.736 3566 4099 W bt_btif : bta_hh_le_input_rpt_notify uuid=0x2a4d srv_handle=79 is_bl_svc_primary=1 rpt_id=1 len=3
06-08 20:08:53.736 3370 3452 E AmazonProfileService: There is no KEY_CHILD_PIN_PACKAGE_NAME
06-08 20:08:53.736 3370 3452 I AmazonProfileService: Event is not filtered because it is not in filter key list.
06-08 20:08:53.736 3370 3452 I FireTVKeyPolicyManager: Dynamic key mapping has been enabled
06-08 20:08:53.737 3370 3452 I KeyMapManagerUtil: Unknown remote sku id 0. Fetch remote sku id from system property
06-08 20:08:53.737 3370 3452 I FireTVKeyPolicyManager: Dynamic key mapping key intercepted result 0
06-08 20:08:53.738 3370 3451 D AmzPhoneWindowManager: is 21 in key list = false
06-08 20:08:53.740 20034 20056 V Kodi : CAndroidKey: key up (dev:7; src:769; code: 21; repeat: 0; flags: 0x8; alt: no; shift: no; sym: no)
06-08 20:08:53.770 20034 20058 D Kodi : 2021-06-08 20:08:53.770 T:20058 DEBUG : Keyboard: scancode: 0x15, sym: 0x276, unicode: 0x0000, modifier: 0x0
06-08 20:08:53.896 3566 4099 W bt_btif : bta_hh_le_input_rpt_notify uuid=0x2a4d srv_handle=79 is_bl_svc_primary=1 rpt_id=1 len=3
06-08 20:08:53.896 3370 3452 E AmazonProfileService: There is no KEY_CHILD_PIN_PACKAGE_NAME
06-08 20:08:53.897 3370 3452 I AmazonProfileService: Event is not filtered because it is not in filter key list.
06-08 20:08:53.897 3370 3452 I FireTVKeyPolicyManager: Dynamic key mapping has been enabled
06-08 20:08:53.897 3370 3452 I KeyMapManagerUtil: Unknown remote sku id 0. Fetch remote sku id from system property
06-08 20:08:53.897 3370 3452 I FireTVKeyPolicyManager: Dynamic key mapping key intercepted result 0
06-08 20:08:53.900 3370 3451 D AmzPhoneWindowManager: is 23 in key list = false
06-08 20:08:53.908 20034 20056 V Kodi : CAndroidKey: key down (dev:7; src:769; code: 23; repeat: 0; flags: 0x8; alt: no; shift: no; sym: no)
06-08 20:08:53.926 20034 20058 D Kodi : 2021-06-08 20:08:53.926 T:20058 DEBUG : Keyboard: scancode: 0x17, sym: 0x13, unicode: 0x0000, modifier: 0x0
06-08 20:08:53.936 3140 20207 I Node : dolby-audio-meter, AdapterPcmSystem adapter audio meter: channel 0; audio level: 0.000
06-08 20:08:53.936 3140 20207 I Node : dolby-audio-meter, AdapterPcmSystem adapter audio meter: channel 1; audio level: 0.000
06-08 20:08:53.936 3140 20207 I RendererNode: dolby-audio-meter, Renderer renderer audio meter: channel 0; audio level: 0.000
06-08 20:08:53.936 3140 20207 I RendererNode: dolby-audio-meter, Renderer renderer audio meter: channel 1; audio level: 0.000
06-08 20:08:53.936 3140 20207 I RendererNode: dolby-audio-meter, Renderer renderer audio meter: channel 2; audio level: 0.000
06-08 20:08:53.936 3140 20207 I RendererNode: dolby-audio-meter, Renderer renderer audio meter: channel 3; audio level: 0.000
06-08 20:08:53.936 3140 20207 I RendererNode: dolby-audio-meter, Renderer renderer audio meter: channel 4; audio level: 0.000
06-08 20:08:53.936 3140 20207 I RendererNode: dolby-audio-meter, Renderer renderer audio meter: channel 5; audio level: 0.000
06-08 20:08:53.936 3140 20207 I Node : dolby-audio-meter, AdapterPcmOut adapter audio meter: channel 0; audio level: 0.000
06-08 20:08:53.936 3140 20207 I Node : dolby-audio-meter, AdapterPcmOut adapter audio meter: channel 1; audio level: 0.000
06-08 20:08:53.997 3566 4099 W bt_btif : bta_hh_le_input_rpt_notify uuid=0x2a4d srv_handle=79 is_bl_svc_primary=1 rpt_id=1 len=3
06-08 20:08:53.998 3370 3452 E AmazonProfileService: There is no KEY_CHILD_PIN_PACKAGE_NAME
06-08 20:08:53.998 3370 3452 I AmazonProfileService: Event is not filtered because it is not in filter key list.
06-08 20:08:53.998 3370 3452 I FireTVKeyPolicyManager: Dynamic key mapping has been enabled
06-08 20:08:53.998 3370 3452 I KeyMapManagerUtil: Unknown remote sku id 0. Fetch remote sku id from system property
06-08 20:08:53.998 3370 3452 I FireTVKeyPolicyManager: Dynamic key mapping key intercepted result 0
06-08 20:08:54.000 3370 3451 D AmzPhoneWindowManager: is 23 in key list = false
06-08 20:08:54.001 20034 20056 V Kodi : CAndroidKey: key up (dev:7; src:769; code: 23; repeat: 0; flags: 0x8; alt: no; shift: no; sym: no)
06-08 20:08:54.030 20034 20058 D Kodi : 2021-06-08 20:08:54.030 T:20058 DEBUG : Keyboard: scancode: 0x17, sym: 0x13, unicode: 0x0000, modifier: 0x0
06-08 20:08:54.030 20034 20058 D Kodi : 2021-06-08 20:08:54.030 T:20058 DEBUG : HandleKey: return (0xf00d) pressed, trying keyboard action 7
06-08 20:08:54.196 3566 4099 W bt_btif : bta_hh_le_input_rpt_notify uuid=0x2a4d srv_handle=79 is_bl_svc_primary=1 rpt_id=1 len=3
06-08 20:08:54.197 3370 3452 E AmazonProfileService: There is no KEY_CHILD_PIN_PACKAGE_NAME
06-08 20:08:54.199 3370 3452 I AmazonProfileService: Event is not filtered because it is not in filter key list.
06-08 20:08:54.199 3370 3452 I FireTVKeyPolicyManager: Dynamic key mapping has been enabled
06-08 20:08:54.199 3370 3452 I KeyMapManagerUtil: Unknown remote sku id 0. Fetch remote sku id from system property
06-08 20:08:54.199 3370 3452 I FireTVKeyPolicyManager: Dynamic key mapping key intercepted result 0
06-08 20:08:54.201 3370 3451 D AmzPhoneWindowManager: is 20 in key list = false
06-08 20:08:54.204 20034 20056 V Kodi : CAndroidKey: key down (dev:7; src:769; code: 20; repeat: 0; flags: 0x8; alt: no; shift: no; sym: no)
06-08 20:08:54.238 20034 20058 D Kodi : 2021-06-08 20:08:54.238 T:20058 DEBUG : Keyboard: scancode: 0x14, sym: 0x274, unicode: 0x0000, modifier: 0x0
06-08 20:08:54.239 20034 20058 D Kodi : 2021-06-08 20:08:54.239 T:20058 DEBUG : HandleKey: down (0xf081) pressed, trying keyboard action 4
06-08 20:08:54.316 3566 4099 W bt_btif : bta_hh_le_input_rpt_notify uuid=0x2a4d srv_handle=79 is_bl_svc_primary=1 rpt_id=1 len=3
06-08 20:08:54.317 3370 3452 E AmazonProfileService: There is no KEY_CHILD_PIN_PACKAGE_NAME
06-08 20:08:54.317 3370 3452 I AmazonProfileService: Event is not filtered because it is not in filter key list.
06-08 20:08:54.317 3370 3452 I FireTVKeyPolicyManager: Dynamic key mapping has been enabled
06-08 20:08:54.318 3370 3452 I KeyMapManagerUtil: Unknown remote sku id 0. Fetch remote sku id from system property
06-08 20:08:54.318 3370 3452 I FireTVKeyPolicyManager: Dynamic key mapping key intercepted result 0
06-08 20:08:54.328 3370 3451 D AmzPhoneWindowManager: is 20 in key list = false
06-08 20:08:54.329 20034 20056 V Kodi : CAndroidKey: key up (dev:7; src:769; code: 20; repeat: 0; flags: 0x8; alt: no; shift: no; sym: no)
06-08 20:08:54.341 20034 20058 D Kodi : 2021-06-08 20:08:54.341 T:20058 DEBUG : Keyboard: scancode: 0x14, sym: 0x274, unicode: 0x0000, modifier: 0x0
06-08 20:08:54.377 3566 4099 W bt_btif : bta_hh_le_input_rpt_notify uuid=0x2a4d srv_handle=79 is_bl_svc_primary=1 rpt_id=1 len=3
06-08 20:08:54.378 3370 3452 E AmazonProfileService: There is no KEY_CHILD_PIN_PACKAGE_NAME
06-08 20:08:54.378 3370 3452 I AmazonProfileService: Event is not filtered because it is not in filter key list.
06-08 20:08:54.378 3370 3452 I FireTVKeyPolicyManager: Dynamic key mapping has been enabled
06-08 20:08:54.378 3370 3452 I KeyMapManagerUtil: Unknown remote sku id 0. Fetch remote sku id from system property
06-08 20:08:54.378 3370 3452 I FireTVKeyPolicyManager: Dynamic key mapping key intercepted result 0
06-08 20:08:54.379 3370 3451 D AmzPhoneWindowManager: is 20 in key list = false
06-08 20:08:54.380 20034 20056 V Kodi : CAndroidKey: key down (dev:7; src:769; code: 20; repeat: 0; flags: 0x8; alt: no; shift: no; sym: no)
06-08 20:08:54.395 20034 20058 D Kodi : 2021-06-08 20:08:54.394 T:20058 DEBUG : Keyboard: scancode: 0x14, sym: 0x274, unicode: 0x0000, modifier: 0x0
06-08 20:08:54.395 20034 20058 D Kodi : 2021-06-08 20:08:54.395 T:20058 DEBUG : HandleKey: down (0xf081) pressed, trying keyboard action 4
06-08 20:08:54.403 3140 3332 I AUDIOALG: asyncProcess : process @@@
06-08 20:08:54.406 3140 3332 I AUDIOALG: RefDlyEstimation: maxRxy 0.000000 maxPos 0
06-08 20:08:54.406 3140 3332 I AUDIOALG: asyncProcess : waiting...
06-08 20:08:54.481 3566 4099 W bt_btif : bta_hh_le_input_rpt_notify uuid=0x2a4d srv_handle=79 is_bl_svc_primary=1 rpt_id=1 len=3
06-08 20:08:54.482 3370 3452 E AmazonProfileService: There is no KEY_CHILD_PIN_PACKAGE_NAME
06-08 20:08:54.482 3370 3452 I AmazonProfileService: Event is not filtered because it is not in filter key list.
06-08 20:08:54.483 3370 3452 I FireTVKeyPolicyManager: Dynamic key mapping has been enabled
06-08 20:08:54.483 3370 3452 I KeyMapManagerUtil: Unknown remote sku id 0. Fetch remote sku id from system property
06-08 20:08:54.483 3370 3452 I FireTVKeyPolicyManager: Dynamic key mapping key intercepted result 0
06-08 20:08:54.484 3370 3451 D AmzPhoneWindowManager: is 20 in key list = false
06-08 20:08:54.486 20034 20056 V Kodi : CAndroidKey: key up (dev:7; src:769; code: 20; repeat: 0; flags: 0x8; alt: no; shift: no; sym: no)
06-08 20:08:54.497 20034 20058 D Kodi : 2021-06-08 20:08:54.497 T:20058 DEBUG : Keyboard: scancode: 0x14, sym: 0x274, unicode: 0x0000, modifier: 0x0
06-08 20:08:54.616 3566 4099 W bt_btif : bta_hh_le_input_rpt_notify uuid=0x2a4d srv_handle=79 is_bl_svc_primary=1 rpt_id=1 len=3
06-08 20:08:54.616 3370 3452 E AmazonProfileService: There is no KEY_CHILD_PIN_PACKAGE_NAME
06-08 20:08:54.616 3370 3452 I AmazonProfileService: Event is not filtered because it is not in filter key list.
06-08 20:08:54.617 3370 3452 I FireTVKeyPolicyManager: Dynamic key mapping has been enabled
06-08 20:08:54.617 3370 3452 I KeyMapManagerUtil: Unknown remote sku id 0. Fetch remote sku id from system property
06-08 20:08:54.617 3370 3452 I FireTVKeyPolicyManager: Dynamic key mapping key intercepted result 0
06-08 20:08:54.621 3370 3451 D AmzPhoneWindowManager: is 22 in key list = false
06-08 20:08:54.623 20034 20056 V Kodi : CAndroidKey: key down (dev:7; src:769; code: 22; repeat: 0; flags: 0x8; alt: no; shift: no; sym: no)
06-08 20:08:54.649 20034 20058 D Kodi : 2021-06-08 20:08:54.649 T:20058 DEBUG : Keyboard: scancode: 0x16, sym: 0x275, unicode: 0x0000, modifier: 0x0
06-08 20:08:54.650 20034 20058 D Kodi : 2021-06-08 20:08:54.650 T:20058 DEBUG : HandleKey: right (0xf083) pressed, trying keyboard action 2
06-08 20:08:54.716 3566 4099 W bt_btif : bta_hh_le_input_rpt_notify uuid=0x2a4d srv_handle=79 is_bl_svc_primary=1 rpt_id=1 len=3
06-08 20:08:54.716 3370 3452 E AmazonProfileService: There is no KEY_CHILD_PIN_PACKAGE_NAME
06-08 20:08:54.716 3370 3452 I AmazonProfileService: Event is not filtered because it is not in filter key list.
06-08 20:08:54.716 3370 3452 I FireTVKeyPolicyManager: Dynamic key mapping has been enabled
06-08 20:08:54.716 3370 3452 I KeyMapManagerUtil: Unknown remote sku id 0. Fetch remote sku id from system property
06-08 20:08:54.717 3370 3452 I FireTVKeyPolicyManager: Dynamic key mapping key intercepted result 0
06-08 20:08:54.717 3370 3451 D AmzPhoneWindowManager: is 22 in key list = false
06-08 20:08:54.719 20034 20056 V Kodi : CAndroidKey: key up (dev:7; src:769; code: 22; repeat: 0; flags: 0x8; alt: no; shift: no; sym: no)
06-08 20:08:54.739 20034 20058 D Kodi : 2021-06-08 20:08:54.739 T:20058 DEBUG : Keyboard: scancode: 0x16, sym: 0x275, unicode: 0x0000, modifier: 0x0
06-08 20:08:54.797 3566 4099 W bt_btif : bta_hh_le_input_rpt_notify uuid=0x2a4d srv_handle=79 is_bl_svc_primary=1 rpt_id=1 len=3
06-08 20:08:54.799 3370 3452 E AmazonProfileService: There is no KEY_CHILD_PIN_PACKAGE_NAME
06-08 20:08:54.800 3370 3452 I AmazonProfileService: Event is not filtered because it is not in filter key list.
06-08 20:08:54.800 3370 3452 I FireTVKeyPolicyManager: Dynamic key mapping has been enabled
06-08 20:08:54.800 3370 3452 I KeyMapManagerUtil: Unknown remote sku id 0. Fetch remote sku id from system property
06-08 20:08:54.800 3370 3452 I FireTVKeyPolicyManager: Dynamic key mapping key intercepted result 0
06-08 20:08:54.802 3370 3451 D AmzPhoneWindowManager: is 22 in key list = false
06-08 20:08:54.805 20034 20056 V Kodi : CAndroidKey: key down (dev:7; src:769; code: 22; repeat: 0; flags: 0x8; alt: no; shift: no; sym: no)
06-08 20:08:54.814 20034 20058 D Kodi : 2021-06-08 20:08:54.814 T:20058 DEBUG : Keyboard: scancode: 0x16, sym: 0x275, unicode: 0x0000, modifier: 0x0
06-08 20:08:54.814 20034 20058 D Kodi : 2021-06-08 20:08:54.814 T:20058 DEBUG : HandleKey: right (0xf083) pressed, trying keyboard action 2
06-08 20:08:54.876 3566 4099 W bt_btif : bta_hh_le_input_rpt_notify uuid=0x2a4d srv_handle=79 is_bl_svc_primary=1 rpt_id=1 len=3
06-08 20:08:54.876 3370 3452 E AmazonProfileService: There is no KEY_CHILD_PIN_PACKAGE_NAME
06-08 20:08:54.876 3370 3452 I AmazonProfileService: Event is not filtered because it is not in filter key list.
06-08 20:08:54.877 3370 3452 I FireTVKeyPolicyManager: Dynamic key mapping has been enabled
06-08 20:08:54.877 3370 3452 I KeyMapManagerUtil: Unknown remote sku id 0. Fetch remote sku id from system property
06-08 20:08:54.877 3370 3452 I FireTVKeyPolicyManager: Dynamic key mapping key intercepted result 0
06-08 20:08:54.877 3370 3451 D AmzPhoneWindowManager: is 22 in key list = false
06-08 20:08:54.880 20034 20056 V Kodi : CAndroidKey: key up (dev:7; src:769; code: 22; repeat: 0; flags: 0x8; alt: no; shift: no; sym: no)
06-08 20:08:54.890 20034 20058 D Kodi : 2021-06-08 20:08:54.890 T:20058 DEBUG : Keyboard: scancode: 0x16, sym: 0x275, unicode: 0x0000, modifier: 0x0
06-08 20:08:54.953 3566 4099 W bt_btif : bta_hh_le_input_rpt_notify uuid=0x2a4d srv_handle=79 is_bl_svc_primary=1 rpt_id=1 len=3
06-08 20:08:54.953 3370 3452 E AmazonProfileService: There is no KEY_CHILD_PIN_PACKAGE_NAME
06-08 20:08:54.953 3370 3452 I AmazonProfileService: Event is not filtered because it is not in filter key list.
06-08 20:08:54.953 3370 3452 I FireTVKeyPolicyManager: Dynamic key mapping has been enabled
06-08 20:08:54.953 3370 3452 I KeyMapManagerUtil: Unknown remote sku id 0. Fetch remote sku id from system property
06-08 20:08:54.953 3370 3452 I FireTVKeyPolicyManager: Dynamic key mapping key intercepted result 0
06-08 20:08:54.955 3370 3451 D AmzPhoneWindowManager: is 22 in key list = false
06-08 20:08:54.957 20034 20056 V Kodi : CAndroidKey: key down (dev:7; src:769; code: 22; repeat: 0; flags: 0x8; alt: no; shift: no; sym: no)
06-08 20:08:54.970 20034 20058 D Kodi : 2021-06-08 20:08:54.970 T:20058 DEBUG : Keyboard: scancode: 0x16, sym: 0x275, unicode: 0x0000, modifier: 0x0
06-08 20:08:54.971 20034 20058 D Kodi : 2021-06-08 20:08:54.971 T:20058 DEBUG : HandleKey: right (0xf083) pressed, trying keyboard action 2
06-08 20:08:55.036 3566 4099 W bt_btif : bta_hh_le_input_rpt_notify uuid=0x2a4d srv_handle=79 is_bl_svc_primary=1 rpt_id=1 len=3
06-08 20:08:55.037 3370 3452 E AmazonProfileService: There is no KEY_CHILD_PIN_PACKAGE_NAME
06-08 20:08:55.037 3370 3452 I AmazonProfileService: Event is not filtered because it is not in filter key list.
06-08 20:08:55.037 3370 3452 I FireTVKeyPolicyManager: Dynamic key mapping has been enabled
06-08 20:08:55.037 3370 3452 I KeyMapManagerUtil: Unknown remote sku id 0. Fetch remote sku id from system property
06-08 20:08:55.037 3370 3452 I FireTVKeyPolicyManager: Dynamic key mapping key intercepted result 0
06-08 20:08:55.039 3370 3451 D AmzPhoneWindowManager: is 22 in key list = false
06-08 20:08:55.041 20034 20056 V Kodi : CAndroidKey: key up (dev:7; src:769; code: 22; repeat: 0; flags: 0x8; alt: no; shift: no; sym: no)
06-08 20:08:55.050 20034 20058 D Kodi : 2021-06-08 20:08:55.050 T:20058 DEBUG : Keyboard: scancode: 0x16, sym: 0x275, unicode: 0x0000, modifier: 0x0
06-08 20:08:55.116 3566 4099 W bt_btif : bta_hh_le_input_rpt_notify uuid=0x2a4d srv_handle=79 is_bl_svc_primary=1 rpt_id=1 len=3
06-08 20:08:55.116 3370 3452 E AmazonProfileService: There is no KEY_CHILD_PIN_PACKAGE_NAME
06-08 20:08:55.116 3370 3452 I AmazonProfileService: Event is not filtered because it is not in filter key list.
06-08 20:08:55.116 3370 3452 I FireTVKeyPolicyManager: Dynamic key mapping has been enabled
06-08 20:08:55.117 3370 3452 I KeyMapManagerUtil: Unknown remote sku id 0. Fetch remote sku id from system property
06-08 20:08:55.117 3370 3452 I FireTVKeyPolicyManager: Dynamic key mapping key intercepted result 0
06-08 20:08:55.120 3370 3451 D AmzPhoneWindowManager: is 22 in key list = false
06-08 20:08:55.121 20034 20056 V Kodi : CAndroidKey: key down (dev:7; src:769; code: 22; repeat: 0; flags: 0x8; alt: no; shift: no; sym: no)
06-08 20:08:55.151 20034 20058 D Kodi : 2021-06-08 20:08:55.151 T:20058 DEBUG : Keyboard: scancode: 0x16, sym: 0x275, unicode: 0x0000, modifier: 0x0
06-08 20:08:55.151 20034 20058 D Kodi : 2021-06-08 20:08:55.151 T:20058 DEBUG : HandleKey: right (0xf083) pressed, trying keyboard action 2
06-08 20:08:55.196 3566 4099 W bt_btif : bta_hh_le_input_rpt_notify uuid=0x2a4d srv_handle=79 is_bl_svc_primary=1 rpt_id=1 len=3
06-08 20:08:55.196 3370 3452 E AmazonProfileService: There is no KEY_CHILD_PIN_PACKAGE_NAME
06-08 20:08:55.196 3370 3452 I AmazonProfileService: Event is not filtered because it is not in filter key list.
06-08 20:08:55.196 3370 3452 I FireTVKeyPolicyManager: Dynamic key mapping has been enabled
06-08 20:08:55.197 3370 3452 I KeyMapManagerUtil: Unknown remote sku id 0. Fetch remote sku id from system property
06-08 20:08:55.197 3370 3452 I FireTVKeyPolicyManager: Dynamic key mapping key intercepted result 0
06-08 20:08:55.197 3370 3451 D AmzPhoneWindowManager: is 22 in key list = false
06-08 20:08:55.199 20034 20056 V Kodi : CAndroidKey: key up (dev:7; src:769; code: 22; repeat: 0; flags: 0x8; alt: no; shift: no; sym: no)
06-08 20:08:55.240 20034 20058 D Kodi : 2021-06-08 20:08:55.240 T:20058 DEBUG : Keyboard: scancode: 0x16, sym: 0x275, unicode: 0x0000, modifier: 0x0
06-08 20:08:55.516 3566 4099 W bt_btif : bta_hh_le_input_rpt_notify uuid=0x2a4d srv_handle=79 is_bl_svc_primary=1 rpt_id=1 len=3
06-08 20:08:55.516 3370 3452 E AmazonProfileService: There is no KEY_CHILD_PIN_PACKAGE_NAME
06-08 20:08:55.516 3370 3452 I AmazonProfileService: Event is not filtered because it is not in filter key list.
06-08 20:08:55.516 3370 3452 I FireTVKeyPolicyManager: Dynamic key mapping has been enabled
06-08 20:08:55.517 3370 3452 I KeyMapManagerUtil: Unknown remote sku id 0. Fetch remote sku id from system property
06-08 20:08:55.517 3370 3452 I FireTVKeyPolicyManager: Dynamic key mapping key intercepted result 0
06-08 20:08:55.520 3370 3451 D AmzPhoneWindowManager: is 23 in key list = false
06-08 20:08:55.527 20034 20056 V Kodi : CAndroidKey: key down (dev:7; src:769; code: 23; repeat: 0; flags: 0x8; alt: no; shift: no; sym: no)
06-08 20:08:55.546 20034 20058 D Kodi : 2021-06-08 20:08:55.546 T:20058 DEBUG : Keyboard: scancode: 0x17, sym: 0x13, unicode: 0x0000, modifier: 0x0
06-08 20:08:55.596 3566 4099 W bt_btif : bta_hh_le_input_rpt_notify uuid=0x2a4d srv_handle=79 is_bl_svc_primary=1 rpt_id=1 len=3
06-08 20:08:55.596 3370 3452 E AmazonProfileService: There is no KEY_CHILD_PIN_PACKAGE_NAME
06-08 20:08:55.596 3370 3452 I AmazonProfileService: Event is not filtered because it is not in filter key list.
06-08 20:08:55.597 3370 3452 I FireTVKeyPolicyManager: Dynamic key mapping has been enabled
06-08 20:08:55.597 3370 3452 I KeyMapManagerUtil: Unknown remote sku id 0. Fetch remote sku id from system property
06-08 20:08:55.597 3370 3452 I FireTVKeyPolicyManager: Dynamic key mapping key intercepted result 0
06-08 20:08:55.597 3370 3451 D AmzPhoneWindowManager: is 23 in key list = false
06-08 20:08:55.599 20034 20056 V Kodi : CAndroidKey: key up (dev:7; src:769; code: 23; repeat: 0; flags: 0x8; alt: no; shift: no; sym: no)
06-08 20:08:55.625 20034 20058 D Kodi : 2021-06-08 20:08:55.625 T:20058 DEBUG : Keyboard: scancode: 0x17, sym: 0x13, unicode: 0x0000, modifier: 0x0
06-08 20:08:55.625 20034 20058 D Kodi : 2021-06-08 20:08:55.625 T:20058 DEBUG : HandleKey: return (0xf00d) pressed, trying keyboard action 7
06-08 20:08:55.872 3566 4099 W bt_btif : bta_hh_le_input_rpt_notify uuid=0x2a4d srv_handle=79 is_bl_svc_primary=1 rpt_id=1 len=3
06-08 20:08:55.872 3370 3452 E AmazonProfileService: There is no KEY_CHILD_PIN_PACKAGE_NAME
06-08 20:08:55.872 3370 3452 I AmazonProfileService: Event is not filtered because it is not in filter key list.
06-08 20:08:55.872 3370 3452 I FireTVKeyPolicyManager: Dynamic key mapping has been enabled
06-08 20:08:55.872 3370 3452 I KeyMapManagerUtil: Unknown remote sku id 0. Fetch remote sku id from system property
06-08 20:08:55.872 3370 3452 I FireTVKeyPolicyManager: Dynamic key mapping key intercepted result 0
06-08 20:08:55.874 3370 3451 D AmzPhoneWindowManager: is 20 in key list = false
06-08 20:08:55.876 20034 20056 V Kodi : CAndroidKey: key down (dev:7; src:769; code: 20; repeat: 0; flags: 0x8; alt: no; shift: no; sym: no)
06-08 20:08:55.904 20034 20058 D Kodi : 2021-06-08 20:08:55.904 T:20058 DEBUG : Keyboard: scancode: 0x14, sym: 0x274, unicode: 0x0000, modifier: 0x0
06-08 20:08:55.905 20034 20058 D Kodi : 2021-06-08 20:08:55.905 T:20058 DEBUG : HandleKey: down (0xf081) pressed, trying keyboard action 4
06-08 20:08:55.956 3566 4099 W bt_btif : bta_hh_le_input_rpt_notify uuid=0x2a4d srv_handle=79 is_bl_svc_primary=1 rpt_id=1 len=3
06-08 20:08:55.956 3370 3452 E AmazonProfileService: There is no KEY_CHILD_PIN_PACKAGE_NAME
06-08 20:08:55.957 3370 3452 I AmazonProfileService: Event is not filtered because it is not in filter key list.
06-08 20:08:55.957 3370 3452 I FireTVKeyPolicyManager: Dynamic key mapping has been enabled
06-08 20:08:55.957 3370 3452 I KeyMapManagerUtil: Unknown remote sku id 0. Fetch remote sku id from system property
06-08 20:08:55.957 3370 3452 I FireTVKeyPolicyManager: Dynamic key mapping key intercepted result 0
06-08 20:08:55.965 3370 3451 D AmzPhoneWindowManager: is 20 in key list = false
06-08 20:08:55.968 20034 20056 V Kodi : CAndroidKey: key up (dev:7; src:769; code: 20; repeat: 0; flags: 0x8; alt: no; shift: no; sym: no)
06-08 20:08:55.982 20034 20058 D Kodi : 2021-06-08 20:08:55.982 T:20058 DEBUG : Keyboard: scancode: 0x14, sym: 0x274, unicode: 0x0000, modifier: 0x0
06-08 20:08:56.042 3566 4099 W bt_btif : bta_hh_le_input_rpt_notify uuid=0x2a4d srv_handle=79 is_bl_svc_primary=1 rpt_id=1 len=3
06-08 20:08:56.043 3370 3452 E AmazonProfileService: There is no KEY_CHILD_PIN_PACKAGE_NAME
06-08 20:08:56.043 3370 3452 I AmazonProfileService: Event is not filtered because it is not in filter key list.
06-08 20:08:56.043 3370 3452 I FireTVKeyPolicyManager: Dynamic key mapping has been enabled
06-08 20:08:56.043 3370 3452 I KeyMapManagerUtil: Unknown remote sku id 0. Fetch remote sku id from system property
06-08 20:08:56.043 3370 3452 I FireTVKeyPolicyManager: Dynamic key mapping key intercepted result 0
06-08 20:08:56.045 3370 3451 D AmzPhoneWindowManager: is 20 in key list = false
06-08 20:08:56.047 20034 20056 V Kodi : CAndroidKey: key down (dev:7; src:769; code: 20; repeat: 0; flags: 0x8; alt: no; shift: no; sym: no)
06-08 20:08:56.061 20034 20058 D Kodi : 2021-06-08 20:08:56.061 T:20058 DEBUG : Keyboard: scancode: 0x14, sym: 0x274, unicode: 0x0000, modifier: 0x0
06-08 20:08:56.062 20034 20058 D Kodi : 2021-06-08 20:08:56.062 T:20058 DEBUG : HandleKey: down (0xf081) pressed, trying keyboard action 4
06-08 20:08:56.136 3566 4099 W bt_btif : bta_hh_le_input_rpt_notify uuid=0x2a4d srv_handle=79 is_bl_svc_primary=1 rpt_id=1 len=3
06-08 20:08:56.137 3370 3452 E AmazonProfileService: There is no KEY_CHILD_PIN_PACKAGE_NAME
06-08 20:08:56.137 3370 3452 I AmazonProfileService: Event is not filtered because it is not in filter key list.
06-08 20:08:56.137 3370 3452 I FireTVKeyPolicyManager: Dynamic key mapping has been enabled
06-08 20:08:56.137 3370 3452 I KeyMapManagerUtil: Unknown remote sku id 0. Fetch remote sku id from system property
06-08 20:08:56.137 3370 3452 I FireTVKeyPolicyManager: Dynamic key mapping key intercepted result 0
06-08 20:08:56.137 3370 3451 D AmzPhoneWindowManager: is 20 in key list = false
06-08 20:08:56.138 20034 20056 V Kodi : CAndroidKey: key up (dev:7; src:769; code: 20; repeat: 0; flags: 0x8; alt: no; shift: no; sym: no)
06-08 20:08:56.167 20034 20058 D Kodi : 2021-06-08 20:08:56.167 T:20058 DEBUG : Keyboard: scancode: 0x14, sym: 0x274, unicode: 0x0000, modifier: 0x0
06-08 20:08:56.446 3140 3332 I AUDIOALG: asyncProcess : process @@@
06-08 20:08:56.449 3140 3332 I AUDIOALG: RefDlyEstimation: maxRxy 0.000000 maxPos 0
06-08 20:08:56.449 3140 3332 I AUDIOALG: asyncProcess : waiting...
06-08 20:08:56.756 3566 4099 W bt_btif : bta_hh_le_input_rpt_notify uuid=0x2a4d srv_handle=79 is_bl_svc_primary=1 rpt_id=1 len=3
06-08 20:08:56.756 3370 3452 E AmazonProfileService: There is no KEY_CHILD_PIN_PACKAGE_NAME
06-08 20:08:56.757 3370 3452 I AmazonProfileService: Event is not filtered because it is not in filter key list.
06-08 20:08:56.757 3370 3452 I FireTVKeyPolicyManager: Dynamic key mapping has been enabled
06-08 20:08:56.757 3370 3452 I KeyMapManagerUtil: Unknown remote sku id 0. Fetch remote sku id from system property
06-08 20:08:56.757 3370 3452 I FireTVKeyPolicyManager: Dynamic key mapping key intercepted result 0
06-08 20:08:56.759 3370 3451 D AmzPhoneWindowManager: is 21 in key list = false
06-08 20:08:56.764 20034 20056 V Kodi : CAndroidKey: key down (dev:7; src:769; code: 21; repeat: 0; flags: 0x8; alt: no; shift: no; sym: no)
06-08 20:08:56.793 20034 20058 D Kodi : 2021-06-08 20:08:56.793 T:20058 DEBUG : Keyboard: scancode: 0x15, sym: 0x276, unicode: 0x0000, modifier: 0x0
06-08 20:08:56.793 20034 20058 D Kodi : 2021-06-08 20:08:56.793 T:20058 DEBUG : HandleKey: left (0xf082) pressed, trying keyboard action 1
06-08 20:08:56.856 3566 4099 W bt_btif : bta_hh_le_input_rpt_notify uuid=0x2a4d srv_handle=79 is_bl_svc_primary=1 rpt_id=1 len=3
06-08 20:08:56.856 3370 3452 E AmazonProfileService: There is no KEY_CHILD_PIN_PACKAGE_NAME
06-08 20:08:56.856 3370 3452 I AmazonProfileService: Event is not filtered because it is not in filter key list.
06-08 20:08:56.856 3370 3452 I FireTVKeyPolicyManager: Dynamic key mapping has been enabled
06-08 20:08:56.856 3370 3452 I KeyMapManagerUtil: Unknown remote sku id 0. Fetch remote sku id from system property
06-08 20:08:56.856 3370 3452 I FireTVKeyPolicyManager: Dynamic key mapping key intercepted result 0
06-08 20:08:56.857 3370 3451 D AmzPhoneWindowManager: is 21 in key list = false
06-08 20:08:56.859 20034 20056 V Kodi : CAndroidKey: key up (dev:7; src:769; code: 21; repeat: 0; flags: 0x8; alt: no; shift: no; sym: no)
06-08 20:08:56.889 20034 20058 D Kodi : 2021-06-08 20:08:56.889 T:20058 DEBUG : Keyboard: scancode: 0x15, sym: 0x276, unicode: 0x0000, modifier: 0x0
06-08 20:08:56.916 3566 4099 W bt_btif : bta_hh_le_input_rpt_notify uuid=0x2a4d srv_handle=79 is_bl_svc_primary=1 rpt_id=1 len=3
06-08 20:08:56.920 3370 3452 E AmazonProfileService: There is no KEY_CHILD_PIN_PACKAGE_NAME
06-08 20:08:56.921 3370 3452 I AmazonProfileService: Event is not filtered because it is not in filter key list.
06-08 20:08:56.922 3370 3452 I FireTVKeyPolicyManager: Dynamic key mapping has been enabled
06-08 20:08:56.922 3370 3452 I KeyMapManagerUtil: Unknown remote sku id 0. Fetch remote sku id from system property
06-08 20:08:56.923 3370 3452 I FireTVKeyPolicyManager: Dynamic key mapping key intercepted result 0
06-08 20:08:56.927 3370 3451 D AmzPhoneWindowManager: is 21 in key list = false
06-08 20:08:56.928 20034 20056 V Kodi : CAndroidKey: key down (dev:7; src:769; code: 21; repeat: 0; flags: 0x8; alt: no; shift: no; sym: no)
06-08 20:08:56.941 20034 20058 D Kodi : 2021-06-08 20:08:56.941 T:20058 DEBUG : Keyboard: scancode: 0x15, sym: 0x276, unicode: 0x0000, modifier: 0x0
06-08 20:08:56.942 20034 20058 D Kodi : 2021-06-08 20:08:56.942 T:20058 DEBUG : HandleKey: left (0xf082) pressed, trying keyboard action 1
06-08 20:08:57.016 3566 4099 W bt_btif : bta_hh_le_input_rpt_notify uuid=0x2a4d srv_handle=79 is_bl_svc_primary=1 rpt_id=1 len=3
06-08 20:08:57.017 3370 3452 E AmazonProfileService: There is no KEY_CHILD_PIN_PACKAGE_NAME
06-08 20:08:57.017 3370 3452 I AmazonProfileService: Event is not filtered because it is not in filter key list.
06-08 20:08:57.017 3370 3452 I FireTVKeyPolicyManager: Dynamic key mapping has been enabled
06-08 20:08:57.017 3370 3452 I KeyMapManagerUtil: Unknown remote sku id 0. Fetch remote sku id from system property
06-08 20:08:57.017 3370 3452 I FireTVKeyPolicyManager: Dynamic key mapping key intercepted result 0
06-08 20:08:57.018 3370 3451 D AmzPhoneWindowManager: is 21 in key list = false
06-08 20:08:57.027 20034 20056 V Kodi : CAndroidKey: key up (dev:7; src:769; code: 21; repeat: 0; flags: 0x8; alt: no; shift: no; sym: no)
06-08 20:08:57.047 20034 20058 D Kodi : 2021-06-08 20:08:57.047 T:20058 DEBUG : Keyboard: scancode: 0x15, sym: 0x276, unicode: 0x0000, modifier: 0x0
06-08 20:08:57.085 3566 4099 W bt_btif : bta_hh_le_input_rpt_notify uuid=0x2a4d srv_handle=79 is_bl_svc_primary=1 rpt_id=1 len=3
06-08 20:08:57.086 3370 3452 E AmazonProfileService: There is no KEY_CHILD_PIN_PACKAGE_NAME
06-08 20:08:57.086 3370 3452 I AmazonProfileService: Event is not filtered because it is not in filter key list.
06-08 20:08:57.086 3370 3452 I FireTVKeyPolicyManager: Dynamic key mapping has been enabled
06-08 20:08:57.086 3370 3452 I KeyMapManagerUtil: Unknown remote sku id 0. Fetch remote sku id from system property
06-08 20:08:57.086 3370 3452 I FireTVKeyPolicyManager: Dynamic key mapping key intercepted result 0
06-08 20:08:57.088 3370 3451 D AmzPhoneWindowManager: is 21 in key list = false
06-08 20:08:57.089 20034 20056 V Kodi : CAndroidKey: key down (dev:7; src:769; code: 21; repeat: 0; flags: 0x8; alt: no; shift: no; sym: no)
06-08 20:08:57.103 20034 20058 D Kodi : 2021-06-08 20:08:57.103 T:20058 DEBUG : Keyboard: scancode: 0x15, sym: 0x276, unicode: 0x0000, modifier: 0x0
06-08 20:08:57.104 20034 20058 D Kodi : 2021-06-08 20:08:57.104 T:20058 DEBUG : HandleKey: left (0xf082) pressed, trying keyboard action 1
06-08 20:08:57.176 3566 4099 W bt_btif : bta_hh_le_input_rpt_notify uuid=0x2a4d srv_handle=79 is_bl_svc_primary=1 rpt_id=1 len=3
06-08 20:08:57.177 3370 3452 E AmazonProfileService: There is no KEY_CHILD_PIN_PACKAGE_NAME
06-08 20:08:57.177 3370 3452 I AmazonProfileService: Event is not filtered because it is not in filter key list.
06-08 20:08:57.177 3370 3452 I FireTVKeyPolicyManager: Dynamic key mapping has been enabled
06-08 20:08:57.178 3370 3452 I KeyMapManagerUtil: Unknown remote sku id 0. Fetch remote sku id from system property
06-08 20:08:57.178 3370 3452 I FireTVKeyPolicyManager: Dynamic key mapping key intercepted result 0
06-08 20:08:57.178 3370 3451 D AmzPhoneWindowManager: is 21 in key list = false
06-08 20:08:57.179 20034 20056 V Kodi : CAndroidKey: key up (dev:7; src:769; code: 21; repeat: 0; flags: 0x8; alt: no; shift: no; sym: no)
06-08 20:08:57.208 20034 20058 D Kodi : 2021-06-08 20:08:57.207 T:20058 DEBUG : Keyboard: scancode: 0x15, sym: 0x276, unicode: 0x0000, modifier: 0x0
06-08 20:08:57.242 3566 4099 W bt_btif : bta_hh_le_input_rpt_notify uuid=0x2a4d srv_handle=79 is_bl_svc_primary=1 rpt_id=1 len=3
06-08 20:08:57.243 3370 3452 E AmazonProfileService: There is no KEY_CHILD_PIN_PACKAGE_NAME
