06-08 20:09:08.400 3969 3969 D WhadService: No WHA media session found
06-08 20:09:08.400 3566 4259 W Avrcp : playState object null, sending STOPPED
06-08 20:09:08.400 3883 3883 D AMP_vizzini.locked.374.0_MediaSessionObserver: Found MediaController with WHA support
06-08 20:09:08.401 3969 5298 I WhadWrapper: whadOnClusterPlaybackStateChangedCallback, isPlaying=false
06-08 20:09:08.401 3969 5298 I whad : AudioDistributionManager:processClusterPlaybackStateChanged:outputDeviceType=3,isPlaying=0,mIsPlaying=0
06-08 20:09:08.401 4962 4962 D com.amazon.connectivitycontroller.managers.BTControllerManager: Active session : 0com.android.bluetoothA2dpMediaBrowserService
06-08 20:09:08.401 3969 6144 I whad : AsynchWorkManager:handleDCMQueueItem:reason=Item,type=SessionStartedOrEnded
06-08 20:09:08.403 20034 20073 W AudioManager: Use of stream types is deprecated for operations other than volume control
06-08 20:09:08.403 20034 20073 W AudioManager: See the documentation of requestAudioFocus() for what to use instead with android.media.AudioAttributes to qualify your playback use case
06-08 20:09:08.403 3883 5180 D Vizzini:MediaSessionLib.MediaSessionControllerStateMgr: com.amazon.alexamediaplayer.runtime.ftv has permission: false
06-08 20:09:08.403 3883 4637 D Vizzini:MediaSessionLib.MediaSessionControllerStateMgr: com.amazon.alexamediaplayer.runtime.ftv has permission: true
06-08 20:09:08.403 4962 4962 D com.amazon.connectivitycontroller.managers.BTControllerManager: Active session : 1com.amazon.alexamediaplayer.runtime.ftvAlexaMediaPlayerRuntime
06-08 20:09:08.404 4962 4962 D com.amazon.connectivitycontroller.managers.BTControllerManager: Active session : 2org.xbmc.kodiXBMC_session
06-08 20:09:08.404 4962 4962 D com.amazon.connectivitycontroller.managers.BTControllerManager: Setting media controller...controller.getTag():A2dpMediaBrowserService
06-08 20:09:08.404 4962 4962 D com.amazon.connectivitycontroller.managers.BTControllerManager: setCurrentMediaController
06-08 20:09:08.404 4962 4962 D com.amazon.connectivitycontroller.managers.BTControllerManager: New MediaController..controller.getSessionToken():android.media.session.MediaSession$Token@c0ef144 ,mMediaController.getSessionToken():android.media.session.MediaSession$Token@c0ef144
06-08 20:09:08.405 3883 4637 D Vizzini:MediaSessionLib.MediaSessionControllerStateMgr: org.xbmc.kodi has permission: true
06-08 20:09:08.405 3370 5664 I MediaFocusControl: requestAudioFocus() from uid/pid 10043/20034 clientId=com.amazon.media.AmazonAudioManager@6f7bbb9org.xbmc.kodi.interfaces.XBMCAudioManagerOnAudioFocusChangeListener@3775f5f callingPack=org.xbmc.kodi req=1 flags=0x0 sdk=29
06-08 20:09:08.406 3883 5180 D Vizzini:MediaSessionLib.MediaSessionControllerStateMgr: org.xbmc.kodi has permission: false
06-08 20:09:08.406 3883 4637 D Vizzini:MediaSessionLib.MediaSessionControllerStateMgr: Valid Controller: org.xbmc.kodi with state: 3
06-08 20:09:08.407 3883 4637 I Vizzini:MediaSessionLib.MediaSessionControllerStateMgr: Best match found. Active package: org.xbmc.kodi
06-08 20:09:08.407 3883 4637 D Vizzini:MediaSessionLib.MediaSessionControllerStateMgr: org.xbmc.kodi has permission: true
06-08 20:09:08.407 3883 4637 D Vizzini:MediaSessionLib.MediaSessionControllerStateMgr: New Session
06-08 20:09:08.407 3883 4637 D Vizzini:MediaSessionLib.MediaSessionControllerStateMgr: org.xbmc.kodi supports background media session: false
06-08 20:09:08.407 20034 20073 D Kodi : 2021-06-08 20:09:08.407 T:20073 DEBUG : Visible Behind request: false
06-08 20:09:08.409 3883 4637 D Vizzini:MediaSessionLib.MediaSessionControllerStateMgr: Null target session set: false
06-08 20:09:08.409 3883 4637 D Vizzini:MediaSessionLib.MediaSessionControllerStateMgr: Set new active controller: org.xbmc.kodi
06-08 20:09:08.410 3883 4637 D Vizzini:MediaSessionLib.MediaSessionControllerStateMgr: org.xbmc.kodi has permission: true
06-08 20:09:08.410 3883 4637 D Vizzini:MediaSessionLib.MediaSessionControllerStateMgr: Valid Controller: org.xbmc.kodi with state: 3
06-08 20:09:08.411 3566 4259 E bt_btif : register_notification_rsp: Avrcp device is not connected, handle: 0x0
06-08 20:09:08.411 3566 4259 I chatty : uid=1002(bluetooth) BluetoothAvrcpH identical 4 lines
06-08 20:09:08.411 3566 4259 E bt_btif : register_notification_rsp: Avrcp device is not connected, handle: 0x0
06-08 20:09:08.483 20034 20058 D Kodi : 2021-06-08 20:09:08.483 T:20058 DEBUG : ------ Window Init (DialogBusy.xml) ------
06-08 20:09:08.483 20034 20058 D Kodi : 2021-06-08 20:09:08.483 T:20058 DEBUG : Window DialogBusy.xml was already loaded
06-08 20:09:08.483 20034 20058 D Kodi : 2021-06-08 20:09:08.483 T:20058 DEBUG : Alloc resources: 0.01ms
06-08 20:09:08.484 20034 20058 I Kodi : 2021-06-08 20:09:08.484 T:20058 INFO : CVideoPlayer::CloseFile()
06-08 20:09:08.484 20034 20058 D Kodi : 2021-06-08 20:09:08.484 T:20058 DEBUG : DeleteRenderer - deleting renderer
06-08 20:09:08.484 20034 20058 D Kodi : 2021-06-08 20:09:08.484 T:20058 DEBUG : LinuxRendererGLES: Cleaning up GLES resources
06-08 20:09:08.486 20034 20058 D Kodi : 2021-06-08 20:09:08.486 T:20058 DEBUG : CAndroidUtils: IsHDRDisplay: true
06-08 20:09:08.486 20034 20058 I Kodi : 2021-06-08 20:09:08.486 T:20058 INFO : VideoPlayer: waiting for threads to exit
06-08 20:09:08.516 20034 20851 D Kodi : 2021-06-08 20:09:08.516 T:20851 DEBUG : Thread BackgroundLoader -890242704 terminating
06-08 20:09:08.734 3140 3332 I AUDIOALG: asyncProcess : process @@@
06-08 20:09:08.736 3140 3332 I AUDIOALG: RefDlyEstimation: maxRxy 0.000000 maxPos 0
06-08 20:09:08.736 3140 3332 I AUDIOALG: asyncProcess : waiting...
06-08 20:09:10.782 3140 3332 I AUDIOALG: asyncProcess : process @@@
06-08 20:09:10.784 3140 3332 I AUDIOALG: RefDlyEstimation: maxRxy 0.000000 maxPos 0
06-08 20:09:10.784 3140 3332 I AUDIOALG: asyncProcess : waiting...
06-08 20:09:12.830 3140 3332 I AUDIOALG: asyncProcess : process @@@
06-08 20:09:12.832 3140 3332 I AUDIOALG: RefDlyEstimation: maxRxy 0.000000 maxPos 0
06-08 20:09:12.832 3140 3332 I AUDIOALG: asyncProcess : waiting...
06-08 20:09:13.961 3140 20207 I Node : dolby-audio-meter, AdapterPcmSystem adapter audio meter: channel 0; audio level: 0.000
06-08 20:09:13.961 3140 20207 I Node : dolby-audio-meter, AdapterPcmSystem adapter audio meter: channel 1; audio level: 0.000
06-08 20:09:13.961 3140 20207 I RendererNode: dolby-audio-meter, Renderer renderer audio meter: channel 0; audio level: 0.000
06-08 20:09:13.961 3140 20207 I RendererNode: dolby-audio-meter, Renderer renderer audio meter: channel 1; audio level: 0.000
06-08 20:09:13.961 3140 20207 I RendererNode: dolby-audio-meter, Renderer renderer audio meter: channel 2; audio level: 0.000
06-08 20:09:13.961 3140 20207 I RendererNode: dolby-audio-meter, Renderer renderer audio meter: channel 3; audio level: 0.000
06-08 20:09:13.961 3140 20207 I RendererNode: dolby-audio-meter, Renderer renderer audio meter: channel 4; audio level: 0.000
06-08 20:09:13.961 3140 20207 I RendererNode: dolby-audio-meter, Renderer renderer audio meter: channel 5; audio level: 0.000
06-08 20:09:13.961 3140 20207 I Node : dolby-audio-meter, AdapterPcmOut adapter audio meter: channel 0; audio level: 0.000
06-08 20:09:13.961 3140 20207 I Node : dolby-audio-meter, AdapterPcmOut adapter audio meter: channel 1; audio level: 0.000
06-08 20:09:14.878 3140 3332 I AUDIOALG: asyncProcess : process @@@
06-08 20:09:14.880 3140 3332 I AUDIOALG: RefDlyEstimation: maxRxy 0.000000 maxPos 0
06-08 20:09:14.880 3140 3332 I AUDIOALG: asyncProcess : waiting...
06-08 20:09:16.672 3195 3256 E storaged: getDiskStats failed with result NOT_SUPPORTED and size 0
06-08 20:09:16.926 3140 3332 I AUDIOALG: asyncProcess : process @@@
06-08 20:09:16.928 3140 3332 I AUDIOALG: RefDlyEstimation: maxRxy 0.000000 maxPos 0
06-08 20:09:16.928 3140 3332 I AUDIOALG: asyncProcess : waiting...
06-08 20:09:18.974 3140 3332 I AUDIOALG: asyncProcess : process @@@
06-08 20:09:18.976 3140 3332 I AUDIOALG: RefDlyEstimation: maxRxy 0.000000 maxPos 0
06-08 20:09:18.976 3140 3332 I AUDIOALG: asyncProcess : waiting...
06-08 20:09:21.022 3140 3332 I AUDIOALG: asyncProcess : process @@@
06-08 20:09:21.024 3140 3332 I AUDIOALG: RefDlyEstimation: maxRxy 0.000000 maxPos 0
06-08 20:09:21.024 3140 3332 I AUDIOALG: asyncProcess : waiting...
06-08 20:09:21.550 3883 20524 I Vizzini_2.0.11122.0:HealthLogger: Current State = {"AlexaCaptionsEnabled":"false","Account":"valid","ProfileValidated":"true","AlexaCaptionsSupported":"true","memoryTotalPss":"89829","DeviceFamily":"WAKEWORD","memoryTotalSharedDirty":"6208","WakewordDetector":"disabled","InstaHintsSyncTime":"2021-06-08 17:35:22","ReleaseVersion":"634.0.0","AlexaLegalTermsAccepted":"true","AppVersion":"2.0.11122.0","AlexaExperience":"FULL","SupportsFarField":"true","memoryAvailable":"655069184","Gateway":"avs-alexa-6-eu.amazon.com:443","memoryLow":"false","ConnectionState":"CONNECTED","OOBECompleted":"true","memoryTotalPrivateDirty":"59020","WakeWord":"SET"}
06-08 20:09:21.550 3883 20524 I DeviceEvent: CSMSIM#device_event_contract#0#1.0
06-08 20:09:22.096 7165 7224 I ProvidedOAuthMetricsTransport: Acquiring wake lock with timeout: 300000ms
06-08 20:09:22.097 7165 7224 I ProvidedOAuthMetricsTransport: Acquiring wifi lock
06-08 20:09:22.097 3370 5665 I WifiService: acquireWifiLock uid=10052 lockMode=3
06-08 20:09:22.098 7165 7224 I ProvidedOAuthMetricsTransport: Manually releasing wifi lock
06-08 20:09:22.098 3370 5665 I WifiService: releaseWifiLock uid=10052
06-08 20:09:22.100 7165 7224 I ProvidedOAuthMetricsTransport: Manually releasing wake lock
06-08 20:09:22.100 7165 7224 I ProvidedOAuthMetricsTransport: Attempting transmission using fallback transport
06-08 20:09:22.103 7165 7224 I StaticCredentialMetricsTransport: Acquiring wake lock with timeout: 300000ms
06-08 20:09:22.105 7165 7224 I StaticCredentialMetricsTransport: Acquiring wifi lock
06-08 20:09:22.105 3370 5665 I WifiService: acquireWifiLock uid=10052 lockMode=3
06-08 20:09:22.106 7165 7224 E StaticCredentialMetricsTransport: Static token cannot be null or empty
06-08 20:09:22.106 7165 7224 I StaticCredentialMetricsTransport: Manually releasing wifi lock
06-08 20:09:22.106 3370 5665 I WifiService: releaseWifiLock uid=10052
06-08 20:09:22.106 7165 7224 I StaticCredentialMetricsTransport: Manually releasing wake lock
06-08 20:09:22.106 7165 7224 W Metrics:BatchTransmitte: QueuePusher.sendBatches - Batch transmission failed on credentials error, re-enqueuing batch.;
06-08 20:09:22.107 7165 7224 I Metrics:BatchTransmitte: QueuePusher.sendBatches - Partial number of NORMAL_ANONYMOUS queue batches sent; 0
06-08 20:09:22.610 7165 7223 I Metrics:BatchTransmitte: QueuePusher.sendBatches - Drained batch queue.; Number of HIGH_ANONYMOUS queue batches sent: 0
06-08 20:09:23.070 3140 3332 I AUDIOALG: asyncProcess : process @@@
06-08 20:09:23.072 3140 3332 I AUDIOALG: RefDlyEstimation: maxRxy 0.000000 maxPos 0
06-08 20:09:23.072 3140 3332 I AUDIOALG: asyncProcess : waiting...
06-08 20:09:23.988 3140 20207 I Node : dolby-audio-meter, AdapterPcmSystem adapter audio meter: channel 0; audio level: 0.000
06-08 20:09:23.988 3140 20207 I Node : dolby-audio-meter, AdapterPcmSystem adapter audio meter: channel 1; audio level: 0.000
06-08 20:09:23.988 3140 20207 I RendererNode: dolby-audio-meter, Renderer renderer audio meter: channel 0; audio level: 0.000
06-08 20:09:23.988 3140 20207 I RendererNode: dolby-audio-meter, Renderer renderer audio meter: channel 1; audio level: 0.000
06-08 20:09:23.988 3140 20207 I RendererNode: dolby-audio-meter, Renderer renderer audio meter: channel 2; audio level: 0.000
06-08 20:09:23.988 3140 20207 I RendererNode: dolby-audio-meter, Renderer renderer audio meter: channel 3; audio level: 0.000
06-08 20:09:23.988 3140 20207 I RendererNode: dolby-audio-meter, Renderer renderer audio meter: channel 4; audio level: 0.000
06-08 20:09:23.988 3140 20207 I RendererNode: dolby-audio-meter, Renderer renderer audio meter: channel 5; audio level: 0.000
06-08 20:09:23.988 3140 20207 I Node : dolby-audio-meter, AdapterPcmOut adapter audio meter: channel 0; audio level: 0.000
06-08 20:09:23.988 3140 20207 I Node : dolby-audio-meter, AdapterPcmOut adapter audio meter: channel 1; audio level: 0.000
06-08 20:09:25.118 3140 3332 I AUDIOALG: asyncProcess : process @@@
06-08 20:09:25.120 3140 3332 I AUDIOALG: RefDlyEstimation: maxRxy 0.000000 maxPos 0
06-08 20:09:25.120 3140 3332 I AUDIOALG: asyncProcess : waiting...
06-08 20:09:27.166 3140 3332 I AUDIOALG: asyncProcess : process @@@
06-08 20:09:27.168 3140 3332 I AUDIOALG: RefDlyEstimation: maxRxy 0.000000 maxPos 0
06-08 20:09:27.168 3140 3332 I AUDIOALG: asyncProcess : waiting...
06-08 20:09:28.691 3140 14471 D ASP : ReportEvent: what=3, arg_size=4
06-08 20:09:28.691 3370 3763 V AmazonAspService: AmazonAspService Java listener: 3
06-08 20:09:28.691 2944 3010 D LedCtrl/StarkAnimStore: beamIndexTask: index=5
06-08 20:09:28.691 3370 3763 V AmazonAspService: notifyEvent 3
06-08 20:09:28.691 3883 16807 I AudioSignalProcessor: Received onBeamIndex
06-08 20:09:28.692 3969 5513 I AudioSignalProcessor: Received onBeamIndex
06-08 20:09:29.214 3140 3332 I AUDIOALG: asyncProcess : process @@@
06-08 20:09:29.216 3140 3332 I AUDIOALG: RefDlyEstimation: maxRxy 0.000000 maxPos 0
06-08 20:09:29.216 3140 3332 I AUDIOALG: asyncProcess : waiting...
06-08 20:09:31.262 3140 3332 I AUDIOALG: asyncProcess : process @@@
06-08 20:09:31.264 3140 3332 I AUDIOALG: RefDlyEstimation: maxRxy 0.000000 maxPos 0
06-08 20:09:31.265 3140 3332 I AUDIOALG: asyncProcess : waiting...
06-08 20:09:33.310 3140 3332 I AUDIOALG: asyncProcess : process @@@
06-08 20:09:33.312 3140 3332 I AUDIOALG: RefDlyEstimation: maxRxy 0.000000 maxPos 0
06-08 20:09:33.312 3140 3332 I AUDIOALG: asyncProcess : waiting...
06-08 20:09:33.993 3140 20207 I Node : dolby-audio-meter, AdapterPcmSystem adapter audio meter: channel 0; audio level: 0.000
06-08 20:09:33.993 3140 20207 I Node : dolby-audio-meter, AdapterPcmSystem adapter audio meter: channel 1; audio level: 0.000
06-08 20:09:33.993 3140 20207 I RendererNode: dolby-audio-meter, Renderer renderer audio meter: channel 0; audio level: 0.000
06-08 20:09:33.993 3140 20207 I RendererNode: dolby-audio-meter, Renderer renderer audio meter: channel 1; audio level: 0.000
06-08 20:09:33.993 3140 20207 I RendererNode: dolby-audio-meter, Renderer renderer audio meter: channel 2; audio level: 0.000
06-08 20:09:33.993 3140 20207 I RendererNode: dolby-audio-meter, Renderer renderer audio meter: channel 3; audio level: 0.000
06-08 20:09:33.993 3140 20207 I RendererNode: dolby-audio-meter, Renderer renderer audio meter: channel 4; audio level: 0.000
06-08 20:09:33.993 3140 20207 I RendererNode: dolby-audio-meter, Renderer renderer audio meter: channel 5; audio level: 0.000
06-08 20:09:33.993 3140 20207 I Node : dolby-audio-meter, AdapterPcmOut adapter audio meter: channel 0; audio level: 0.000
06-08 20:09:33.993 3140 20207 I Node : dolby-audio-meter, AdapterPcmOut adapter audio meter: channel 1; audio level: 0.000
06-08 20:09:35.358 3140 3332 I AUDIOALG: asyncProcess : process @@@
06-08 20:09:35.360 3140 3332 I AUDIOALG: RefDlyEstimation: maxRxy 0.000000 maxPos 0
06-08 20:09:35.360 3140 3332 I AUDIOALG: asyncProcess : waiting...