06-08 19:46:45.943 3370 18865 I CrashReporterActivityManagerCallback: addErrorToDropBox inserted hashcode=47c7056349e49a8c294f322d36c0d93a35221053 for eventType native_crash.
06-08 19:46:45.945 3370 18864 W ActivityManager: Force finishing activity org.xbmc.kodi/.Main
06-08 19:46:45.968 3370 3388 W BroadcastQueue: Permission Denial: receiving Intent { act=android.intent.action.DROPBOX_ENTRY_ADDED flg=0x10 (has extras) } to ProcessRecord{d5c10bb 17938:com.amazon.aca/u0a25} (pid=17938, uid=10025) requires android.permission.READ_LOGS due to sender android (uid 1000)
06-08 19:46:46.019 3370 4352 I ActivityManager: Process org.xbmc.kodi (pid 4186) has died: fore TOP
06-08 19:46:46.019 3370 3469 D NsdService: Client disconnected
06-08 19:46:46.021 3370 3564 I WindowManager: WIN DEATH: Window{bed815d u0 org.xbmc.kodi/org.xbmc.kodi.Main}
06-08 19:46:46.038 3370 3426 W WindowManager: Failed looking up window callers=com.android.server.wm.WindowManagerService.windowForClientLocked:5589 com.android.server.wm.WindowManagerService.removeWindow:1679 com.android.server.wm.Session.remove:226
06-08 19:46:46.054 3370 4352 I ActivityManager: START u0 {act=android.intent.action.MAIN cat=[android.intent.category.HOME] flg=0x10000100 cmp=com.wolf.lmu/.customlauncher.LaunchActivity} from uid 0
06-08 19:46:46.055 3370 4352 I AmazonProfileService: shouldAbortActivityStart() Package: xxx activity: xxx
06-08 19:46:46.055 3370 4352 I AmazonProfileService: shouldAbortActivityStart() not aborted
06-08 19:46:46.076 3370 3503 W AmazonProfileService: Active profile for the package xxx not present for customer Id xxx
06-08 19:46:46.076 3370 3503 I AmazonProfileService: Returning active profile for programId = PCA_FIRE_TV and customerId = xxx
06-08 19:46:46.079 3370 3396 W ActivityManager: setHasOverlayUi called on unknown pid: 4186
06-08 19:46:46.084 3370 3396 I AmazonProfileService: Sending broadcast as the package is a non-enabled app
06-08 19:46:46.102 3370 4348 I ActivityManager: START u0 {act=android.intent.action.MAIN cat=[android.intent.category.LEANBACK_LAUNCHER] flg=0x34e34000 pkg=org.xbmc.kodi cmp=org.xbmc.kodi/.Splash} from uid 10193
06-08 19:46:46.103 3370 4348 I AmazonProfileService: shouldAbortActivityStart() Package: xxx activity: xxx
06-08 19:46:46.103 3370 4348 I AmazonProfileService: shouldAbortActivityStart() not aborted
06-08 19:46:46.149 3370 4348 W ActivityManager: Finishing task with all activities already finished
06-08 19:46:46.149 3370 4348 W ActivityManager: Duplicate finish request for ActivityRecord{727d841 u0 com.wolf.lmu/.customlauncher.LaunchActivity t1759 f}
06-08 19:46:46.176 3370 3390 I ActivityManager: Start proc 18870:org.xbmc.kodi/u0a43 for activity org.xbmc.kodi/.Splash
06-08 19:46:46.236 3370 3396 I AmazonProfileService: Sending broadcast as the package is a non-enabled app
06-08 19:46:46.240 3370 3503 W AmazonProfileService: Active profile for the package xxx not present for customer Id xxx
06-08 19:46:46.241 3370 3503 I AmazonProfileService: Returning active profile for programId = PCA_FIRE_TV and customerId = xxx
06-08 19:46:46.321 3370 18866 I ActivityManager: START u0 {act=android.intent.action.MAIN cat=[android.intent.category.LEANBACK_LAUNCHER] flg=0x35e34000 pkg=org.xbmc.kodi cmp=org.xbmc.kodi/.Main} from uid 10043
06-08 19:46:46.321 3370 18866 I AmazonProfileService: shouldAbortActivityStart() Package: xxx activity: xxx
06-08 19:46:46.321 3370 18866 I AmazonProfileService: shouldAbortActivityStart() not aborted
06-08 19:46:46.388 3370 3396 I AmazonProfileService: Sending broadcast as the package is a non-enabled app
06-08 19:46:46.405 3370 3426 W WindowManager: Failed looking up window callers=com.android.server.wm.WindowManagerService.windowForClientLocked:5589 com.android.server.wm.WindowManagerService.removeWindow:1679 com.android.server.wm.Session.remove:226
06-08 19:46:47.316 3370 3469 D NsdService: New client listening to asynchronous messages
06-08 19:46:47.316 3370 3469 D NsdService: New client, channel: com.android.internal.util.AsyncChannel@8162e85 messenger: android.os.Messenger@37c84da
06-08 19:46:47.324 3370 18866 I AmazonPowerManagerVendorCallback: Wakelock acquired UID:1041 PID:0 Tag:AudioMix
06-08 19:46:47.325 3370 4350 I AmazonPowerManagerVendorCallback: Wakelock acquired UID:1041 PID:0 Tag:AudioIn
06-08 19:46:47.326 3370 4350 I AmazonPowerManagerVendorCallback: Wakelock released UID:1041 PID:0 Tag:AudioIn
06-08 19:46:47.382 3370 4350 I AmazonPowerManagerVendorCallback: Wakelock acquired UID:1041 PID:0 Tag:AudioIn
06-08 19:46:47.383 3370 4350 I AmazonPowerManagerVendorCallback: Wakelock released UID:1041 PID:0 Tag:AudioIn
06-08 19:46:47.390 3370 3447 D AmazonHdmiService: UEvent: HDCP state 1
06-08 19:46:47.390 3370 3447 I AmazonHdmiService: Get Current HDCP Error
06-08 19:46:47.391 3370 18866 D AmazonHdmiService: getRawEdid
06-08 19:46:47.412 3370 18866 I chatty : uid=1000(system) Binder:3370_1B identical 5 lines
06-08 19:46:47.416 3370 18866 D AmazonHdmiService: getRawEdid
06-08 19:46:47.420 3370 18866 I AmazonHdmiService: Get Current HDCP Version
06-08 19:46:47.421 3370 18866 D AmazonHdmiService: getRawEdid
06-08 19:46:47.480 3370 3564 I AmazonPowerManagerVendorCallback: Wakelock acquired UID:1041 PID:0 Tag:AudioIn
06-08 19:46:47.480 3370 4350 I AmazonPowerManagerVendorCallback: Wakelock released UID:1041 PID:0 Tag:AudioIn
06-08 19:46:47.540 3370 3396 I DisplayManagerService: Display device changed: DisplayDeviceInfo{"Integrierter Bildschirm": uniqueId="local:0", 3840 x 2160, modeId 2, defaultModeId 1, supportedModes [{id=1, width=1920, height=1080, fps=60.000004}, {id=2, width=3840, height=2160, fps=50.0}, {id=3, width=3840, height=2160, fps=60.000004}, {id=4, width=3840, height=2160, fps=59.94006}, {id=5, width=3840, height=2160, fps=24.0}, {id=6, width=3840, height=2160, fps=23.976025}, {id=7, width=3840, height=2160, fps=25.0}, {id=8, width=3840, height=2160, fps=30.0}, {id=9, width=3840, height=2160, fps=29.97003}, {id=10, width=1920, height=1080, fps=24.0}, {id=11, width=1920, height=1080, fps=23.976025}, {id=12, width=1920, height=1080, fps=25.0}, {id=13, width=1920, height=1080, fps=50.0}, {id=14, width=1920, height=1080, fps=30.0}, {id=15, width=1920, height=1080, fps=29.97003}, {id=16, width=1280, height=720, fps=50.0}, {id=17, width=1920, height=1080, fps=59.94006}, {id=18, width=1280, height=720, fps=60.000004}, {id=19, width=1280, height=720, fps=59.94006}, {id=20, width=720, height=576, fps=50.0}, {id=21, width=720, height=480, fps=60.000004}, {id=22, width=720, height=480, fps=59.94006}], colorMode 0, supportedColorModes [0], HdrCapabilities android.view.Display$HdrCapabilities@40f3c928, density 320, 92.0 x 92.0 dpi, appVsyncOff 1000000, presDeadline 20000000, touch INTERNAL, rotation 0, type BUILT_IN, state ON, FLAG_DEFAULT_DISPLAY, FLAG_SECURE, FLAG_SUPPORTS_PROTECTED_BUFFERS}
06-08 19:46:47.540 3370 3370 D AmazonHdmiService: onDisplayChanged: mode switch
06-08 19:46:47.576 3370 3447 I AmazonHdmiService: UEvent: {SUBSYSTEM=extcon, SEQNUM=3040, ACTION=change, DEVTYPE=hdmi_audio, SWITCH_NAME=hdmi_audio, DEVPATH=/devices/virtual/switch/hdmi_audio, SWITCH_STATE=1}
06-08 19:46:47.578 3370 3447 V WiredAccessoryManager: Headset UEVENT: {SUBSYSTEM=extcon, SEQNUM=3040, ACTION=change, DEVTYPE=hdmi_audio, SWITCH_NAME=hdmi_audio, DEVPATH=/devices/virtual/switch/hdmi_audio, SWITCH_STATE=1}
06-08 19:46:47.578 3370 3447 V WiredAccessoryManager: newName=hdmi_audio newState=16 headsetState=16 prev headsetState=0
06-08 19:46:47.578 3370 3370 V WiredAccessoryManager: headsetName: connected
06-08 19:46:47.628 3370 18866 I AmazonPowerManagerVendorCallback: Wakelock acquired UID:1041 PID:0 Tag:AudioMix
06-08 19:46:47.629 3370 18866 I AmazonPowerManagerVendorCallback: Wakelock released UID:1041 PID:0 Tag:AudioMix
06-08 19:46:47.631 3370 4354 I AmazonPowerManagerVendorCallback: Wakelock acquired UID:1041 PID:0 Tag:AudioMix
06-08 19:46:47.633 3370 4354 I AmazonPowerManagerVendorCallback: Wakelock acquired UID:1041 PID:0 Tag:AudioDup
06-08 19:46:47.634 3370 4350 I AmazonPowerManagerVendorCallback: Wakelock released UID:1041 PID:0 Tag:AudioDup
06-08 19:46:47.634 3370 4350 I AmazonPowerManagerVendorCallback: Wakelock acquired UID:1041 PID:0 Tag:AudioDup
06-08 19:46:47.639 3370 18866 I AmazonPowerManagerVendorCallback: Wakelock acquired UID:1041 PID:0 Tag:AudioDirectOut
06-08 19:46:47.640 3370 18866 I AmazonPowerManagerVendorCallback: Wakelock released UID:1041 PID:0 Tag:AudioDirectOut
06-08 19:46:47.641 3370 4350 I AmazonPowerManagerVendorCallback: Wakelock acquired UID:1041 PID:0 Tag:AudioDirectOut
06-08 19:46:47.648 3370 4350 I AmazonPowerManagerVendorCallback: Wakelock released UID:1041 PID:0 Tag:AudioDirectOut
06-08 19:46:47.649 3370 4350 I AmazonPowerManagerVendorCallback: Wakelock acquired UID:1041 PID:0 Tag:AudioDirectOut
06-08 19:46:47.649 3370 18866 I AmazonPowerManagerVendorCallback: Wakelock released UID:1041 PID:0 Tag:AudioDirectOut
06-08 19:46:47.650 3370 4354 I AmazonPowerManagerVendorCallback: Wakelock acquired UID:1041 PID:0 Tag:AudioDirectOut
06-08 19:46:47.650 3370 4354 I AmazonPowerManagerVendorCallback: Wakelock released UID:1041 PID:0 Tag:AudioDirectOut
06-08 19:46:47.651 3370 4354 I AmazonPowerManagerVendorCallback: Wakelock acquired UID:1041 PID:0 Tag:AudioDirectOut
06-08 19:46:47.652 3370 3564 I AmazonPowerManagerVendorCallback: Wakelock released UID:1041 PID:0 Tag:AudioDirectOut
06-08 19:46:47.653 3370 3564 I AmazonPowerManagerVendorCallback: Wakelock acquired UID:1041 PID:0 Tag:AudioDirectOut
06-08 19:46:47.653 3370 3564 I AmazonPowerManagerVendorCallback: Wakelock released UID:1041 PID:0 Tag:AudioDirectOut
06-08 19:46:47.654 3370 3564 I AmazonPowerManagerVendorCallback: Wakelock acquired UID:1041 PID:0 Tag:AudioDirectOut
06-08 19:46:47.656 3370 3564 I AmazonPowerManagerVendorCallback: Wakelock released UID:1041 PID:0 Tag:AudioDirectOut
06-08 19:46:47.657 3370 3564 I AmazonPowerManagerVendorCallback: Wakelock acquired UID:1041 PID:0 Tag:AudioDirectOut
06-08 19:46:47.657 3370 18866 I AmazonPowerManagerVendorCallback: Wakelock released UID:1041 PID:0 Tag:AudioDirectOut
06-08 19:46:47.657 3370 18866 I AmazonPowerManagerVendorCallback: Wakelock acquired UID:1041 PID:0 Tag:AudioDirectOut
06-08 19:46:47.658 3370 18866 I AmazonPowerManagerVendorCallback: Wakelock released UID:1041 PID:0 Tag:AudioDirectOut
06-08 19:46:47.670 3370 3564 I AmazonPowerManagerVendorCallback: Wakelock acquired UID:1041 PID:0 Tag:AudioDirectOut
06-08 19:46:47.671 3370 3564 I AmazonPowerManagerVendorCallback: Wakelock released UID:1041 PID:0 Tag:AudioDirectOut
06-08 19:46:47.675 3370 3564 I AmazonPowerManagerVendorCallback: Wakelock acquired UID:1041 PID:0 Tag:AudioDirectOut
06-08 19:46:47.676 3370 3564 I AmazonPowerManagerVendorCallback: Wakelock released UID:1041 PID:0 Tag:AudioDirectOut
06-08 19:46:47.680 3370 4354 I AmazonPowerManagerVendorCallback: Wakelock acquired UID:1041 PID:0 Tag:AudioDirectOut
06-08 19:46:47.685 3370 4354 I AmazonPowerManagerVendorCallback: Wakelock released UID:1041 PID:0 Tag:AudioDirectOut
06-08 19:46:47.689 3370 3564 I AmazonPowerManagerVendorCallback: Wakelock acquired UID:1041 PID:0 Tag:AudioDirectOut
06-08 19:46:47.700 3370 3564 I AmazonPowerManagerVendorCallback: Wakelock released UID:1041 PID:0 Tag:AudioDirectOut
06-08 19:46:47.707 3370 4354 I AmazonPowerManagerVendorCallback: Wakelock acquired UID:1041 PID:0 Tag:AudioDirectOut
06-08 19:46:47.709 3370 3564 I AmazonPowerManagerVendorCallback: Wakelock released UID:1041 PID:0 Tag:AudioDirectOut
06-08 19:46:47.709 3370 3564 I AmazonPowerManagerVendorCallback: Wakelock acquired UID:1041 PID:0 Tag:AudioDirectOut
06-08 19:46:47.710 3370 18866 I AmazonPowerManagerVendorCallback: Wakelock released UID:1041 PID:0 Tag:AudioDirectOut
06-08 19:46:47.727 3370 3564 I AmazonPowerManagerVendorCallback: Wakelock acquired UID:1041 PID:0 Tag:AudioDirectOut
06-08 19:46:47.727 3370 18866 I AmazonPowerManagerVendorCallback: Wakelock released UID:1041 PID:0 Tag:AudioDirectOut
06-08 19:46:47.739 3370 18866 I AmazonPowerManagerVendorCallback: Wakelock acquired UID:1041 PID:0 Tag:AudioDirectOut
06-08 19:46:47.741 3370 18866 I AmazonPowerManagerVendorCallback: Wakelock released UID:1041 PID:0 Tag:AudioDirectOut
06-08 19:46:47.746 3370 4354 I AmazonPowerManagerVendorCallback: Wakelock acquired UID:1041 PID:0 Tag:AudioDirectOut
06-08 19:46:47.747 3370 4354 I AmazonPowerManagerVendorCallback: Wakelock released UID:1041 PID:0 Tag:AudioDirectOut
06-08 19:46:47.759 3370 4354 I AmazonPowerManagerVendorCallback: Wakelock acquired UID:1041 PID:0 Tag:AudioDirectOut
06-08 19:46:47.759 3370 4354 I AmazonPowerManagerVendorCallback: Wakelock released UID:1041 PID:0 Tag:AudioDirectOut
06-08 19:46:47.760 3370 4354 I AmazonPowerManagerVendorCallback: Wakelock acquired UID:1041 PID:0 Tag:AudioOffload
06-08 19:46:47.762 3370 4354 I AmazonPowerManagerVendorCallback: Wakelock released UID:1041 PID:0 Tag:AudioOffload
06-08 19:46:47.767 3370 3564 I AmazonPowerManagerVendorCallback: Wakelock acquired UID:1041 PID:0 Tag:AudioOffload
06-08 19:46:47.768 3370 3564 I AmazonPowerManagerVendorCallback: Wakelock released UID:1041 PID:0 Tag:AudioOffload
06-08 19:46:47.776 3370 3564 I AmazonPowerManagerVendorCallback: Wakelock acquired UID:1041 PID:0 Tag:AudioOffload
06-08 19:46:47.777 3370 3564 I AmazonPowerManagerVendorCallback: Wakelock released UID:1041 PID:0 Tag:AudioOffload
06-08 19:46:47.790 3370 4354 I AmazonPowerManagerVendorCallback: Wakelock acquired UID:1041 PID:0 Tag:AudioOffload
06-08 19:46:47.791 3370 4354 I AmazonPowerManagerVendorCallback: Wakelock released UID:1041 PID:0 Tag:AudioOffload
06-08 19:46:47.793 3370 18866 I AmazonPowerManagerVendorCallback: Wakelock acquired UID:1041 PID:0 Tag:AudioOffload
06-08 19:46:47.798 3370 3564 I AmazonPowerManagerVendorCallback: Wakelock released UID:1041 PID:0 Tag:AudioOffload
06-08 19:46:47.798 3370 18866 D AmazonAspService: setActiveInputSource 0
06-08 19:46:47.805 3370 4354 I AmazonPowerManagerVendorCallback: Wakelock acquired UID:1041 PID:0 Tag:AudioDirectOut
06-08 19:46:47.806 3370 4354 I AmazonPowerManagerVendorCallback: Wakelock released UID:1041 PID:0 Tag:AudioDirectOut
06-08 19:46:47.809 3370 4354 I AmazonPowerManagerVendorCallback: Wakelock acquired UID:1041 PID:0 Tag:AudioDirectOut
06-08 19:46:47.811 3370 4348 I AmazonPowerManagerVendorCallback: Wakelock released UID:1041 PID:0 Tag:AudioDirectOut
06-08 19:46:47.812 3370 4348 I AmazonPowerManagerVendorCallback: Wakelock acquired UID:1041 PID:0 Tag:AudioDirectOut
06-08 19:46:47.812 3370 4348 I AmazonPowerManagerVendorCallback: Wakelock released UID:1041 PID:0 Tag:AudioDirectOut
06-08 19:46:47.813 3370 4348 I AmazonPowerManagerVendorCallback: Wakelock acquired UID:1041 PID:0 Tag:AudioDirectOut
06-08 19:46:47.814 3370 4348 I AmazonPowerManagerVendorCallback: Wakelock released UID:1041 PID:0 Tag:AudioDirectOut
06-08 19:46:47.814 3370 4355 I AmazonPowerManagerVendorCallback: Wakelock acquired UID:1041 PID:0 Tag:AudioDirectOut
06-08 19:46:47.816 3370 4355 I AmazonPowerManagerVendorCallback: Wakelock released UID:1041 PID:0 Tag:AudioDirectOut
06-08 19:46:47.816 3370 3755 I AmazonPowerManagerVendorCallback: Wakelock acquired UID:1041 PID:0 Tag:AudioDirectOut
06-08 19:46:47.817 3370 3755 I AmazonPowerManagerVendorCallback: Wakelock acquired UID:1041 PID:0 Tag:AudioOffload
06-08 19:46:47.817 3370 3755 I AmazonPowerManagerVendorCallback: Wakelock acquired UID:1041 PID:0 Tag:AudioIn
06-08 19:46:47.817 3370 3755 I AmazonPowerManagerVendorCallback: Wakelock released UID:1041 PID:0 Tag:AudioIn
06-08 19:46:47.817 3370 3755 I AmazonPowerManagerVendorCallback: Wakelock released UID:1041 PID:0 Tag:AudioDirectOut
06-08 19:46:47.822 3370 3564 I AmazonPowerManagerVendorCallback: Wakelock released UID:1041 PID:0 Tag:AudioOffload
06-08 19:46:47.828 3370 3564 I AmazonPowerManagerVendorCallback: Wakelock acquired UID:1041 PID:0 Tag:AudioOffload
06-08 19:46:47.828 3370 4354 I AmazonPowerManagerVendorCallback: Wakelock released UID:1041 PID:0 Tag:AudioOffload
06-08 19:46:47.829 3370 4354 I AmazonPowerManagerVendorCallback: Wakelock acquired UID:1041 PID:0 Tag:AudioOffload
06-08 19:46:47.830 3370 4354 I AmazonPowerManagerVendorCallback: Wakelock released UID:1041 PID:0 Tag:AudioOffload
06-08 19:46:47.840 3370 4354 I AmazonPowerManagerVendorCallback: Wakelock acquired UID:1041 PID:0 Tag:AudioIn
06-08 19:46:47.841 3370 4354 I AmazonPowerManagerVendorCallback: Wakelock released UID:1041 PID:0 Tag:AudioIn
06-08 19:46:47.915 3370 3370 V SettingsProvider: Notifying for 0: content://settings/global/audio_platform_capabilities
06-08 19:46:47.915 3370 3370 V SettingsProvider: Notifying for 0: content://settings/global/nrdp_audio_platform_capabilities
06-08 19:46:47.921 3370 3497 I AmazonHdmiService: AudioManager.EXTRA_ENCODINGS=[2, 4, 5, 6, 18, 7, 13]
06-08 19:46:47.923 3370 3497 I AudioOutputFormatManager: Request to get dolby device id
06-08 19:46:47.924 3370 3497 I AudioOutputFormatManager: enableAudioFormat with device ordinal: 3 format: 1
06-08 19:46:47.927 3370 3497 I AudioOutputFormatManager: KeyValuePair: spdif_format=4;hdmi_format=5;Status: 0
06-08 19:46:47.927 3370 3497 I AudioOutputFormatManager: Storing new dolby device with id: 3
06-08 19:46:47.927 3370 3497 I AudioOutputFormatManager: setDolbyPassthroughAvailability()
06-08 19:46:47.927 3370 3497 I AudioOutputFormatManager: Request to get dolby device id
06-08 19:46:47.927 3370 3497 I AudioOutputFormatManager: setDolbyPassthroughAvailability(): Value calculated for Dolby passthrough availability: 1
06-08 19:46:47.927 3370 3497 I AudioOutputFormatManager: setDolbyPassthroughAvailability(): Dolby passthrough availability: 1
06-08 19:46:47.929 3370 3370 V SettingsProvider: Notifying for 0: content://settings/global/firetv_hdmi_dolby_passthrough_available
06-08 19:46:48.014 3370 3447 D AmazonHdmiService: UEvent: HDCP state 0
06-08 19:46:48.014 3370 3447 I AmazonHdmiService: Get Current HDCP Error
06-08 19:46:48.035 3370 4350 D AmazonHdmiService: getRawEdid
06-08 19:46:48.037 3370 4350 I chatty : uid=1000(system) Binder:3370_C identical 2 lines
06-08 19:46:48.039 3370 4350 D AmazonHdmiService: getRawEdid
06-08 19:46:48.043 3370 3564 D AmazonHdmiService: getRawEdid
06-08 19:46:48.044 3370 4350 D AmazonHdmiService: getRawEdid
06-08 19:46:48.044 3370 4350 D AmazonHdmiService: getRawEdid
06-08 19:46:48.046 3370 4350 I AmazonHdmiService: Get Current HDCP Version
06-08 19:46:48.048 3370 4350 D AmazonHdmiService: getRawEdid
06-08 19:46:48.069 3370 3370 D AmazonHdmiService: Posting callback to app
06-08 19:46:48.069 3370 3497 D AmazonHdmiService: Num of callbacks registered 1
06-08 19:46:48.069 3370 3497 D AmazonHdmiService: Broadcasting callback
06-08 19:46:48.069 3370 3497 D AmazonHdmiService: Broadcasting finished
06-08 19:46:48.069 3370 3370 I AmzHdmiServiceCallback: power status is 0
06-08 19:46:48.076 3370 3447 I AmazonHdmiService: UEvent: {SUBSYSTEM=extcon, SEQNUM=3042, ACTION=change, DEVTYPE=hdmi_audio, SWITCH_NAME=hdmi_audio, DEVPATH=/devices/virtual/switch/hdmi_audio, SWITCH_STATE=0}
06-08 19:46:48.078 3370 3447 V WiredAccessoryManager: Headset UEVENT: {SUBSYSTEM=extcon, SEQNUM=3042, ACTION=change, DEVTYPE=hdmi_audio, SWITCH_NAME=hdmi_audio, DEVPATH=/devices/virtual/switch/hdmi_audio, SWITCH_STATE=0}
06-08 19:46:48.078 3370 3447 V WiredAccessoryManager: newName=hdmi_audio newState=0 headsetState=0 prev headsetState=16
06-08 19:46:48.099 3370 3370 V WiredAccessoryManager: headsetName: disconnected
06-08 19:46:48.572 3370 3394 W Looper : Slow dispatch took 260ms android.fg h=android.os.Handler c=com.android.server.Watchdog$HandlerChecker@c0fb81c m=0
06-08 19:46:49.104 3370 4350 I AmazonPowerManagerVendorCallback: Wakelock released UID:1041 PID:0 Tag:AudioDup
06-08 19:46:49.106 3370 4350 I AmazonPowerManagerVendorCallback: Wakelock acquired UID:1041 PID:0 Tag:AudioIn
06-08 19:46:49.106 3370 4350 I AmazonPowerManagerVendorCallback: Wakelock released UID:1041 PID:0 Tag:AudioIn
06-08 19:46:49.128 3370 4354 I AmazonPowerManagerVendorCallback: Wakelock released UID:1041 PID:0 Tag:AudioMix
06-08 19:46:49.135 3370 4354 I AmazonPowerManagerVendorCallback: Wakelock acquired UID:1041 PID:0 Tag:AudioIn
06-08 19:46:49.135 3370 4354 I AmazonPowerManagerVendorCallback: Wakelock released UID:1041 PID:0 Tag:AudioIn
06-08 19:46:49.136 3370 3370 V SettingsProvider: Notifying for 0: content://settings/global/audio_platform_capabilities
06-08 19:46:49.137 3370 3370 V SettingsProvider: Notifying for 0: content://settings/global/nrdp_audio_platform_capabilities
06-08 19:46:49.260 3370 3497 I AmazonHdmiService: AudioManager.EXTRA_ENCODINGS=null
06-08 19:46:49.260 3370 3497 I AudioOutputFormatManager: Request to get dolby device id
06-08 19:46:49.260 3370 3497 I AudioOutputFormatManager: enableAudioFormat with device ordinal: 3 format: 1
06-08 19:46:49.260 3370 4354 I AmazonPowerManagerVendorCallback: Wakelock acquired UID:1041 PID:0 Tag:AudioIn
06-08 19:46:49.261 3370 4354 I AmazonPowerManagerVendorCallback: Wakelock released UID:1041 PID:0 Tag:AudioIn
06-08 19:46:49.262 3370 3497 I AudioOutputFormatManager: KeyValuePair: spdif_format=4;hdmi_format=5;Status: 0
06-08 19:46:49.262 3370 3497 I AudioOutputFormatManager: Storing new dolby device with id: 3
06-08 19:46:49.263 3370 3497 I AudioOutputFormatManager: setDolbyPassthroughAvailability()
06-08 19:46:49.263 3370 3497 I AudioOutputFormatManager: Request to get dolby device id
06-08 19:46:49.263 3370 3497 I AudioOutputFormatManager: setDolbyPassthroughAvailability(): Value calculated for Dolby passthrough availability: 0
06-08 19:46:49.263 3370 3497 I AudioOutputFormatManager: setDolbyPassthroughAvailability(): Dolby passthrough availability: 0
06-08 19:46:49.263 3370 3370 V SettingsProvider: Notifying for 0: content://settings/global/firetv_hdmi_dolby_passthrough_available
06-08 19:46:49.807 3370 3563 E SyncManager: Job params not found for 100161
06-08 19:46:49.836 3370 4354 W ContentService: Requested poll frequency of 300 seconds being rounded up to 900s.
06-08 19:46:49.866 3370 4350 I AmazonPowerManagerVendorCallback: Wakelock acquired UID:10043 PID:18870 Tag:org.xbmc.kodi
06-08 19:46:49.887 3370 3469 D NsdService: Register service
06-08 19:46:49.887 3370 3469 D NsdService: registerService: 4 name: Kodi (Android-fritz-box-fritz-box-fritz-box.fritz.box), type: _xbmc-events._udp, host: /127.0.0.1, port: 9777, txtRecord:
06-08 19:46:49.888 3370 3469 D NsdService: mdnssd [register, 4, Kodi (Android-fritz-box-fritz-box-fritz-box.fritz.box), _xbmc-events._udp, 9777, ]
06-08 19:46:49.892 3370 3469 D NsdService: Register 2 4
06-08 19:46:49.892 3370 3469 D NsdService: Register service
06-08 19:46:49.893 3370 3469 D NsdService: registerService: 5 name: Kodi (Android-fritz-box-fritz-box-fritz-box.fritz.box), type: _xbmc-jsonrpc._tcp, host: /127.0.0.1, port: 9090, txtRecord: txtvers=1)uuid=17bfac14-8032-4d2a-9040-464c9da4586f
06-08 19:46:49.893 3370 3469 D NsdService: mdnssd [register, 5, Kodi (Android-fritz-box-fritz-box-fritz-box.fritz.box), _xbmc-jsonrpc._tcp, 9090, CXR4dHZlcnM9MSl1dWlkPTE3YmZhYzE0LTgwMzItNGQyYS05MDQwLTQ2NGM5ZGE0NTg2Zg==]
06-08 19:46:49.900 3370 3469 D NsdService: Register 3 5
06-08 19:46:49.901 3370 4354 W ContentService: Requested poll frequency of 300 seconds being rounded up to 900s.
06-08 19:46:50.332 3370 4354 I AmazonPowerManagerVendorCallback: Wakelock released UID:1041 PID:0 Tag:AudioMix
06-08 19:46:50.609 3370 3469 D NsdService: Native daemon message SERVICE_REGISTERED: 606 5 "Kodi (Android-fritz-box-fritz-box-fritz-box.fritz.box)"
06-08 19:46:50.609 3370 3469 D NsdService: Native daemon message SERVICE_REGISTERED: 606 4 "Kodi (Android-fritz-box-fritz-box-fritz-box.fritz.box)"
06-08 19:46:51.346 3370 3447 D AmazonHdmiService: UEvent: HDCP state 1
06-08 19:46:51.347 3370 3447 I AmazonHdmiService: Get Current HDCP Error
06-08 19:46:51.348 3370 3564 D AmazonHdmiService: getRawEdid
06-08 19:46:51.350 3370 3564 D AmazonHdmiService: getRawEdid
06-08 19:46:51.351 3370 4348 D AmazonHdmiService: getRawEdid
06-08 19:46:51.355 3370 3564 D AmazonHdmiService: getRawEdid
06-08 19:46:51.359 3370 3564 D AmazonHdmiService: getRawEdid
06-08 19:46:51.364 3370 3564 I AmazonHdmiService: Get Current HDCP Version
06-08 19:46:51.364 3370 4348 D AmazonHdmiService: getRawEdid
06-08 19:46:51.365 3370 3564 D AmazonHdmiService: getRawEdid
06-08 19:46:51.365 3370 4348 D AmazonHdmiService: getRawEdid
06-08 19:46:51.469 3370 3447 I AmazonHdmiService: UEvent: {SUBSYSTEM=extcon, SEQNUM=3046, ACTION=change, DEVTYPE=hdmi_audio, SWITCH_NAME=hdmi_audio, DEVPATH=/devices/virtual/switch/hdmi_audio, SWITCH_STATE=1}
06-08 19:46:51.470 3370 3447 V WiredAccessoryManager: Headset UEVENT: {SUBSYSTEM=extcon, SEQNUM=3046, ACTION=change, DEVTYPE=hdmi_audio, SWITCH_NAME=hdmi_audio, DEVPATH=/devices/virtual/switch/hdmi_audio, SWITCH_STATE=1}
06-08 19:46:51.470 3370 3447 V WiredAccessoryManager: newName=hdmi_audio newState=16 headsetState=16 prev headsetState=0
06-08 19:46:51.470 3370 3370 V WiredAccessoryManager: headsetName: connected
06-08 19:46:51.470 3370 3503 W AmazonProfileService: Active profile for the package xxx not present for customer Id xxx
06-08 19:46:51.470 3370 3503 I AmazonProfileService: Returning active profile for programId = PCA_FIRE_TV and customerId = xxx
06-08 19:46:51.477 3370 3564 I AmazonPowerManagerVendorCallback: Wakelock acquired UID:1041 PID:0 Tag:AudioMix
06-08 19:46:51.478 3370 3564 I AmazonPowerManagerVendorCallback: Wakelock released UID:1041 PID:0 Tag:AudioMix
06-08 19:46:51.479 3370 4348 I AmazonPowerManagerVendorCallback: Wakelock acquired UID:1041 PID:0 Tag:AudioMix
06-08 19:46:51.486 3370 3564 I AmazonPowerManagerVendorCallback: Wakelock acquired UID:1041 PID:0 Tag:AudioDup
06-08 19:46:51.489 3370 4348 I AmazonPowerManagerVendorCallback: Wakelock released UID:1041 PID:0 Tag:AudioDup
06-08 19:46:51.490 3370 4348 I AmazonPowerManagerVendorCallback: Wakelock acquired UID:1041 PID:0 Tag:AudioDup
06-08 19:46:51.490 3370 3755 I AmazonPowerManagerVendorCallback: Wakelock acquired UID:1041 PID:0 Tag:AudioDirectOut
06-08 19:46:51.491 3370 3964 I AmazonPowerManagerVendorCallback: Wakelock released UID:1041 PID:0 Tag:AudioDirectOut
06-08 19:46:51.492 3370 3755 I AmazonPowerManagerVendorCallback: Wakelock acquired UID:1041 PID:0 Tag:AudioDirectOut
06-08 19:46:51.492 3370 3755 I AmazonPowerManagerVendorCallback: Wakelock released UID:1041 PID:0 Tag:AudioDirectOut
06-08 19:46:51.492 3370 4352 I AmazonPowerManagerVendorCallback: Wakelock acquired UID:1041 PID:0 Tag:AudioDirectOut
06-08 19:46:51.493 3370 4352 I AmazonPowerManagerVendorCallback: Wakelock released UID:1041 PID:0 Tag:AudioDirectOut
06-08 19:46:51.493 3370 4348 I AmazonPowerManagerVendorCallback: Wakelock acquired UID:1041 PID:0 Tag:AudioDirectOut
06-08 19:46:51.494 3370 3564 I AmazonPowerManagerVendorCallback: Wakelock released UID:1041 PID:0 Tag:AudioDirectOut
06-08 19:46:51.494 3370 3564 I AmazonPowerManagerVendorCallback: Wakelock acquired UID:1041 PID:0 Tag:AudioDirectOut
06-08 19:46:51.497 3370 4348 I AmazonPowerManagerVendorCallback: Wakelock released UID:1041 PID:0 Tag:AudioDirectOut
06-08 19:46:51.504 3370 4348 I AmazonPowerManagerVendorCallback: Wakelock acquired UID:1041 PID:0 Tag:AudioDirectOut
06-08 19:46:51.507 3370 4348 I AmazonPowerManagerVendorCallback: Wakelock released UID:1041 PID:0 Tag:AudioDirectOut
06-08 19:46:51.510 3370 4348 I AmazonPowerManagerVendorCallback: Wakelock acquired UID:1041 PID:0 Tag:AudioDirectOut
06-08 19:46:51.511 3370 4352 I AmazonPowerManagerVendorCallback: Wakelock released UID:1041 PID:0 Tag:AudioDirectOut
06-08 19:46:51.515 3370 4352 I AmazonPowerManagerVendorCallback: Wakelock acquired UID:1041 PID:0 Tag:AudioDirectOut
06-08 19:46:51.516 3370 4348 I AmazonPowerManagerVendorCallback: Wakelock released UID:1041 PID:0 Tag:AudioDirectOut
06-08 19:46:51.517 3370 4352 I AmazonPowerManagerVendorCallback: Wakelock acquired UID:1041 PID:0 Tag:AudioDirectOut
06-08 19:46:51.529 3370 4352 I AmazonPowerManagerVendorCallback: Wakelock acquired UID:1041 PID:0 Tag:AudioDirectOut
06-08 19:46:51.531 3370 4352 I AmazonPowerManagerVendorCallback: Wakelock released UID:1041 PID:0 Tag:AudioDirectOut
06-08 19:46:51.544 3370 4352 I AmazonPowerManagerVendorCallback: Wakelock acquired UID:1041 PID:0 Tag:AudioDirectOut
06-08 19:46:51.545 3370 4352 I AmazonPowerManagerVendorCallback: Wakelock released UID:1041 PID:0 Tag:AudioDirectOut
06-08 19:46:51.546 3370 4348 I AmazonPowerManagerVendorCallback: Wakelock acquired UID:1041 PID:0 Tag:AudioDirectOut
06-08 19:46:51.547 3370 4348 I AmazonPowerManagerVendorCallback: Wakelock released UID:1041 PID:0 Tag:AudioDirectOut
06-08 19:46:51.553 3370 4348 I AmazonPowerManagerVendorCallback: Wakelock acquired UID:1041 PID:0 Tag:AudioDirectOut
06-08 19:46:51.553 3370 4352 I AmazonPowerManagerVendorCallback: Wakelock released UID:1041 PID:0 Tag:AudioDirectOut
06-08 19:46:51.555 3370 4352 I AmazonPowerManagerVendorCallback: Wakelock acquired UID:1041 PID:0 Tag:AudioDirectOut
06-08 19:46:51.556 3370 4348 I AmazonPowerManagerVendorCallback: Wakelock released UID:1041 PID:0 Tag:AudioDirectOut
06-08 19:46:51.558 3370 4352 I AmazonPowerManagerVendorCallback: Wakelock acquired UID:1041 PID:0 Tag:AudioDirectOut
06-08 19:46:51.558 3370 4352 I AmazonPowerManagerVendorCallback: Wakelock released UID:1041 PID:0 Tag:AudioDirectOut
06-08 19:46:51.572 3370 4352 I AmazonPowerManagerVendorCallback: Wakelock acquired UID:1041 PID:0 Tag:AudioDirectOut
06-08 19:46:51.574 3370 4348 I AmazonPowerManagerVendorCallback: Wakelock released UID:1041 PID:0 Tag:AudioDirectOut
06-08 19:46:51.578 3370 4348 I AmazonPowerManagerVendorCallback: Wakelock acquired UID:1041 PID:0 Tag:AudioDirectOut
06-08 19:46:51.580 3370 4352 I AmazonPowerManagerVendorCallback: Wakelock released UID:1041 PID:0 Tag:AudioDirectOut
06-08 19:46:51.581 3370 4352 I AmazonPowerManagerVendorCallback: Wakelock released UID:1041 PID:0 Tag:AudioDirectOut
06-08 19:46:51.584 3370 4352 I AmazonPowerManagerVendorCallback: Wakelock acquired UID:1041 PID:0 Tag:AudioDirectOut
06-08 19:46:51.585 3370 4352 I AmazonPowerManagerVendorCallback: Wakelock released UID:1041 PID:0 Tag:AudioDirectOut
06-08 19:46:51.587 3370 4352 I AmazonPowerManagerVendorCallback: Wakelock acquired UID:1041 PID:0 Tag:AudioDirectOut
06-08 19:46:51.596 3370 4352 I AmazonPowerManagerVendorCallback: Wakelock acquired UID:1041 PID:0 Tag:AudioOffload
06-08 19:46:51.599 3370 4348 I AmazonPowerManagerVendorCallback: Wakelock released UID:1041 PID:0 Tag:AudioOffload
06-08 19:46:51.601 3370 4348 I AmazonPowerManagerVendorCallback: Wakelock acquired UID:1041 PID:0 Tag:AudioOffload
06-08 19:46:51.603 3370 4352 I AmazonPowerManagerVendorCallback: Wakelock released UID:1041 PID:0 Tag:AudioOffload
06-08 19:46:51.607 3370 4352 I AmazonPowerManagerVendorCallback: Wakelock acquired UID:1041 PID:0 Tag:AudioOffload
06-08 19:46:51.608 3370 4352 I AmazonPowerManagerVendorCallback: Wakelock released UID:1041 PID:0 Tag:AudioOffload
06-08 19:46:51.609 3370 4352 I AmazonPowerManagerVendorCallback: Wakelock released UID:1041 PID:0 Tag:AudioDirectOut
06-08 19:46:51.611 3370 4352 I AmazonPowerManagerVendorCallback: Wakelock acquired UID:1041 PID:0 Tag:AudioOffload
06-08 19:46:51.612 3370 3755 I AmazonPowerManagerVendorCallback: Wakelock released UID:1041 PID:0 Tag:AudioOffload
06-08 19:46:51.618 3370 3755 I AmazonPowerManagerVendorCallback: Wakelock acquired UID:1041 PID:0 Tag:AudioOffload
06-08 19:46:51.619 3370 3755 I AmazonPowerManagerVendorCallback: Wakelock released UID:1041 PID:0 Tag:AudioOffload
06-08 19:46:51.624 3370 3755 I AmazonPowerManagerVendorCallback: Wakelock acquired UID:1041 PID:0 Tag:AudioOffload
06-08 19:46:51.625 3370 3755 I AmazonPowerManagerVendorCallback: Wakelock released UID:1041 PID:0 Tag:AudioOffload
06-08 19:46:51.625 3370 3755 I AmazonPowerManagerVendorCallback: Wakelock acquired UID:1041 PID:0 Tag:AudioOffload
06-08 19:46:51.627 3370 4352 I AmazonPowerManagerVendorCallback: Wakelock acquired UID:1041 PID:0 Tag:AudioDirectOut
06-08 19:46:51.628 3370 4352 I AmazonPowerManagerVendorCallback: Wakelock released UID:1041 PID:0 Tag:AudioDirectOut
06-08 19:46:51.629 3370 4352 I AmazonPowerManagerVendorCallback: Wakelock acquired UID:1041 PID:0 Tag:AudioDirectOut
06-08 19:46:51.630 3370 4352 I AmazonPowerManagerVendorCallback: Wakelock acquired UID:1041 PID:0 Tag:AudioDirectOut
06-08 19:46:51.633 3370 4352 I AmazonPowerManagerVendorCallback: Wakelock acquired UID:1041 PID:0 Tag:AudioMix
06-08 19:46:51.634 3370 3755 I AmazonPowerManagerVendorCallback: Wakelock acquired UID:1041 PID:0 Tag:AudioOffload
06-08 19:46:51.634 3370 3755 I AmazonPowerManagerVendorCallback: Wakelock acquired UID:1041 PID:0 Tag:AudioDirectOut
06-08 19:46:51.635 3370 3755 I AmazonPowerManagerVendorCallback: Wakelock acquired UID:1041 PID:0 Tag:AudioDirectOut
06-08 19:46:51.636 3370 3755 I AmazonPowerManagerVendorCallback: Wakelock acquired UID:1041 PID:0 Tag:AudioIn
06-08 19:46:51.640 3370 3755 I AmazonPowerManagerVendorCallback: Wakelock released UID:1041 PID:0 Tag:AudioIn
06-08 19:46:51.641 3370 4352 I AmazonPowerManagerVendorCallback: Wakelock released UID:1041 PID:0 Tag:AudioDirectOut
06-08 19:46:51.641 3370 3564 I AmazonPowerManagerVendorCallback: Wakelock released UID:1041 PID:0 Tag:AudioDirectOut
06-08 19:46:51.642 3370 3564 I AmazonPowerManagerVendorCallback: Wakelock acquired UID:1041 PID:0 Tag:AudioDirectOut
06-08 19:46:51.642 3370 3564 I AmazonPowerManagerVendorCallback: Wakelock released UID:1041 PID:0 Tag:AudioDirectOut
06-08 19:46:51.643 3370 4350 I AmazonPowerManagerVendorCallback: Wakelock released UID:1041 PID:0 Tag:AudioDirectOut
06-08 19:46:51.643 3370 3564 I AmazonPowerManagerVendorCallback: Wakelock acquired UID:1041 PID:0 Tag:AudioDirectOut
06-08 19:46:51.644 3370 4352 I AmazonPowerManagerVendorCallback: Wakelock released UID:1041 PID:0 Tag:AudioDirectOut
06-08 19:46:51.645 3370 3755 I AmazonPowerManagerVendorCallback: Wakelock acquired UID:1041 PID:0 Tag:AudioDirectOut
06-08 19:46:51.646 3370 3755 I AmazonPowerManagerVendorCallback: Wakelock released UID:1041 PID:0 Tag:AudioDirectOut
06-08 19:46:51.646 3370 4352 I AmazonPowerManagerVendorCallback: Wakelock released UID:1041 PID:0 Tag:AudioDirectOut
06-08 19:46:51.647 3370 3755 I AmazonPowerManagerVendorCallback: Wakelock released UID:1041 PID:0 Tag:AudioOffload
06-08 19:46:51.647 3370 3564 I AmazonPowerManagerVendorCallback: Wakelock released UID:1041 PID:0 Tag:AudioOffload
06-08 19:46:51.659 3370 3755 I AmazonPowerManagerVendorCallback: Wakelock acquired UID:1041 PID:0 Tag:AudioIn
06-08 19:46:51.660 3370 3755 I AmazonPowerManagerVendorCallback: Wakelock released UID:1041 PID:0 Tag:AudioIn
06-08 19:46:51.721 3370 3497 I AmazonHdmiService: AudioManager.EXTRA_ENCODINGS=[2, 4, 5, 6, 18, 7, 13]
06-08 19:46:51.723 3370 3497 I AudioOutputFormatManager: Request to get dolby device id
06-08 19:46:51.723 3370 3497 I AudioOutputFormatManager: enableAudioFormat with device ordinal: 3 format: 1
06-08 19:46:51.724 3370 3370 V SettingsProvider: Notifying for 0: content://settings/global/audio_platform_capabilities
06-08 19:46:51.726 3370 3370 V SettingsProvider: Notifying for 0: content://settings/global/nrdp_audio_platform_capabilities
06-08 19:46:51.726 3370 3497 I AudioOutputFormatManager: KeyValuePair: spdif_format=4;hdmi_format=5;Status: 0
06-08 19:46:51.726 3370 3497 I AudioOutputFormatManager: Storing new dolby device with id: 3
06-08 19:46:51.726 3370 3497 I AudioOutputFormatManager: setDolbyPassthroughAvailability()
06-08 19:46:51.726 3370 3497 I AudioOutputFormatManager: Request to get dolby device id
06-08 19:46:51.726 3370 3497 I AudioOutputFormatManager: setDolbyPassthroughAvailability(): Value calculated for Dolby passthrough availability: 1
06-08 19:46:51.726 3370 3497 I AudioOutputFormatManager: setDolbyPassthroughAvailability(): Dolby passthrough availability: 1
06-08 19:46:51.729 3370 3370 V SettingsProvider: Notifying for 0: content://settings/global/firetv_hdmi_dolby_passthrough_available
06-08 19:46:51.885 3370 3370 D AmazonHdmiService: Posting callback to app
06-08 19:46:51.885 3370 3497 D AmazonHdmiService: Num of callbacks registered 1
06-08 19:46:51.885 3370 3497 D AmazonHdmiService: Broadcasting callback
06-08 19:46:51.885 3370 3497 D AmazonHdmiService: Broadcasting finished
06-08 19:46:51.886 3370 3370 I AmzHdmiServiceCallback: power status is 0
06-08 19:46:54.489 3370 4352 I AmazonPowerManagerVendorCallback: Wakelock released UID:1041 PID:0 Tag:AudioDup
06-08 19:46:54.635 3370 4352 I AmazonPowerManagerVendorCallback: Wakelock released UID:1041 PID:0 Tag:AudioMix
06-08 19:46:54.646 3370 4352 I AmazonPowerManagerVendorCallback: Wakelock released UID:1041 PID:0 Tag:AudioMix
06-08 19:46:55.365 3370 4352 D AmazonHdmiService: getRawEdid
06-08 19:47:16.656 3195 3256 E storaged: getDiskStats failed with result NOT_SUPPORTED and size 0
06-08 19:47:44.942 3370 3452 E AmazonProfileService: There is no KEY_CHILD_PIN_PACKAGE_NAME
06-08 19:47:44.942 3370 3452 I AmazonProfileService: Event is not filtered because it is not in filter key list.
06-08 19:47:45.024 3370 3452 E AmazonProfileService: There is no KEY_CHILD_PIN_PACKAGE_NAME
06-08 19:47:45.025 3370 3452 I AmazonProfileService: Event is not filtered because it is not in filter key list.
06-08 19:47:45.030 3370 4352 E AmazonInputManagerService: Could not unregister callback
06-08 19:47:45.722 3370 3452 E AmazonProfileService: There is no KEY_CHILD_PIN_PACKAGE_NAME
06-08 19:47:45.722 3370 3452 I AmazonProfileService: Event is not filtered because it is not in filter key list.
06-08 19:47:45.858 3370 3452 E AmazonProfileService: There is no KEY_CHILD_PIN_PACKAGE_NAME
06-08 19:47:45.858 3370 3452 I AmazonProfileService: Event is not filtered because it is not in filter key list.
06-08 19:47:47.002 3370 3452 E AmazonProfileService: There is no KEY_CHILD_PIN_PACKAGE_NAME
06-08 19:47:47.002 3370 3452 I AmazonProfileService: Event is not filtered because it is not in filter key list.
06-08 19:47:47.122 3370 3452 E AmazonProfileService: There is no KEY_CHILD_PIN_PACKAGE_NAME
06-08 19:47:47.122 3370 3452 I AmazonProfileService: Event is not filtered because it is not in filter key list.
06-08 19:47:47.550 3370 3452 E AmazonProfileService: There is no KEY_CHILD_PIN_PACKAGE_NAME
06-08 19:47:47.550 3370 3452 I AmazonProfileService: Event is not filtered because it is not in filter key list.
06-08 19:47:47.703 3370 3452 E AmazonProfileService: There is no KEY_CHILD_PIN_PACKAGE_NAME
06-08 19:47:47.703 3370 3452 I AmazonProfileService: Event is not filtered because it is not in filter key list.
06-08 19:47:49.042 3370 3452 E AmazonProfileService: There is no KEY_CHILD_PIN_PACKAGE_NAME
06-08 19:47:49.042 3370 3452 I AmazonProfileService: Event is not filtered because it is not in filter key list.
06-08 19:47:49.102 3370 3452 E AmazonProfileService: There is no KEY_CHILD_PIN_PACKAGE_NAME
06-08 19:47:49.102 3370 3452 I AmazonProfileService: Event is not filtered because it is not in filter key list.
06-08 19:47:50.578 3370 3564 I AmazonPowerManagerVendorCallback: Wakelock released UID:1041 PID:0 Tag:AudioMix
06-08 19:47:51.269 3370 3452 E AmazonProfileService: There is no KEY_CHILD_PIN_PACKAGE_NAME
06-08 19:47:51.269 3370 3452 I AmazonProfileService: Event is not filtered because it is not in filter key list.
06-08 19:47:51.452 3370 3452 E AmazonProfileService: There is no KEY_CHILD_PIN_PACKAGE_NAME
06-08 19:47:51.452 3370 3452 I AmazonProfileService: Event is not filtered because it is not in filter key list.
06-08 19:47:53.003 3370 3452 E AmazonProfileService: There is no KEY_CHILD_PIN_PACKAGE_NAME
06-08 19:47:53.003 3370 3452 I AmazonProfileService: Event is not filtered because it is not in filter key list.
06-08 19:47:53.042 3370 3452 E AmazonProfileService: There is no KEY_CHILD_PIN_PACKAGE_NAME
06-08 19:47:53.042 3370 3452 I AmazonProfileService: Event is not filtered because it is not in filter key list.
06-08 19:47:53.402 3370 3452 E AmazonProfileService: There is no KEY_CHILD_PIN_PACKAGE_NAME
06-08 19:47:53.402 3370 3452 I AmazonProfileService: Event is not filtered because it is not in filter key list.
06-08 19:47:53.562 3370 3452 E AmazonProfileService: There is no KEY_CHILD_PIN_PACKAGE_NAME
06-08 19:47:53.562 3370 3452 I AmazonProfileService: Event is not filtered because it is not in filter key list.
06-08 19:47:54.242 3370 3452 E AmazonProfileService: There is no KEY_CHILD_PIN_PACKAGE_NAME
06-08 19:47:54.242 3370 3452 I AmazonProfileService: Event is not filtered because it is not in filter key list.
06-08 19:47:54.382 3370 3452 E AmazonProfileService: There is no KEY_CHILD_PIN_PACKAGE_NAME
06-08 19:47:54.382 3370 3452 I AmazonProfileService: Event is not filtered because it is not in filter key list.
06-08 19:47:55.262 3370 3452 E AmazonProfileService: There is no KEY_CHILD_PIN_PACKAGE_NAME
06-08 19:47:55.263 3370 3452 I AmazonProfileService: Event is not filtered because it is not in filter key list.
06-08 19:47:55.342 3370 3452 E AmazonProfileService: There is no KEY_CHILD_PIN_PACKAGE_NAME
06-08 19:47:55.342 3370 3452 I AmazonProfileService: Event is not filtered because it is not in filter key list.
06-08 19:47:55.742 3370 3452 E AmazonProfileService: There is no KEY_CHILD_PIN_PACKAGE_NAME
06-08 19:47:55.743 3370 3452 I AmazonProfileService: Event is not filtered because it is not in filter key list.
06-08 19:47:55.882 3370 3452 E AmazonProfileService: There is no KEY_CHILD_PIN_PACKAGE_NAME
06-08 19:47:55.882 3370 3452 I AmazonProfileService: Event is not filtered because it is not in filter key list.
06-08 19:47:57.441 3370 3755 I AmazonPowerManagerVendorCallback: Wakelock acquired UID:1041 PID:0 Tag:AudioMix
06-08 19:48:00.447 3370 3755 I AmazonPowerManagerVendorCallback: Wakelock released UID:1041 PID:0 Tag:AudioMix
06-08 19:48:05.199 3370 3452 E AmazonProfileService: There is no KEY_CHILD_PIN_PACKAGE_NAME
06-08 19:48:05.199 3370 3452 I AmazonProfileService: Event is not filtered because it is not in filter key list.
06-08 19:48:05.219 3370 3452 E AmazonProfileService: There is no KEY_CHILD_PIN_PACKAGE_NAME
06-08 19:48:05.219 3370 3452 I AmazonProfileService: Event is not filtered because it is not in filter key list.
06-08 19:48:05.663 3370 3452 E AmazonProfileService: There is no KEY_CHILD_PIN_PACKAGE_NAME
06-08 19:48:05.663 3370 3452 I AmazonProfileService: Event is not filtered because it is not in filter key list.
06-08 19:48:05.763 3370 3452 E AmazonProfileService: There is no KEY_CHILD_PIN_PACKAGE_NAME
06-08 19:48:05.763 3370 3452 I AmazonProfileService: Event is not filtered because it is not in filter key list.
06-08 19:48:06.163 3370 3452 E AmazonProfileService: There is no KEY_CHILD_PIN_PACKAGE_NAME
06-08 19:48:06.163 3370 3452 I AmazonProfileService: Event is not filtered because it is not in filter key list.
06-08 19:48:06.279 3370 3452 E AmazonProfileService: There is no KEY_CHILD_PIN_PACKAGE_NAME
06-08 19:48:06.279 3370 3452 I AmazonProfileService: Event is not filtered because it is not in filter key list.
06-08 19:48:14.419 3370 3452 E AmazonProfileService: There is no KEY_CHILD_PIN_PACKAGE_NAME
06-08 19:48:14.419 3370 3452 I AmazonProfileService: Event is not filtered because it is not in filter key list.
06-08 19:48:14.459 3370 3452 E AmazonProfileService: There is no KEY_CHILD_PIN_PACKAGE_NAME
06-08 19:48:14.460 3370 3452 I AmazonProfileService: Event is not filtered because it is not in filter key list.
06-08 19:48:15.139 3370 3452 E AmazonProfileService: There is no KEY_CHILD_PIN_PACKAGE_NAME
06-08 19:48:15.139 3370 3452 I AmazonProfileService: Event is not filtered because it is not in filter key list.
06-08 19:48:15.183 3370 3452 E AmazonProfileService: There is no KEY_CHILD_PIN_PACKAGE_NAME
06-08 19:48:15.183 3370 3452 I AmazonProfileService: Event is not filtered because it is not in filter key list.
06-08 19:48:15.304 3370 3452 E AmazonProfileService: There is no KEY_CHILD_PIN_PACKAGE_NAME
06-08 19:48:15.304 3370 3452 I AmazonProfileService: Event is not filtered because it is not in filter key list.
06-08 19:48:15.403 3370 3452 E AmazonProfileService: There is no KEY_CHILD_PIN_PACKAGE_NAME
06-08 19:48:15.403 3370 3452 I AmazonProfileService: Event is not filtered because it is not in filter key list.
06-08 19:48:16.024 3370 3452 E AmazonProfileService: There is no KEY_CHILD_PIN_PACKAGE_NAME
06-08 19:48:16.024 3370 3452 I AmazonProfileService: Event is not filtered because it is not in filter key list.
06-08 19:48:16.123 3370 3452 E AmazonProfileService: There is no KEY_CHILD_PIN_PACKAGE_NAME
06-08 19:48:16.123 3370 3452 I AmazonProfileService: Event is not filtered because it is not in filter key list.
06-08 19:48:16.656 3195 3256 E storaged: getDiskStats failed with result NOT_SUPPORTED and size 0
06-08 19:48:16.803 3370 3452 E AmazonProfileService: There is no KEY_CHILD_PIN_PACKAGE_NAME
06-08 19:48:16.804 3370 3452 I AmazonProfileService: Event is not filtered because it is not in filter key list.
06-08 19:48:16.883 3370 3452 E AmazonProfileService: There is no KEY_CHILD_PIN_PACKAGE_NAME
06-08 19:48:16.883 3370 3452 I AmazonProfileService: Event is not filtered because it is not in filter key list.
06-08 19:48:17.504 3370 3452 E AmazonProfileService: There is no KEY_CHILD_PIN_PACKAGE_NAME
06-08 19:48:17.504 3370 3452 I AmazonProfileService: Event is not filtered because it is not in filter key list.
06-08 19:48:17.544 3370 3452 E AmazonProfileService: There is no KEY_CHILD_PIN_PACKAGE_NAME
06-08 19:48:17.544 3370 3452 I AmazonProfileService: Event is not filtered because it is not in filter key list.
06-08 19:48:17.944 3370 3452 E AmazonProfileService: There is no KEY_CHILD_PIN_PACKAGE_NAME
06-08 19:48:17.944 3370 3452 I AmazonProfileService: Event is not filtered because it is not in filter key list.
06-08 19:48:18.064 3370 3452 E AmazonProfileService: There is no KEY_CHILD_PIN_PACKAGE_NAME
06-08 19:48:18.064 3370 3452 I AmazonProfileService: Event is not filtered because it is not in filter key list.
06-08 19:48:18.204 3370 3452 E AmazonProfileService: There is no KEY_CHILD_PIN_PACKAGE_NAME
06-08 19:48:18.204 3370 3452 I AmazonProfileService: Event is not filtered because it is not in filter key list.
06-08 19:48:18.304 3370 3452 E AmazonProfileService: There is no KEY_CHILD_PIN_PACKAGE_NAME
06-08 19:48:18.304 3370 3452 I AmazonProfileService: Event is not filtered because it is not in filter key list.
06-08 19:48:19.666 3370 3452 E AmazonProfileService: There is no KEY_CHILD_PIN_PACKAGE_NAME
06-08 19:48:19.666 3370 3452 I AmazonProfileService: Event is not filtered because it is not in filter key list.
06-08 19:48:19.685 3370 3452 E AmazonProfileService: There is no KEY_CHILD_PIN_PACKAGE_NAME
06-08 19:48:19.685 3370 3452 I AmazonProfileService: Event is not filtered because it is not in filter key list.
06-08 19:48:20.124 3370 3452 E AmazonProfileService: There is no KEY_CHILD_PIN_PACKAGE_NAME
06-08 19:48:20.124 3370 3452 I AmazonProfileService: Event is not filtered because it is not in filter key list.
06-08 19:48:20.226 3370 3452 E AmazonProfileService: There is no KEY_CHILD_PIN_PACKAGE_NAME
06-08 19:48:20.226 3370 3452 I AmazonProfileService: Event is not filtered because it is not in filter key list.
06-08 19:48:20.309 3370 3452 E AmazonProfileService: There is no KEY_CHILD_PIN_PACKAGE_NAME
06-08 19:48:20.309 3370 3452 I AmazonProfileService: Event is not filtered because it is not in filter key list.
06-08 19:48:20.384 3370 3452 E AmazonProfileService: There is no KEY_CHILD_PIN_PACKAGE_NAME
06-08 19:48:20.384 3370 3452 I AmazonProfileService: Event is not filtered because it is not in filter key list.
06-08 19:48:20.464 3370 3452 E AmazonProfileService: There is no KEY_CHILD_PIN_PACKAGE_NAME
06-08 19:48:20.464 3370 3452 I AmazonProfileService: Event is not filtered because it is not in filter key list.
06-08 19:48:20.544 3370 3452 E AmazonProfileService: There is no KEY_CHILD_PIN_PACKAGE_NAME
06-08 19:48:20.544 3370 3452 I AmazonProfileService: Event is not filtered because it is not in filter key list.
06-08 19:48:20.604 3370 3452 E AmazonProfileService: There is no KEY_CHILD_PIN_PACKAGE_NAME
06-08 19:48:20.604 3370 3452 I AmazonProfileService: Event is not filtered because it is not in filter key list.
06-08 19:48:20.707 3370 3452 E AmazonProfileService: There is no KEY_CHILD_PIN_PACKAGE_NAME
06-08 19:48:20.707 3370 3452 I AmazonProfileService: Event is not filtered because it is not in filter key list.
06-08 19:48:21.584 3370 3452 E AmazonProfileService: There is no KEY_CHILD_PIN_PACKAGE_NAME
06-08 19:48:21.584 3370 3452 I AmazonProfileService: Event is not filtered because it is not in filter key list.
06-08 19:48:21.704 3370 3452 E AmazonProfileService: There is no KEY_CHILD_PIN_PACKAGE_NAME
06-08 19:48:21.704 3370 3452 I AmazonProfileService: Event is not filtered because it is not in filter key list.
06-08 19:48:22.364 3370 3452 E AmazonProfileService: There is no KEY_CHILD_PIN_PACKAGE_NAME
06-08 19:48:22.364 3370 3452 I AmazonProfileService: Event is not filtered because it is not in filter key list.
06-08 19:48:22.484 3370 3452 E AmazonProfileService: There is no KEY_CHILD_PIN_PACKAGE_NAME
06-08 19:48:22.484 3370 3452 I AmazonProfileService: Event is not filtered because it is not in filter key list.
06-08 19:48:23.384 3370 3452 E AmazonProfileService: There is no KEY_CHILD_PIN_PACKAGE_NAME
06-08 19:48:23.384 3370 3452 I AmazonProfileService: Event is not filtered because it is not in filter key list.
06-08 19:48:23.410 3370 3564 W BroadcastQueue: Background execution not allowed: receiving Intent { act=amazon.bluetooth.input.profile.action.BATTERY_LEVEL_UPDATE flg=0x4000010 (has extras) } to com.amazon.device.rdmapplication/.services.RemoteBatteryLevelReceiver
06-08 19:48:23.467 3370 3452 E AmazonProfileService: There is no KEY_CHILD_PIN_PACKAGE_NAME
06-08 19:48:23.467 3370 3452 I AmazonProfileService: Event is not filtered because it is not in filter key list.
06-08 19:48:23.527 3370 3452 E AmazonProfileService: There is no KEY_CHILD_PIN_PACKAGE_NAME
