06-08 19:56:45.486 3370 3964 I AmazonPowerManagerVendorCallback: Wakelock released UID:1041 PID:0 Tag:AudioOffload
06-08 19:56:45.487 3370 3964 I AmazonPowerManagerVendorCallback: Wakelock acquired UID:1041 PID:0 Tag:AudioOffload
06-08 19:56:45.488 3370 3755 I AmazonPowerManagerVendorCallback: Wakelock acquired UID:1041 PID:0 Tag:AudioDirectOut
06-08 19:56:45.489 3370 3755 I AmazonPowerManagerVendorCallback: Wakelock released UID:1041 PID:0 Tag:AudioDirectOut
06-08 19:56:45.489 3370 18866 I AmazonPowerManagerVendorCallback: Wakelock acquired UID:1041 PID:0 Tag:AudioDirectOut
06-08 19:56:45.490 3370 18866 I AmazonPowerManagerVendorCallback: Wakelock released UID:1041 PID:0 Tag:AudioDirectOut
06-08 19:56:45.491 3370 3964 I AmazonPowerManagerVendorCallback: Wakelock acquired UID:1041 PID:0 Tag:AudioDirectOut
06-08 19:56:45.491 3370 3964 I AmazonPowerManagerVendorCallback: Wakelock released UID:1041 PID:0 Tag:AudioDirectOut
06-08 19:56:45.492 3370 3755 I AmazonPowerManagerVendorCallback: Wakelock acquired UID:1041 PID:0 Tag:AudioDirectOut
06-08 19:56:45.493 3370 3564 I AmazonPowerManagerVendorCallback: Wakelock released UID:1041 PID:0 Tag:AudioDirectOut
06-08 19:56:45.494 3370 3564 I AmazonPowerManagerVendorCallback: Wakelock acquired UID:1041 PID:0 Tag:AudioDirectOut
06-08 19:56:45.494 3370 3564 I AmazonPowerManagerVendorCallback: Wakelock released UID:1041 PID:0 Tag:AudioDirectOut
06-08 19:56:45.495 3370 3755 I AmazonPowerManagerVendorCallback: Wakelock acquired UID:1041 PID:0 Tag:AudioDirectOut
06-08 19:56:45.496 3370 3564 I AmazonPowerManagerVendorCallback: Wakelock released UID:1041 PID:0 Tag:AudioDirectOut
06-08 19:56:45.499 3370 3564 I AmazonPowerManagerVendorCallback: Wakelock released UID:1041 PID:0 Tag:AudioOffload
06-08 19:56:45.501 3370 3564 I AmazonPowerManagerVendorCallback: Wakelock released UID:1041 PID:0 Tag:AudioOffload
06-08 19:56:45.525 3370 3370 V SettingsProvider: Notifying for 0: content://settings/global/audio_platform_capabilities
06-08 19:56:45.525 3370 3370 V SettingsProvider: Notifying for 0: content://settings/global/nrdp_audio_platform_capabilities
06-08 19:56:45.526 3370 3497 I AmazonHdmiService: AudioManager.EXTRA_ENCODINGS=[2, 4, 5, 6, 18, 7, 13]
06-08 19:56:45.528 3370 3497 I AudioOutputFormatManager: Request to get dolby device id
06-08 19:56:45.528 3370 3497 I AudioOutputFormatManager: enableAudioFormat with device ordinal: 3 format: 1
06-08 19:56:45.530 3370 3497 I AudioOutputFormatManager: KeyValuePair: spdif_format=4;hdmi_format=5;Status: 0
06-08 19:56:45.530 3370 3497 I AudioOutputFormatManager: Storing new dolby device with id: 3
06-08 19:56:45.530 3370 3497 I AudioOutputFormatManager: setDolbyPassthroughAvailability()
06-08 19:56:45.530 3370 3497 I AudioOutputFormatManager: Request to get dolby device id
06-08 19:56:45.530 3370 3497 I AudioOutputFormatManager: setDolbyPassthroughAvailability(): Value calculated for Dolby passthrough availability: 1
06-08 19:56:45.530 3370 3497 I AudioOutputFormatManager: setDolbyPassthroughAvailability(): Dolby passthrough availability: 1
06-08 19:56:45.530 3370 3370 V SettingsProvider: Notifying for 0: content://settings/global/firetv_hdmi_dolby_passthrough_available
06-08 19:56:45.693 3370 3370 D AmazonHdmiService: Posting callback to app
06-08 19:56:45.693 3370 3497 D AmazonHdmiService: Num of callbacks registered 1
06-08 19:56:45.693 3370 3497 D AmazonHdmiService: Broadcasting callback
06-08 19:56:45.693 3370 3497 D AmazonHdmiService: Broadcasting finished
06-08 19:56:45.693 3370 3370 I AmzHdmiServiceCallback: power status is 0
06-08 19:56:48.382 3370 3564 I AmazonPowerManagerVendorCallback: Wakelock released UID:1041 PID:0 Tag:AudioMix
06-08 19:56:48.386 3370 3564 I AmazonPowerManagerVendorCallback: Wakelock released UID:1041 PID:0 Tag:AudioDup
06-08 19:56:48.391 3370 3564 I AmazonPowerManagerVendorCallback: Wakelock released UID:1041 PID:0 Tag:AudioMix
06-08 19:56:49.269 3370 3564 D AmazonHdmiService: getRawEdid
06-08 19:56:49.925 3370 3964 W ContentService: Requested poll frequency of 300 seconds being rounded up to 900s.
06-08 19:56:51.047 3370 3388 W ActivityManager: Launch timeout has expired, giving up wake lock!
06-08 19:56:51.925 3370 3452 E AmazonProfileService: There is no KEY_CHILD_PIN_PACKAGE_NAME
06-08 19:56:51.926 3370 3452 I AmazonProfileService: Returning active profile for programId = PCA_FIRE_TV and customerId = xxx
06-08 19:56:51.926 3370 3452 I AmazonProfileService: Event not filtered. KPM proceeds the key
06-08 19:56:51.945 3370 3452 E AmazonProfileService: There is no KEY_CHILD_PIN_PACKAGE_NAME
06-08 19:56:51.946 3370 3452 I AmazonProfileService: Returning active profile for programId = PCA_FIRE_TV and customerId = xxx
06-08 19:56:51.946 3370 3452 I AmazonProfileService: Event not filtered. KPM proceeds the key
06-08 19:56:52.249 3370 3389 W ContextImpl: Calling a method in the system process without a qualified user: android.app.ContextImpl.sendBroadcast:1056 com.amazon.policy.keypolicymanager.FireTVKeyPolicyManager.sendHomePressedIntent:2323 com.amazon.policy.keypolicymanager.FireTVKeyPolicyManager.handleHomeKeyInteractive:2288 com.amazon.policy.keypolicymanager.FireTVKeyPolicyManager.handleShortPressOnHome:2850 com.android.server.policy.PhoneWindowManager.handleShortPressOnHome:1895
06-08 19:56:52.250 3370 3389 I chatty : uid=1000(system) android.ui identical 4 lines
06-08 19:56:52.250 3370 3389 W ContextImpl: Calling a method in the system process without a qualified user: android.app.ContextImpl.sendBroadcast:1056 com.amazon.policy.keypolicymanager.FireTVKeyPolicyManager.sendHomePressedIntent:2323 com.amazon.policy.keypolicymanager.FireTVKeyPolicyManager.handleHomeKeyInteractive:2288 com.amazon.policy.keypolicymanager.FireTVKeyPolicyManager.handleShortPressOnHome:2850 com.android.server.policy.PhoneWindowManager.handleShortPressOnHome:1895
06-08 19:56:52.251 3370 3388 W BroadcastQueue: Permission Denial: receiving Intent { act=android.intent.action.CLOSE_SYSTEM_DIALOGS flg=0x50000010 (has extras) } to ProcessRecord{d5c10bb 17938:com.amazon.aca/u0a25} (pid=17938, uid=10025) requires com.amazon.permission.ENABLE_KEYGUARD_FLAGS due to sender null (uid 1000)
06-08 19:56:52.253 3370 3389 I ActivityManager: START u0 {act=android.intent.action.MAIN cat=[android.intent.category.HOME] flg=0x10200000 cmp=com.wolf.lmu/.customlauncher.LaunchActivity (has extras)} from uid 1000
06-08 19:56:52.253 3370 3389 I AmazonProfileService: shouldAbortActivityStart() Package: xxx activity: xxx
06-08 19:56:52.253 3370 3389 I AmazonProfileService: shouldAbortActivityStart() not aborted
06-08 19:56:52.253 3370 3564 I AmazonPowerManagerVendorCallback: Wakelock acquired UID:10081 PID:3945 Tag:WakeUpDisplayHandler
06-08 19:56:52.267 3370 3964 D AmazonHdmiService: getRawEdid
06-08 19:56:52.755 3370 3564 I AmazonPowerManagerVendorCallback: Wakelock released UID:10081 PID:3945 Tag:WakeUpDisplayHandler
06-08 19:56:52.778 3370 3388 W ActivityManager: Activity pause timeout for ActivityRecord{77fc61b u0 org.xbmc.kodi/.Splash t1765}
06-08 19:56:52.779 3370 3370 D AmazonHdmiService: onDisplayChanged: mode switch
06-08 19:56:52.790 3370 3503 W AmazonProfileService: Active profile for the package xxx not present for customer Id xxx
06-08 19:56:52.790 3370 3503 I AmazonProfileService: Returning active profile for programId = PCA_FIRE_TV and customerId = xxx
06-08 19:56:52.791 3370 3396 I AmazonProfileService: Sending broadcast as the package is a non-enabled app
06-08 19:56:52.823 3370 5650 I ActivityManager: START u0 {act=android.intent.action.MAIN cat=[android.intent.category.LEANBACK_LAUNCHER] flg=0x34e34000 pkg=org.xbmc.kodi cmp=org.xbmc.kodi/.Splash} from uid 10193
06-08 19:56:52.824 3370 5650 I AmazonProfileService: shouldAbortActivityStart() Package: xxx activity: xxx
06-08 19:56:52.824 3370 5650 I AmazonProfileService: shouldAbortActivityStart() not aborted
06-08 19:56:52.837 3370 5650 W ActivityManager: Finishing task with all activities already finished
06-08 19:56:52.837 3370 5650 W ActivityManager: Duplicate finish request for ActivityRecord{73df03d u0 com.wolf.lmu/.customlauncher.LaunchActivity t1766 f}
06-08 19:56:52.844 3370 3503 W AmazonProfileService: Active profile for the package xxx not present for customer Id xxx
06-08 19:56:52.845 3370 3503 I AmazonProfileService: Returning active profile for programId = PCA_FIRE_TV and customerId = xxx
06-08 19:56:52.845 3370 3396 I AmazonProfileService: Sending broadcast as the package is a non-enabled app
06-08 19:56:57.604 3370 3370 W JobServiceContext: Time-out while trying to bind e04ecae #u0a43/500 org.xbmc.kodi/.channels.SyncChannelJobService, dropping.
06-08 19:56:58.081 3370 3452 E AmazonProfileService: There is no KEY_CHILD_PIN_PACKAGE_NAME
06-08 19:56:58.082 3370 3452 I AmazonProfileService: Returning active profile for programId = PCA_FIRE_TV and customerId = xxx
06-08 19:56:58.082 3370 3452 I AmazonProfileService: Event not filtered. KPM proceeds the key
06-08 19:56:58.161 3370 3452 E AmazonProfileService: There is no KEY_CHILD_PIN_PACKAGE_NAME
06-08 19:56:58.161 3370 3452 I AmazonProfileService: Returning active profile for programId = PCA_FIRE_TV and customerId = xxx
06-08 19:56:58.161 3370 3452 I AmazonProfileService: Event not filtered. KPM proceeds the key
06-08 19:56:58.463 3370 3389 W ContextImpl: Calling a method in the system process without a qualified user: android.app.ContextImpl.sendBroadcast:1056 com.amazon.policy.keypolicymanager.FireTVKeyPolicyManager.sendHomePressedIntent:2323 com.amazon.policy.keypolicymanager.FireTVKeyPolicyManager.handleHomeKeyInteractive:2288 com.amazon.policy.keypolicymanager.FireTVKeyPolicyManager.handleShortPressOnHome:2850 com.android.server.policy.PhoneWindowManager.handleShortPressOnHome:1895
06-08 19:56:58.463 3370 3389 I chatty : uid=1000(system) android.ui identical 4 lines
06-08 19:56:58.463 3370 3389 W ContextImpl: Calling a method in the system process without a qualified user: android.app.ContextImpl.sendBroadcast:1056 com.amazon.policy.keypolicymanager.FireTVKeyPolicyManager.sendHomePressedIntent:2323 com.amazon.policy.keypolicymanager.FireTVKeyPolicyManager.handleHomeKeyInteractive:2288 com.amazon.policy.keypolicymanager.FireTVKeyPolicyManager.handleShortPressOnHome:2850 com.android.server.policy.PhoneWindowManager.handleShortPressOnHome:1895
06-08 19:56:58.465 3370 3388 W BroadcastQueue: Permission Denial: receiving Intent { act=android.intent.action.CLOSE_SYSTEM_DIALOGS flg=0x50000010 (has extras) } to ProcessRecord{d5c10bb 17938:com.amazon.aca/u0a25} (pid=17938, uid=10025) requires com.amazon.permission.ENABLE_KEYGUARD_FLAGS due to sender null (uid 1000)
06-08 19:56:58.467 3370 3389 I ActivityManager: START u0 {act=android.intent.action.MAIN cat=[android.intent.category.HOME] flg=0x10200000 cmp=com.wolf.lmu/.customlauncher.LaunchActivity (has extras)} from uid 1000
06-08 19:56:58.467 3370 3564 I AmazonPowerManagerVendorCallback: Wakelock acquired UID:10081 PID:3945 Tag:WakeUpDisplayHandler
06-08 19:56:58.467 3370 3389 I AmazonProfileService: shouldAbortActivityStart() Package: xxx activity: xxx
06-08 19:56:58.467 3370 3389 I AmazonProfileService: shouldAbortActivityStart() not aborted
06-08 19:56:58.481 3370 5650 D AmazonHdmiService: getRawEdid
06-08 19:56:58.967 3370 3564 I AmazonPowerManagerVendorCallback: Wakelock released UID:10081 PID:3945 Tag:WakeUpDisplayHandler
06-08 19:56:58.993 3370 3388 W ActivityManager: Activity pause timeout for ActivityRecord{77fc61b u0 org.xbmc.kodi/.Splash t1765}
06-08 19:56:59.003 3370 3503 W AmazonProfileService: Active profile for the package xxx not present for customer Id xxx
06-08 19:56:59.003 3370 3503 I AmazonProfileService: Returning active profile for programId = PCA_FIRE_TV and customerId = xxx
06-08 19:56:59.005 3370 3396 I AmazonProfileService: Sending broadcast as the package is a non-enabled app
06-08 19:56:59.023 3370 5650 I ActivityManager: START u0 {act=android.intent.action.MAIN cat=[android.intent.category.LEANBACK_LAUNCHER] flg=0x34e34000 pkg=org.xbmc.kodi cmp=org.xbmc.kodi/.Splash} from uid 10193
06-08 19:56:59.024 3370 5650 I AmazonProfileService: shouldAbortActivityStart() Package: xxx activity: xxx
06-08 19:56:59.024 3370 5650 I AmazonProfileService: shouldAbortActivityStart() not aborted
06-08 19:56:59.044 3370 4350 W ActivityManager: Finishing task with all activities already finished
06-08 19:56:59.044 3370 4350 W ActivityManager: Duplicate finish request for ActivityRecord{6caa173 u0 com.wolf.lmu/.customlauncher.LaunchActivity t1767 f}
06-08 19:56:59.055 3370 3503 W AmazonProfileService: Active profile for the package xxx not present for customer Id xxx
06-08 19:56:59.055 3370 3503 I AmazonProfileService: Returning active profile for programId = PCA_FIRE_TV and customerId = xxx
06-08 19:56:59.056 3370 3396 I AmazonProfileService: Sending broadcast as the package is a non-enabled app
06-08 19:56:59.885 3370 3452 E AmazonProfileService: There is no KEY_CHILD_PIN_PACKAGE_NAME
06-08 19:56:59.885 3370 3452 I AmazonProfileService: Returning active profile for programId = PCA_FIRE_TV and customerId = xxx
06-08 19:56:59.886 3370 3452 I AmazonProfileService: Event not filtered. KPM proceeds the key
06-08 19:57:00.389 3370 3451 W ContextImpl: Calling a method in the system process without a qualified user: android.app.ContextImpl.sendOrderedBroadcast:1138 com.amazon.policy.keypolicymanager.FireTVKeyPolicyManager.sendLongHomeBroadcasts:2072 com.amazon.policy.keypolicymanager.FireTVKeyPolicyManager.handleLongPressOnHome:2017 com.android.server.policy.PhoneWindowManager.handleLongPressOnHome:1980 com.android.server.policy.PhoneWindowManager.interceptKeyBeforeDispatching:3816
06-08 19:57:00.401 3370 3390 I ActivityManager: Start proc 19807:com.amazon.tv.settings.v2/u0a127 for broadcast com.amazon.tv.settings.v2/.hud.HomeLongPressReceiver
06-08 19:57:00.520 19807 19807 I AmazonHdmiServiceManager: AmazonHdmiServiceManager created
06-08 19:57:00.521 3370 3755 I AmazonHdmiService: Get all supported display modes
06-08 19:57:00.522 3370 3755 I AmazonHdmiService: Get Current HDCP Version
06-08 19:57:00.553 3370 18866 I ActivityManager: START u0 {act=com.amazon.device.settings.action.SHOW_HUD flg=0x10000000 cmp=com.amazon.tv.settings.v2/.hud.HudActivity} from uid 10127
06-08 19:57:00.554 3370 18866 I AmazonProfileService: shouldAbortActivityStart() Package: xxx activity: xxx
06-08 19:57:00.554 3370 18866 I AmazonProfileService: xxx is a system app, do not abort activity start.
06-08 19:57:00.589 3370 4350 I AmazonHdmiService: Get all supported display modes
06-08 19:57:00.590 3370 4350 I AmazonHdmiService: Get Current HDCP Version
06-08 19:57:01.086 3370 3388 W ActivityManager: Activity pause timeout for ActivityRecord{77fc61b u0 org.xbmc.kodi/.Splash t1765}
06-08 19:57:01.093 3370 3503 W AmazonProfileService: Active profile for the package xxx not present for customer Id xxx
06-08 19:57:01.097 3370 3503 I AmazonProfileService: Returning active profile for programId = PCA_FIRE_TV and customerId = xxx
06-08 19:57:01.123 3370 3390 I ActivityManager: Start proc 19843:com.amazon.logan/u0a9 for broadcast com.amazon.logan/.fireos.HudReceiver
06-08 19:57:01.222 3370 3964 I AmazonProfileService: Returning the default programId on device
06-08 19:57:01.222 3370 3964 I AmazonProfileService: Returning active profile for programId = PCA_FIRE_TV and customerId = xxx
06-08 19:57:01.290 3370 3755 I AmazonProfileService: Returning the default programId on device
06-08 19:57:01.291 3370 3755 I AmazonProfileService: Returning active profile for programId = PCA_FIRE_TV and customerId = xxx
06-08 19:57:01.297 3370 3390 I ActivityManager: Start proc 19862:com.amazon.tv.settings.core/1000 for service com.amazon.tv.settings.core/.service.SettingsCoreService
06-08 19:57:01.408 3370 18866 I AmazonPowerManagerVendorCallback: Wakelock acquired UID:1041 PID:0 Tag:AudioMix
06-08 19:57:01.410 3370 18866 I AmazonPowerManagerVendorCallback: Wakelock acquired UID:1041 PID:0 Tag:AudioMix
06-08 19:57:01.410 3370 3755 I AmazonPowerManagerVendorCallback: Wakelock acquired UID:1041 PID:0 Tag:AudioIn
06-08 19:57:01.411 3370 3755 I AmazonPowerManagerVendorCallback: Wakelock acquired UID:1041 PID:0 Tag:AudioMix
06-08 19:57:01.411 3370 3755 I AmazonPowerManagerVendorCallback: Wakelock released UID:1041 PID:0 Tag:AudioIn
06-08 19:57:01.411 3370 3564 I AmazonPowerManagerVendorCallback: Wakelock acquired UID:1041 PID:0 Tag:AudioDup
06-08 19:57:02.346 3370 3452 I AmazonProfileService: Returning active profile for programId = PCA_FIRE_TV and customerId = xxx
06-08 19:57:02.346 3370 3452 I AmazonProfileService: Event not filtered. KPM proceeds the key
06-08 19:57:02.621 3370 3452 E AmazonProfileService: There is no KEY_CHILD_PIN_PACKAGE_NAME
06-08 19:57:02.621 3370 3452 I AmazonProfileService: Event is not filtered because it is not in filter key list.
06-08 19:57:02.706 3370 3452 E AmazonProfileService: There is no KEY_CHILD_PIN_PACKAGE_NAME
06-08 19:57:02.706 3370 3452 I AmazonProfileService: Event is not filtered because it is not in filter key list.
06-08 19:57:02.786 3370 3452 E AmazonProfileService: There is no KEY_CHILD_PIN_PACKAGE_NAME
06-08 19:57:02.786 3370 3452 I AmazonProfileService: Event is not filtered because it is not in filter key list.
06-08 19:57:02.886 3370 3452 E AmazonProfileService: There is no KEY_CHILD_PIN_PACKAGE_NAME
06-08 19:57:02.886 3370 3452 I AmazonProfileService: Event is not filtered because it is not in filter key list.
06-08 19:57:02.926 3370 3452 E AmazonProfileService: There is no KEY_CHILD_PIN_PACKAGE_NAME
06-08 19:57:02.926 3370 3452 I AmazonProfileService: Event is not filtered because it is not in filter key list.
06-08 19:57:03.037 3370 3452 E AmazonProfileService: There is no KEY_CHILD_PIN_PACKAGE_NAME
06-08 19:57:03.038 3370 3452 I AmazonProfileService: Event is not filtered because it is not in filter key list.
06-08 19:57:03.086 3370 3452 E AmazonProfileService: There is no KEY_CHILD_PIN_PACKAGE_NAME
06-08 19:57:03.086 3370 3452 I AmazonProfileService: Event is not filtered because it is not in filter key list.
06-08 19:57:03.202 3370 3452 E AmazonProfileService: There is no KEY_CHILD_PIN_PACKAGE_NAME
06-08 19:57:03.202 3370 3452 I AmazonProfileService: Event is not filtered because it is not in filter key list.
06-08 19:57:03.726 3370 3452 E AmazonProfileService: There is no KEY_CHILD_PIN_PACKAGE_NAME
06-08 19:57:03.727 3370 3452 I AmazonProfileService: Event is not filtered because it is not in filter key list.
06-08 19:57:03.766 3370 3452 E AmazonProfileService: There is no KEY_CHILD_PIN_PACKAGE_NAME
06-08 19:57:03.766 3370 3452 I AmazonProfileService: Event is not filtered because it is not in filter key list.
06-08 19:57:03.846 3370 3452 E AmazonProfileService: There is no KEY_CHILD_PIN_PACKAGE_NAME
06-08 19:57:03.846 3370 3452 I AmazonProfileService: Event is not filtered because it is not in filter key list.
06-08 19:57:03.961 3370 3452 E AmazonProfileService: There is no KEY_CHILD_PIN_PACKAGE_NAME
06-08 19:57:03.961 3370 3452 I AmazonProfileService: Event is not filtered because it is not in filter key list.
06-08 19:57:04.026 3370 3452 E AmazonProfileService: There is no KEY_CHILD_PIN_PACKAGE_NAME
06-08 19:57:04.026 3370 3452 I AmazonProfileService: Event is not filtered because it is not in filter key list.
06-08 19:57:04.086 3370 3452 E AmazonProfileService: There is no KEY_CHILD_PIN_PACKAGE_NAME
06-08 19:57:04.086 3370 3452 I AmazonProfileService: Event is not filtered because it is not in filter key list.
06-08 19:57:04.145 3370 3452 E AmazonProfileService: There is no KEY_CHILD_PIN_PACKAGE_NAME
06-08 19:57:04.146 3370 3452 I AmazonProfileService: Event is not filtered because it is not in filter key list.
06-08 19:57:04.226 3370 3452 E AmazonProfileService: There is no KEY_CHILD_PIN_PACKAGE_NAME
06-08 19:57:04.226 3370 3452 I AmazonProfileService: Event is not filtered because it is not in filter key list.
06-08 19:57:04.411 3370 18866 I AmazonPowerManagerVendorCallback: Wakelock released UID:1041 PID:0 Tag:AudioMix
06-08 19:57:04.412 3370 18866 I AmazonPowerManagerVendorCallback: Wakelock released UID:1041 PID:0 Tag:AudioMix
06-08 19:57:04.414 3370 18866 I AmazonPowerManagerVendorCallback: Wakelock released UID:1041 PID:0 Tag:AudioDup
06-08 19:57:04.416 3370 18866 I AmazonPowerManagerVendorCallback: Wakelock released UID:1041 PID:0 Tag:AudioMix
06-08 19:57:04.486 3370 3452 E AmazonProfileService: There is no KEY_CHILD_PIN_PACKAGE_NAME
06-08 19:57:04.486 3370 3452 I AmazonProfileService: Event is not filtered because it is not in filter key list.
06-08 19:57:04.587 3370 3452 E AmazonProfileService: There is no KEY_CHILD_PIN_PACKAGE_NAME
06-08 19:57:04.587 3370 3452 I AmazonProfileService: Event is not filtered because it is not in filter key list.
06-08 19:57:04.591 3370 18866 I ActivityManager: START u0 {act=com.amazon.tv.action.LAUNCH_PROFILE_PICKER flg=0x10000000 cmp=com.amazon.ftv.profilepicker/.ui.PickerActivity (has extras)} from uid 10127
06-08 19:57:04.592 3370 18866 I AmazonProfileService: shouldAbortActivityStart() Package: xxx activity: xxx
06-08 19:57:04.592 3370 18866 I AmazonProfileService: xxx is a system app, do not abort activity start.
06-08 19:57:04.592 3370 18866 I AmazonProfileService: Profile picker activity is started
06-08 19:57:04.655 3370 3390 I ActivityManager: Start proc 19917:com.amazon.ftv.profilepicker/u0a29 for activity com.amazon.ftv.profilepicker/.ui.PickerActivity
06-08 19:57:04.693 3370 3503 W AmazonProfileService: Active profile for the package xxx not present for customer Id xxx
06-08 19:57:04.699 3370 3503 I AmazonProfileService: Returning active profile for programId = PCA_FIRE_TV and customerId = xxx
06-08 19:57:04.712 3370 3426 W WindowManager: Failed looking up window callers=com.android.server.wm.WindowManagerService.windowForClientLocked:5589 com.android.server.wm.WindowManagerService.removeWindow:1679 com.android.server.wm.Session.remove:226
06-08 19:57:05.094 3370 18866 I AmazonProfileService: Get adult validated state = true
06-08 19:57:05.098 19917 19951 E ActivityThread: Failed to find provider info for com.amazon.tahoe.ftv.feature
06-08 19:57:05.230 3370 18866 I AmazonProfileService: Returning active profile for programId = PCA_FIRE_TV and customerId = xxx
06-08 19:57:05.230 3370 3370 V SettingsProvider: Notifying for 0: content://settings/secure/bootanim.real_home_ready
06-08 19:57:07.006 3370 3452 E AmazonProfileService: There is no KEY_CHILD_PIN_PACKAGE_NAME
06-08 19:57:07.006 3370 3452 I AmazonProfileService: Event is not filtered because it is not in filter key list.
06-08 19:57:07.026 3370 3452 E AmazonProfileService: There is no KEY_CHILD_PIN_PACKAGE_NAME
06-08 19:57:07.026 3370 3452 I AmazonProfileService: Event is not filtered because it is not in filter key list.
06-08 19:57:07.030 3370 3964 I AmazonProfileService: Returning active profile for programId = PCA_FIRE_TV and customerId = xxx
06-08 19:57:07.033 3370 18866 I ActivityManager: START u0 {act=android.intent.action.MAIN cat=[android.intent.category.HOME] flg=0x10000000 cmp=com.wolf.lmu/.customlauncher.LaunchActivity} from uid 10029
06-08 19:57:07.033 3370 18866 I AmazonProfileService: shouldAbortActivityStart() Package: xxx activity: xxx
06-08 19:57:07.033 3370 18866 I AmazonProfileService: shouldAbortActivityStart() not aborted
06-08 19:57:07.067 3370 3503 W AmazonProfileService: Active profile for the package xxx not present for customer Id xxx
06-08 19:57:07.068 3370 3503 I AmazonProfileService: Returning active profile for programId = PCA_FIRE_TV and customerId = xxx
06-08 19:57:07.083 3370 3396 I AmazonProfileService: Sending broadcast as the package is a non-enabled app
06-08 19:57:07.086 3370 3564 I AmazonProfileService: Returning the default programId on device
06-08 19:57:07.087 3370 3564 I AmazonProfileService: Returning active profile for programId = PCA_FIRE_TV and customerId = xxx
06-08 19:57:07.109 3370 5650 I ActivityManager: START u0 {act=android.intent.action.MAIN cat=[android.intent.category.LEANBACK_LAUNCHER] flg=0x34e34000 pkg=org.xbmc.kodi cmp=org.xbmc.kodi/.Splash} from uid 10193
06-08 19:57:07.109 3370 5650 I AmazonProfileService: shouldAbortActivityStart() Package: xxx activity: xxx
06-08 19:57:07.109 3370 5650 I AmazonProfileService: shouldAbortActivityStart() not aborted
06-08 19:57:07.118 3370 3755 W ActivityManager: Finishing task with all activities already finished
06-08 19:57:07.118 3370 3755 W ActivityManager: Duplicate finish request for ActivityRecord{27771b0 u0 com.wolf.lmu/.customlauncher.LaunchActivity t1770 f}
06-08 19:57:07.128 3370 3503 W AmazonProfileService: Active profile for the package xxx not present for customer Id xxx
06-08 19:57:07.128 3370 3503 I AmazonProfileService: Returning active profile for programId = PCA_FIRE_TV and customerId = xxx
06-08 19:57:07.130 3370 3396 I AmazonProfileService: Sending broadcast as the package is a non-enabled app
06-08 19:57:09.186 3370 3452 E AmazonProfileService: There is no KEY_CHILD_PIN_PACKAGE_NAME
06-08 19:57:09.186 3370 3452 I AmazonProfileService: Event is not filtered because it is not in filter key list.
06-08 19:57:09.306 3370 3452 E AmazonProfileService: There is no KEY_CHILD_PIN_PACKAGE_NAME
06-08 19:57:09.306 3370 3452 I AmazonProfileService: Event is not filtered because it is not in filter key list.
06-08 19:57:13.107 3370 3388 W ActivityManager: Activity stop timeout for ActivityRecord{7df9b9c u0 org.xbmc.kodi/.Main t1761}
06-08 19:57:14.188 3370 3451 I WindowManager: Input event dispatching timed out sending to application AppWindowToken{7869591 token=Token{3a5c3b8 ActivityRecord{77fc61b u0 org.xbmc.kodi/.Splash t1765}}}. Reason: Waiting because no window has focus but there is a focused application that may eventually add a window when it finishes starting up.
06-08 19:57:16.661 3195 3256 E storaged: getDiskStats failed with result NOT_SUPPORTED and size 0
06-08 19:57:19.238 3370 3451 I WindowManager: Input event dispatching timed out sending to application AppWindowToken{7869591 token=Token{3a5c3b8 ActivityRecord{77fc61b u0 org.xbmc.kodi/.Splash t1765}}}. Reason: Waiting because no window has focus but there is a focused application that may eventually add a window when it finishes starting up.
06-08 19:57:21.278 3370 3388 W ProcessCpuTracker: Skipping unknown process pid 20027
06-08 19:57:21.278 3370 3388 W ProcessCpuTracker: Skipping unknown process pid 20029
06-08 19:57:21.279 3370 3388 E ActivityManager: ANR in org.xbmc.kodi (org.xbmc.kodi/.Splash)
06-08 19:57:21.279 3370 3388 E ActivityManager: PID: 18870
06-08 19:57:21.279 3370 3388 E ActivityManager: Reason: Input dispatching timed out (Waiting because no window has focus but there is a focused application that may eventually add a window when it finishes starting up.)
06-08 19:57:21.279 3370 3388 E ActivityManager: Load: 4.5 / 4.68 / 4.5
06-08 19:57:21.279 3370 3388 E ActivityManager: CPU usage from 0ms to 7030ms later (2021-06-08 19:57:14.236 to 2021-06-08 19:57:21.266):
06-08 19:57:21.279 3370 3388 E ActivityManager: 43% 3140/fireos.hardware.audio@2.0-service: 36% user + 7.6% kernel / faults: 34 minor
06-08 19:57:21.279 3370 3388 E ActivityManager: 36% 18870/org.xbmc.kodi: 28% user + 7.6% kernel / faults: 7885 minor 67 major
06-08 19:57:21.279 3370 3388 E ActivityManager: 17% 3370/system_server: 12% user + 4.8% kernel / faults: 6575 minor 60 major
06-08 19:57:21.279 3370 3388 E ActivityManager: 16% 3883/com.amazon.vizzini: 15% user + 1.7% kernel / faults: 4752 minor 28 major
06-08 19:57:21.279 3370 3388 E ActivityManager: 16% 3898/amazon.speech.wakewordservice: 15% user + 0.9% kernel / faults: 2403 minor 25 major
06-08 19:57:21.279 3370 3388 E ActivityManager: 14% 3969/com.amazon.whad: 10% user + 3.9% kernel / faults: 4150 minor 31 major
06-08 19:57:21.279 3370 3388 E ActivityManager: 1.9% 1416/kswapd0: 0% user + 1.9% kernel
06-08 19:57:21.279 3370 3388 E ActivityManager: 1.7% 3197/media.codec: 0.9% user + 0.7% kernel / faults: 2873 minor 12 major
06-08 19:57:21.279 3370 3388 E ActivityManager: 0.8% 3150/audioserver: 0.5% user + 0.2% kernel / faults: 146 minor 4 major
06-08 19:57:21.279 3370 3388 E ActivityManager: 0.8% 3584/com.amazon.device.services: 0.5% user + 0.2% kernel / faults: 2352 minor 96 major
06-08 19:57:21.279 3370 3388 E ActivityManager: 0.8% 3906/com.amazon.tcomm: 0.4% user + 0.4% kernel / faults: 2127 minor 20 major
06-08 19:57:21.279 3370 3388 E ActivityManager: 0.8% 3945/com.amazon.tv.devicecontrol: 0.7% user + 0.1% kernel / faults: 1877 minor 31 major
06-08 19:57:21.279 3370 3388 E ActivityManager: 0.7% 6097/com.amazon.avl.stark: 0.5% user + 0.1% kernel / faults: 1710 minor 1 major
06-08 19:57:21.279 3370 3388 E ActivityManager: 0% 3655/com.amazon.firetvledservice: 0% user + 0% kernel / faults: 2204 minor 100 major
06-08 19:57:21.279 3370 3388 E ActivityManager: 0.5% 3782/com.amazon.imp: 0.4% user + 0.1% kernel / faults: 1746 minor 17 major
06-08 19:57:21.279 3370 3388 E ActivityManager: 0% 3927/com.android.se: 0% user + 0% kernel / faults: 2522 minor 148 major
06-08 19:57:21.279 3370 3388 E ActivityManager: 0.4% 2073/mmcqd/0: 0% user + 0.4% kernel
06-08 19:57:21.279 3370 3388 E ActivityManager: 0.4% 2938/logd: 0.2% user + 0.1% kernel / faults: 92 minor
06-08 19:57:21.279 3370 3388 E ActivityManager: 0.4% 3188/media.extractor: 0.2% user + 0.1% kernel / faults: 1106 minor 12 major
06-08 19:57:21.279 3370 3388 E ActivityManager: 0.2% 1882/irq/57-meson-am: 0% user + 0.2% kernel
06-08 19:57:21.279 3370 3388 E ActivityManager: 0.2% 3566/com.android.bluetooth: 0.1% user + 0.1% kernel / faults: 140 minor 9 major
06-08 19:57:21.279 3370 3388 E ActivityManager: 0.1% 7/rcu_preempt: 0% user + 0.1% kernel
06-08 19:57:21.279 3370 3388 E ActivityManager: 0% 8/rcu_sched: 0% user + 0% kernel
06-08 19:57:21.279 3370 3388 E ActivityManager: 0.1% 1845/kthread_hdcp: 0% user + 0.1% kernel
06-08 19:57:21.279 3370 3388 E ActivityManager: 0.1% 3023/hif_thread: 0% user + 0.1% kernel
06-08 19:57:21.279 3370 3388 E ActivityManager: 0.1% 3153/surfaceflinger: 0% user + 0.1% kernel / faults: 116 minor 1 major
06-08 19:57:21.279 3370 3388 E ActivityManager: 0% 3182/drmserver: 0% user + 0% kernel / faults: 94 minor 53 major
06-08 19:57:21.279 3370 3388 E ActivityManager: 0% 3199/tombstoned: 0% user + 0% kernel / faults: 50 minor 37 major
06-08 19:57:21.279 3370 3388 E ActivityManager: 0.1% 5733/com.wolf.lm: 0.1% user + 0% kernel / faults: 131 minor
06-08 19:57:21.279 3370 3388 E ActivityManager: 0.1% 5818/logcat: 0.1% user + 0% kernel / faults: 15 minor
06-08 19:57:21.279 3370 3388 E ActivityManager: 0.1% 7165/com.amazon.tv.livetv: 0.1% user + 0% kernel / faults: 48 minor
06-08 19:57:21.279 3370 3388 E ActivityManager: 0.1% 18799/kworker/4:1: 0.1% user + 0% kernel
06-08 19:57:21.279 3370 3388 E ActivityManager: 0.1% 19384/kworker/u12:0: 0% user + 0.1% kernel
06-08 19:57:21.279 3370 3388 E ActivityManager: 0.1% 19769/hdcp_tx22: 0% user + 0.1% kernel
06-08 19:57:21.279 3370 3388 E ActivityManager: 0.1% 19914/kworker/u12:5: 0% user + 0.1% kernel
06-08 19:57:21.279 3370 3388 E ActivityManager: 27% TOTAL: 20% user + 6.1% kernel + 0.4% iowait + 0% softirq
06-08 19:57:21.279 3370 3388 E ActivityManager: CPU usage from 19ms to 383ms later (2021-06-08 19:57:14.255 to 2021-06-08 19:57:14.619):
06-08 19:57:21.279 3370 3388 E ActivityManager: 62% 3370/system_server: 31% user + 31% kernel / faults: 1738 minor 3 major
06-08 19:57:21.279 3370 3388 E ActivityManager: 37% 3388/ActivityManager: 6.2% user + 31% kernel
06-08 19:57:21.279 3370 3388 E ActivityManager: 28% 3379/HeapTaskDaemon: 25% user + 3.1% kernel
06-08 19:57:21.279 3370 3388 E ActivityManager: 3.1% 3376/ReferenceQueueD: 3.1% user + 0% kernel
06-08 19:57:21.279 3370 3388 E ActivityManager: 44% 3140/fireos.hardware.audio@2.0-service: 35% user + 8.9% kernel
06-08 19:57:21.279 3370 3388 E ActivityManager: 41% 14471/readThread0: 35% user + 5.9% kernel
06-08 19:57:21.279 3370 3388 E ActivityManager: 13% 3898/amazon.speech.wakewordservice: 13% user + 0% kernel / faults: 2 minor
06-08 19:57:21.279 3370 3388 E ActivityManager: 13% 5137/Thread-5: 13% user + 0% kernel
06-08 19:57:21.279 3370 3388 E ActivityManager: 20% TOTAL: 13% user + 7% kernel
06-08 19:57:21.287 3370 3389 W ActivityManager: Force finishing activity org.xbmc.kodi/.Main
06-08 19:57:21.291 3370 20030 I CrashReporterActivityManagerCallback: ANR addErrorToDropBox inserted hashcode=2eb59fa7e2a4ab23400dfc05dcfc7009d33c724a.
06-08 19:57:21.294 3370 3389 W ActivityManager: Force finishing activity org.xbmc.kodi/.Splash
06-08 19:57:21.304 3370 3389 I ActivityManager: Killing 18870:org.xbmc.kodi/u0a43 (adj 0): user request after error
06-08 19:57:21.305 3370 3388 W ActivityManager: Activity stop timeout for ActivityRecord{77fc61b u0 org.xbmc.kodi/.Splash t1765 f}
06-08 19:57:21.305 3370 3388 I ActivityManager: Activity reported stop, but no longer stopping: ActivityRecord{77fc61b u0 org.xbmc.kodi/.Splash t1765 f}
06-08 19:57:21.305 3370 3388 W ActivityManager: Launch timeout has expired, giving up wake lock!
06-08 19:57:21.310 3370 3388 W ActivityManager: Timeout executing service: ServiceRecord{9932888 u0 org.xbmc.kodi/.channels.SyncChannelJobService}
06-08 19:57:21.311 3370 3388 I ActivityManager: App already killed by AM skipping ANR: ProcessRecord{4dd8810 18870:org.xbmc.kodi/u0a43} executing service org.xbmc.kodi/.channels.SyncChannelJobService, reason = destroy, delay = 23706, started = 8536489, cmdCount = 4, fgService = true, fgProc = true
06-08 19:57:21.311 3370 3388 I ActivityManager: App already killed by AM skipping ANR: ProcessRecord{4dd8810 18870:org.xbmc.kodi/u0a43} Input dispatching timed out (Waiting because no window has focus but there is a focused application that may eventually add a window when it finishes starting up.)
06-08 19:57:21.313 3370 3388 W BroadcastQueue: Permission Denial: receiving Intent { act=android.intent.action.DROPBOX_ENTRY_ADDED flg=0x10 (has extras) } to ProcessRecord{d5c10bb 17938:com.amazon.aca/u0a25} (pid=17938, uid=10025) requires android.permission.READ_LOGS due to sender android (uid 1000)
06-08 19:57:21.438 3370 18457 I WindowManager: WIN DEATH: Window{2dc2064 u0 org.xbmc.kodi/org.xbmc.kodi.Main}
06-08 19:57:21.439 3370 3469 D NsdService: Client disconnected
06-08 19:57:21.439 3370 3469 D NsdService: Terminating client-ID 2 global-ID 4 type 393225
06-08 19:57:21.439 3370 3469 D NsdService: mdnssd [stop-register, 4]
06-08 19:57:21.446 3370 3469 D NsdService: Terminating client-ID 3 global-ID 5 type 393225
06-08 19:57:21.446 3370 3469 D NsdService: mdnssd [stop-register, 5]
06-08 19:57:21.463 3370 5651 I ActivityManager: START u0 {act=android.intent.action.MAIN cat=[android.intent.category.HOME] flg=0x10000100 cmp=com.wolf.lmu/.customlauncher.LaunchActivity} from uid 0
06-08 19:57:21.464 3370 5651 I AmazonProfileService: shouldAbortActivityStart() Package: xxx activity: xxx
06-08 19:57:21.464 3370 5651 I AmazonProfileService: shouldAbortActivityStart() not aborted
06-08 19:57:21.480 3370 3503 W AmazonProfileService: Active profile for the package xxx not present for customer Id xxx
06-08 19:57:21.480 3370 3503 I AmazonProfileService: Returning active profile for programId = PCA_FIRE_TV and customerId = xxx
06-08 19:57:21.482 3370 3396 W ActivityManager: setHasOverlayUi called on unknown pid: 18870
06-08 19:57:21.489 3370 3396 I AmazonProfileService: Sending broadcast as the package is a non-enabled app
06-08 19:57:21.503 3370 20031 I ActivityManager: START u0 {act=android.intent.action.MAIN cat=[android.intent.category.LEANBACK_LAUNCHER] flg=0x34e34000 pkg=org.xbmc.kodi cmp=org.xbmc.kodi/.Splash} from uid 10193
06-08 19:57:21.504 3370 20031 I AmazonProfileService: shouldAbortActivityStart() Package: xxx activity: xxx
06-08 19:57:21.504 3370 20031 I AmazonProfileService: shouldAbortActivityStart() not aborted
06-08 19:57:21.536 3370 20031 W ActivityManager: Finishing task with all activities already finished
06-08 19:57:21.536 3370 20031 W ActivityManager: Duplicate finish request for ActivityRecord{dd33b2b u0 com.wolf.lmu/.customlauncher.LaunchActivity t1771 f}
06-08 19:57:21.564 3370 3390 I ActivityManager: Start proc 20034:org.xbmc.kodi/u0a43 for activity org.xbmc.kodi/.Splash
06-08 19:57:21.622 3370 3503 W AmazonProfileService: Active profile for the package xxx not present for customer Id xxx
06-08 19:57:21.622 3370 3503 I AmazonProfileService: Returning active profile for programId = PCA_FIRE_TV and customerId = xxx
06-08 19:57:21.626 3370 3396 I AmazonProfileService: Sending broadcast as the package is a non-enabled app
06-08 19:57:21.702 3370 20031 I ActivityManager: START u0 {act=android.intent.action.MAIN cat=[android.intent.category.LEANBACK_LAUNCHER] flg=0x35e34000 pkg=org.xbmc.kodi cmp=org.xbmc.kodi/.Main} from uid 10043
06-08 19:57:21.702 3370 20031 I AmazonProfileService: shouldAbortActivityStart() Package: xxx activity: xxx
06-08 19:57:21.702 3370 20031 I AmazonProfileService: shouldAbortActivityStart() not aborted
06-08 19:57:21.776 3370 3396 I AmazonProfileService: Sending broadcast as the package is a non-enabled app
06-08 19:57:21.799 3370 3426 W WindowManager: Failed looking up window callers=com.android.server.wm.WindowManagerService.windowForClientLocked:5589 com.android.server.wm.WindowManagerService.removeWindow:1679 com.android.server.wm.Session.remove:226
06-08 19:57:22.679 3370 3469 D NsdService: New client listening to asynchronous messages
06-08 19:57:22.679 3370 3469 D NsdService: New client, channel: com.android.internal.util.AsyncChannel@3682e3a messenger: android.os.Messenger@c4d8aeb
06-08 19:57:22.687 3370 18866 I AmazonPowerManagerVendorCallback: Wakelock acquired UID:1041 PID:0 Tag:AudioMix
06-08 19:57:22.688 3370 18866 I AmazonPowerManagerVendorCallback: Wakelock acquired UID:1041 PID:0 Tag:AudioMix
06-08 19:57:22.689 3370 18866 I AmazonPowerManagerVendorCallback: Wakelock acquired UID:1041 PID:0 Tag:AudioIn
06-08 19:57:22.689 3370 18866 I AmazonPowerManagerVendorCallback: Wakelock released UID:1041 PID:0 Tag:AudioIn
06-08 19:57:22.689 3370 5628 I AmazonPowerManagerVendorCallback: Wakelock acquired UID:1041 PID:0 Tag:AudioDup
06-08 19:57:22.690 3370 5628 I AmazonPowerManagerVendorCallback: Wakelock acquired UID:1041 PID:0 Tag:AudioMix
06-08 19:57:22.714 3370 5628 I AmazonPowerManagerVendorCallback: Wakelock acquired UID:1041 PID:0 Tag:AudioDirectOut
06-08 19:57:22.714 3370 5628 I AmazonPowerManagerVendorCallback: Wakelock released UID:1041 PID:0 Tag:AudioDirectOut
06-08 19:57:22.715 3370 20031 I AmazonPowerManagerVendorCallback: Wakelock acquired UID:1041 PID:0 Tag:AudioDirectOut
06-08 19:57:22.715 3370 5628 I AmazonPowerManagerVendorCallback: Wakelock released UID:1041 PID:0 Tag:AudioDirectOut
06-08 19:57:22.715 3370 18866 I AmazonPowerManagerVendorCallback: Wakelock acquired UID:1041 PID:0 Tag:AudioDirectOut
06-08 19:57:22.716 3370 5628 I AmazonPowerManagerVendorCallback: Wakelock released UID:1041 PID:0 Tag:AudioDirectOut
06-08 19:57:22.716 3370 5628 I AmazonPowerManagerVendorCallback: Wakelock acquired UID:1041 PID:0 Tag:AudioDirectOut
06-08 19:57:22.716 3370 5628 I AmazonPowerManagerVendorCallback: Wakelock released UID:1041 PID:0 Tag:AudioDirectOut
06-08 19:57:22.717 3370 5628 I AmazonPowerManagerVendorCallback: Wakelock acquired UID:1041 PID:0 Tag:AudioDirectOut
06-08 19:57:22.717 3370 5628 I AmazonPowerManagerVendorCallback: Wakelock released UID:1041 PID:0 Tag:AudioDirectOut
06-08 19:57:22.717 3370 5628 I AmazonPowerManagerVendorCallback: Wakelock acquired UID:1041 PID:0 Tag:AudioDirectOut
06-08 19:57:22.718 3370 5628 I AmazonPowerManagerVendorCallback: Wakelock released UID:1041 PID:0 Tag:AudioDirectOut
06-08 19:57:22.718 3370 5650 I AmazonPowerManagerVendorCallback: Wakelock acquired UID:1041 PID:0 Tag:AudioDirectOut
06-08 19:57:22.718 3370 3755 I AmazonPowerManagerVendorCallback: Wakelock released UID:1041 PID:0 Tag:AudioDirectOut
06-08 19:57:22.719 3370 20031 I AmazonPowerManagerVendorCallback: Wakelock acquired UID:1041 PID:0 Tag:AudioDirectOut
06-08 19:57:22.719 3370 3755 I AmazonPowerManagerVendorCallback: Wakelock released UID:1041 PID:0 Tag:AudioDirectOut
06-08 19:57:22.723 3370 3755 I AmazonPowerManagerVendorCallback: Wakelock acquired UID:1041 PID:0 Tag:AudioDirectOut
06-08 19:57:22.723 3370 3755 I AmazonPowerManagerVendorCallback: Wakelock released UID:1041 PID:0 Tag:AudioDirectOut
06-08 19:57:22.726 3370 3755 I AmazonPowerManagerVendorCallback: Wakelock acquired UID:1041 PID:0 Tag:AudioDirectOut
06-08 19:57:22.727 3370 20031 I AmazonPowerManagerVendorCallback: Wakelock released UID:1041 PID:0 Tag:AudioDirectOut
06-08 19:57:22.727 3370 3755 I AmazonPowerManagerVendorCallback: Wakelock acquired UID:1041 PID:0 Tag:AudioDirectOut
06-08 19:57:22.728 3370 3755 I AmazonPowerManagerVendorCallback: Wakelock released UID:1041 PID:0 Tag:AudioDirectOut
06-08 19:57:22.755 3370 3755 I AmazonPowerManagerVendorCallback: Wakelock acquired UID:1041 PID:0 Tag:AudioOffload
06-08 19:57:22.756 3370 3755 I AmazonPowerManagerVendorCallback: Wakelock released UID:1041 PID:0 Tag:AudioOffload
06-08 19:57:22.757 3370 5628 I AmazonPowerManagerVendorCallback: Wakelock acquired UID:1041 PID:0 Tag:AudioOffload
06-08 19:57:22.762 3370 5628 I AmazonPowerManagerVendorCallback: Wakelock released UID:1041 PID:0 Tag:AudioOffload
06-08 19:57:22.768 3370 5628 I AmazonPowerManagerVendorCallback: Wakelock acquired UID:1041 PID:0 Tag:AudioOffload
06-08 19:57:22.768 3370 3755 I AmazonPowerManagerVendorCallback: Wakelock released UID:1041 PID:0 Tag:AudioOffload
06-08 19:57:22.769 3370 20031 I AmazonPowerManagerVendorCallback: Wakelock acquired UID:1041 PID:0 Tag:AudioOffload
06-08 19:57:22.775 3370 5628 I AmazonPowerManagerVendorCallback: Wakelock released UID:1041 PID:0 Tag:AudioOffload
06-08 19:57:22.786 3370 5628 I AmazonPowerManagerVendorCallback: Wakelock acquired UID:1041 PID:0 Tag:AudioDirectOut
06-08 19:57:22.786 3370 5628 I AmazonPowerManagerVendorCallback: Wakelock released UID:1041 PID:0 Tag:AudioDirectOut
06-08 19:57:22.790 3370 5628 I AmazonPowerManagerVendorCallback: Wakelock acquired UID:1041 PID:0 Tag:AudioDirectOut
06-08 19:57:22.791 3370 20031 I AmazonPowerManagerVendorCallback: Wakelock released UID:1041 PID:0 Tag:AudioDirectOut
06-08 19:57:22.792 3370 20031 I AmazonPowerManagerVendorCallback: Wakelock acquired UID:1041 PID:0 Tag:AudioDirectOut
06-08 19:57:22.793 3370 20031 I AmazonPowerManagerVendorCallback: Wakelock released UID:1041 PID:0 Tag:AudioDirectOut
06-08 19:57:22.795 3370 20031 I AmazonPowerManagerVendorCallback: Wakelock acquired UID:1041 PID:0 Tag:AudioDirectOut
06-08 19:57:22.796 3370 20031 I AmazonPowerManagerVendorCallback: Wakelock released UID:1041 PID:0 Tag:AudioDirectOut
06-08 19:57:22.840 3370 18866 I AmazonPowerManagerVendorCallback: Wakelock acquired UID:1041 PID:0 Tag:AudioIn
06-08 19:57:22.840 3370 20031 I AmazonPowerManagerVendorCallback: Wakelock released UID:1041 PID:0 Tag:AudioIn
06-08 19:57:22.960 3370 3396 I DisplayManagerService: Display device changed: DisplayDeviceInfo{"Integrierter Bildschirm": uniqueId="local:0", 3840 x 2160, modeId 2, defaultModeId 1, supportedModes [{id=1, width=1920, height=1080, fps=60.000004}, {id=2, width=3840, height=2160, fps=50.0}, {id=3, width=3840, height=2160, fps=60.000004}, {id=4, width=3840, height=2160, fps=59.94006}, {id=5, width=3840, height=2160, fps=24.0}, {id=6, width=3840, height=2160, fps=23.976025}, {id=7, width=3840, height=2160, fps=25.0}, {id=8, width=3840, height=2160, fps=30.0}, {id=9, width=3840, height=2160, fps=29.97003}, {id=10, width=1920, height=1080, fps=24.0}, {id=11, width=1920, height=1080, fps=23.976025}, {id=12, width=1920, height=1080, fps=25.0}, {id=13, width=1920, height=1080, fps=50.0}, {id=14, width=1920, height=1080, fps=30.0}, {id=15, width=1920, height=1080, fps=29.97003}, {id=16, width=1280, height=720, fps=50.0}, {id=17, width=1920, height=1080, fps=59.94006}, {id=18, width=1280, height=720, fps=60.000004}, {id=19, width=1280, height=720, fps=59.94006}, {id=20, width=720, height=576, fps=50.0}, {id=21, width=720, height=480, fps=60.000004}, {id=22, width=720, height=480, fps=59.94006}], colorMode 0, supportedColorModes [0], HdrCapabilities android.view.Display$HdrCapabilities@40f3c928, density 320, 92.0 x 92.0 dpi, appVsyncOff 1000000, presDeadline 20000000, touch INTERNAL, rotation 0, type BUILT_IN, state ON, FLAG_DEFAULT_DISPLAY, FLAG_SECURE, FLAG_SUPPORTS_PROTECTED_BUFFERS}
06-08 19:57:22.966 3370 3370 D AmazonHdmiService: onDisplayChanged: mode switch
06-08 19:57:23.280 3370 3452 E AmazonProfileService: There is no KEY_CHILD_PIN_PACKAGE_NAME
06-08 19:57:23.280 3370 3452 I AmazonProfileService: Returning active profile for programId = PCA_FIRE_TV and customerId = xxx
06-08 19:57:23.280 3370 3452 I AmazonProfileService: Event not filtered. KPM proceeds the key
06-08 19:57:23.306 3370 3452 E AmazonProfileService: There is no KEY_CHILD_PIN_PACKAGE_NAME
06-08 19:57:23.307 3370 3452 I AmazonProfileService: Returning active profile for programId = PCA_FIRE_TV and customerId = xxx
06-08 19:57:23.307 3370 3452 I AmazonProfileService: Event not filtered. KPM proceeds the key
06-08 19:57:23.362 3370 3447 D AmazonHdmiService: UEvent: HDCP state 0
06-08 19:57:23.362 3370 3447 I AmazonHdmiService: Get Current HDCP Error
06-08 19:57:23.363 3370 18866 D AmazonHdmiService: getRawEdid
06-08 19:57:23.386 3370 18866 I chatty : uid=1000(system) Binder:3370_1B identical 6 lines
06-08 19:57:23.388 3370 18866 D AmazonHdmiService: getRawEdid
06-08 19:57:23.391 3370 18866 I AmazonHdmiService: Get Current HDCP Version
06-08 19:57:23.391 3370 18866 D AmazonHdmiService: getRawEdid
06-08 19:57:23.395 3370 3447 I AmazonHdmiService: UEvent: {SUBSYSTEM=extcon, SEQNUM=3070, ACTION=change, DEVTYPE=hdmi_audio, SWITCH_NAME=hdmi_audio, DEVPATH=/devices/virtual/switch/hdmi_audio, SWITCH_STATE=0}
06-08 19:57:23.395 3370 3447 V WiredAccessoryManager: Headset UEVENT: {SUBSYSTEM=extcon, SEQNUM=3070, ACTION=change, DEVTYPE=hdmi_audio, SWITCH_NAME=hdmi_audio, DEVPATH=/devices/virtual/switch/hdmi_audio, SWITCH_STATE=0}
06-08 19:57:23.395 3370 3447 V WiredAccessoryManager: newName=hdmi_audio newState=0 headsetState=0 prev headsetState=16
06-08 19:57:23.397 3370 3370 V WiredAccessoryManager: headsetName: disconnected
06-08 19:57:23.505 3370 18866 D AmazonAspService: setActiveInputSource 0
06-08 19:57:23.608 3370 3389 W ContextImpl: Calling a method in the system process without a qualified user: android.app.ContextImpl.sendBroadcast:1056 com.amazon.policy.keypolicymanager.FireTVKeyPolicyManager.sendHomePressedIntent:2323 com.amazon.policy.keypolicymanager.FireTVKeyPolicyManager.handleHomeKeyInteractive:2288 com.amazon.policy.keypolicymanager.FireTVKeyPolicyManager.handleShortPressOnHome:2850 com.android.server.policy.PhoneWindowManager.handleShortPressOnHome:1895
06-08 19:57:23.608 3370 3389 I chatty : uid=1000(system) android.ui identical 4 lines
06-08 19:57:23.608 3370 3389 W ContextImpl: Calling a method in the system process without a qualified user: android.app.ContextImpl.sendBroadcast:1056 com.amazon.policy.keypolicymanager.FireTVKeyPolicyManager.sendHomePressedIntent:2323 com.amazon.policy.keypolicymanager.FireTVKeyPolicyManager.handleHomeKeyInteractive:2288 com.amazon.policy.keypolicymanager.FireTVKeyPolicyManager.handleShortPressOnHome:2850 com.android.server.policy.PhoneWindowManager.handleShortPressOnHome:1895
06-08 19:57:23.609 3370 18866 E AmazonInputManagerService: Could not unregister callback
06-08 19:57:23.892 3370 3388 W BroadcastQueue: Permission Denial: receiving Intent { act=android.intent.action.CLOSE_SYSTEM_DIALOGS flg=0x50000010 (has extras) } to ProcessRecord{d5c10bb 17938:com.amazon.aca/u0a25} (pid=17938, uid=10025) requires com.amazon.permission.ENABLE_KEYGUARD_FLAGS due to sender null (uid 1000)
06-08 19:57:23.894 3370 3389 I ActivityManager: START u0 {act=android.intent.action.MAIN cat=[android.intent.category.HOME] flg=0x10200000 cmp=com.wolf.lmu/.customlauncher.LaunchActivity (has extras)} from uid 1000
06-08 19:57:23.895 3370 3389 I AmazonProfileService: shouldAbortActivityStart() Package: xxx activity: xxx
06-08 19:57:23.895 3370 3389 I AmazonProfileService: shouldAbortActivityStart() not aborted
06-08 19:57:23.896 3370 18866 I AmazonPowerManagerVendorCallback: Wakelock acquired UID:10081 PID:3945 Tag:WakeUpDisplayHandler
06-08 19:57:23.912 3370 3389 W Looper : Slow dispatch took 305ms android.ui h=com.android.server.policy.PhoneWindowManager$PolicyHandler c=com.android.server.policy.PhoneWindowManager$7@552dacb m=0
06-08 19:57:23.912 3370 3389 W Looper : Slow delivery took 303ms android.ui h=com.android.server.policy.PhoneWindowManager$PolicyHandler c=com.android.server.policy.-$$Lambda$oXa0y3A-00RiQs6-KTPBgpkGtgw@6f332a8 m=0
06-08 19:57:23.912 3370 3389 W Looper : Drained
06-08 19:57:23.915 3370 3370 D AmazonHdmiService: onDisplayChanged: mode switch
06-08 19:57:23.922 3370 3755 D AmazonHdmiService: getRawEdid
06-08 19:57:23.934 3370 3503 W AmazonProfileService: Active profile for the package xxx not present for customer Id xxx
06-08 19:57:23.935 3370 3503 I AmazonProfileService: Returning active profile for programId = PCA_FIRE_TV and customerId = xxx
06-08 19:57:23.937 3370 3396 I AmazonProfileService: Sending broadcast as the package is a non-enabled app
06-08 19:57:23.956 3370 5650 I ActivityManager: START u0 {act=android.intent.action.MAIN cat=[android.intent.category.LEANBACK_LAUNCHER] flg=0x34e34000 pkg=org.xbmc.kodi cmp=org.xbmc.kodi/.Splash} from uid 10193
06-08 19:57:23.957 3370 5650 I AmazonProfileService: shouldAbortActivityStart() Package: xxx activity: xxx
06-08 19:57:23.957 3370 5650 I AmazonProfileService: shouldAbortActivityStart() not aborted
06-08 19:57:23.997 3370 5650 W ActivityManager: Finishing task with all activities already finished
06-08 19:57:23.997 3370 5650 W ActivityManager: Duplicate finish request for ActivityRecord{aa866bc u0 com.wolf.lmu/.customlauncher.LaunchActivity t1774 f}
