06-08 20:05:09.120 3140 3332 I AUDIOALG: RefDlyEstimation: maxRxy 0.000000 maxPos 0
06-08 20:05:09.121 3140 3332 I AUDIOALG: asyncProcess : waiting...
06-08 20:05:11.166 3140 3332 I AUDIOALG: asyncProcess : process @@@
06-08 20:05:11.169 3140 3332 I AUDIOALG: RefDlyEstimation: maxRxy 0.000000 maxPos 0
06-08 20:05:11.169 3140 3332 I AUDIOALG: asyncProcess : waiting...
06-08 20:05:13.214 3140 3332 I AUDIOALG: asyncProcess : process @@@
06-08 20:05:13.216 3140 3332 I AUDIOALG: RefDlyEstimation: maxRxy 0.000000 maxPos 0
06-08 20:05:13.217 3140 3332 I AUDIOALG: asyncProcess : waiting...
06-08 20:05:13.578 3140 20207 I Node : dolby-audio-meter, AdapterPcmSystem adapter audio meter: channel 0; audio level: 0.000
06-08 20:05:13.578 3140 20207 I Node : dolby-audio-meter, AdapterPcmSystem adapter audio meter: channel 1; audio level: 0.000
06-08 20:05:13.578 3140 20207 I RendererNode: dolby-audio-meter, Renderer renderer audio meter: channel 0; audio level: 0.000
06-08 20:05:13.579 3140 20207 I RendererNode: dolby-audio-meter, Renderer renderer audio meter: channel 1; audio level: 0.000
06-08 20:05:13.579 3140 20207 I RendererNode: dolby-audio-meter, Renderer renderer audio meter: channel 2; audio level: 0.000
06-08 20:05:13.579 3140 20207 I RendererNode: dolby-audio-meter, Renderer renderer audio meter: channel 3; audio level: 0.000
06-08 20:05:13.579 3140 20207 I RendererNode: dolby-audio-meter, Renderer renderer audio meter: channel 4; audio level: 0.000
06-08 20:05:13.579 3140 20207 I RendererNode: dolby-audio-meter, Renderer renderer audio meter: channel 5; audio level: 0.000
06-08 20:05:13.579 3140 20207 I Node : dolby-audio-meter, AdapterPcmOut adapter audio meter: channel 0; audio level: 0.000
06-08 20:05:13.579 3140 20207 I Node : dolby-audio-meter, AdapterPcmOut adapter audio meter: channel 1; audio level: 0.000
06-08 20:05:15.265 3140 3332 I AUDIOALG: asyncProcess : process @@@
06-08 20:05:15.268 3140 3332 I AUDIOALG: RefDlyEstimation: maxRxy 0.000000 maxPos 0
06-08 20:05:15.268 3140 3332 I AUDIOALG: asyncProcess : waiting...
06-08 20:05:16.668 3195 3256 E storaged: getDiskStats failed with result NOT_SUPPORTED and size 0
06-08 20:05:17.037 3370 3460 W BestClock: java.time.DateTimeException: Missing NTP fix
06-08 20:05:17.058 3370 3460 W BestClock: java.time.DateTimeException: Missing NTP fix
06-08 20:05:17.059 3370 3461 W BestClock: java.time.DateTimeException: Missing NTP fix
06-08 20:05:17.310 3140 3332 I AUDIOALG: asyncProcess : process @@@
06-08 20:05:17.312 3140 3332 I AUDIOALG: RefDlyEstimation: maxRxy 0.000000 maxPos 0
06-08 20:05:17.312 3140 3332 I AUDIOALG: asyncProcess : waiting...
06-08 20:05:19.358 3140 3332 I AUDIOALG: asyncProcess : process @@@
06-08 20:05:19.360 3140 3332 I AUDIOALG: RefDlyEstimation: maxRxy 0.000000 maxPos 0
06-08 20:05:19.360 3140 3332 I AUDIOALG: asyncProcess : waiting...
06-08 20:05:20.692 3370 3379 I system_server: Background concurrent copying GC freed 343548(11MB) AllocSpace objects, 4(372KB) LOS objects, 42% free, 15MB/27MB, paused 166us total 117.177ms
06-08 20:05:21.406 3140 3332 I AUDIOALG: asyncProcess : process @@@
06-08 20:05:21.411 3140 3332 I AUDIOALG: RefDlyEstimation: maxRxy 0.000000 maxPos 0
06-08 20:05:21.411 3140 3332 I AUDIOALG: asyncProcess : waiting...
06-08 20:05:21.533 3883 20619 I Vizzini_2.0.11122.0:HealthLogger: Current State = {"AlexaCaptionsEnabled":"false","Account":"valid","ProfileValidated":"true","AlexaCaptionsSupported":"true","memoryTotalPss":"104817","DeviceFamily":"WAKEWORD","memoryTotalSharedDirty":"7280","WakewordDetector":"disabled","InstaHintsSyncTime":"2021-06-08 17:35:22","ReleaseVersion":"634.0.0","AlexaLegalTermsAccepted":"true","AppVersion":"2.0.11122.0","AlexaExperience":"FULL","SupportsFarField":"true","memoryAvailable":"743600128","Gateway":"avs-alexa-6-eu.amazon.com:443","memoryLow":"false","ConnectionState":"CONNECTED","OOBECompleted":"true","memoryTotalPrivateDirty":"58564","WakeWord":"SET"}
06-08 20:05:21.533 3883 20619 I DeviceEvent: CSMSIM#device_event_contract#0#1.0
06-08 20:05:21.535 3133 3133 W memtrack@1.0-se: type=1400 audit(0.0:1930): avc: denied { search } for name="3883" dev="proc" ino=23662 scontext=u:r:hal_memtrack_default:s0 tcontext=u:r:amazon_app:s0 tclass=dir permissive=0
06-08 20:05:23.457 3140 3332 I AUDIOALG: asyncProcess : process @@@
06-08 20:05:23.460 3140 3332 I AUDIOALG: RefDlyEstimation: maxRxy 0.000000 maxPos 0
06-08 20:05:23.460 3140 3332 I AUDIOALG: asyncProcess : waiting...
06-08 20:05:23.462 4770 4952 I SPCH-DAVS_ArtifactUpdateManager: lastUpdated: 1623173084949
06-08 20:05:23.604 3140 20207 I Node : dolby-audio-meter, AdapterPcmSystem adapter audio meter: channel 0; audio level: 0.000
06-08 20:05:23.604 3140 20207 I Node : dolby-audio-meter, AdapterPcmSystem adapter audio meter: channel 1; audio level: 0.000
06-08 20:05:23.604 3140 20207 I RendererNode: dolby-audio-meter, Renderer renderer audio meter: channel 0; audio level: 0.000
06-08 20:05:23.604 3140 20207 I RendererNode: dolby-audio-meter, Renderer renderer audio meter: channel 1; audio level: 0.000
06-08 20:05:23.604 3140 20207 I RendererNode: dolby-audio-meter, Renderer renderer audio meter: channel 2; audio level: 0.000
06-08 20:05:23.604 3140 20207 I RendererNode: dolby-audio-meter, Renderer renderer audio meter: channel 3; audio level: 0.000
06-08 20:05:23.604 3140 20207 I RendererNode: dolby-audio-meter, Renderer renderer audio meter: channel 4; audio level: 0.000
06-08 20:05:23.604 3140 20207 I RendererNode: dolby-audio-meter, Renderer renderer audio meter: channel 5; audio level: 0.000
06-08 20:05:23.604 3140 20207 I Node : dolby-audio-meter, AdapterPcmOut adapter audio meter: channel 0; audio level: 0.000
06-08 20:05:23.604 3140 20207 I Node : dolby-audio-meter, AdapterPcmOut adapter audio meter: channel 1; audio level: 0.000
06-08 20:05:25.506 3140 3332 I AUDIOALG: asyncProcess : process @@@
06-08 20:05:25.508 3140 3332 I AUDIOALG: RefDlyEstimation: maxRxy 0.000000 maxPos 0
06-08 20:05:25.508 3140 3332 I AUDIOALG: asyncProcess : waiting...
06-08 20:05:27.550 3140 3332 I AUDIOALG: asyncProcess : process @@@
06-08 20:05:27.552 3140 3332 I AUDIOALG: RefDlyEstimation: maxRxy 0.000000 maxPos 0
06-08 20:05:27.552 3140 3332 I AUDIOALG: asyncProcess : waiting...
06-08 20:05:27.677 3883 5162 I Vizzini_2.0.11122.0:ConnectivityVizzini: Getting AHE Connectivity state CONNECTED
06-08 20:05:29.598 3140 3332 I AUDIOALG: asyncProcess : process @@@
06-08 20:05:29.600 3140 3332 I AUDIOALG: RefDlyEstimation: maxRxy 0.000000 maxPos 0
06-08 20:05:29.600 3140 3332 I AUDIOALG: asyncProcess : waiting...
06-08 20:05:31.646 3140 3332 I AUDIOALG: asyncProcess : process @@@
06-08 20:05:31.648 3140 3332 I AUDIOALG: RefDlyEstimation: maxRxy 0.000000 maxPos 0
06-08 20:05:31.648 3140 3332 I AUDIOALG: asyncProcess : waiting...
06-08 20:05:33.610 3140 20207 I Node : dolby-audio-meter, AdapterPcmSystem adapter audio meter: channel 0; audio level: 0.000
06-08 20:05:33.610 3140 20207 I Node : dolby-audio-meter, AdapterPcmSystem adapter audio meter: channel 1; audio level: 0.000
06-08 20:05:33.610 3140 20207 I RendererNode: dolby-audio-meter, Renderer renderer audio meter: channel 0; audio level: 0.000
06-08 20:05:33.610 3140 20207 I RendererNode: dolby-audio-meter, Renderer renderer audio meter: channel 1; audio level: 0.000
06-08 20:05:33.610 3140 20207 I RendererNode: dolby-audio-meter, Renderer renderer audio meter: channel 2; audio level: 0.000
06-08 20:05:33.610 3140 20207 I RendererNode: dolby-audio-meter, Renderer renderer audio meter: channel 3; audio level: 0.000
06-08 20:05:33.610 3140 20207 I RendererNode: dolby-audio-meter, Renderer renderer audio meter: channel 4; audio level: 0.000
06-08 20:05:33.610 3140 20207 I RendererNode: dolby-audio-meter, Renderer renderer audio meter: channel 5; audio level: 0.000
06-08 20:05:33.610 3140 20207 I Node : dolby-audio-meter, AdapterPcmOut adapter audio meter: channel 0; audio level: 0.000
06-08 20:05:33.610 3140 20207 I Node : dolby-audio-meter, AdapterPcmOut adapter audio meter: channel 1; audio level: 0.000
06-08 20:05:33.694 3140 3332 I AUDIOALG: asyncProcess : process @@@
06-08 20:05:33.697 3140 3332 I AUDIOALG: RefDlyEstimation: maxRxy 0.000000 maxPos 0
06-08 20:05:33.697 3140 3332 I AUDIOALG: asyncProcess : waiting...
06-08 20:05:34.086 3370 3460 W BestClock: java.time.DateTimeException: Missing NTP fix
06-08 20:05:34.111 3370 3460 W BestClock: java.time.DateTimeException: Missing NTP fix
06-08 20:05:34.116 3370 3461 W BestClock: java.time.DateTimeException: Missing NTP fix
06-08 20:05:34.266 3140 14471 I AUDIOALG: ULPWW: FEEDPRYONENG
06-08 20:05:35.742 3140 3332 I AUDIOALG: asyncProcess : process @@@
06-08 20:05:35.745 3140 3332 I AUDIOALG: RefDlyEstimation: maxRxy 0.000000 maxPos 0
06-08 20:05:35.745 3140 3332 I AUDIOALG: asyncProcess : waiting...
06-08 20:05:37.792 3140 3332 I AUDIOALG: asyncProcess : process @@@
06-08 20:05:37.795 3140 3332 I AUDIOALG: RefDlyEstimation: maxRxy 0.000000 maxPos 0
06-08 20:05:37.795 3140 3332 I AUDIOALG: asyncProcess : waiting...
06-08 20:05:39.838 3140 3332 I AUDIOALG: asyncProcess : process @@@
06-08 20:05:39.845 3140 3332 I AUDIOALG: RefDlyEstimation: maxRxy 0.000000 maxPos 0
06-08 20:05:39.845 3140 3332 I AUDIOALG: asyncProcess : waiting...
06-08 20:05:41.886 3140 3332 I AUDIOALG: asyncProcess : process @@@
06-08 20:05:41.889 3140 3332 I AUDIOALG: RefDlyEstimation: maxRxy 0.000000 maxPos 0
06-08 20:05:41.889 3140 3332 I AUDIOALG: asyncProcess : waiting...
06-08 20:05:43.636 3140 20207 I Node : dolby-audio-meter, AdapterPcmSystem adapter audio meter: channel 0; audio level: 0.000
06-08 20:05:43.636 3140 20207 I Node : dolby-audio-meter, AdapterPcmSystem adapter audio meter: channel 1; audio level: 0.000
06-08 20:05:43.636 3140 20207 I RendererNode: dolby-audio-meter, Renderer renderer audio meter: channel 0; audio level: 0.000
06-08 20:05:43.636 3140 20207 I RendererNode: dolby-audio-meter, Renderer renderer audio meter: channel 1; audio level: 0.000
06-08 20:05:43.636 3140 20207 I RendererNode: dolby-audio-meter, Renderer renderer audio meter: channel 2; audio level: 0.000
06-08 20:05:43.636 3140 20207 I RendererNode: dolby-audio-meter, Renderer renderer audio meter: channel 3; audio level: 0.000
06-08 20:05:43.636 3140 20207 I RendererNode: dolby-audio-meter, Renderer renderer audio meter: channel 4; audio level: 0.000
06-08 20:05:43.636 3140 20207 I RendererNode: dolby-audio-meter, Renderer renderer audio meter: channel 5; audio level: 0.000
06-08 20:05:43.636 3140 20207 I Node : dolby-audio-meter, AdapterPcmOut adapter audio meter: channel 0; audio level: 0.000
06-08 20:05:43.636 3140 20207 I Node : dolby-audio-meter, AdapterPcmOut adapter audio meter: channel 1; audio level: 0.000
06-08 20:05:43.937 3140 3332 I AUDIOALG: asyncProcess : process @@@
06-08 20:05:43.940 3140 3332 I AUDIOALG: RefDlyEstimation: maxRxy 0.000000 maxPos 0
06-08 20:05:43.940 3140 3332 I AUDIOALG: asyncProcess : waiting...
06-08 20:05:45.898 3370 3532 I WifiDiagsUtil: event=RUN_TEST_CONTINUOUSLY
06-08 20:05:45.899 3370 3532 D WifiDiagsUtil: loggingPacketStats
06-08 20:05:45.899 3370 3532 I WifiDiagsUtil: event=logPacketStats, if_name=eth0, rx_bytes=21924507, rx_packets=73456, tx_bytes=15349018, tx_packets=72953
06-08 20:05:45.899 3370 3532 I WifiDiagsUtil: event=logPacketStats, daily_rx_bytes=16250250905, daily_rx_packets=21253327, daily_tx_bytes=6537542384, daily_tx_packets=20843227
06-08 20:05:45.906 3370 3532 I WifiDiagsUtil: event=pingTest, TARGET_TYPE=LOCALHOST, IP=XXX
06-08 20:05:45.912 3370 3532 I WifiDiagsUtil: event=pingsComplete, TARGET_TYPE=LOCALHOST, IP=XXX, PKTS_TX=5, PKTS_RX=5, PKT_LOSS=0.0%, AVG_TIME=0,98
06-08 20:05:45.912 3370 3532 I WifiDiagsUtil: event=pingTest, TARGET_TYPE=GATEWAY, IP=XXX, isIpv6=false
06-08 20:05:45.919 3370 3532 I WifiDiagsUtil: event=pingsComplete, TARGET_TYPE=GATEWAY, IP=XXX, PKTS_TX=5, PKTS_RX=5, PKT_LOSS=0.0%, AVG_TIME=1,32
06-08 20:05:45.919 3370 3532 I WifiDiagsUtil: event=pingTest, TARGET_TYPE=NAMESERVER1, IP=XXX, isIpv6=false
06-08 20:05:45.928 3370 3532 I WifiDiagsUtil: event=pingsComplete, TARGET_TYPE=NAMESERVER1, IP=XXX, PKTS_TX=5, PKTS_RX=5, PKT_LOSS=0.0%, AVG_TIME=1,65
06-08 20:05:45.928 3370 3532 I WifiDiagsUtil: warning=nameserverIsLocal
06-08 20:05:45.928 3370 3532 I WifiDiagsUtil: event=blacklistedDnsDetected, action=skipPingTest, nameserver=8.8.8.8
06-08 20:05:45.929 3370 3532 I WifiDiagsUtil: event=pingTest, TARGET_TYPE=NAMESERVER3, IP=XXX, isIpv6=true
06-08 20:05:45.939 3370 3532 I WifiDiagsUtil: event=pingsComplete, TARGET_TYPE=NAMESERVER3, IP=XXX, PKTS_TX=5, PKTS_RX=5, PKT_LOSS=0.0%, AVG_TIME=1,91
06-08 20:05:45.939 3370 3532 I WifiDiagsUtil: warning=nameserverIsLocal
06-08 20:05:45.939 3370 3532 I WifiDiagsUtil: event=runHttpConnectionTestStarted, host=http://fireoscaptiveportal.com/generate_204
06-08 20:05:45.982 3140 3332 I AUDIOALG: asyncProcess : process @@@
06-08 20:05:45.984 3140 3332 I AUDIOALG: RefDlyEstimation: maxRxy 0.000000 maxPos 0
06-08 20:05:45.984 3140 3332 I AUDIOALG: asyncProcess : waiting...
06-08 20:05:46.281 3370 3532 I WifiDiagsUtil: event=runHttpConnectionTestSuccess, host=http://fireoscaptiveportal.com/generate_204, httpCode=204, latency=340
06-08 20:05:46.281 3370 3532 I WifiDiagsUtil: event=reportNetworkStatistics, action=reportNetworkConnectivity, hasConnectivity=true
06-08 20:05:46.281 3370 3532 I WifiDiagsUtil: event=GOOD_CONNECTION
06-08 20:05:46.281 3370 3532 I WifiDiagsUtil: broadcastDiagsResults
06-08 20:05:46.283 3370 3532 I WifiDiagsUtil: event=stateDuration, duration=9027879
06-08 20:05:46.283 3370 3532 I WifiDiagsUtil: event=recordDataInTestEndpointStatistics, isEmitmetric=false
06-08 20:05:46.306 7883 20625 I com.amazon.diode.events.EventSaverService: Got external event for client WifiDiagsUtil
06-08 20:05:48.030 3140 3332 I AUDIOALG: asyncProcess : process @@@
06-08 20:05:48.033 3140 3332 I AUDIOALG: RefDlyEstimation: maxRxy 0.000000 maxPos 0
06-08 20:05:48.033 3140 3332 I AUDIOALG: asyncProcess : waiting...
06-08 20:05:50.079 3140 3332 I AUDIOALG: asyncProcess : process @@@
06-08 20:05:50.081 3140 3332 I AUDIOALG: RefDlyEstimation: maxRxy 0.000000 maxPos 0
06-08 20:05:50.082 3140 3332 I AUDIOALG: asyncProcess : waiting...
06-08 20:05:51.261 3370 3460 W BestClock: java.time.DateTimeException: Missing NTP fix
06-08 20:05:51.283 3370 3460 W BestClock: java.time.DateTimeException: Missing NTP fix
06-08 20:05:51.285 3370 3461 W BestClock: java.time.DateTimeException: Missing NTP fix
06-08 20:05:52.126 3140 3332 I AUDIOALG: asyncProcess : process @@@
06-08 20:05:52.128 3140 3332 I AUDIOALG: RefDlyEstimation: maxRxy 0.000000 maxPos 0
06-08 20:05:52.128 3140 3332 I AUDIOALG: asyncProcess : waiting...
06-08 20:05:53.643 3140 20207 I Node : dolby-audio-meter, AdapterPcmSystem adapter audio meter: channel 0; audio level: 0.000
06-08 20:05:53.643 3140 20207 I Node : dolby-audio-meter, AdapterPcmSystem adapter audio meter: channel 1; audio level: 0.000
06-08 20:05:53.643 3140 20207 I RendererNode: dolby-audio-meter, Renderer renderer audio meter: channel 0; audio level: 0.000
06-08 20:05:53.643 3140 20207 I RendererNode: dolby-audio-meter, Renderer renderer audio meter: channel 1; audio level: 0.000
06-08 20:05:53.643 3140 20207 I RendererNode: dolby-audio-meter, Renderer renderer audio meter: channel 2; audio level: 0.000
06-08 20:05:53.643 3140 20207 I RendererNode: dolby-audio-meter, Renderer renderer audio meter: channel 3; audio level: 0.000
06-08 20:05:53.643 3140 20207 I RendererNode: dolby-audio-meter, Renderer renderer audio meter: channel 4; audio level: 0.000
06-08 20:05:53.643 3140 20207 I RendererNode: dolby-audio-meter, Renderer renderer audio meter: channel 5; audio level: 0.000
06-08 20:05:53.643 3140 20207 I Node : dolby-audio-meter, AdapterPcmOut adapter audio meter: channel 0; audio level: 0.000
06-08 20:05:53.643 3140 20207 I Node : dolby-audio-meter, AdapterPcmOut adapter audio meter: channel 1; audio level: 0.000
06-08 20:05:54.175 3140 3332 I AUDIOALG: asyncProcess : process @@@
06-08 20:05:54.178 3140 3332 I AUDIOALG: RefDlyEstimation: maxRxy 0.000000 maxPos 0
06-08 20:05:54.178 3140 3332 I AUDIOALG: asyncProcess : waiting...
06-08 20:05:56.222 3140 3332 I AUDIOALG: asyncProcess : process @@@
06-08 20:05:56.225 3140 3332 I AUDIOALG: RefDlyEstimation: maxRxy 0.000000 maxPos 0
06-08 20:05:56.225 3140 3332 I AUDIOALG: asyncProcess : waiting...
06-08 20:05:56.479 5779 20681 D EventBus: No subscribers registered for event class org.primftpd.events.ClientActionEvent
06-08 20:05:56.479 5779 20681 D EventBus: No subscribers registered for event class org.greenrobot.eventbus.NoSubscriberEvent
06-08 20:05:58.270 3140 3332 I AUDIOALG: asyncProcess : process @@@
06-08 20:05:58.273 3140 3332 I AUDIOALG: RefDlyEstimation: maxRxy 0.000000 maxPos 0
06-08 20:05:58.273 3140 3332 I AUDIOALG: asyncProcess : waiting...
06-08 20:06:00.319 3140 3332 I AUDIOALG: asyncProcess : process @@@
06-08 20:06:00.321 3140 3332 I AUDIOALG: RefDlyEstimation: maxRxy 0.000000 maxPos 0
06-08 20:06:00.322 3140 3332 I AUDIOALG: asyncProcess : waiting...
06-08 20:06:02.366 3140 3332 I AUDIOALG: asyncProcess : process @@@
06-08 20:06:02.368 3140 3332 I AUDIOALG: RefDlyEstimation: maxRxy 0.000000 maxPos 0
06-08 20:06:02.369 3140 3332 I AUDIOALG: asyncProcess : waiting...
06-08 20:06:03.668 3140 20207 I Node : dolby-audio-meter, AdapterPcmSystem adapter audio meter: channel 0; audio level: 0.000
06-08 20:06:03.668 3140 20207 I Node : dolby-audio-meter, AdapterPcmSystem adapter audio meter: channel 1; audio level: 0.000
06-08 20:06:03.669 3140 20207 I RendererNode: dolby-audio-meter, Renderer renderer audio meter: channel 0; audio level: 0.000
06-08 20:06:03.669 3140 20207 I RendererNode: dolby-audio-meter, Renderer renderer audio meter: channel 1; audio level: 0.000
06-08 20:06:03.669 3140 20207 I RendererNode: dolby-audio-meter, Renderer renderer audio meter: channel 2; audio level: 0.000
06-08 20:06:03.669 3140 20207 I RendererNode: dolby-audio-meter, Renderer renderer audio meter: channel 3; audio level: 0.000
06-08 20:06:03.669 3140 20207 I RendererNode: dolby-audio-meter, Renderer renderer audio meter: channel 4; audio level: 0.000
06-08 20:06:03.669 3140 20207 I RendererNode: dolby-audio-meter, Renderer renderer audio meter: channel 5; audio level: 0.000
06-08 20:06:03.669 3140 20207 I Node : dolby-audio-meter, AdapterPcmOut adapter audio meter: channel 0; audio level: 0.000
06-08 20:06:03.669 3140 20207 I Node : dolby-audio-meter, AdapterPcmOut adapter audio meter: channel 1; audio level: 0.000
06-08 20:06:04.295 20692 20692 I main.wifi_log_levels: wifi_log_levels:wlan0:rssi=;rssi2=;noise=-92;noise2=-92;channel=;txframes=;txfails=;txper=0%;txaggr=;rxframes=;rxcrc=;rxper=;rxdrop=;phymode=;phyrate=;lasttxrate=;lastrxrate=;
06-08 20:06:04.318 20693 20693 I main.wifi_log_levels: tx_packets=0;tx_bytes=0;tx_errors=0;tx_dropped=0;rx_packets=0;rx_bytes=0;rx_errors=0;rx_dropped=0;
06-08 20:06:04.336 20694 20694 I main.wifi_log_levels: max_rssi=;min_rssi=;max_noise=-92;min_noise=-92;noise histogram=0 0 0 0 0 0 0 0 0 0 0
06-08 20:06:04.379 20696 20696 I main.wifi_log_levels: wifi_log_levels:ch_busy=13%;ch_idle=87%;ch_tx=0%;ch_rx=0%;tx_ok=0%;tx_fail=0%;tx_retry=0%;rx_ok=0%;rx_fcs=0%;tx_ok=0;tx_fail=0;tx_retry=0;rx_ok=0;rx_fcs=46;cck_false=364;cck_crc=0;ofdm_false=146;ofdm_crc=10;
06-08 20:06:04.414 3140 3332 I AUDIOALG: asyncProcess : process @@@
06-08 20:06:04.416 3140 3332 I AUDIOALG: RefDlyEstimation: maxRxy 0.000000 maxPos 0
06-08 20:06:04.416 3140 3332 I AUDIOALG: asyncProcess : waiting...
06-08 20:06:06.463 3140 3332 I AUDIOALG: asyncProcess : process @@@
06-08 20:06:06.465 3140 3332 I AUDIOALG: RefDlyEstimation: maxRxy 0.000000 maxPos 0
06-08 20:06:06.465 3140 3332 I AUDIOALG: asyncProcess : waiting...
06-08 20:06:07.785 3370 3460 W BestClock: java.time.DateTimeException: Missing NTP fix
06-08 20:06:07.815 3370 3460 W BestClock: java.time.DateTimeException: Missing NTP fix
06-08 20:06:07.819 3370 3461 W BestClock: java.time.DateTimeException: Missing NTP fix
06-08 20:06:08.510 3140 3332 I AUDIOALG: asyncProcess : process @@@
06-08 20:06:08.512 3140 3332 I AUDIOALG: RefDlyEstimation: maxRxy 0.000000 maxPos 0
06-08 20:06:08.512 3140 3332 I AUDIOALG: asyncProcess : waiting...
06-08 20:06:10.558 3140 3332 I AUDIOALG: asyncProcess : process @@@
06-08 20:06:10.560 3140 3332 I AUDIOALG: RefDlyEstimation: maxRxy 0.000000 maxPos 0
06-08 20:06:10.560 3140 3332 I AUDIOALG: asyncProcess : waiting...
06-08 20:06:12.037 3153 3153 E FrameEvents: addLatch: Did not find frame.
06-08 20:06:12.607 3140 3332 I AUDIOALG: asyncProcess : process @@@
06-08 20:06:12.609 3140 3332 I AUDIOALG: RefDlyEstimation: maxRxy 0.000000 maxPos 0
06-08 20:06:12.609 3140 3332 I AUDIOALG: asyncProcess : waiting...
06-08 20:06:13.676 3140 20207 I Node : dolby-audio-meter, AdapterPcmSystem adapter audio meter: channel 0; audio level: 0.000
06-08 20:06:13.676 3140 20207 I Node : dolby-audio-meter, AdapterPcmSystem adapter audio meter: channel 1; audio level: 0.000
06-08 20:06:13.676 3140 20207 I RendererNode: dolby-audio-meter, Renderer renderer audio meter: channel 0; audio level: 0.000
06-08 20:06:13.676 3140 20207 I RendererNode: dolby-audio-meter, Renderer renderer audio meter: channel 1; audio level: 0.000
06-08 20:06:13.676 3140 20207 I RendererNode: dolby-audio-meter, Renderer renderer audio meter: channel 2; audio level: 0.000
06-08 20:06:13.676 3140 20207 I RendererNode: dolby-audio-meter, Renderer renderer audio meter: channel 3; audio level: 0.000
06-08 20:06:13.676 3140 20207 I RendererNode: dolby-audio-meter, Renderer renderer audio meter: channel 4; audio level: 0.000
06-08 20:06:13.676 3140 20207 I RendererNode: dolby-audio-meter, Renderer renderer audio meter: channel 5; audio level: 0.000
06-08 20:06:13.676 3140 20207 I Node : dolby-audio-meter, AdapterPcmOut adapter audio meter: channel 0; audio level: 0.000
06-08 20:06:13.676 3140 20207 I Node : dolby-audio-meter, AdapterPcmOut adapter audio meter: channel 1; audio level: 0.000
06-08 20:06:14.654 3140 3332 I AUDIOALG: asyncProcess : process @@@
06-08 20:06:14.657 3140 3332 I AUDIOALG: RefDlyEstimation: maxRxy 0.000000 maxPos 0
06-08 20:06:14.657 3140 3332 I AUDIOALG: asyncProcess : waiting...
06-08 20:06:16.132 3883 5185 I SPCH-SIM_PowerManagerWrapper: releaseWakeLockIfHeld isHeld=false
06-08 20:06:16.669 3195 3256 E storaged: getDiskStats failed with result NOT_SUPPORTED and size 0
06-08 20:06:16.702 3140 3332 I AUDIOALG: asyncProcess : process @@@
06-08 20:06:16.704 3140 3332 I AUDIOALG: RefDlyEstimation: maxRxy 0.000000 maxPos 0
06-08 20:06:16.704 3140 3332 I AUDIOALG: asyncProcess : waiting...
06-08 20:06:18.730 3370 3460 W BestClock: java.time.DateTimeException: Missing NTP fix
06-08 20:06:18.747 20034 20034 D SyncProgramsJobService: onStartJob(): android.app.job.JobParameters@c3e7568
06-08 20:06:18.747 7165 7165 I LineupJobService: Starting job to push lineup
06-08 20:06:18.747 20034 20034 D SyncProgramsJobService: onStartJob(): Scheduling syncing for programs for channel 9
06-08 20:06:18.747 7165 7165 I LineupJobService: Starting a job with pending stations for allPendingStations
06-08 20:06:18.749 7165 20701 D AmzGuideDownloader: block thread for future buckets fetching? true
06-08 20:06:18.751 7165 20701 V AmzGuideDownloader: Bucket present, skipping 2021-06-08-amzn1.p11cat.station.804c911a-b47d-5300-8d6a-ef8350e8b9ae
06-08 20:06:18.751 3140 3332 I AUDIOALG: asyncProcess : process @@@
06-08 20:06:18.752 7165 20701 V AmzGuideDownloader: Bucket present, skipping 2021-06-09-amzn1.p11cat.station.804c911a-b47d-5300-8d6a-ef8350e8b9ae
06-08 20:06:18.754 3140 3332 I AUDIOALG: RefDlyEstimation: maxRxy 0.000000 maxPos 0
06-08 20:06:18.754 3140 3332 I AUDIOALG: asyncProcess : waiting...
06-08 20:06:18.759 7165 20701 D ProgramLineupPusher: program or station is null or recording is not allowed while building context menu for On Now Row
06-08 20:06:18.760 7165 20701 W ProviderManager: Logo for inputId: de.prosiebensat1digital.seventv/.launcher.utils.LiveTvInputService could not be found
06-08 20:06:18.771 7165 20701 D ProgramLineupPusher: program or station is null or recording is not allowed while building context menu for On Now Row
06-08 20:06:18.771 7165 20701 W ProviderManager: Logo for inputId: de.prosiebensat1digital.seventv/.launcher.utils.LiveTvInputService could not be found
06-08 20:06:18.773 3370 3460 W BestClock: java.time.DateTimeException: Missing NTP fix
06-08 20:06:18.774 3370 3461 W BestClock: java.time.DateTimeException: Missing NTP fix
06-08 20:06:18.775 20034 20702 D SyncProgramsJobService: Sync programs for channel: 9
06-08 20:06:18.777 7165 20701 D ProgramLineupPusher: program or station is null or recording is not allowed while building context menu for On Now Row
06-08 20:06:18.777 7165 20701 W ProviderManager: Logo for inputId: de.prosiebensat1digital.seventv/.launcher.utils.LiveTvInputService could not be found
06-08 20:06:18.778 3906 3906 I TComm.HeartbeatBroadcas: onReceive - received intent; Intent { act=com.amazon.intent.action.NOS_DATA_TRANSFER typ=199076139 flg=0x14 cmp=com.amazon.tcomm/com.amazon.communication.heartbeat.HeartbeatBroadcastReceiver (has extras) }
06-08 20:06:18.778 3906 3906 I TComm.HeartbeatConnecti: onHeartbeatNotification - time to heartbeat; attribute: DEFAULT, registrationId: 199076139
06-08 20:06:18.779 7594 7594 I ADM : [ADM][D2SM]Received Intent: Intent { act=com.amazon.dcp.messaging.action.SCHEDULE_FLUSH cmp=com.amazon.device.messaging/.OdotService } startId: 1
06-08 20:06:18.780 3906 3906 I TComm.HeartbeatConnecti: getSocketToHeartbeat - active socket found; registrationId: 199076139, socketHeartbeatState: SocketHeartbeatState: socket: {1: wss://dp-gw-na.amazon.com:443/tcomm/}(TUNING_FINISHED) Purpose:Regular; Attributes: SECURE;REUSABLE;, socket hashCode: 131356350, idleTimeBeforeHeartbeat: 0, heartbeatResponseReceived: false, heartbeatAttempts: 0, heartbeatState: mHid: ConservativeHID: lastKnownGoodIntervalMillis: 115000, mRegistrationId: 199076139, mIsHeartbeatPaused: true
06-08 20:06:18.780 7165 20701 D ProgramLineupPusher: program or station is null or recording is not allowed while building context menu for On Now Row
06-08 20:06:18.782 7165 20701 W ProviderManager: Logo for inputId: de.prosiebensat1digital.seventv/.launcher.utils.LiveTvInputService could not be found
06-08 20:06:18.784 3906 3906 I TComm.WakeLockImpl: acquire - acquire WakeLock; refCount: 1, tag: TComm.HeartbeatConnectionHealthManager, lock: WakeLock{4cddd81 held=true, refCount=1}
06-08 20:06:18.784 3906 4558 I TComm.HeartbeatConnecti: run - begin health check; registrationId: 199076139
06-08 20:06:18.784 7165 20701 D ProgramLineupPusher: program or station is null or recording is not allowed while building context menu for On Now Row
06-08 20:06:18.784 7165 20701 W ProviderManager: Logo for inputId: de.prosiebensat1digital.seventv/.launcher.utils.LiveTvInputService could not be found
06-08 20:06:18.785 3906 4558 I TComm.HeartbeatConnecti: getSocketToHeartbeat - active socket found; registrationId: 199076139, socketHeartbeatState: SocketHeartbeatState: socket: {1: wss://dp-gw-na.amazon.com:443/tcomm/}(TUNING_FINISHED) Purpose:Regular; Attributes: SECURE;REUSABLE;, socket hashCode: 131356350, idleTimeBeforeHeartbeat: 0, heartbeatResponseReceived: false, heartbeatAttempts: 0, heartbeatState: mHid: ConservativeHID: lastKnownGoodIntervalMillis: 115000, mRegistrationId: 199076139, mIsHeartbeatPaused: true
06-08 20:06:18.799 3906 4558 I TComm.HeartbeatConnecti: enqueueScheduleHeartbeatNotification - enqueue task; SocketHeartbeatState: socket: {1: wss://dp-gw-na.amazon.com:443/tcomm/}(TUNING_FINISHED) Purpose:Regular; Attributes: SECURE;REUSABLE;, socket hashCode: 131356350, idleTimeBeforeHeartbeat: 0, heartbeatResponseReceived: false, heartbeatAttempts: 0, heartbeatState: mHid: ConservativeHID: lastKnownGoodIntervalMillis: 115000, mRegistrationId: 199076139, mIsHeartbeatPaused: true: SocketHeartbeatState: socket: {1: wss://dp-gw-na.amazon.com:443/tcomm/}(TUNING_FINISHED) Purpose:Regular; Attributes: SECURE;REUSABLE;, socket hashCode: 131356350, idleTimeBeforeHeartbeat: 0, heartbeatResponseReceived: false, heartbeatAttempts: 0, heartbeatState: mHid: ConservativeHID: lastKnownGoodIntervalMillis: 115000, mRegistrationId: 199076139, mIsHeartbeatPaused: true
06-08 20:06:18.800 3906 4558 I TComm.WakeLockImpl: acquire - acquire WakeLock; refCount: 2, tag: TComm.HeartbeatConnectionHealthManager, lock: WakeLock{4cddd81 held=true, refCount=2}
06-08 20:06:18.802 3906 4558 I TComm.WakeLockImpl: acquire - acquire WakeLock; refCount: 3, tag: TComm.HeartbeatConnectionHealthManager, lock: WakeLock{4cddd81 held=true, refCount=3}
06-08 20:06:18.802 3906 4558 I TComm.WakeLockImpl: release - release WakeLock; refCount: 2, duration: 0, tag: TComm.HeartbeatConnectionHealthManager, lock: WakeLock{4cddd81 held=true, refCount=2}
06-08 20:06:18.806 7165 20701 D ProgramLineupPusher: program or station is null or recording is not allowed while building context menu for On Now Row
06-08 20:06:18.807 3906 4558 I TComm.HeartbeatConnecti: run - schedule heartbeat; registrationId: 199076139, intervalMin: 100000, intervalMax: 115000, socketInfo: SocketHeartbeatState: socket: {1: wss://dp-gw-na.amazon.com:443/tcomm/}(TUNING_FINISHED) Purpose:Regular; Attributes: SECURE;REUSABLE;, socket hashCode: 131356350, idleTimeBeforeHeartbeat: 0, heartbeatResponseReceived: false, heartbeatAttempts: 0, heartbeatState: mHid: ConservativeHID: lastKnownGoodIntervalMillis: 115000, mRegistrationId: 199076139, mIsHeartbeatPaused: true
06-08 20:06:18.807 7165 20701 W ProviderManager: Logo for inputId: de.prosiebensat1digital.seventv/.launcher.utils.LiveTvInputService could not be found
06-08 20:06:18.807 3370 3390 I ActivityManager: Start proc 20704:com.android.providers.tv/u0a108 for content provider com.android.providers.tv/.TvProvider
06-08 20:06:18.809 7165 20701 D ProgramLineupPusher: program or station is null or recording is not allowed while building context menu for On Now Row
06-08 20:06:18.809 7165 20701 W ProviderManager: Logo for inputId: de.prosiebensat1digital.seventv/.launcher.utils.LiveTvInputService could not be found
06-08 20:06:18.810 3906 4558 I GenericNetworkOptimizationManagerImpl: Setting inexact alarm: delay=100000, length=15000
06-08 20:06:18.811 3906 4558 D GenericNetworkOptimizationManagerImpl: Registered: ComponentInfo{com.amazon.tcomm/com.amazon.communication.heartbeat.HeartbeatBroadcastReceiver}; Registration ID: 199076139; Data Size KB: 1; Min Delay Millis: 100000; Max Delay Millis: 115000; Repeat Interval Millis: 0; Mobile?: true; WIFI?: true; Roaming?: falseRequire Charing?: falseRequire Device Idle?: false
06-08 20:06:18.813 3906 4558 I TComm.WakeLockImpl: release - release WakeLock; refCount: 1, duration: 0, tag: TComm.HeartbeatConnectionHealthManager, lock: WakeLock{4cddd81 held=true, refCount=1}
06-08 20:06:18.813 7594 20703 I ADM : [ADM][D2SM][Schedule]Schedule Flush: Nothing to flush, cancelling alarm
06-08 20:06:18.826 3906 4558 I TComm.HeartbeatConnecti: run - sending heartbeat; socketHeartbeatState: SocketHeartbeatState: socket: {1: wss://dp-gw-na.amazon.com:443/tcomm/}(TUNING_FINISHED) Purpose:Regular; Attributes: SECURE;REUSABLE;, socket hashCode: 131356350, idleTimeBeforeHeartbeat: 0, heartbeatResponseReceived: false, heartbeatAttempts: 0, heartbeatState: mHid: ConservativeHID: lastKnownGoodIntervalMillis: 115000, mRegistrationId: 199076139, mIsHeartbeatPaused: true
06-08 20:06:18.827 20704 20704 E id.providers.t: Not starting debugger since process cannot load the jdwp agent.
06-08 20:06:18.828 3906 4558 I TComm.WakeLockImpl: acquire - acquire WakeLock; refCount: 1, tag: TComm.WorkExecutor, lock: WakeLock{e5a016d held=true, refCount=1}
06-08 20:06:18.830 3906 4359 I TComm.WakeLockImpl: release - release WakeLock; refCount: 0, duration: 0, tag: TComm.WorkExecutor, lock: WakeLock{e5a016d held=false, refCount=0}
06-08 20:06:18.831 3906 4558 I TComm.WakeLockImpl: acquire - acquire WakeLock; refCount: 2, tag: TComm.HeartbeatConnectionHealthManager, lock: WakeLock{4cddd81 held=true, refCount=2}
06-08 20:06:18.831 3906 4558 I TComm.WakeLockImpl: release - release WakeLock; refCount: 1, duration: 0, tag: TComm.HeartbeatConnectionHealthManager, lock: WakeLock{4cddd81 held=true, refCount=1}
06-08 20:06:18.834 7165 20701 D ProgramLineupPusher: program or station is null or recording is not allowed while building context menu for On Now Row
06-08 20:06:18.834 7165 20701 W ProviderManager: Logo for inputId: de.prosiebensat1digital.seventv/.launcher.utils.LiveTvInputService could not be found
06-08 20:06:18.835 7165 20701 E ActivityThread: Failed to find provider info for com.amazon.tv.launcher.livetv
06-08 20:06:18.836 7165 20701 I LineupJobService: Sync failed, stations pending = 63. Rescheduling and saving to allPendingStations
06-08 20:06:18.922 20034 20702 D SyncProgramsJobService: Suggestion channel is browsable: 9
06-08 20:06:18.949 20034 20702 D SyncProgramsJobService: Deleted 6 programs for channel 9
06-08 20:06:18.973 3906 4194 I TComm.WakeLockImpl: acquire - acquire WakeLock; refCount: 1, tag: TComm.WorkExecutor, lock: WakeLock{e5a016d held=true, refCount=1}
06-08 20:06:18.974 3906 4359 I TComm.HeartbeatConnecti: onHeartbeatReceived - response received; registrationId: 199076139, destination: urn:tcomm-endpoint:service:serviceName:DPGatewayService, socketHashCode: 131356350
06-08 20:06:18.975 3906 4359 I TComm.WakeLockImpl: release - release WakeLock; refCount: 0, duration: 0, tag: TComm.HeartbeatConnectionHealthManager, lock: WakeLock{4cddd81 held=false, refCount=0}
06-08 20:06:18.979 3906 4359 I TComm.WakeLockImpl: acquire - acquire WakeLock; refCount: 1, tag: TComm.HeartbeatConnectionHealthManager, lock: WakeLock{4cddd81 held=true, refCount=1}
06-08 20:06:18.981 3906 4558 I TComm.HeartbeatConnecti: run - finish health check; socketHeartbeatState: SocketHeartbeatState: socket: {1: wss://dp-gw-na.amazon.com:443/tcomm/}(TUNING_FINISHED) Purpose:Regular; Attributes: SECURE;REUSABLE;, socket hashCode: 131356350, idleTimeBeforeHeartbeat: 100122, heartbeatResponseReceived: true, heartbeatAttempts: 1, heartbeatState: mHid: ConservativeHID: lastKnownGoodIntervalMillis: 115000, mRegistrationId: 199076139, mIsHeartbeatPaused: true
06-08 20:06:18.981 3906 4359 I TComm.WakeLockImpl: release - release WakeLock; refCount: 0, duration: 0, tag: TComm.WorkExecutor, lock: WakeLock{e5a016d held=false, refCount=0}
06-08 20:06:18.984 3906 4558 I TComm.HeartbeatConnecti: enqueueScheduleHeartbeatNotification - enqueue task; SocketHeartbeatState: socket: {1: wss://dp-gw-na.amazon.com:443/tcomm/}(TUNING_FINISHED) Purpose:Regular; Attributes: SECURE;REUSABLE;, socket hashCode: 131356350, idleTimeBeforeHeartbeat: 100122, heartbeatResponseReceived: true, heartbeatAttempts: 1, heartbeatState: mHid: ConservativeHID: lastKnownGoodIntervalMillis: 115000, mRegistrationId: 199076139, mIsHeartbeatPaused: true: SocketHeartbeatState: socket: {1: wss://dp-gw-na.amazon.com:443/tcomm/}(TUNING_FINISHED) Purpose:Regular; Attributes: SECURE;REUSABLE;, socket hashCode: 131356350, idleTimeBeforeHeartbeat: 100122, heartbeatResponseReceived: true, heartbeatAttempts: 1, heartbeatState: mHid: ConservativeHID: lastKnownGoodIntervalMillis: 115000, mRegistrationId: 199076139, mIsHeartbeatPaused: true
06-08 20:06:18.984 3906 4558 I TComm.WakeLockImpl: acquire - acquire WakeLock; refCount: 2, tag: TComm.HeartbeatConnectionHealthManager, lock: WakeLock{4cddd81 held=true, refCount=2}
06-08 20:06:18.984 3906 4558 I TComm.WakeLockImpl: release - release WakeLock; refCount: 1, duration: 0, tag: TComm.HeartbeatConnectionHealthManager, lock: WakeLock{4cddd81 held=true, refCount=1}
06-08 20:06:18.998 3906 4558 I TComm.HeartbeatConnecti: run - schedule heartbeat; registrationId: 199076139, intervalMin: 100000, intervalMax: 115000, socketInfo: SocketHeartbeatState: socket: {1: wss://dp-gw-na.amazon.com:443/tcomm/}(TUNING_FINISHED) Purpose:Regular; Attributes: SECURE;REUSABLE;, socket hashCode: 131356350, idleTimeBeforeHeartbeat: 100122, heartbeatResponseReceived: true, heartbeatAttempts: 1, heartbeatState: mHid: ConservativeHID: lastKnownGoodIntervalMillis: 115000, mRegistrationId: 199076139, mIsHeartbeatPaused: true
06-08 20:06:18.999 3906 4558 I GenericNetworkOptimizationManagerImpl: Setting inexact alarm: delay=100000, length=15000
06-08 20:06:19.000 3906 4558 D GenericNetworkOptimizationManagerImpl: Registered: ComponentInfo{com.amazon.tcomm/com.amazon.communication.heartbeat.HeartbeatBroadcastReceiver}; Registration ID: 199076139; Data Size KB: 1; Min Delay Millis: 100000; Max Delay Millis: 115000; Repeat Interval Millis: 0; Mobile?: true; WIFI?: true; Roaming?: falseRequire Charing?: falseRequire Device Idle?: false
06-08 20:06:19.002 3906 4558 I TComm.WakeLockImpl: release - release WakeLock; refCount: 0, duration: 0, tag: TComm.HeartbeatConnectionHealthManager, lock: WakeLock{4cddd81 held=false, refCount=0}
06-08 20:06:19.084 20034 20702 D Kodi : 2021-06-08 20:06:19.084 T:20702 DEBUG : GetAlbumsByWhereJSON query: SELECT albumview.idAlbum, strAlbum, strArtists FROM albumview WHERE albumview.strReleaseType = 'album' ORDER BY RANDOM() DESC LIMIT 3
06-08 20:06:19.085 20034 20702 D Kodi : 2021-06-08 20:06:19.085 T:20702 DEBUG : GetAlbumsByWhereJSON - query took 1 ms
06-08 20:06:19.106 20034 20702 D SyncProgramsJobService: Inserted new program: 7572
06-08 20:06:19.109 20034 20702 D SyncProgramsJobService: Inserted new program: 7573
06-08 20:06:19.113 20034 20702 D SyncProgramsJobService: Inserted new program: 7574
06-08 20:06:19.120 20034 20702 D SyncProgramsJobService: Inserted new program: 7575
06-08 20:06:19.129 20034 20702 D SyncProgramsJobService: Inserted new program: 7576
06-08 20:06:19.133 20034 20702 D SyncProgramsJobService: Inserted new program: 7577
06-08 20:06:19.332 3584 3584 D LiveTvObserver: Detected change in preview programs
06-08 20:06:19.333 3584 3584 W ContextImpl: Calling a method in the system process without a qualified user: android.app.ContextImpl.sendBroadcast:1056 android.content.ContextWrapper.sendBroadcast:449 com.amazon.tifobserver.LiveTvObserver.broadcastPreviewProgramsChange:166 com.amazon.tifobserver.LiveTvObserver.access$400:17 com.amazon.tifobserver.LiveTvObserver$4.run:128
06-08 20:06:19.342 7165 7165 I PPChangedReceiver: Received preview program changed broadcast
06-08 20:06:19.342 7165 7165 D PPSyncService: schedule job to sync preview program table
06-08 20:06:19.350 7165 7165 D PPSyncService: No on-going job is scheduled
06-08 20:06:19.351 7165 20722 I PreviewProgramsSync: Preview Content Sync triggered
06-08 20:06:19.364 7165 20722 W PreviewProgramLoader: Preview channel is not whitelisted org.xbmc.kodi
06-08 20:06:19.366 7165 20722 I PreviewProgramsSync: PreviewProgram Sync finished. added 0 updated 0 removed 0
06-08 20:06:19.856 7594 7594 I ADM : [ADM][D2SM]Queues are not busy, stopping: 1
06-08 20:06:20.799 3140 3332 I AUDIOALG: asyncProcess : process @@@
06-08 20:06:20.803 3140 3332 I AUDIOALG: RefDlyEstimation: maxRxy 0.000000 maxPos 0
06-08 20:06:20.803 3140 3332 I AUDIOALG: asyncProcess : waiting...
06-08 20:06:21.534 3883 20524 I Vizzini_2.0.11122.0:HealthLogger: Current State = {"AlexaCaptionsEnabled":"false","Account":"valid","ProfileValidated":"true","AlexaCaptionsSupported":"true","memoryTotalPss":"89829","DeviceFamily":"WAKEWORD","memoryTotalSharedDirty":"6208","WakewordDetector":"disabled","InstaHintsSyncTime":"2021-06-08 17:35:22","ReleaseVersion":"634.0.0","AlexaLegalTermsAccepted":"true","AppVersion":"2.0.11122.0","AlexaExperience":"FULL","SupportsFarField":"true","memoryAvailable":"655069184","Gateway":"avs-alexa-6-eu.amazon.com:443","memoryLow":"false","ConnectionState":"CONNECTED","OOBECompleted":"true","memoryTotalPrivateDirty":"59020","WakeWord":"SET"}
06-08 20:06:21.534 3883 20524 I DeviceEvent: CSMSIM#device_event_contract#0#1.0
06-08 20:06:22.846 3140 3332 I AUDIOALG: asyncProcess : process @@@
06-08 20:06:22.848 3140 3332 I AUDIOALG: RefDlyEstimation: maxRxy 0.000000 maxPos 0
06-08 20:06:22.848 3140 3332 I AUDIOALG: asyncProcess : waiting...
06-08 20:06:23.702 3140 20207 I Node : dolby-audio-meter, AdapterPcmSystem adapter audio meter: channel 0; audio level: 0.000
06-08 20:06:23.702 3140 20207 I Node : dolby-audio-meter, AdapterPcmSystem adapter audio meter: channel 1; audio level: 0.000
06-08 20:06:23.702 3140 20207 I RendererNode: dolby-audio-meter, Renderer renderer audio meter: channel 0; audio level: 0.000
06-08 20:06:23.702 3140 20207 I RendererNode: dolby-audio-meter, Renderer renderer audio meter: channel 1; audio level: 0.000
06-08 20:06:23.702 3140 20207 I RendererNode: dolby-audio-meter, Renderer renderer audio meter: channel 2; audio level: 0.000
06-08 20:06:23.702 3140 20207 I RendererNode: dolby-audio-meter, Renderer renderer audio meter: channel 3; audio level: 0.000
06-08 20:06:23.702 3140 20207 I RendererNode: dolby-audio-meter, Renderer renderer audio meter: channel 4; audio level: 0.000
06-08 20:06:23.702 3140 20207 I RendererNode: dolby-audio-meter, Renderer renderer audio meter: channel 5; audio level: 0.000
06-08 20:06:23.702 3140 20207 I Node : dolby-audio-meter, AdapterPcmOut adapter audio meter: channel 0; audio level: 0.000
06-08 20:06:23.702 3140 20207 I Node : dolby-audio-meter, AdapterPcmOut adapter audio meter: channel 1; audio level: 0.000
06-08 20:06:24.894 3140 3332 I AUDIOALG: asyncProcess : process @@@
06-08 20:06:24.896 3140 3332 I AUDIOALG: RefDlyEstimation: maxRxy 0.000000 maxPos 0
06-08 20:06:24.896 3140 3332 I AUDIOALG: asyncProcess : waiting...
06-08 20:06:26.947 3140 3332 I AUDIOALG: asyncProcess : process @@@
06-08 20:06:26.949 3140 3332 I AUDIOALG: RefDlyEstimation: maxRxy 0.000000 maxPos 0
06-08 20:06:26.949 3140 3332 I AUDIOALG: asyncProcess : waiting...
06-08 20:06:28.993 3140 3332 I AUDIOALG: asyncProcess : process @@@
06-08 20:06:28.996 3140 3332 I AUDIOALG: RefDlyEstimation: maxRxy 0.000000 maxPos 0
06-08 20:06:28.996 3140 3332 I AUDIOALG: asyncProcess : waiting...
06-08 20:06:31.039 3140 3332 I AUDIOALG: asyncProcess : process @@@
06-08 20:06:31.041 3140 3332 I AUDIOALG: RefDlyEstimation: maxRxy 0.000000 maxPos 0
06-08 20:06:31.041 3140 3332 I AUDIOALG: asyncProcess : waiting...
06-08 20:06:33.086 3140 3332 I AUDIOALG: asyncProcess : process @@@
06-08 20:06:33.088 3140 3332 I AUDIOALG: RefDlyEstimation: maxRxy 0.000000 maxPos 0
06-08 20:06:33.088 3140 3332 I AUDIOALG: asyncProcess : waiting...
06-08 20:06:33.707 3140 20207 I Node : dolby-audio-meter, AdapterPcmSystem adapter audio meter: channel 0; audio level: 0.000
06-08 20:06:33.707 3140 20207 I Node : dolby-audio-meter, AdapterPcmSystem adapter audio meter: channel 1; audio level: 0.000
06-08 20:06:33.707 3140 20207 I RendererNode: dolby-audio-meter, Renderer renderer audio meter: channel 0; audio level: 0.000
06-08 20:06:33.707 3140 20207 I RendererNode: dolby-audio-meter, Renderer renderer audio meter: channel 1; audio level: 0.000
06-08 20:06:33.707 3140 20207 I RendererNode: dolby-audio-meter, Renderer renderer audio meter: channel 2; audio level: 0.000
06-08 20:06:33.707 3140 20207 I RendererNode: dolby-audio-meter, Renderer renderer audio meter: channel 3; audio level: 0.000
06-08 20:06:33.707 3140 20207 I RendererNode: dolby-audio-meter, Renderer renderer audio meter: channel 4; audio level: 0.000
06-08 20:06:33.707 3140 20207 I RendererNode: dolby-audio-meter, Renderer renderer audio meter: channel 5; audio level: 0.000
06-08 20:06:33.707 3140 20207 I Node : dolby-audio-meter, AdapterPcmOut adapter audio meter: channel 0; audio level: 0.000
06-08 20:06:33.707 3140 20207 I Node : dolby-audio-meter, AdapterPcmOut adapter audio meter: channel 1; audio level: 0.000
06-08 20:06:35.134 3140 3332 I AUDIOALG: asyncProcess : process @@@
06-08 20:06:35.136 3140 3332 I AUDIOALG: RefDlyEstimation: maxRxy 0.000000 maxPos 0
06-08 20:06:35.136 3140 3332 I AUDIOALG: asyncProcess : waiting...
06-08 20:06:36.095 3370 3460 W BestClock: java.time.DateTimeException: Missing NTP fix
06-08 20:06:36.123 3370 3460 W BestClock: java.time.DateTimeException: Missing NTP fix
06-08 20:06:36.125 3370 3461 W BestClock: java.time.DateTimeException: Missing NTP fix
06-08 20:06:37.182 3140 3332 I AUDIOALG: asyncProcess : process @@@
06-08 20:06:37.185 3140 3332 I AUDIOALG: RefDlyEstimation: maxRxy 0.000000 maxPos 0
06-08 20:06:37.185 3140 3332 I AUDIOALG: asyncProcess : waiting...
06-08 20:06:38.424 3176 3176 I adbd : Calling send_auth_request...
06-08 20:06:38.441 3176 3176 I adbd : Loading keys from /data/misc/adb/adb_keys
06-08 20:06:38.444 3176 3176 I adbd : adb client authorized
06-08 20:06:39.230 3140 3332 I AUDIOALG: asyncProcess : process @@@
06-08 20:06:39.232 3140 3332 I AUDIOALG: RefDlyEstimation: maxRxy 0.000000 maxPos 0
06-08 20:06:39.232 3140 3332 I AUDIOALG: asyncProcess : waiting...
06-08 20:06:41.283 3140 3332 I AUDIOALG: asyncProcess : process @@@
06-08 20:06:41.285 3140 3332 I AUDIOALG: RefDlyEstimation: maxRxy 0.000000 maxPos 0
06-08 20:06:41.285 3140 3332 I AUDIOALG: asyncProcess : waiting...
06-08 20:06:43.328 3140 3332 I AUDIOALG: asyncProcess : process @@@
06-08 20:06:43.331 3140 3332 I AUDIOALG: RefDlyEstimation: maxRxy 0.000000 maxPos 0
06-08 20:06:43.331 3140 3332 I AUDIOALG: asyncProcess : waiting...
06-08 20:06:43.732 3140 20207 I Node : dolby-audio-meter, AdapterPcmSystem adapter audio meter: channel 0; audio level: 0.000
06-08 20:06:43.733 3140 20207 I Node : dolby-audio-meter, AdapterPcmSystem adapter audio meter: channel 1; audio level: 0.000
06-08 20:06:43.733 3140 20207 I RendererNode: dolby-audio-meter, Renderer renderer audio meter: channel 0; audio level: 0.000
06-08 20:06:43.733 3140 20207 I RendererNode: dolby-audio-meter, Renderer renderer audio meter: channel 1; audio level: 0.000
06-08 20:06:43.733 3140 20207 I RendererNode: dolby-audio-meter, Renderer renderer audio meter: channel 2; audio level: 0.000
06-08 20:06:43.733 3140 20207 I RendererNode: dolby-audio-meter, Renderer renderer audio meter: channel 3; audio level: 0.000
06-08 20:06:43.733 3140 20207 I RendererNode: dolby-audio-meter, Renderer renderer audio meter: channel 4; audio level: 0.000
06-08 20:06:43.733 3140 20207 I RendererNode: dolby-audio-meter, Renderer renderer audio meter: channel 5; audio level: 0.000
06-08 20:06:43.733 3140 20207 I Node : dolby-audio-meter, AdapterPcmOut adapter audio meter: channel 0; audio level: 0.000
06-08 20:06:43.733 3140 20207 I Node : dolby-audio-meter, AdapterPcmOut adapter audio meter: channel 1; audio level: 0.000
06-08 20:06:45.377 3140 3332 I AUDIOALG: asyncProcess : process @@@
06-08 20:06:45.384 3140 3332 I AUDIOALG: RefDlyEstimation: maxRxy 0.000000 maxPos 0
06-08 20:06:45.384 3140 3332 I AUDIOALG: asyncProcess : waiting...
06-08 20:06:46.025 3969 8495 I whad : TimeSyncClient:clientThread:totalStats:sent=23515,recvdOnTime=23515,lateOrDuplicate=0,slots=829,emptySlots=0,activeSec=955,elapsedSec=9000
06-08 20:06:46.025 3969 8495 I whad : TimeSyncClient:clientThread:recentStats:sent=1773,recvdOnTime=1773,lateOrDuplicate=0,slots=60,emptySlots=0,activeSec=72,elapsedSec=900
06-08 20:06:46.025 3969 8495 I whad : TimeSyncClient:clientThread:recentRoundTripsMs: [0,50):1773, avg:4, min:2, max:20
06-08 20:06:47.422 3140 3332 I AUDIOALG: asyncProcess : process @@@
06-08 20:06:47.425 3140 3332 I AUDIOALG: RefDlyEstimation: maxRxy 0.000000 maxPos 0
06-08 20:06:47.425 3140 3332 I AUDIOALG: asyncProcess : waiting...
06-08 20:06:49.192 20034 20702 V XBMC : detaching thread
06-08 20:06:49.472 3140 3332 I AUDIOALG: asyncProcess : process @@@
06-08 20:06:49.474 3140 3332 I AUDIOALG: RefDlyEstimation: maxRxy 0.000000 maxPos 0
06-08 20:06:49.474 3140 3332 I AUDIOALG: asyncProcess : waiting...
06-08 20:06:50.017 3969 20730 I whad : Device:sendHeartBeat:seq=900,remote=XX02F2,roundTripMs=16,masterXmitTimestamp=604836097943584,slaveRecvTimestamp=604836102609923,slaveXmitTimestamp=604836103030230,masterRcvTimestamp=604836114399598,highNetworkLatency=0
06-08 20:06:51.519 3140 3332 I AUDIOALG: asyncProcess : process @@@
06-08 20:06:51.523 3140 3332 I AUDIOALG: RefDlyEstimation: maxRxy 0.000000 maxPos 0
06-08 20:06:51.523 3140 3332 I AUDIOALG: asyncProcess : waiting...
06-08 20:06:52.849 3370 3460 W BestClock: java.time.DateTimeException: Missing NTP fix
06-08 20:06:52.874 3370 3460 W BestClock: java.time.DateTimeException: Missing NTP fix
06-08 20:06:52.875 3370 3461 W BestClock: java.time.DateTimeException: Missing NTP fix
06-08 20:06:53.568 3140 3332 I AUDIOALG: asyncProcess : process @@@
06-08 20:06:53.570 3140 3332 I AUDIOALG: RefDlyEstimation: maxRxy 0.000000 maxPos 0
06-08 20:06:53.570 3140 3332 I AUDIOALG: asyncProcess : waiting...
06-08 20:06:53.738 3140 20207 I Node : dolby-audio-meter, AdapterPcmSystem adapter audio meter: channel 0; audio level: 0.000
06-08 20:06:53.738 3140 20207 I Node : dolby-audio-meter, AdapterPcmSystem adapter audio meter: channel 1; audio level: 0.000
06-08 20:06:53.738 3140 20207 I RendererNode: dolby-audio-meter, Renderer renderer audio meter: channel 0; audio level: 0.000
06-08 20:06:53.738 3140 20207 I RendererNode: dolby-audio-meter, Renderer renderer audio meter: channel 1; audio level: 0.000
06-08 20:06:53.738 3140 20207 I RendererNode: dolby-audio-meter, Renderer renderer audio meter: channel 2; audio level: 0.000
06-08 20:06:53.738 3140 20207 I RendererNode: dolby-audio-meter, Renderer renderer audio meter: channel 3; audio level: 0.000
06-08 20:06:53.738 3140 20207 I RendererNode: dolby-audio-meter, Renderer renderer audio meter: channel 4; audio level: 0.000
06-08 20:06:53.738 3140 20207 I RendererNode: dolby-audio-meter, Renderer renderer audio meter: channel 5; audio level: 0.000
06-08 20:06:53.738 3140 20207 I Node : dolby-audio-meter, AdapterPcmOut adapter audio meter: channel 0; audio level: 0.000
06-08 20:06:53.738 3140 20207 I Node : dolby-audio-meter, AdapterPcmOut adapter audio meter: channel 1; audio level: 0.000
