06-08 18:26:16.463 3195 3256 E storaged: getDiskStats failed with result NOT_SUPPORTED and size 0
06-08 18:26:49.981 7165 12876 E ActivityThread: Failed to find provider info for com.amazon.tv.launcher.livetv
06-08 18:27:16.464 3195 3256 E storaged: getDiskStats failed with result NOT_SUPPORTED and size 0
06-08 18:28:03.066 3370 3477 I chatty : uid=1000(system) HwBinder:3370_2 expire 6 lines
06-08 18:28:16.464 3195 3256 E storaged: getDiskStats failed with result NOT_SUPPORTED and size 0
06-08 18:29:16.464 3195 3256 E storaged: getDiskStats failed with result NOT_SUPPORTED and size 0
06-08 18:29:31.901 3370 3390 I chatty : uid=1000(system) ActivityManager expire 3 lines
06-08 18:29:33.050 10474 13185 E ActivityThread: Failed to find provider info for com.amazon.firecard.deviceagent.provider
06-08 18:29:33.067 3370 3964 I chatty : uid=1000(system) Binder:3370_8 expire 2 lines
06-08 18:29:33.085 3370 4351 I chatty : uid=1000(system) Binder:3370_D expire 1 line
06-08 18:29:33.086 3370 3564 I chatty : uid=1000(system) Binder:3370_3 expire 2 lines
06-08 18:29:33.090 3370 4355 I chatty : uid=1000(system) Binder:3370_10 expire 2 lines
06-08 18:29:33.094 10474 10474 E ActivityThread: Service com.amazon.firecard.producer.ProducerActionService has leaked ServiceConnection com.amazon.firecard.utility.service.ServiceConnector@105e31d that was originally bound here
06-08 18:29:33.094 10474 10474 E ActivityThread: android.app.ServiceConnectionLeaked: Service com.amazon.firecard.producer.ProducerActionService has leaked ServiceConnection com.amazon.firecard.utility.service.ServiceConnector@105e31d that was originally bound here
06-08 18:29:33.094 10474 10474 E ActivityThread: at android.app.LoadedApk$ServiceDispatcher.(LoadedApk.java:1628)
06-08 18:29:33.094 10474 10474 E ActivityThread: at android.app.LoadedApk.getServiceDispatcher(LoadedApk.java:1520)
06-08 18:29:33.094 10474 10474 E ActivityThread: at android.app.ContextImpl.bindServiceCommon(ContextImpl.java:1695)
06-08 18:29:33.094 10474 10474 E ActivityThread: at android.app.ContextImpl.bindService(ContextImpl.java:1648)
06-08 18:29:33.094 10474 10474 E ActivityThread: at android.content.ContextWrapper.bindService(ContextWrapper.java:698)
06-08 18:29:33.094 10474 10474 E ActivityThread: at com.amazon.firecard.utility.service.DefaultServiceBinder.bindService(DefaultServiceBinder.java:20)
06-08 18:29:33.094 10474 10474 E ActivityThread: at com.amazon.firecard.utility.service.ServiceConnector.blockingGetConnection(ServiceConnector.java:158)
06-08 18:29:33.094 10474 10474 E ActivityThread: at com.amazon.firecard.utility.service.ServiceConnector.execute(ServiceConnector.java:131)
06-08 18:29:33.094 10474 10474 E ActivityThread: at com.amazon.firecard.producer.ProducerActionService.onHandleIntent(ProducerActionService.java:66)
06-08 18:29:33.094 10474 10474 E ActivityThread: at android.app.IntentService$ServiceHandler.handleMessage(IntentService.java:76)
06-08 18:29:33.094 10474 10474 E ActivityThread: at android.os.Handler.dispatchMessage(Handler.java:106)
06-08 18:29:33.094 10474 10474 E ActivityThread: at android.os.Looper.loop(Looper.java:193)
06-08 18:29:33.094 10474 10474 E ActivityThread: at android.os.HandlerThread.run(HandlerThread.java:65)
06-08 18:30:04.362 3370 3370 I chatty : uid=1000 system_server expire 1 line
06-08 18:30:04.670 3370 3447 I chatty : uid=1000(system) UEventObserver expire 10 lines
06-08 18:30:04.672 3370 3564 I chatty : uid=1000(system) Binder:3370_3 expire 52 lines
06-08 18:30:04.674 3370 4351 I chatty : uid=1000(system) Binder:3370_D expire 8 lines
06-08 18:30:05.073 3370 3370 I chatty : uid=1000 system_server expire 11 lines
06-08 18:30:06.086 3370 4355 I chatty : uid=1000(system) Binder:3370_10 expire 9 lines
06-08 18:30:06.089 3370 6860 I chatty : uid=1000(system) Binder:3370_19 expire 12 lines
06-08 18:30:06.236 3370 3497 I chatty : uid=1000(system) AmazonHdmiServi expire 21 lines
06-08 18:30:08.512 3370 3982 I chatty : uid=1000(system) Binder:3370_9 expire 27 lines
06-08 18:30:09.667 3370 3452 I chatty : uid=1000(system) InputReader expire 62 lines
06-08 18:30:16.465 3195 3256 E storaged: getDiskStats failed with result NOT_SUPPORTED and size 0
06-08 18:30:17.497 3370 3564 I chatty : uid=1000(system) Binder:3370_3 expire 7 lines
06-08 18:30:31.458 3370 3396 I chatty : uid=1000(system) android.display expire 1 line
06-08 18:30:31.459 3370 3370 I chatty : uid=1000 system_server expire 12 lines
06-08 18:30:31.766 3370 3447 I chatty : uid=1000(system) UEventObserver expire 7 lines
06-08 18:30:31.825 3370 6860 I chatty : uid=1000(system) Binder:3370_19 expire 7 lines
06-08 18:30:33.048 3370 3964 I chatty : uid=1000(system) Binder:3370_8 expire 2 lines
06-08 18:30:33.161 3370 3497 I chatty : uid=1000(system) AmazonHdmiServi expire 12 lines
06-08 18:30:34.590 3370 3400 I chatty : uid=1000(system) PowerManagerSer expire 3 lines
06-08 18:30:35.316 3370 3392 I chatty : uid=1000(system) batterystats-wo expire 3 lines
06-08 18:30:35.349 3370 3964 I chatty : uid=1000(system) Binder:3370_8 expire 4 lines
06-08 18:30:35.350 3370 3396 I chatty : uid=1000(system) android.display expire 5 lines
06-08 18:30:35.356 3370 3370 I chatty : uid=1000 system_server expire 34 lines
06-08 18:30:35.376 3370 3447 I chatty : uid=1000(system) UEventObserver expire 9 lines
06-08 18:30:35.409 3370 3452 I chatty : uid=1000(system) InputReader expire 16 lines
06-08 18:30:35.418 3370 3495 I chatty : uid=1000(system) AmazonProfileSe expire 1 line
06-08 18:30:35.424 3370 3400 I chatty : uid=1000(system) PowerManagerSer expire 3 lines
06-08 18:30:35.425 3370 3982 I chatty : uid=1000(system) Binder:3370_9 expire 6 lines
06-08 18:30:35.560 3370 4355 I chatty : uid=1000(system) Binder:3370_10 expire 15 lines
06-08 18:30:35.562 3370 3564 I chatty : uid=1000(system) Binder:3370_3 expire 4 lines
06-08 18:30:35.564 3370 4351 I chatty : uid=1000(system) Binder:3370_D expire 22 lines
06-08 18:30:35.576 3370 4350 I chatty : uid=1000(system) Binder:3370_C expire 12 lines
06-08 18:30:35.598 3370 3503 I chatty : uid=1000(system) AmazonUsageStat expire 2 lines
06-08 18:30:35.604 3370 5669 I chatty : uid=1000(system) Binder:3370_16 expire 27 lines
06-08 18:30:35.649 3370 5671 I chatty : uid=1000(system) Binder:3370_17 expire 5 lines
06-08 18:30:35.654 3370 3380 I chatty : uid=1000(system) Binder:3370_1 expire 10 lines
06-08 18:30:35.679 3370 5664 I chatty : uid=1000(system) Binder:3370_14 expire 3 lines
06-08 18:30:35.683 3370 4348 I chatty : uid=1000(system) Binder:3370_B expire 1 line
06-08 18:30:36.394 3370 3389 I chatty : uid=1000(system) android.ui expire 1 line
06-08 18:30:36.401 4186 4186 W ViewRootImpl[Main]: Dropping event due to no window focus: KeyEvent { action=ACTION_DOWN, keyCode=KEYCODE_DPAD_LEFT, scanCode=105, metaState=0, flags=0x8, repeatCount=27, eventTime=3330552, downTime=3328729, deviceId=6, source=0x301 }
06-08 18:30:36.401 4186 4186 W ViewRootImpl[Main]: Cancelling event due to no window focus: KeyEvent { action=ACTION_UP, keyCode=KEYCODE_DPAD_LEFT, scanCode=105, metaState=0, flags=0x28, repeatCount=0, eventTime=3330597, downTime=3328729, deviceId=6, source=0x301 }
06-08 18:30:36.403 4186 4186 I chatty : uid=10043(org.xbmc.kodi) identical 3 lines
06-08 18:30:36.403 4186 4186 W ViewRootImpl[Main]: Cancelling event due to no window focus: KeyEvent { action=ACTION_UP, keyCode=KEYCODE_DPAD_LEFT, scanCode=105, metaState=0, flags=0x28, repeatCount=0, eventTime=3330597, downTime=3328729, deviceId=6, source=0x301 }
06-08 18:30:36.453 3370 3390 I chatty : uid=1000(system) ActivityManager expire 2 lines
06-08 18:30:36.491 3370 3497 I chatty : uid=1000(system) AmazonHdmiServi expire 21 lines
06-08 18:30:37.494 3370 6860 I chatty : uid=1000(system) Binder:3370_19 expire 4 lines
06-08 18:30:37.767 3370 3477 I chatty : uid=1000(system) HwBinder:3370_2 expire 10 lines
06-08 18:30:39.494 3370 3482 I chatty : uid=1000(system) Hdmi Control Io expire 1 line
06-08 18:30:50.020 7165 13690 E ActivityThread: Failed to find provider info for com.amazon.tv.launcher.livetv
06-08 18:31:07.403 3370 4351 I chatty : uid=1000(system) Binder:3370_D expire 1 line
06-08 18:31:16.471 3195 3256 E storaged: getDiskStats failed with result NOT_SUPPORTED and size 0
06-08 18:31:17.290 3370 3477 I chatty : uid=1000(system) HwBinder:3370_2 expire 2 lines
06-08 18:31:30.258 3370 3370 I chatty : uid=1000 system_server expire 14 lines
06-08 18:31:30.258 3370 3497 I chatty : uid=1000(system) AmazonHdmiServi expire 19 lines
06-08 18:31:37.688 3370 3388 I chatty : uid=1000(system) ActivityManager expire 2 lines
06-08 18:31:40.000 3370 3497 I chatty : uid=1000(system) AmazonHdmiServi expire 75 lines
06-08 18:31:40.001 3370 3370 I chatty : uid=1000 system_server expire 50 lines
06-08 18:31:40.286 3370 3447 I chatty : uid=1000(system) UEventObserver expire 11 lines
06-08 18:31:40.689 3370 3396 I chatty : uid=1000(system) android.display expire 1 line
06-08 18:31:40.698 3945 3945 I AmazonHdmiServiceManager: resolution applied and hdmi turned off
06-08 18:31:40.698 3945 3945 I AmazonHdmiServiceManager: MESSAGE:
06-08 18:31:40.698 3883 3883 I AmazonHdmiServiceManager: resolution applied and hdmi turned off
06-08 18:31:40.698 3883 3883 I AmazonHdmiServiceManager: MESSAGE:
06-08 18:31:40.699 3969 3969 I AmazonHdmiServiceManager: resolution applied and hdmi turned off
06-08 18:31:40.699 3969 3969 I AmazonHdmiServiceManager: MESSAGE:
06-08 18:31:40.699 3584 3584 I AmazonHdmiServiceManager: resolution applied and hdmi turned off
06-08 18:31:40.699 3584 3584 I AmazonHdmiServiceManager: MESSAGE:
06-08 18:31:41.817 3370 3482 I chatty : uid=1000(system) Hdmi Control Io expire 1 line
06-08 18:31:44.671 3370 5671 I chatty : uid=1000(system) Binder:3370_17 expire 29 lines
06-08 18:31:44.673 3370 3380 I chatty : uid=1000(system) Binder:3370_1 expire 63 lines
06-08 18:31:44.725 3370 3503 I chatty : uid=1000(system) AmazonUsageStat expire 2 lines
06-08 18:31:44.799 3370 6860 I chatty : uid=1000(system) Binder:3370_19 expire 12 lines
06-08 18:31:44.981 3370 5669 I chatty : uid=1000(system) Binder:3370_16 expire 21 lines
06-08 18:31:50.509 3370 4351 I chatty : uid=1000(system) Binder:3370_D expire 10 lines
06-08 18:31:52.131 3370 3477 I chatty : uid=1000(system) HwBinder:3370_2 expire 4 lines
06-08 18:32:01.918 3370 3497 I chatty : uid=1000(system) AmazonHdmiServi expire 37 lines
06-08 18:32:01.919 3370 3370 I chatty : uid=1000 system_server expire 28 lines
06-08 18:32:07.264 3370 3380 I chatty : uid=1000(system) Binder:3370_1 expire 52 lines
06-08 18:32:07.765 3370 5669 I chatty : uid=1000(system) Binder:3370_16 expire 27 lines
06-08 18:32:16.472 3195 3256 E storaged: getDiskStats failed with result NOT_SUPPORTED and size 0
06-08 18:32:21.615 3370 3370 I chatty : uid=1000 system_server expire 19 lines
06-08 18:32:21.615 3370 3497 I chatty : uid=1000(system) AmazonHdmiServi expire 20 lines
06-08 18:32:34.724 3370 3396 I chatty : uid=1000(system) android.display expire 4 lines
06-08 18:32:34.733 3370 3388 I chatty : uid=1000(system) ActivityManager expire 2 lines
06-08 18:32:34.734 3370 3447 I chatty : uid=1000(system) UEventObserver expire 7 lines
06-08 18:32:35.616 3370 4351 I chatty : uid=1000(system) Binder:3370_D expire 13 lines
06-08 18:32:36.578 3945 3945 I AmazonHdmiServiceManager: resolution applied and hdmi turned off
06-08 18:32:36.578 3945 3945 I AmazonHdmiServiceManager: MESSAGE:
06-08 18:32:36.578 3883 3883 I AmazonHdmiServiceManager: resolution applied and hdmi turned off
06-08 18:32:36.578 3584 3584 I AmazonHdmiServiceManager: resolution applied and hdmi turned off
06-08 18:32:36.578 3969 3969 I AmazonHdmiServiceManager: resolution applied and hdmi turned off
06-08 18:32:36.578 3584 3584 I AmazonHdmiServiceManager: MESSAGE:
06-08 18:32:36.578 3969 3969 I AmazonHdmiServiceManager: MESSAGE:
06-08 18:32:36.578 3883 3883 I AmazonHdmiServiceManager: MESSAGE:
06-08 18:32:37.409 3370 3370 I chatty : uid=1000 system_server expire 2 lines
06-08 18:32:37.754 3370 3482 I chatty : uid=1000(system) Hdmi Control Io expire 1 line
06-08 18:32:39.419 3370 5669 I chatty : uid=1000(system) Binder:3370_16 expire 26 lines
06-08 18:32:39.424 3370 3503 I chatty : uid=1000(system) AmazonUsageStat expire 2 lines
06-08 18:32:39.436 3370 6860 I chatty : uid=1000(system) Binder:3370_19 expire 24 lines
06-08 18:32:39.436 3370 3380 I chatty : uid=1000(system) Binder:3370_1 expire 24 lines
06-08 18:32:39.564 3370 5671 I chatty : uid=1000(system) Binder:3370_17 expire 27 lines
06-08 18:32:39.670 3370 3370 I chatty : uid=1000 system_server expire 56 lines
06-08 18:32:39.672 3370 3497 I chatty : uid=1000(system) AmazonHdmiServi expire 63 lines
06-08 18:32:42.567 3370 5669 I chatty : uid=1000(system) Binder:3370_16 expire 21 lines
06-08 18:32:43.676 3370 3396 I chatty : uid=1000(system) android.display expire 2 lines
06-08 18:32:44.002 3370 3447 I chatty : uid=1000(system) UEventObserver expire 10 lines
06-08 18:32:44.004 3370 5664 I chatty : uid=1000(system) Binder:3370_14 expire 42 lines
06-08 18:32:45.454 3370 4351 I chatty : uid=1000(system) Binder:3370_D expire 17 lines
06-08 18:32:48.153 3370 3390 I chatty : uid=1000(system) ActivityManager expire 1 line
06-08 18:32:48.796 3370 6860 I chatty : uid=1000(system) Binder:3370_19 expire 21 lines
06-08 18:32:48.822 3370 3503 I chatty : uid=1000(system) AmazonUsageStat expire 2 lines
06-08 18:32:48.927 3370 3380 I chatty : uid=1000(system) Binder:3370_1 expire 14 lines
06-08 18:32:54.341 3370 3370 I chatty : uid=1000 system_server expire 148 lines
06-08 18:32:54.887 3370 3497 I chatty : uid=1000(system) AmazonHdmiServi expire 102 lines
06-08 18:33:00.078 3370 3467 I chatty : uid=1000(system) ConnectivitySer expire 1 line
06-08 18:33:16.472 3195 3256 E storaged: getDiskStats failed with result NOT_SUPPORTED and size 0
06-08 18:33:19.459 3370 3370 I chatty : uid=1000 system_server expire 1 line
06-08 18:33:19.459 3370 3497 I chatty : uid=1000(system) AmazonHdmiServi expire 111 lines
06-08 18:33:19.460 3370 3370 I chatty : uid=1000 system_server expire 143 lines
06-08 18:33:46.575 3370 3380 I chatty : uid=1000(system) Binder:3370_1 expire 1 line
06-08 18:33:53.431 3370 3564 I chatty : uid=1000(system) Binder:3370_3 expire 2 lines
06-08 18:34:04.809 3370 3370 I chatty : uid=1000 system_server expire 27 lines
06-08 18:34:05.028 3370 3497 I chatty : uid=1000(system) AmazonHdmiServi expire 15 lines
06-08 18:34:16.473 3195 3256 E storaged: getDiskStats failed with result NOT_SUPPORTED and size 0
06-08 18:34:26.629 3370 3452 I chatty : uid=1000(system) InputReader expire 198 lines
06-08 18:34:32.492 3370 3477 I chatty : uid=1000(system) HwBinder:3370_2 expire 2 lines
06-08 18:35:04.852 3370 3392 I chatty : uid=1000(system) batterystats-wo expire 5 lines
06-08 18:35:16.474 3195 3256 E storaged: getDiskStats failed with result NOT_SUPPORTED and size 0
06-08 18:35:17.423 3370 3452 I chatty : uid=1000(system) InputReader expire 224 lines
06-08 18:35:24.218 3370 3477 I chatty : uid=1000(system) HwBinder:3370_2 expire 4 lines
06-08 18:36:08.132 3370 3390 I chatty : uid=1000(system) ActivityManager expire 2 lines
06-08 18:36:08.358 7165 14227 E ActivityThread: Failed to find provider info for com.amazon.tv.launcher.livetv
06-08 18:36:08.403 3370 3452 I chatty : uid=1000(system) InputReader expire 32 lines
06-08 18:36:08.439 3370 4351 I chatty : uid=1000(system) Binder:3370_D expire 15 lines
06-08 18:36:08.619 3584 3584 W ContextImpl: Calling a method in the system process without a qualified user: android.app.ContextImpl.sendBroadcast:1056 android.content.ContextWrapper.sendBroadcast:449 com.amazon.tifobserver.LiveTvObserver.broadcastPreviewProgramsChange:166 com.amazon.tifobserver.LiveTvObserver.access$400:17 com.amazon.tifobserver.LiveTvObserver$4.run:128
06-08 18:36:12.826 3370 3452 I chatty : uid=1000(system) InputReader expire 97 lines
06-08 18:36:16.546 3195 3256 E storaged: getDiskStats failed with result NOT_SUPPORTED and size 0
06-08 18:36:25.860 3370 3380 I chatty : uid=1000(system) Binder:3370_1 expire 29 lines
06-08 18:36:25.927 3370 5669 I chatty : uid=1000(system) Binder:3370_16 expire 33 lines
06-08 18:36:28.789 3370 3388 I chatty : uid=1000(system) ActivityManager expire 1 line
06-08 18:36:28.794 3370 4350 I chatty : uid=1000(system) Binder:3370_C expire 2 lines
06-08 18:36:28.888 3370 6860 I chatty : uid=1000(system) Binder:3370_19 expire 36 lines
06-08 18:36:28.889 3370 5664 I chatty : uid=1000(system) Binder:3370_14 expire 1 line
06-08 18:36:28.969 3370 3477 I chatty : uid=1000(system) HwBinder:3370_2 expire 6 lines
06-08 18:36:29.917 3370 3390 I chatty : uid=1000(system) ActivityManager expire 1 line
06-08 18:36:30.026 3370 3370 I chatty : uid=1000 system_server expire 11 lines
06-08 18:36:30.097 3370 5671 I chatty : uid=1000(system) Binder:3370_17 expire 11 lines
06-08 18:36:30.297 3370 4355 I chatty : uid=1000(system) Binder:3370_10 expire 9 lines
06-08 18:36:41.262 3370 3497 I chatty : uid=1000(system) AmazonHdmiServi expire 9 lines
06-08 18:36:42.438 3370 3447 I chatty : uid=1000(system) UEventObserver expire 5 lines
06-08 18:36:42.597 3370 3370 I chatty : uid=1000 system_server expire 19 lines
06-08 18:36:42.597 3370 3497 I chatty : uid=1000(system) AmazonHdmiServi expire 33 lines
06-08 18:36:42.598 3370 6860 I chatty : uid=1000(system) Binder:3370_19 expire 36 lines
06-08 18:36:42.767 3370 5669 I chatty : uid=1000(system) Binder:3370_16 expire 12 lines
06-08 18:36:43.466 3370 5671 I chatty : uid=1000(system) Binder:3370_17 expire 3 lines
06-08 18:36:59.097 3370 3390 I chatty : uid=1000(system) ActivityManager expire 3 lines
06-08 18:37:16.546 3195 3256 E storaged: getDiskStats failed with result NOT_SUPPORTED and size 0
06-08 18:38:05.519 3370 3477 I chatty : uid=1000(system) HwBinder:3370_2 expire 10 lines
06-08 18:38:16.547 3195 3256 E storaged: getDiskStats failed with result NOT_SUPPORTED and size 0
06-08 18:39:16.548 3195 3256 E storaged: getDiskStats failed with result NOT_SUPPORTED and size 0
06-08 18:40:16.548 3195 3256 E storaged: getDiskStats failed with result NOT_SUPPORTED and size 0
06-08 18:41:08.671 7165 14748 E ActivityThread: Failed to find provider info for com.amazon.tv.launcher.livetv
06-08 18:41:08.792 14743 14763 E ActivityThread: Failed to find provider info for com.google.android.gms.chimera
06-08 18:41:16.549 3195 3256 E storaged: getDiskStats failed with result NOT_SUPPORTED and size 0
06-08 18:42:00.002 3370 3370 I chatty : uid=1000 system_server expire 18 lines
06-08 18:42:16.549 3195 3256 E storaged: getDiskStats failed with result NOT_SUPPORTED and size 0
06-08 18:43:16.550 3195 3256 E storaged: getDiskStats failed with result NOT_SUPPORTED and size 0
06-08 18:43:52.975 3370 3477 I chatty : uid=1000(system) HwBinder:3370_2 expire 14 lines
06-08 18:44:16.550 3195 3256 E storaged: getDiskStats failed with result NOT_SUPPORTED and size 0
06-08 18:45:16.551 3195 3256 E storaged: getDiskStats failed with result NOT_SUPPORTED and size 0
06-08 18:46:09.094 7165 15084 E ActivityThread: Failed to find provider info for com.amazon.tv.launcher.livetv
06-08 18:46:09.098 3370 4351 I chatty : uid=1000(system) Binder:3370_D expire 1 line
06-08 18:46:16.551 3195 3256 E storaged: getDiskStats failed with result NOT_SUPPORTED and size 0
06-08 18:47:16.551 3195 3256 E storaged: getDiskStats failed with result NOT_SUPPORTED and size 0
06-08 18:48:16.552 3195 3256 E storaged: getDiskStats failed with result NOT_SUPPORTED and size 0
06-08 18:48:54.072 3370 3477 I chatty : uid=1000(system) HwBinder:3370_2 expire 6 lines
06-08 18:49:16.552 3195 3256 E storaged: getDiskStats failed with result NOT_SUPPORTED and size 0
06-08 18:50:16.553 3195 3256 E storaged: getDiskStats failed with result NOT_SUPPORTED and size 0
06-08 18:50:34.601 3370 3387 I chatty : uid=1000(system) android.bg expire 1 line
06-08 18:51:09.520 7165 15276 E ActivityThread: Failed to find provider info for com.amazon.tv.launcher.livetv
06-08 18:51:16.553 3195 3256 E storaged: getDiskStats failed with result NOT_SUPPORTED and size 0
06-08 18:51:41.919 3370 4355 I chatty : uid=1000(system) Binder:3370_10 expire 3 lines
06-08 18:51:42.818 3370 3564 I chatty : uid=1000(system) Binder:3370_3 expire 41 lines
06-08 18:51:43.221 15355 15419 E ActivityThread: Failed to find provider info for com.amazon.firecard.deviceagent.provider
06-08 18:52:16.554 3195 3256 E storaged: getDiskStats failed with result NOT_SUPPORTED and size 0
06-08 18:53:16.554 3195 3256 E storaged: getDiskStats failed with result NOT_SUPPORTED and size 0
06-08 18:54:16.555 3195 3256 E storaged: getDiskStats failed with result NOT_SUPPORTED and size 0
06-08 18:54:35.894 3370 3497 I chatty : uid=1000(system) AmazonHdmiServi expire 24 lines
06-08 18:54:35.895 3370 6860 I chatty : uid=1000(system) Binder:3370_19 expire 15 lines
06-08 18:55:16.555 3195 3256 E storaged: getDiskStats failed with result NOT_SUPPORTED and size 0
06-08 18:56:09.994 7165 15613 E ActivityThread: Failed to find provider info for com.amazon.tv.launcher.livetv
06-08 18:56:16.556 3195 3256 E storaged: getDiskStats failed with result NOT_SUPPORTED and size 0
06-08 18:57:16.556 3195 3256 E storaged: getDiskStats failed with result NOT_SUPPORTED and size 0
06-08 18:58:16.557 3195 3256 E storaged: getDiskStats failed with result NOT_SUPPORTED and size 0
06-08 18:59:16.557 3195 3256 E storaged: getDiskStats failed with result NOT_SUPPORTED and size 0
06-08 19:00:16.558 3195 3256 E storaged: getDiskStats failed with result NOT_SUPPORTED and size 0
06-08 19:00:40.636 3370 3388 I chatty : uid=1000(system) ActivityManager expire 2 lines
06-08 19:01:10.472 7165 15803 E ActivityThread: Failed to find provider info for com.amazon.tv.launcher.livetv
06-08 19:01:10.477 3370 3982 I chatty : uid=1000(system) Binder:3370_9 expire 41 lines
06-08 19:01:16.558 3195 3256 E storaged: getDiskStats failed with result NOT_SUPPORTED and size 0
06-08 19:02:16.558 3195 3256 E storaged: getDiskStats failed with result NOT_SUPPORTED and size 0
06-08 19:03:06.264 3370 3370 I chatty : uid=1000 system_server expire 19 lines
06-08 19:03:06.264 3370 3497 I chatty : uid=1000(system) AmazonHdmiServi expire 27 lines
06-08 19:03:06.267 3370 5664 I chatty : uid=1000(system) Binder:3370_14 expire 24 lines
06-08 19:03:14.270 3370 3982 I chatty : uid=1000(system) Binder:3370_9 expire 73 lines
06-08 19:03:14.476 3370 3370 I chatty : uid=1000 system_server expire 33 lines
06-08 19:03:14.476 3370 3497 I chatty : uid=1000(system) AmazonHdmiServi expire 38 lines
06-08 19:03:15.265 3370 3447 I chatty : uid=1000(system) UEventObserver expire 12 lines
06-08 19:03:15.265 3370 3388 I chatty : uid=1000(system) ActivityManager expire 2 lines
06-08 19:03:16.200 3370 3564 I chatty : uid=1000(system) Binder:3370_3 expire 25 lines
06-08 19:03:16.559 3195 3256 E storaged: getDiskStats failed with result NOT_SUPPORTED and size 0
06-08 19:03:17.113 3370 3396 I chatty : uid=1000(system) android.display expire 5 lines
06-08 19:03:17.122 3883 3883 I AmazonHdmiServiceManager: resolution applied and hdmi turned off
06-08 19:03:17.122 3969 3969 I AmazonHdmiServiceManager: resolution applied and hdmi turned off
06-08 19:03:17.122 3945 3945 I AmazonHdmiServiceManager: resolution applied and hdmi turned off
06-08 19:03:17.122 3883 3883 I AmazonHdmiServiceManager: MESSAGE:
06-08 19:03:17.122 3584 3584 I AmazonHdmiServiceManager: resolution applied and hdmi turned off
06-08 19:03:17.122 3969 3969 I AmazonHdmiServiceManager: MESSAGE:
06-08 19:03:17.122 3945 3945 I AmazonHdmiServiceManager: MESSAGE:
06-08 19:03:17.122 3584 3584 I AmazonHdmiServiceManager: MESSAGE:
06-08 19:03:18.654 3370 3482 I chatty : uid=1000(system) Hdmi Control Io expire 1 line
06-08 19:03:21.170 3370 3503 I chatty : uid=1000(system) AmazonUsageStat expire 2 lines
06-08 19:03:21.317 3370 4348 I chatty : uid=1000(system) Binder:3370_B expire 12 lines
06-08 19:04:16.559 3195 3256 E storaged: getDiskStats failed with result NOT_SUPPORTED and size 0
06-08 19:05:04.848 3370 3392 I chatty : uid=1000(system) batterystats-wo expire 5 lines
06-08 19:05:16.559 3195 3256 E storaged: getDiskStats failed with result NOT_SUPPORTED and size 0
06-08 19:06:10.993 3370 3370 I chatty : uid=1000 system_server expire 7 lines
06-08 19:06:11.054 3370 4350 I chatty : uid=1000(system) Binder:3370_C expire 1 line
06-08 19:06:11.054 3370 3467 I chatty : uid=1000(system) ConnectivitySer expire 1 line
06-08 19:06:12.242 3370 3390 I chatty : uid=1000(system) ActivityManager expire 5 lines
06-08 19:06:12.253 3370 3380 I chatty : uid=1000(system) Binder:3370_1 expire 5 lines
06-08 19:06:12.255 3370 4351 I chatty : uid=1000(system) Binder:3370_D expire 1 line
06-08 19:06:12.259 3370 5664 I chatty : uid=1000(system) Binder:3370_14 expire 4 lines
06-08 19:06:12.262 3370 3982 I chatty : uid=1000(system) Binder:3370_9 expire 1 line
06-08 19:06:12.262 3370 5671 I chatty : uid=1000(system) Binder:3370_17 expire 2 lines
06-08 19:06:13.276 3370 3497 I chatty : uid=1000(system) AmazonHdmiServi expire 21 lines
06-08 19:06:13.279 3370 3370 I chatty : uid=1000 system_server expire 20 lines
06-08 19:06:14.886 3370 3447 I chatty : uid=1000(system) UEventObserver expire 10 lines
06-08 19:06:14.887 3370 5664 I chatty : uid=1000(system) Binder:3370_14 expire 48 lines
06-08 19:06:14.937 3370 3503 I chatty : uid=1000(system) AmazonUsageStat expire 2 lines
06-08 19:06:14.945 3370 5671 I chatty : uid=1000(system) Binder:3370_17 expire 9 lines
06-08 19:06:14.960 3370 3982 I chatty : uid=1000(system) Binder:3370_9 expire 15 lines
06-08 19:06:14.972 3370 3381 I chatty : uid=1000(system) Binder:3370_2 expire 14 lines
06-08 19:06:16.560 3195 3256 E storaged: getDiskStats failed with result NOT_SUPPORTED and size 0
06-08 19:06:20.477 3370 3437 I chatty : uid=1000(system) AlarmManager expire 1 line
06-08 19:06:20.499 7165 16181 E ActivityThread: Failed to find provider info for com.amazon.tv.launcher.livetv
06-08 19:06:22.251 3370 3564 I chatty : uid=1000(system) Binder:3370_3 expire 1 line
06-08 19:06:22.252 3370 3388 I chatty : uid=1000(system) ActivityManager expire 35 lines
06-08 19:06:22.252 4186 16125 E ActivityThread: Failed to find provider info for android.media.tv
06-08 19:07:16.560 3195 3256 E storaged: getDiskStats failed with result NOT_SUPPORTED and size 0
06-08 19:07:55.789 3370 3390 I chatty : uid=1000(system) ActivityManager expire 3 lines
06-08 19:07:55.923 3370 3381 I chatty : uid=1000(system) Binder:3370_2 expire 13 lines
06-08 19:08:16.561 3195 3256 E storaged: getDiskStats failed with result NOT_SUPPORTED and size 0
06-08 19:09:16.561 3195 3256 E storaged: getDiskStats failed with result NOT_SUPPORTED and size 0
06-08 19:10:16.562 3195 3256 E storaged: getDiskStats failed with result NOT_SUPPORTED and size 0
06-08 19:11:16.563 3195 3256 E storaged: getDiskStats failed with result NOT_SUPPORTED and size 0
06-08 19:11:40.519 7165 16473 E ActivityThread: Failed to find provider info for com.amazon.tv.launcher.livetv
06-08 19:12:16.564 3195 3256 E storaged: getDiskStats failed with result NOT_SUPPORTED and size 0
06-08 19:13:06.280 3370 3452 I chatty : uid=1000(system) InputReader expire 36 lines
06-08 19:13:06.302 3370 3982 I chatty : uid=1000(system) Binder:3370_9 expire 7 lines
06-08 19:13:14.754 3370 3497 I chatty : uid=1000(system) AmazonHdmiServi expire 12 lines
06-08 19:13:14.756 3370 3400 I chatty : uid=1000(system) PowerManagerSer expire 3 lines
06-08 19:13:14.857 3370 5664 I chatty : uid=1000(system) Binder:3370_14 expire 3 lines
06-08 19:13:14.921 3370 3380 I chatty : uid=1000(system) Binder:3370_1 expire 2 lines
06-08 19:13:15.206 3370 3396 I chatty : uid=1000(system) android.display expire 2 lines
06-08 19:13:15.511 16547 16547 I AmazonHdmiServiceManager: AmazonHdmiServiceManager created
06-08 19:13:16.564 3195 3256 E storaged: getDiskStats failed with result NOT_SUPPORTED and size 0
06-08 19:13:17.137 3370 3370 I chatty : uid=1000 system_server expire 20 lines
06-08 19:14:16.568 3195 3256 E storaged: getDiskStats failed with result NOT_SUPPORTED and size 0
06-08 19:14:42.252 3370 3388 I chatty : uid=1000(system) ActivityManager expire 22 lines
06-08 19:15:15.947 3370 3396 I chatty : uid=1000(system) android.display expire 5 lines
06-08 19:15:16.568 3195 3256 E storaged: getDiskStats failed with result NOT_SUPPORTED and size 0
06-08 19:15:20.153 3370 3388 I chatty : uid=1000(system) ActivityManager expire 47 lines
06-08 19:16:13.302 3370 5664 I chatty : uid=1000(system) Binder:3370_14 expire 4 lines
06-08 19:16:16.569 3195 3256 E storaged: getDiskStats failed with result NOT_SUPPORTED and size 0
06-08 19:16:17.708 3370 3388 I chatty : uid=1000(system) ActivityManager expire 42 lines
06-08 19:17:10.545 7165 16822 E ActivityThread: Failed to find provider info for com.amazon.tv.launcher.livetv
06-08 19:17:15.773 3370 3388 I chatty : uid=1000(system) ActivityManager expire 53 lines
06-08 19:17:16.569 3195 3256 E storaged: getDiskStats failed with result NOT_SUPPORTED and size 0
06-08 19:18:16.570 3195 3256 E storaged: getDiskStats failed with result NOT_SUPPORTED and size 0
06-08 19:18:20.044 3370 3388 I chatty : uid=1000(system) ActivityManager expire 50 lines
06-08 19:19:16.570 3195 3256 E storaged: getDiskStats failed with result NOT_SUPPORTED and size 0
06-08 19:19:17.033 3370 3388 I chatty : uid=1000(system) ActivityManager expire 9 lines
06-08 19:20:16.571 3195 3256 E storaged: getDiskStats failed with result NOT_SUPPORTED and size 0
06-08 19:21:16.571 3195 3256 E storaged: getDiskStats failed with result NOT_SUPPORTED and size 0
06-08 19:22:16.572 3195 3256 E storaged: getDiskStats failed with result NOT_SUPPORTED and size 0
06-08 19:22:54.079 7165 17088 E ActivityThread: Failed to find provider info for com.amazon.tv.launcher.livetv
06-08 19:23:16.572 3195 3256 E storaged: getDiskStats failed with result NOT_SUPPORTED and size 0
06-08 19:24:16.573 3195 3256 E storaged: getDiskStats failed with result NOT_SUPPORTED and size 0
06-08 19:25:16.573 3195 3256 E storaged: getDiskStats failed with result NOT_SUPPORTED and size 0
06-08 19:26:16.573 3195 3256 E storaged: getDiskStats failed with result NOT_SUPPORTED and size 0
06-08 19:27:16.574 3195 3256 E storaged: getDiskStats failed with result NOT_SUPPORTED and size 0
06-08 19:28:16.574 3195 3256 E storaged: getDiskStats failed with result NOT_SUPPORTED and size 0
06-08 19:29:16.574 3195 3256 E storaged: getDiskStats failed with result NOT_SUPPORTED and size 0
06-08 19:29:34.758 7165 17384 E ActivityThread: Failed to find provider info for com.amazon.tv.launcher.livetv
06-08 19:30:16.575 3195 3256 E storaged: getDiskStats failed with result NOT_SUPPORTED and size 0
06-08 19:30:36.785 3370 3381 I chatty : uid=1000(system) Binder:3370_2 expire 1 line
06-08 19:31:16.575 3195 3256 E storaged: getDiskStats failed with result NOT_SUPPORTED and size 0
06-08 19:32:16.575 3195 3256 E storaged: getDiskStats failed with result NOT_SUPPORTED and size 0
06-08 19:33:14.853 3370 3387 I chatty : uid=1000(system) android.bg expire 1 line
06-08 19:33:16.576 3195 3256 E storaged: getDiskStats failed with result NOT_SUPPORTED and size 0
06-08 19:34:16.576 3195 3256 E storaged: getDiskStats failed with result NOT_SUPPORTED and size 0
06-08 19:35:04.857 3370 3392 I chatty : uid=1000(system) batterystats-wo expire 2 lines
06-08 19:35:16.577 3195 3256 E storaged: getDiskStats failed with result NOT_SUPPORTED and size 0
06-08 19:36:15.483 3370 3390 I chatty : uid=1000(system) ActivityManager expire 9 lines
06-08 19:36:15.600 7165 17802 E ActivityThread: Failed to find provider info for com.amazon.tv.launcher.livetv
06-08 19:36:15.997 3584 3584 W ContextImpl: Calling a method in the system process without a qualified user: android.app.ContextImpl.sendBroadcast:1056 android.content.ContextWrapper.sendBroadcast:449 com.amazon.tifobserver.LiveTvObserver.broadcastPreviewProgramsChange:166 com.amazon.tifobserver.LiveTvObserver.access$400:17 com.amazon.tifobserver.LiveTvObserver$4.run:128
06-08 19:36:16.651 3195 3256 E storaged: getDiskStats failed with result NOT_SUPPORTED and size 0
06-08 19:37:16.651 3195 3256 E storaged: getDiskStats failed with result NOT_SUPPORTED and size 0
06-08 19:37:55.715 3370 3437 I chatty : uid=1000(system) AlarmManager expire 1 line
06-08 19:38:16.652 3195 3256 E storaged: getDiskStats failed with result NOT_SUPPORTED and size 0
06-08 19:39:16.652 3195 3256 E storaged: getDiskStats failed with result NOT_SUPPORTED and size 0
06-08 19:39:35.970 3370 4348 I chatty : uid=1000(system) Binder:3370_B expire 4 lines
06-08 19:39:35.970 3370 3467 I chatty : uid=1000(system) ConnectivitySer expire 2 lines
06-08 19:40:16.653 3195 3256 E storaged: getDiskStats failed with result NOT_SUPPORTED and size 0
06-08 19:41:16.653 3195 3256 E storaged: getDiskStats failed with result NOT_SUPPORTED and size 0
06-08 19:42:16.654 3195 3256 E storaged: getDiskStats failed with result NOT_SUPPORTED and size 0
06-08 19:43:16.654 3195 3256 E storaged: getDiskStats failed with result NOT_SUPPORTED and size 0
06-08 19:44:16.655 3195 3256 E storaged: getDiskStats failed with result NOT_SUPPORTED and size 0
06-08 19:44:36.558 3370 3564 I chatty : uid=1000(system) Binder:3370_3 expire 1 line
06-08 19:45:16.655 3195 3256 E storaged: getDiskStats failed with result NOT_SUPPORTED and size 0
06-08 19:45:42.591 3370 3447 I chatty : uid=1000(system) UEventObserver expire 1 line
06-08 19:45:43.478 3370 3452 I chatty : uid=1000(system) InputReader expire 6 lines
06-08 19:45:43.483 3370 3495 I chatty : uid=1000(system) AmazonProfileSe expire 1 line
06-08 19:45:43.484 3370 3400 I chatty : uid=1000(system) PowerManagerSer expire 2 lines
06-08 19:45:43.516 3370 3503 I chatty : uid=1000(system) AmazonUsageStat expire 2 lines
06-08 19:45:43.602 3370 5884 I chatty : uid=1000(system) Binder:3370_18 expire 3 lines
06-08 19:45:43.773 7165 18473 E ActivityThread: Failed to find provider info for com.amazon.tv.launcher.livetv
06-08 19:45:43.957 3370 3370 I chatty : uid=1000 system_server expire 4 lines
06-08 19:45:44.156 3370 4350 I chatty : uid=1000(system) Binder:3370_C expire 2 lines
06-08 19:45:44.216 3370 3755 I chatty : uid=1000(system) Binder:3370_5 expire 1 line
06-08 19:45:44.217 3370 4351 I chatty : uid=1000(system) Binder:3370_D expire 1 line
06-08 19:45:44.482 3370 3466 I chatty : uid=1000(system) WifiP2pService expire 1 line
06-08 19:45:44.862 3370 3482 I chatty : uid=1000(system) Hdmi Control Io expire 1 line
06-08 19:45:45.047 3370 3497 I chatty : uid=1000(system) AmazonHdmiServi expire 3 lines
06-08 19:45:45.049 3370 3370 I AmzHdmiServiceCallback: power status is 0
06-08 19:45:45.191 3370 3370 D AmazonHdmiService: Posting callback to app
06-08 19:45:45.192 3370 3497 D AmazonHdmiService: Num of callbacks registered 1
06-08 19:45:45.192 3370 3497 D AmazonHdmiService: Broadcasting callback
06-08 19:45:45.192 3370 3370 I AmzHdmiServiceCallback: power status is 0
06-08 19:45:45.192 3370 3497 D AmazonHdmiService: Broadcasting finished
06-08 19:45:45.216 3370 3388 W BroadcastQueue: Background execution not allowed: receiving Intent { act=android.intent.action.HDMI_PLUGGED flg=0x4000010 (has extras) } to com.amazon.tv.devicecontrol/.receivers.HdmiStateReceiver
06-08 19:45:45.217 3370 3447 I AmazonHdmiService: UEvent: {SUBSYSTEM=extcon, SEQNUM=3030, ACTION=change, DEVTYPE=hdmi, SWITCH_NAME=hdmi, DEVPATH=/devices/virtual/switch/hdmi, SWITCH_STATE=1}
06-08 19:45:45.571 3370 3370 D AmazonHdmiService: onDisplayChanged: hpd
06-08 19:45:45.599 3370 3370 I AmazonHdmiService: Get Current HDCP Version
06-08 19:45:45.606 3370 3497 I AmazonHdmiService: applyResolution called by uid=1000, pid=0 newResId=-1 commit=false
06-08 19:45:45.608 3370 3497 I AmazonHdmiService: Able to apply resolution.
06-08 19:45:45.608 3370 3497 I AmazonHdmiService: Resolution not applied yet. Waiting... (-2147483648 97)
06-08 19:45:45.611 3370 3396 I DisplayManagerService: Display device changed: DisplayDeviceInfo{"Integrierter Bildschirm": uniqueId="local:0", 3840 x 2160, modeId 4, defaultModeId 1, supportedModes [{id=1, width=1920, height=1080, fps=60.000004}, {id=2, width=3840, height=2160, fps=50.0}, {id=3, width=3840, height=2160, fps=60.000004}, {id=4, width=3840, height=2160, fps=59.94006}, {id=5, width=3840, height=2160, fps=24.0}, {id=6, width=3840, height=2160, fps=23.976025}, {id=7, width=3840, height=2160, fps=25.0}, {id=8, width=3840, height=2160, fps=30.0}, {id=9, width=3840, height=2160, fps=29.97003}, {id=10, width=1920, height=1080, fps=24.0}, {id=11, width=1920, height=1080, fps=23.976025}, {id=12, width=1920, height=1080, fps=25.0}, {id=13, width=1920, height=1080, fps=50.0}, {id=14, width=1920, height=1080, fps=30.0}, {id=15, width=1920, height=1080, fps=29.97003}, {id=16, width=1280, height=720, fps=50.0}, {id=17, width=1920, height=1080, fps=59.94006}, {id=18, width=1280, height=720, fps=60.000004}, {id=19, width=1280, height=720, fps=59.94006}, {id=20, width=720, height=576, fps=50.0}, {id=21, width=720, height=480, fps=60.000004}, {id=22, width=720, height=480, fps=59.94006}], colorMode 0, supportedColorModes [0], HdrCapabilities android.view.Display$HdrCapabilities@40f3c928, density 320, 92.0 x 92.0 dpi, appVsyncOff 1000000, presDeadline 16683333, touch INTERNAL, rotation 0, type BUILT_IN, state ON, FLAG_DEFAULT_DISPLAY, FLAG_SECURE, FLAG_SUPPORTS_PROTECTED_BUFFERS}
06-08 19:45:45.616 3370 3370 D AmazonHdmiService: onDisplayChanged: mode switch
06-08 19:45:45.616 3370 3497 I AmazonHdmiService: HDMI resolution set. Done with the wait.
06-08 19:45:45.622 3370 3497 I AmazonHdmiService: Get Current HDCP Error
06-08 19:45:45.625 3584 3584 I AmazonHdmiServiceManager: resolution applied and hdmi turned off
06-08 19:45:45.625 3945 3945 I AmazonHdmiServiceManager: resolution applied and hdmi turned off
06-08 19:45:45.626 3584 3584 I AmazonHdmiServiceManager: MESSAGE:
06-08 19:45:45.626 3945 3945 I AmazonHdmiServiceManager: MESSAGE:
06-08 19:45:45.626 3969 3969 I AmazonHdmiServiceManager: resolution applied and hdmi turned off
06-08 19:45:45.626 3969 3969 I AmazonHdmiServiceManager: MESSAGE:
06-08 19:45:45.626 3883 3883 I AmazonHdmiServiceManager: resolution applied and hdmi turned off
06-08 19:45:45.626 3883 3883 I AmazonHdmiServiceManager: MESSAGE:
06-08 19:45:45.628 3370 3396 I DisplayManagerService: Display device changed: DisplayDeviceInfo{"Integrierter Bildschirm": uniqueId="local:0", 3840 x 2160, modeId 2, defaultModeId 1, supportedModes [{id=1, width=1920, height=1080, fps=60.000004}, {id=2, width=3840, height=2160, fps=50.0}, {id=3, width=3840, height=2160, fps=60.000004}, {id=4, width=3840, height=2160, fps=59.94006}, {id=5, width=3840, height=2160, fps=24.0}, {id=6, width=3840, height=2160, fps=23.976025}, {id=7, width=3840, height=2160, fps=25.0}, {id=8, width=3840, height=2160, fps=30.0}, {id=9, width=3840, height=2160, fps=29.97003}, {id=10, width=1920, height=1080, fps=24.0}, {id=11, width=1920, height=1080, fps=23.976025}, {id=12, width=1920, height=1080, fps=25.0}, {id=13, width=1920, height=1080, fps=50.0}, {id=14, width=1920, height=1080, fps=30.0}, {id=15, width=1920, height=1080, fps=29.97003}, {id=16, width=1280, height=720, fps=50.0}, {id=17, width=1920, height=1080, fps=59.94006}, {id=18, width=1280, height=720, fps=60.000004}, {id=19, width=1280, height=720, fps=59.94006}, {id=20, width=720, height=576, fps=50.0}, {id=21, width=720, height=480, fps=60.000004}, {id=22, width=720, height=480, fps=59.94006}], colorMode 0, supportedColorModes [0], HdrCapabilities android.view.Display$HdrCapabilities@40f3c928, density 320, 92.0 x 92.0 dpi, appVsyncOff 1000000, presDeadline 20000000, touch INTERNAL, rotation 0, type BUILT_IN, state ON, FLAG_DEFAULT_DISPLAY, FLAG_SECURE, FLAG_SUPPORTS_PROTECTED_BUFFERS}
06-08 19:45:45.629 3370 3370 D AmazonHdmiService: onDisplayChanged: mode switch
06-08 19:45:45.987 3370 3370 W Looper : Slow dispatch took 168ms main h=android.os.Handler c=com.android.server.hdmi.HdmiCecController$4@54010d7 m=0
06-08 19:45:46.542 3370 3370 I AmazonHdmiCecCallback: Successfully sent
06-08 19:45:47.254 3370 3482 W HdmiCecController: Failed to send B5:7D with errorCode=1
06-08 19:45:47.255 3370 3370 D AmazonHdmiService: Posting callback to app
06-08 19:45:47.255 3370 3497 D AmazonHdmiService: Num of callbacks registered 1
06-08 19:45:47.255 3370 3497 D AmazonHdmiService: Broadcasting callback
06-08 19:45:47.255 3370 3497 D AmazonHdmiService: Broadcasting finished
06-08 19:45:47.255 3370 3370 I AmzHdmiServiceCallback: power status is 0
06-08 19:45:48.602 3370 3447 D AmazonHdmiService: UEvent: HDCP state 1
06-08 19:45:48.602 3370 3447 I AmazonHdmiService: Get Current HDCP Error
06-08 19:45:48.603 3370 4352 D AmazonHdmiService: getRawEdid
06-08 19:45:48.608 3370 4352 I chatty : uid=1000(system) Binder:3370_E identical 4 lines
06-08 19:45:48.610 3370 4352 D AmazonHdmiService: getRawEdid
06-08 19:45:48.610 3370 4352 I AmazonHdmiService: Get Current HDCP Version
06-08 19:45:48.611 3370 4351 D AmazonHdmiService: getRawEdid
06-08 19:45:48.611 3370 4352 D AmazonHdmiService: getRawEdid
06-08 19:45:48.657 3370 3447 I AmazonHdmiService: UEvent: {SUBSYSTEM=extcon, SEQNUM=3033, ACTION=change, DEVTYPE=hdmi_audio, SWITCH_NAME=hdmi_audio, DEVPATH=/devices/virtual/switch/hdmi_audio, SWITCH_STATE=1}
06-08 19:45:48.658 3370 3447 V WiredAccessoryManager: Headset UEVENT: {SUBSYSTEM=extcon, SEQNUM=3033, ACTION=change, DEVTYPE=hdmi_audio, SWITCH_NAME=hdmi_audio, DEVPATH=/devices/virtual/switch/hdmi_audio, SWITCH_STATE=1}
06-08 19:45:48.658 3370 3447 V WiredAccessoryManager: newName=hdmi_audio newState=16 headsetState=16 prev headsetState=0
06-08 19:45:48.659 3370 3370 V WiredAccessoryManager: headsetName: connected
06-08 19:45:48.665 3370 4352 I AmazonPowerManagerVendorCallback: Wakelock acquired UID:1041 PID:0 Tag:AudioMix
06-08 19:45:48.666 3370 4352 I AmazonPowerManagerVendorCallback: Wakelock released UID:1041 PID:0 Tag:AudioMix
06-08 19:45:48.667 3370 4352 I AmazonPowerManagerVendorCallback: Wakelock acquired UID:1041 PID:0 Tag:AudioMix
06-08 19:45:48.670 3370 4351 I AmazonPowerManagerVendorCallback: Wakelock acquired UID:1041 PID:0 Tag:AudioDup
06-08 19:45:48.671 3370 4351 I AmazonPowerManagerVendorCallback: Wakelock released UID:1041 PID:0 Tag:AudioDup
06-08 19:45:48.673 3370 3755 I AmazonPowerManagerVendorCallback: Wakelock acquired UID:1041 PID:0 Tag:AudioDup
06-08 19:45:48.674 3370 3755 I AmazonPowerManagerVendorCallback: Wakelock acquired UID:1041 PID:0 Tag:AudioDirectOut
06-08 19:45:48.675 3370 3755 I AmazonPowerManagerVendorCallback: Wakelock released UID:1041 PID:0 Tag:AudioDirectOut
06-08 19:45:48.676 3370 3653 I AmazonPowerManagerVendorCallback: Wakelock acquired UID:1041 PID:0 Tag:AudioDirectOut
06-08 19:45:48.676 3370 3755 I AmazonPowerManagerVendorCallback: Wakelock released UID:1041 PID:0 Tag:AudioDirectOut
06-08 19:45:48.677 3370 3653 I AmazonPowerManagerVendorCallback: Wakelock acquired UID:1041 PID:0 Tag:AudioDirectOut
06-08 19:45:48.678 3370 3653 I AmazonPowerManagerVendorCallback: Wakelock released UID:1041 PID:0 Tag:AudioDirectOut
06-08 19:45:48.687 3370 3653 I AmazonPowerManagerVendorCallback: Wakelock acquired UID:1041 PID:0 Tag:AudioDirectOut
06-08 19:45:48.689 3370 4351 I AmazonPowerManagerVendorCallback: Wakelock released UID:1041 PID:0 Tag:AudioDirectOut
06-08 19:45:48.692 3370 4351 I AmazonPowerManagerVendorCallback: Wakelock acquired UID:1041 PID:0 Tag:AudioDirectOut
06-08 19:45:48.692 3370 3653 I AmazonPowerManagerVendorCallback: Wakelock released UID:1041 PID:0 Tag:AudioDirectOut
06-08 19:45:48.696 3370 3653 I AmazonPowerManagerVendorCallback: Wakelock acquired UID:1041 PID:0 Tag:AudioDirectOut
06-08 19:45:48.697 3370 3653 I AmazonPowerManagerVendorCallback: Wakelock released UID:1041 PID:0 Tag:AudioDirectOut
06-08 19:45:48.703 3370 4351 I AmazonPowerManagerVendorCallback: Wakelock acquired UID:1041 PID:0 Tag:AudioDirectOut
06-08 19:45:48.706 3370 4351 I AmazonPowerManagerVendorCallback: Wakelock released UID:1041 PID:0 Tag:AudioDirectOut
06-08 19:45:48.716 3370 4351 I AmazonPowerManagerVendorCallback: Wakelock acquired UID:1041 PID:0 Tag:AudioDirectOut
06-08 19:45:48.716 3370 3755 I AmazonPowerManagerVendorCallback: Wakelock released UID:1041 PID:0 Tag:AudioDirectOut
06-08 19:45:48.717 3370 3653 I AmazonPowerManagerVendorCallback: Wakelock acquired UID:1041 PID:0 Tag:AudioDirectOut
06-08 19:45:48.717 3370 3653 I AmazonPowerManagerVendorCallback: Wakelock released UID:1041 PID:0 Tag:AudioDirectOut
06-08 19:45:48.722 3370 3755 I AmazonPowerManagerVendorCallback: Wakelock acquired UID:1041 PID:0 Tag:AudioDirectOut
06-08 19:45:48.723 3370 3755 I AmazonPowerManagerVendorCallback: Wakelock released UID:1041 PID:0 Tag:AudioDirectOut
06-08 19:45:48.723 3370 3653 I AmazonPowerManagerVendorCallback: Wakelock acquired UID:1041 PID:0 Tag:AudioDirectOut
06-08 19:45:48.724 3370 3653 I AmazonPowerManagerVendorCallback: Wakelock released UID:1041 PID:0 Tag:AudioDirectOut
06-08 19:45:48.724 3370 3755 I AmazonPowerManagerVendorCallback: Wakelock acquired UID:1041 PID:0 Tag:AudioDirectOut
06-08 19:45:48.725 3370 3653 I AmazonPowerManagerVendorCallback: Wakelock released UID:1041 PID:0 Tag:AudioDirectOut
06-08 19:45:48.725 3370 3653 I AmazonPowerManagerVendorCallback: Wakelock acquired UID:1041 PID:0 Tag:AudioDirectOut
06-08 19:45:48.726 3370 3653 I AmazonPowerManagerVendorCallback: Wakelock released UID:1041 PID:0 Tag:AudioDirectOut
06-08 19:45:48.727 3370 3653 I AmazonPowerManagerVendorCallback: Wakelock acquired UID:1041 PID:0 Tag:AudioDirectOut
06-08 19:45:48.727 3370 3653 I AmazonPowerManagerVendorCallback: Wakelock released UID:1041 PID:0 Tag:AudioDirectOut
06-08 19:45:48.727 3370 3653 I AmazonPowerManagerVendorCallback: Wakelock acquired UID:1041 PID:0 Tag:AudioDirectOut
06-08 19:45:48.728 3370 4352 I AmazonPowerManagerVendorCallback: Wakelock released UID:1041 PID:0 Tag:AudioDirectOut
06-08 19:45:48.728 3370 4352 I AmazonPowerManagerVendorCallback: Wakelock acquired UID:1041 PID:0 Tag:AudioDirectOut
06-08 19:45:48.728 3370 3653 I AmazonPowerManagerVendorCallback: Wakelock released UID:1041 PID:0 Tag:AudioDirectOut
06-08 19:45:48.738 3370 4351 I AmazonPowerManagerVendorCallback: Wakelock acquired UID:1041 PID:0 Tag:AudioDirectOut
06-08 19:45:48.739 3370 3653 I AmazonPowerManagerVendorCallback: Wakelock released UID:1041 PID:0 Tag:AudioDirectOut
06-08 19:45:48.745 3370 3653 I AmazonPowerManagerVendorCallback: Wakelock acquired UID:1041 PID:0 Tag:AudioDirectOut
06-08 19:45:48.746 3370 3653 I AmazonPowerManagerVendorCallback: Wakelock released UID:1041 PID:0 Tag:AudioDirectOut
06-08 19:45:48.749 3370 3653 I AmazonPowerManagerVendorCallback: Wakelock acquired UID:1041 PID:0 Tag:AudioDirectOut
06-08 19:45:48.750 3370 4351 I AmazonPowerManagerVendorCallback: Wakelock released UID:1041 PID:0 Tag:AudioDirectOut
06-08 19:45:48.750 3370 4352 I AmazonPowerManagerVendorCallback: Wakelock acquired UID:1041 PID:0 Tag:AudioDirectOut
06-08 19:45:48.754 3370 3653 I AmazonPowerManagerVendorCallback: Wakelock acquired UID:1041 PID:0 Tag:AudioOffload
06-08 19:45:48.755 3370 3653 I AmazonPowerManagerVendorCallback: Wakelock released UID:1041 PID:0 Tag:AudioOffload
06-08 19:45:48.757 3370 3653 I AmazonPowerManagerVendorCallback: Wakelock acquired UID:1041 PID:0 Tag:AudioOffload
06-08 19:45:48.758 3370 3653 I AmazonPowerManagerVendorCallback: Wakelock released UID:1041 PID:0 Tag:AudioOffload
06-08 19:45:48.763 3370 3653 I AmazonPowerManagerVendorCallback: Wakelock acquired UID:1041 PID:0 Tag:AudioOffload
06-08 19:45:48.763 3370 3653 I AmazonPowerManagerVendorCallback: Wakelock released UID:1041 PID:0 Tag:AudioOffload
06-08 19:45:48.763 3370 3653 I AmazonPowerManagerVendorCallback: Wakelock acquired UID:1041 PID:0 Tag:AudioOffload
06-08 19:45:48.767 3370 3755 I AmazonPowerManagerVendorCallback: Wakelock acquired UID:1041 PID:0 Tag:AudioOffload
06-08 19:45:48.769 3370 3653 I AmazonPowerManagerVendorCallback: Wakelock released UID:1041 PID:0 Tag:AudioOffload
06-08 19:45:48.770 3370 3653 I AmazonPowerManagerVendorCallback: Wakelock released UID:1041 PID:0 Tag:AudioDirectOut
06-08 19:45:48.775 3370 3653 I AmazonPowerManagerVendorCallback: Wakelock acquired UID:1041 PID:0 Tag:AudioOffload
06-08 19:45:48.777 3370 3755 I AmazonPowerManagerVendorCallback: Wakelock released UID:1041 PID:0 Tag:AudioOffload
06-08 19:45:48.781 3370 3755 I AmazonPowerManagerVendorCallback: Wakelock acquired UID:1041 PID:0 Tag:AudioOffload
06-08 19:45:48.781 3370 3755 I AmazonPowerManagerVendorCallback: Wakelock released UID:1041 PID:0 Tag:AudioOffload
06-08 19:45:48.782 3370 4352 I AmazonPowerManagerVendorCallback: Wakelock acquired UID:1041 PID:0 Tag:AudioDirectOut
06-08 19:45:48.784 3370 4352 I AmazonPowerManagerVendorCallback: Wakelock released UID:1041 PID:0 Tag:AudioDirectOut
06-08 19:45:48.784 3370 3755 I AmazonPowerManagerVendorCallback: Wakelock acquired UID:1041 PID:0 Tag:AudioDirectOut
06-08 19:45:48.785 3370 3653 I AmazonPowerManagerVendorCallback: Wakelock acquired UID:1041 PID:0 Tag:AudioDirectOut
06-08 19:45:48.786 3370 4352 I AmazonPowerManagerVendorCallback: Wakelock acquired UID:1041 PID:0 Tag:AudioDirectOut
06-08 19:45:48.786 3370 4352 I AmazonPowerManagerVendorCallback: Wakelock acquired UID:1041 PID:0 Tag:AudioMix
06-08 19:45:48.787 3370 3755 I AmazonPowerManagerVendorCallback: Wakelock released UID:1041 PID:0 Tag:AudioDirectOut
06-08 19:45:48.787 3370 4351 I AmazonPowerManagerVendorCallback: Wakelock acquired UID:1041 PID:0 Tag:AudioIn
06-08 19:45:48.788 3370 4351 I AmazonPowerManagerVendorCallback: Wakelock acquired UID:1041 PID:0 Tag:AudioDirectOut
06-08 19:45:48.788 3370 3653 I AmazonPowerManagerVendorCallback: Wakelock released UID:1041 PID:0 Tag:AudioDirectOut
06-08 19:45:48.788 3370 3755 I AmazonPowerManagerVendorCallback: Wakelock released UID:1041 PID:0 Tag:AudioIn
06-08 19:45:48.789 3370 3755 I AmazonPowerManagerVendorCallback: Wakelock acquired UID:1041 PID:0 Tag:AudioOffload
06-08 19:45:48.789 3370 4351 I AmazonPowerManagerVendorCallback: Wakelock acquired UID:1041 PID:0 Tag:AudioDirectOut
