06-08 19:45:48.790 3370 4352 I AmazonPowerManagerVendorCallback: Wakelock released UID:1041 PID:0 Tag:AudioDirectOut
06-08 19:45:48.790 3370 3653 I AmazonPowerManagerVendorCallback: Wakelock released UID:1041 PID:0 Tag:AudioDirectOut
06-08 19:45:48.791 3370 4351 I AmazonPowerManagerVendorCallback: Wakelock acquired UID:1041 PID:0 Tag:AudioDirectOut
06-08 19:45:48.792 3370 3653 I AmazonPowerManagerVendorCallback: Wakelock released UID:1041 PID:0 Tag:AudioDirectOut
06-08 19:45:48.794 3370 3653 I AmazonPowerManagerVendorCallback: Wakelock acquired UID:1041 PID:0 Tag:AudioDirectOut
06-08 19:45:48.794 3370 3653 I AmazonPowerManagerVendorCallback: Wakelock released UID:1041 PID:0 Tag:AudioDirectOut
06-08 19:45:48.796 3370 3653 I AmazonPowerManagerVendorCallback: Wakelock released UID:1041 PID:0 Tag:AudioDirectOut
06-08 19:45:48.797 3370 3653 I AmazonPowerManagerVendorCallback: Wakelock released UID:1041 PID:0 Tag:AudioOffload
06-08 19:45:48.799 3370 3653 I AmazonPowerManagerVendorCallback: Wakelock released UID:1041 PID:0 Tag:AudioOffload
06-08 19:45:48.811 3370 4351 I AmazonPowerManagerVendorCallback: Wakelock acquired UID:1041 PID:0 Tag:AudioIn
06-08 19:45:48.811 3370 4351 I AmazonPowerManagerVendorCallback: Wakelock released UID:1041 PID:0 Tag:AudioIn
06-08 19:45:48.856 3370 3370 V SettingsProvider: Notifying for 0: content://settings/global/audio_platform_capabilities
06-08 19:45:48.858 3370 3497 I AmazonHdmiService: AudioManager.EXTRA_ENCODINGS=[2, 4, 5, 6, 18, 7, 13]
06-08 19:45:48.859 3370 3370 V SettingsProvider: Notifying for 0: content://settings/global/nrdp_audio_platform_capabilities
06-08 19:45:48.865 3370 3497 I AudioOutputFormatManager: Request to get dolby device id
06-08 19:45:48.865 3370 3497 I AudioOutputFormatManager: enableAudioFormat with device ordinal: 3 format: 1
06-08 19:45:48.867 3370 3497 I AudioOutputFormatManager: KeyValuePair: spdif_format=4;hdmi_format=5;Status: 0
06-08 19:45:48.867 3370 3497 I AudioOutputFormatManager: Storing new dolby device with id: 3
06-08 19:45:48.867 3370 3497 I AudioOutputFormatManager: setDolbyPassthroughAvailability()
06-08 19:45:48.867 3370 3497 I AudioOutputFormatManager: Request to get dolby device id
06-08 19:45:48.867 3370 3497 I AudioOutputFormatManager: setDolbyPassthroughAvailability(): Value calculated for Dolby passthrough availability: 1
06-08 19:45:48.867 3370 3497 I AudioOutputFormatManager: setDolbyPassthroughAvailability(): Dolby passthrough availability: 1
06-08 19:45:48.868 3370 3370 V SettingsProvider: Notifying for 0: content://settings/global/firetv_hdmi_dolby_passthrough_available
06-08 19:45:49.025 3370 3370 D AmazonHdmiService: Posting callback to app
06-08 19:45:49.025 3370 3497 D AmazonHdmiService: Num of callbacks registered 1
06-08 19:45:49.025 3370 3497 D AmazonHdmiService: Broadcasting callback
06-08 19:45:49.025 3370 3497 D AmazonHdmiService: Broadcasting finished
06-08 19:45:49.025 3370 3370 I AmzHdmiServiceCallback: power status is 0
06-08 19:45:49.025 3370 3653 I AmazonHdmiService: Get Current HDCP Version
06-08 19:45:49.026 3370 3653 D AmazonHdmiService: getRawEdid
06-08 19:45:51.677 3370 3653 I AmazonPowerManagerVendorCallback: Wakelock released UID:1041 PID:0 Tag:AudioDup
06-08 19:45:51.790 3370 3653 I AmazonPowerManagerVendorCallback: Wakelock released UID:1041 PID:0 Tag:AudioMix
06-08 19:45:51.805 3370 3653 I AmazonPowerManagerVendorCallback: Wakelock released UID:1041 PID:0 Tag:AudioMix
06-08 19:45:52.257 3370 3452 E AmazonProfileService: There is no KEY_CHILD_PIN_PACKAGE_NAME
06-08 19:45:52.258 3370 3452 I AmazonProfileService: Event is not filtered because it is not in filter key list.
06-08 19:45:52.310 3370 3452 E AmazonProfileService: There is no KEY_CHILD_PIN_PACKAGE_NAME
06-08 19:45:52.310 3370 3452 I AmazonProfileService: Event is not filtered because it is not in filter key list.
06-08 19:45:52.316 3370 4352 E AmazonInputManagerService: Could not unregister callback
06-08 19:45:52.401 3370 3452 E AmazonProfileService: There is no KEY_CHILD_PIN_PACKAGE_NAME
06-08 19:45:52.401 3370 3452 I AmazonProfileService: Event is not filtered because it is not in filter key list.
06-08 19:45:52.457 3370 3452 E AmazonProfileService: There is no KEY_CHILD_PIN_PACKAGE_NAME
06-08 19:45:52.457 3370 3452 I AmazonProfileService: Event is not filtered because it is not in filter key list.
06-08 19:45:52.638 3370 3452 E AmazonProfileService: There is no KEY_CHILD_PIN_PACKAGE_NAME
06-08 19:45:52.638 3370 3452 I AmazonProfileService: Event is not filtered because it is not in filter key list.
06-08 19:45:52.718 3370 3452 E AmazonProfileService: There is no KEY_CHILD_PIN_PACKAGE_NAME
06-08 19:45:52.718 3370 3452 I AmazonProfileService: Event is not filtered because it is not in filter key list.
06-08 19:45:52.740 3370 3653 D AmazonAspService: setActiveInputSource 0
06-08 19:45:52.923 3370 3370 D AmazonHdmiService: Posting callback to app
06-08 19:45:52.923 3370 3497 D AmazonHdmiService: Num of callbacks registered 1
06-08 19:45:52.924 3370 3497 D AmazonHdmiService: Broadcasting callback
06-08 19:45:52.924 3370 3497 D AmazonHdmiService: Broadcasting finished
06-08 19:45:52.924 3370 3370 I AmzHdmiServiceCallback: power status is 0
06-08 19:45:52.973 3370 4352 D AmazonHdmiService: getRawEdid
06-08 19:45:52.974 3370 4352 D AmazonHdmiService: getRawEdid
06-08 19:45:52.975 3370 4352 D AmazonHdmiService: Service: sendCecMessage 15
06-08 19:45:52.976 3370 4352 D AmazonHdmiService: getRawEdid
06-08 19:45:52.978 3370 3452 E AmazonProfileService: There is no KEY_CHILD_PIN_PACKAGE_NAME
06-08 19:45:52.979 3370 3452 I AmazonProfileService: Event is not filtered because it is not in filter key list.
06-08 19:45:52.979 3370 4352 I AmazonPowerManagerVendorCallback: Wakelock acquired UID:10081 PID:3945 Tag:WakeUpDisplayHandler
06-08 19:45:52.981 3370 4352 D AmazonHdmiService: getRawEdid
06-08 19:45:52.982 3370 4352 D AmazonHdmiService: getRawEdid
06-08 19:45:52.983 3370 4351 D AmazonHdmiService: getRawEdid
06-08 19:45:52.988 3370 4351 I chatty : uid=1000(system) Binder:3370_D identical 2 lines
06-08 19:45:52.990 3370 4351 D AmazonHdmiService: getRawEdid
06-08 19:45:52.993 3370 4351 I AmazonPowerManagerVendorCallback: Wakelock acquired UID:10081 PID:3945 Tag:WakeUpDisplayHandler
06-08 19:45:53.077 3370 3452 E AmazonProfileService: There is no KEY_CHILD_PIN_PACKAGE_NAME
06-08 19:45:53.077 3370 3452 I AmazonProfileService: Event is not filtered because it is not in filter key list.
06-08 19:45:53.257 3370 3452 E AmazonProfileService: There is no KEY_CHILD_PIN_PACKAGE_NAME
06-08 19:45:53.257 3370 3452 I AmazonProfileService: Event is not filtered because it is not in filter key list.
06-08 19:45:53.377 3370 3452 E AmazonProfileService: There is no KEY_CHILD_PIN_PACKAGE_NAME
06-08 19:45:53.378 3370 3452 I AmazonProfileService: Event is not filtered because it is not in filter key list.
06-08 19:45:53.481 3370 4351 I AmazonPowerManagerVendorCallback: Wakelock released UID:10081 PID:3945 Tag:WakeUpDisplayHandler
06-08 19:45:53.494 3370 4351 I AmazonPowerManagerVendorCallback: Wakelock released UID:10081 PID:3945 Tag:WakeUpDisplayHandler
06-08 19:45:53.813 3370 3370 D AmazonHdmiService: Posting callback to app
06-08 19:45:53.814 3370 3497 D AmazonHdmiService: Num of callbacks registered 1
06-08 19:45:53.814 3370 3497 D AmazonHdmiService: Broadcasting callback
06-08 19:45:53.814 3370 3497 D AmazonHdmiService: Broadcasting finished
06-08 19:45:53.814 3370 3370 I AmzHdmiServiceCallback: power status is 0
06-08 19:45:53.815 3370 3370 W HDMI : [1]:No validation information for the message: 0B:1A:01
06-08 19:45:53.815 3370 3370 W HDMI : [1]:Unhandled cec command: 0B:1A:01
06-08 19:45:53.817 3370 3452 E AmazonProfileService: There is no KEY_CHILD_PIN_PACKAGE_NAME
06-08 19:45:53.817 3370 3452 I AmazonProfileService: Event is not filtered because it is not in filter key list.
06-08 19:45:53.957 3370 3452 E AmazonProfileService: There is no KEY_CHILD_PIN_PACKAGE_NAME
06-08 19:45:53.957 3370 3452 I AmazonProfileService: Event is not filtered because it is not in filter key list.
06-08 19:45:54.117 3370 3452 E AmazonProfileService: There is no KEY_CHILD_PIN_PACKAGE_NAME
06-08 19:45:54.117 3370 3452 I AmazonProfileService: Event is not filtered because it is not in filter key list.
06-08 19:45:54.253 3370 3452 E AmazonProfileService: There is no KEY_CHILD_PIN_PACKAGE_NAME
06-08 19:45:54.253 3370 3452 I AmazonProfileService: Event is not filtered because it is not in filter key list.
06-08 19:45:56.861 3370 3370 D AmazonHdmiService: Posting callback to app
06-08 19:45:56.861 3370 3497 D AmazonHdmiService: Num of callbacks registered 1
06-08 19:45:56.861 3370 3497 D AmazonHdmiService: Broadcasting callback
06-08 19:45:56.861 3370 3370 I AmzHdmiServiceCallback: power status is 0
06-08 19:45:56.862 3370 3497 D AmazonHdmiService: Broadcasting finished
06-08 19:45:57.066 3370 3370 D AmazonHdmiService: Posting callback to app
06-08 19:45:57.066 3370 3370 I AmzHdmiServiceCallback: power status is 0
06-08 19:45:57.066 3370 3497 D AmazonHdmiService: Num of callbacks registered 1
06-08 19:45:57.066 3370 3497 D AmazonHdmiService: Broadcasting callback
06-08 19:45:57.066 3370 3497 D AmazonHdmiService: Broadcasting finished
06-08 19:45:58.718 3370 3370 D AmazonHdmiService: Posting callback to app
06-08 19:45:58.718 3370 3497 D AmazonHdmiService: Num of callbacks registered 1
06-08 19:45:58.718 3370 3497 D AmazonHdmiService: Broadcasting callback
06-08 19:45:58.718 3370 3497 D AmazonHdmiService: Broadcasting finished
06-08 19:45:58.718 3370 3370 I AmzHdmiServiceCallback: power status is 0
06-08 19:45:58.926 3370 3370 D AmazonHdmiService: Posting callback to app
06-08 19:45:58.926 3370 3497 D AmazonHdmiService: Num of callbacks registered 1
06-08 19:45:58.926 3370 3497 D AmazonHdmiService: Broadcasting callback
06-08 19:45:58.926 3370 3497 D AmazonHdmiService: Broadcasting finished
06-08 19:45:58.926 3370 3370 I AmzHdmiServiceCallback: power status is 0
06-08 19:45:59.778 3370 3452 E AmazonProfileService: There is no KEY_CHILD_PIN_PACKAGE_NAME
06-08 19:45:59.778 3370 3452 I AmazonProfileService: Event is not filtered because it is not in filter key list.
06-08 19:45:59.901 3370 3452 E AmazonProfileService: There is no KEY_CHILD_PIN_PACKAGE_NAME
06-08 19:45:59.901 3370 3452 I AmazonProfileService: Event is not filtered because it is not in filter key list.
06-08 19:46:00.378 3370 3452 E AmazonProfileService: There is no KEY_CHILD_PIN_PACKAGE_NAME
06-08 19:46:00.378 3370 3452 I AmazonProfileService: Returning active profile for programId = PCA_FIRE_TV and customerId = xxx
06-08 19:46:00.378 3370 3452 I AmazonProfileService: Event not filtered. KPM proceeds the key
06-08 19:46:00.478 3370 3452 E AmazonProfileService: There is no KEY_CHILD_PIN_PACKAGE_NAME
06-08 19:46:00.478 3370 3452 I AmazonProfileService: Returning active profile for programId = PCA_FIRE_TV and customerId = xxx
06-08 19:46:00.478 3370 3452 I AmazonProfileService: Event not filtered. KPM proceeds the key
06-08 19:46:00.986 3370 4352 D AmazonHdmiService: getRawEdid
06-08 19:46:00.990 3370 4352 D AmazonHdmiService: getRawEdid
06-08 19:46:01.799 3370 3452 E AmazonProfileService: There is no KEY_CHILD_PIN_PACKAGE_NAME
06-08 19:46:01.799 3370 3452 I AmazonProfileService: Event is not filtered because it is not in filter key list.
06-08 19:46:01.938 3370 3452 E AmazonProfileService: There is no KEY_CHILD_PIN_PACKAGE_NAME
06-08 19:46:01.938 3370 3452 I AmazonProfileService: Event is not filtered because it is not in filter key list.
06-08 19:46:02.918 3370 3452 E AmazonProfileService: There is no KEY_CHILD_PIN_PACKAGE_NAME
06-08 19:46:02.918 3370 3452 I AmazonProfileService: Event is not filtered because it is not in filter key list.
06-08 19:46:03.035 3370 3452 E AmazonProfileService: There is no KEY_CHILD_PIN_PACKAGE_NAME
06-08 19:46:03.035 3370 3452 I AmazonProfileService: Event is not filtered because it is not in filter key list.
06-08 19:46:04.518 3370 3452 E AmazonProfileService: There is no KEY_CHILD_PIN_PACKAGE_NAME
06-08 19:46:04.518 3370 3452 I AmazonProfileService: Returning active profile for programId = PCA_FIRE_TV and customerId = xxx
06-08 19:46:04.518 3370 3452 I AmazonProfileService: Event not filtered. KPM proceeds the key
06-08 19:46:04.658 3370 3452 E AmazonProfileService: There is no KEY_CHILD_PIN_PACKAGE_NAME
06-08 19:46:04.658 3370 3452 I AmazonProfileService: Returning active profile for programId = PCA_FIRE_TV and customerId = xxx
06-08 19:46:04.658 3370 3452 I AmazonProfileService: Event not filtered. KPM proceeds the key
06-08 19:46:06.118 3370 3452 E AmazonProfileService: There is no KEY_CHILD_PIN_PACKAGE_NAME
06-08 19:46:06.118 3370 3452 I AmazonProfileService: Event is not filtered because it is not in filter key list.
06-08 19:46:06.198 3370 3452 E AmazonProfileService: There is no KEY_CHILD_PIN_PACKAGE_NAME
06-08 19:46:06.198 3370 3452 I AmazonProfileService: Event is not filtered because it is not in filter key list.
06-08 19:46:06.298 3370 3452 E AmazonProfileService: There is no KEY_CHILD_PIN_PACKAGE_NAME
06-08 19:46:06.298 3370 3452 I AmazonProfileService: Event is not filtered because it is not in filter key list.
06-08 19:46:06.398 3370 3452 E AmazonProfileService: There is no KEY_CHILD_PIN_PACKAGE_NAME
06-08 19:46:06.398 3370 3452 I AmazonProfileService: Event is not filtered because it is not in filter key list.
06-08 19:46:07.018 3370 3452 E AmazonProfileService: There is no KEY_CHILD_PIN_PACKAGE_NAME
06-08 19:46:07.018 3370 3452 I AmazonProfileService: Event is not filtered because it is not in filter key list.
06-08 19:46:07.118 3370 3452 E AmazonProfileService: There is no KEY_CHILD_PIN_PACKAGE_NAME
06-08 19:46:07.118 3370 3452 I AmazonProfileService: Event is not filtered because it is not in filter key list.
06-08 19:46:07.498 3370 3452 E AmazonProfileService: There is no KEY_CHILD_PIN_PACKAGE_NAME
06-08 19:46:07.498 3370 3452 I AmazonProfileService: Event is not filtered because it is not in filter key list.
06-08 19:46:07.602 3370 3452 E AmazonProfileService: There is no KEY_CHILD_PIN_PACKAGE_NAME
06-08 19:46:07.602 3370 3452 I AmazonProfileService: Event is not filtered because it is not in filter key list.
06-08 19:46:07.998 3370 3452 E AmazonProfileService: There is no KEY_CHILD_PIN_PACKAGE_NAME
06-08 19:46:07.998 3370 3452 I AmazonProfileService: Event is not filtered because it is not in filter key list.
06-08 19:46:08.098 3370 3452 E AmazonProfileService: There is no KEY_CHILD_PIN_PACKAGE_NAME
06-08 19:46:08.098 3370 3452 I AmazonProfileService: Event is not filtered because it is not in filter key list.
06-08 19:46:08.174 3370 3452 E AmazonProfileService: There is no KEY_CHILD_PIN_PACKAGE_NAME
06-08 19:46:08.174 3370 3452 I AmazonProfileService: Event is not filtered because it is not in filter key list.
06-08 19:46:08.238 3370 3452 E AmazonProfileService: There is no KEY_CHILD_PIN_PACKAGE_NAME
06-08 19:46:08.238 3370 3452 I AmazonProfileService: Event is not filtered because it is not in filter key list.
06-08 19:46:08.438 3370 3452 E AmazonProfileService: There is no KEY_CHILD_PIN_PACKAGE_NAME
06-08 19:46:08.438 3370 3452 I AmazonProfileService: Event is not filtered because it is not in filter key list.
06-08 19:46:08.574 3370 3452 E AmazonProfileService: There is no KEY_CHILD_PIN_PACKAGE_NAME
06-08 19:46:08.574 3370 3452 I AmazonProfileService: Event is not filtered because it is not in filter key list.
06-08 19:46:09.539 3370 3370 D AmazonHdmiService: Posting callback to app
06-08 19:46:09.540 3370 3497 D AmazonHdmiService: Num of callbacks registered 1
06-08 19:46:09.540 3370 3497 D AmazonHdmiService: Broadcasting callback
06-08 19:46:09.540 3370 3497 D AmazonHdmiService: Broadcasting finished
06-08 19:46:09.542 3370 3370 I AmzHdmiServiceCallback: power status is 0
06-08 19:46:09.773 3370 3370 D AmazonHdmiService: Posting callback to app
06-08 19:46:09.774 3370 3497 D AmazonHdmiService: Num of callbacks registered 1
06-08 19:46:09.774 3370 3497 D AmazonHdmiService: Broadcasting callback
06-08 19:46:09.774 3370 3497 D AmazonHdmiService: Broadcasting finished
06-08 19:46:09.775 3370 3370 I AmzHdmiServiceCallback: power status is 0
06-08 19:46:10.095 3370 3370 D AmazonHdmiService: Posting callback to app
06-08 19:46:10.095 3370 3497 D AmazonHdmiService: Num of callbacks registered 1
06-08 19:46:10.095 3370 3497 D AmazonHdmiService: Broadcasting callback
06-08 19:46:10.095 3370 3497 D AmazonHdmiService: Broadcasting finished
06-08 19:46:10.095 3370 3370 I AmzHdmiServiceCallback: power status is 0
06-08 19:46:10.095 3370 3370 V HdmiCecLocalDevice: Wrong direct vendor command. Replying with
06-08 19:46:12.754 3370 3452 E AmazonProfileService: There is no KEY_CHILD_PIN_PACKAGE_NAME
06-08 19:46:12.754 3370 3452 I AmazonProfileService: Event is not filtered because it is not in filter key list.
06-08 19:46:12.758 3370 3452 E AmazonProfileService: There is no KEY_CHILD_PIN_PACKAGE_NAME
06-08 19:46:12.758 3370 3452 I AmazonProfileService: Event is not filtered because it is not in filter key list.
06-08 19:46:12.918 3370 3452 E AmazonProfileService: There is no KEY_CHILD_PIN_PACKAGE_NAME
06-08 19:46:12.918 3370 3452 I AmazonProfileService: Event is not filtered because it is not in filter key list.
06-08 19:46:13.018 3370 3452 E AmazonProfileService: There is no KEY_CHILD_PIN_PACKAGE_NAME
06-08 19:46:13.018 3370 3452 I AmazonProfileService: Event is not filtered because it is not in filter key list.
06-08 19:46:14.991 3370 3370 D AmazonHdmiService: Posting callback to app
06-08 19:46:14.991 3370 3497 D AmazonHdmiService: Num of callbacks registered 1
06-08 19:46:14.991 3370 3497 D AmazonHdmiService: Broadcasting callback
06-08 19:46:14.991 3370 3497 D AmazonHdmiService: Broadcasting finished
06-08 19:46:14.992 3370 3370 I AmzHdmiServiceCallback: power status is 0
06-08 19:46:15.409 3370 3370 D AmazonHdmiService: Posting callback to app
06-08 19:46:15.409 3370 3497 D AmazonHdmiService: Num of callbacks registered 1
06-08 19:46:15.409 3370 3497 D AmazonHdmiService: Broadcasting callback
06-08 19:46:15.409 3370 3497 D AmazonHdmiService: Broadcasting finished
06-08 19:46:15.410 3370 4352 D AmazonHdmiService: getRawEdid
06-08 19:46:15.410 3370 3370 I AmzHdmiServiceCallback: power status is 0
06-08 19:46:15.410 3370 3370 I AmzHdmiServiceCallback: message: 0F:85 ,physicalAddress: 12288, isActiveCecSource: true
06-08 19:46:15.411 3370 4352 D AmazonHdmiService: Service: sendCecMessage 15
06-08 19:46:15.412 3370 4352 D AmazonHdmiService: getRawEdid
06-08 19:46:15.414 3370 4352 I AmazonPowerManagerVendorCallback: Wakelock acquired UID:10081 PID:3945 Tag:WakeUpDisplayHandler
06-08 19:46:15.415 3370 4352 D AmazonHdmiService: getRawEdid
06-08 19:46:15.417 3370 4352 I AmazonPowerManagerVendorCallback: Wakelock acquired UID:10081 PID:3945 Tag:WakeUpDisplayHandler
06-08 19:46:15.738 3370 3452 E AmazonProfileService: There is no KEY_CHILD_PIN_PACKAGE_NAME
06-08 19:46:15.738 3370 3452 I AmazonProfileService: Event is not filtered because it is not in filter key list.
06-08 19:46:15.754 3370 3452 E AmazonProfileService: There is no KEY_CHILD_PIN_PACKAGE_NAME
06-08 19:46:15.754 3370 3452 I AmazonProfileService: Event is not filtered because it is not in filter key list.
06-08 19:46:15.916 3370 4352 I AmazonPowerManagerVendorCallback: Wakelock released UID:10081 PID:3945 Tag:WakeUpDisplayHandler
06-08 19:46:15.918 3370 4352 I AmazonPowerManagerVendorCallback: Wakelock released UID:10081 PID:3945 Tag:WakeUpDisplayHandler
06-08 19:46:16.014 3370 3452 E AmazonProfileService: There is no KEY_CHILD_PIN_PACKAGE_NAME
06-08 19:46:16.014 3370 3452 I AmazonProfileService: Event is not filtered because it is not in filter key list.
06-08 19:46:16.124 3370 3452 E AmazonProfileService: There is no KEY_CHILD_PIN_PACKAGE_NAME
06-08 19:46:16.124 3370 3452 I AmazonProfileService: Event is not filtered because it is not in filter key list.
06-08 19:46:16.640 3370 3390 I ActivityManager: Start proc 18661:com.amazon.avod/u0a73 for service com.amazon.avod/.sync.syncadapter.ATVSyncService
06-08 19:46:16.655 3195 3256 E storaged: getDiskStats failed with result NOT_SUPPORTED and size 0
06-08 19:46:17.159 3370 3452 E AmazonProfileService: There is no KEY_CHILD_PIN_PACKAGE_NAME
06-08 19:46:17.159 3370 3452 I AmazonProfileService: Event is not filtered because it is not in filter key list.
06-08 19:46:17.234 3370 3452 E AmazonProfileService: There is no KEY_CHILD_PIN_PACKAGE_NAME
06-08 19:46:17.234 3370 3452 I AmazonProfileService: Event is not filtered because it is not in filter key list.
06-08 19:46:17.718 3370 3452 E AmazonProfileService: There is no KEY_CHILD_PIN_PACKAGE_NAME
06-08 19:46:17.718 3370 3452 I AmazonProfileService: Returning active profile for programId = PCA_FIRE_TV and customerId = xxx
06-08 19:46:17.719 3370 3452 I AmazonProfileService: Event not filtered. KPM proceeds the key
06-08 19:46:17.818 3370 3452 E AmazonProfileService: There is no KEY_CHILD_PIN_PACKAGE_NAME
06-08 19:46:17.818 3370 3452 I AmazonProfileService: Returning active profile for programId = PCA_FIRE_TV and customerId = xxx
06-08 19:46:17.819 3370 3452 I AmazonProfileService: Event not filtered. KPM proceeds the key
06-08 19:46:19.122 3370 4352 W ContentService: Requested poll frequency of 300 seconds being rounded up to 900s.
06-08 19:46:19.178 3370 3390 I ActivityManager: Start proc 18757:com.amazon.identity.auth.device.authorization/u0a142 for service com.amazon.identity.auth.device.authorization/.AmazonCredentialManagerService
06-08 19:46:19.339 3370 4351 I AmazonProfileService: Returning the default programId on device
06-08 19:46:19.344 3370 4352 W ContentService: Requested poll frequency of 300 seconds being rounded up to 900s.
06-08 19:46:19.350 3370 3653 I ActivityManager: Killing 17772:com.android.providers.downloads/u0a26 (adj 903): empty #17
06-08 19:46:19.458 3370 3452 E AmazonProfileService: There is no KEY_CHILD_PIN_PACKAGE_NAME
06-08 19:46:19.459 3370 3452 I AmazonProfileService: Event is not filtered because it is not in filter key list.
06-08 19:46:19.470 3370 3452 E AmazonProfileService: There is no KEY_CHILD_PIN_PACKAGE_NAME
06-08 19:46:19.470 3370 3452 I AmazonProfileService: Event is not filtered because it is not in filter key list.
06-08 19:46:20.478 3370 3452 E AmazonProfileService: There is no KEY_CHILD_PIN_PACKAGE_NAME
06-08 19:46:20.478 3370 3452 I AmazonProfileService: Returning active profile for programId = PCA_FIRE_TV and customerId = xxx
06-08 19:46:20.478 3370 3452 I AmazonProfileService: Event not filtered. KPM proceeds the key
06-08 19:46:20.579 3370 3452 E AmazonProfileService: There is no KEY_CHILD_PIN_PACKAGE_NAME
06-08 19:46:20.580 3370 3452 I AmazonProfileService: Returning active profile for programId = PCA_FIRE_TV and customerId = xxx
06-08 19:46:20.580 3370 3452 I AmazonProfileService: Event not filtered. KPM proceeds the key
06-08 19:46:22.719 3370 3452 E AmazonProfileService: There is no KEY_CHILD_PIN_PACKAGE_NAME
06-08 19:46:22.719 3370 3452 I AmazonProfileService: Event is not filtered because it is not in filter key list.
06-08 19:46:22.759 3370 3452 E AmazonProfileService: There is no KEY_CHILD_PIN_PACKAGE_NAME
06-08 19:46:22.759 3370 3452 I AmazonProfileService: Event is not filtered because it is not in filter key list.
06-08 19:46:23.008 3370 3452 E AmazonProfileService: There is no KEY_CHILD_PIN_PACKAGE_NAME
06-08 19:46:23.008 3370 3452 I AmazonProfileService: Event is not filtered because it is not in filter key list.
06-08 19:46:23.078 3370 3452 E AmazonProfileService: There is no KEY_CHILD_PIN_PACKAGE_NAME
06-08 19:46:23.078 3370 3452 I AmazonProfileService: Event is not filtered because it is not in filter key list.
06-08 19:46:23.619 3370 3452 E AmazonProfileService: There is no KEY_CHILD_PIN_PACKAGE_NAME
06-08 19:46:23.619 3370 3452 I AmazonProfileService: Event is not filtered because it is not in filter key list.
06-08 19:46:23.742 3370 3452 E AmazonProfileService: There is no KEY_CHILD_PIN_PACKAGE_NAME
06-08 19:46:23.742 3370 3452 I AmazonProfileService: Event is not filtered because it is not in filter key list.
06-08 19:46:24.158 3370 3452 E AmazonProfileService: There is no KEY_CHILD_PIN_PACKAGE_NAME
06-08 19:46:24.159 3370 3452 I AmazonProfileService: Event is not filtered because it is not in filter key list.
06-08 19:46:24.259 3370 3452 E AmazonProfileService: There is no KEY_CHILD_PIN_PACKAGE_NAME
06-08 19:46:24.259 3370 3452 I AmazonProfileService: Event is not filtered because it is not in filter key list.
06-08 19:46:24.319 3370 3452 E AmazonProfileService: There is no KEY_CHILD_PIN_PACKAGE_NAME
06-08 19:46:24.319 3370 3452 I AmazonProfileService: Event is not filtered because it is not in filter key list.
06-08 19:46:24.419 3370 3452 E AmazonProfileService: There is no KEY_CHILD_PIN_PACKAGE_NAME
06-08 19:46:24.419 3370 3452 I AmazonProfileService: Event is not filtered because it is not in filter key list.
06-08 19:46:24.482 3370 3452 E AmazonProfileService: There is no KEY_CHILD_PIN_PACKAGE_NAME
06-08 19:46:24.483 3370 3452 I AmazonProfileService: Event is not filtered because it is not in filter key list.
06-08 19:46:24.578 3370 3452 E AmazonProfileService: There is no KEY_CHILD_PIN_PACKAGE_NAME
06-08 19:46:24.578 3370 3452 I AmazonProfileService: Event is not filtered because it is not in filter key list.
06-08 19:46:24.639 3370 3452 E AmazonProfileService: There is no KEY_CHILD_PIN_PACKAGE_NAME
06-08 19:46:24.639 3370 3452 I AmazonProfileService: Event is not filtered because it is not in filter key list.
06-08 19:46:24.739 3370 3452 E AmazonProfileService: There is no KEY_CHILD_PIN_PACKAGE_NAME
06-08 19:46:24.739 3370 3452 I AmazonProfileService: Event is not filtered because it is not in filter key list.
06-08 19:46:24.840 3370 3452 E AmazonProfileService: There is no KEY_CHILD_PIN_PACKAGE_NAME
06-08 19:46:24.840 3370 3452 I AmazonProfileService: Event is not filtered because it is not in filter key list.
06-08 19:46:24.898 3370 3452 E AmazonProfileService: There is no KEY_CHILD_PIN_PACKAGE_NAME
06-08 19:46:24.898 3370 3452 I AmazonProfileService: Event is not filtered because it is not in filter key list.
06-08 19:46:24.999 3370 3452 E AmazonProfileService: There is no KEY_CHILD_PIN_PACKAGE_NAME
06-08 19:46:24.999 3370 3452 I AmazonProfileService: Event is not filtered because it is not in filter key list.
06-08 19:46:25.097 3370 3452 E AmazonProfileService: There is no KEY_CHILD_PIN_PACKAGE_NAME
06-08 19:46:25.097 3370 3452 I AmazonProfileService: Event is not filtered because it is not in filter key list.
06-08 19:46:25.314 3370 3452 E AmazonProfileService: There is no KEY_CHILD_PIN_PACKAGE_NAME
06-08 19:46:25.314 3370 3452 I AmazonProfileService: Event is not filtered because it is not in filter key list.
06-08 19:46:25.399 3370 3452 E AmazonProfileService: There is no KEY_CHILD_PIN_PACKAGE_NAME
06-08 19:46:25.399 3370 3452 I AmazonProfileService: Event is not filtered because it is not in filter key list.
06-08 19:46:26.639 3370 3452 E AmazonProfileService: There is no KEY_CHILD_PIN_PACKAGE_NAME
06-08 19:46:26.639 3370 3452 I AmazonProfileService: Event is not filtered because it is not in filter key list.
06-08 19:46:26.655 3370 3452 E AmazonProfileService: There is no KEY_CHILD_PIN_PACKAGE_NAME
06-08 19:46:26.655 3370 3452 I AmazonProfileService: Event is not filtered because it is not in filter key list.
06-08 19:46:26.820 3370 3452 E AmazonProfileService: There is no KEY_CHILD_PIN_PACKAGE_NAME
06-08 19:46:26.820 3370 3452 I AmazonProfileService: Event is not filtered because it is not in filter key list.
06-08 19:46:26.919 3370 3452 E AmazonProfileService: There is no KEY_CHILD_PIN_PACKAGE_NAME
06-08 19:46:26.919 3370 3452 I AmazonProfileService: Event is not filtered because it is not in filter key list.
06-08 19:46:27.559 3370 3452 E AmazonProfileService: There is no KEY_CHILD_PIN_PACKAGE_NAME
06-08 19:46:27.559 3370 3452 I AmazonProfileService: Returning active profile for programId = PCA_FIRE_TV and customerId = xxx
06-08 19:46:27.559 3370 3452 I AmazonProfileService: Event not filtered. KPM proceeds the key
06-08 19:46:27.719 3370 3452 E AmazonProfileService: There is no KEY_CHILD_PIN_PACKAGE_NAME
06-08 19:46:27.719 3370 3452 I AmazonProfileService: Returning active profile for programId = PCA_FIRE_TV and customerId = xxx
06-08 19:46:27.720 3370 3452 I AmazonProfileService: Event not filtered. KPM proceeds the key
06-08 19:46:28.199 3370 3452 E AmazonProfileService: There is no KEY_CHILD_PIN_PACKAGE_NAME
06-08 19:46:28.199 3370 3452 I AmazonProfileService: Event is not filtered because it is not in filter key list.
06-08 19:46:28.319 3370 3452 E AmazonProfileService: There is no KEY_CHILD_PIN_PACKAGE_NAME
06-08 19:46:28.319 3370 3452 I AmazonProfileService: Event is not filtered because it is not in filter key list.
06-08 19:46:28.894 3370 3452 E AmazonProfileService: There is no KEY_CHILD_PIN_PACKAGE_NAME
06-08 19:46:28.895 3370 3452 I AmazonProfileService: Event is not filtered because it is not in filter key list.
06-08 19:46:28.999 3370 3452 E AmazonProfileService: There is no KEY_CHILD_PIN_PACKAGE_NAME
06-08 19:46:28.999 3370 3452 I AmazonProfileService: Event is not filtered because it is not in filter key list.
06-08 19:46:29.179 3370 3452 E AmazonProfileService: There is no KEY_CHILD_PIN_PACKAGE_NAME
06-08 19:46:29.179 3370 3452 I AmazonProfileService: Event is not filtered because it is not in filter key list.
06-08 19:46:29.294 3370 3452 E AmazonProfileService: There is no KEY_CHILD_PIN_PACKAGE_NAME
06-08 19:46:29.294 3370 3452 I AmazonProfileService: Event is not filtered because it is not in filter key list.
06-08 19:46:30.219 3370 3452 E AmazonProfileService: There is no KEY_CHILD_PIN_PACKAGE_NAME
06-08 19:46:30.219 3370 3452 I AmazonProfileService: Event is not filtered because it is not in filter key list.
06-08 19:46:30.243 3370 4350 W BroadcastQueue: Background execution not allowed: receiving Intent { act=amazon.bluetooth.input.profile.action.BATTERY_LEVEL_UPDATE flg=0x4000010 (has extras) } to com.amazon.device.rdmapplication/.services.RemoteBatteryLevelReceiver
06-08 19:46:30.247 3370 4352 W BroadcastQueue: Background execution not allowed: receiving Intent { act=amazon.bluetooth.input.profile.action.BATTERY_LEVEL_UPDATE flg=0x4000010 (has extras) } to com.amazon.device.rdmapplication/.services.RemoteBatteryLevelReceiver
06-08 19:46:30.299 3370 3452 E AmazonProfileService: There is no KEY_CHILD_PIN_PACKAGE_NAME
06-08 19:46:30.299 3370 3452 I AmazonProfileService: Event is not filtered because it is not in filter key list.
06-08 19:46:30.399 3370 3452 E AmazonProfileService: There is no KEY_CHILD_PIN_PACKAGE_NAME
06-08 19:46:30.399 3370 3452 I AmazonProfileService: Event is not filtered because it is not in filter key list.
06-08 19:46:30.518 3370 3452 E AmazonProfileService: There is no KEY_CHILD_PIN_PACKAGE_NAME
06-08 19:46:30.519 3370 3452 I AmazonProfileService: Event is not filtered because it is not in filter key list.
06-08 19:46:31.159 3370 3452 E AmazonProfileService: There is no KEY_CHILD_PIN_PACKAGE_NAME
06-08 19:46:31.159 3370 3452 I AmazonProfileService: Event is not filtered because it is not in filter key list.
06-08 19:46:31.259 3370 3452 E AmazonProfileService: There is no KEY_CHILD_PIN_PACKAGE_NAME
06-08 19:46:31.259 3370 3452 I AmazonProfileService: Event is not filtered because it is not in filter key list.
06-08 19:46:31.939 3370 3452 E AmazonProfileService: There is no KEY_CHILD_PIN_PACKAGE_NAME
06-08 19:46:31.939 3370 3452 I AmazonProfileService: Returning active profile for programId = PCA_FIRE_TV and customerId = xxx
06-08 19:46:31.939 3370 3452 I AmazonProfileService: Event not filtered. KPM proceeds the key
06-08 19:46:32.079 3370 3452 E AmazonProfileService: There is no KEY_CHILD_PIN_PACKAGE_NAME
06-08 19:46:32.079 3370 3452 I AmazonProfileService: Returning active profile for programId = PCA_FIRE_TV and customerId = xxx
06-08 19:46:32.079 3370 3452 I AmazonProfileService: Event not filtered. KPM proceeds the key
06-08 19:46:32.819 3370 3452 E AmazonProfileService: There is no KEY_CHILD_PIN_PACKAGE_NAME
06-08 19:46:32.819 3370 3452 I AmazonProfileService: Returning active profile for programId = PCA_FIRE_TV and customerId = xxx
06-08 19:46:32.819 3370 3452 I AmazonProfileService: Event not filtered. KPM proceeds the key
06-08 19:46:32.939 3370 3452 E AmazonProfileService: There is no KEY_CHILD_PIN_PACKAGE_NAME
06-08 19:46:32.939 3370 3452 I AmazonProfileService: Returning active profile for programId = PCA_FIRE_TV and customerId = xxx
06-08 19:46:32.939 3370 3452 I AmazonProfileService: Event not filtered. KPM proceeds the key
06-08 19:46:33.179 3370 3452 E AmazonProfileService: There is no KEY_CHILD_PIN_PACKAGE_NAME
06-08 19:46:33.179 3370 3452 I AmazonProfileService: Returning active profile for programId = PCA_FIRE_TV and customerId = xxx
06-08 19:46:33.180 3370 3452 I AmazonProfileService: Event not filtered. KPM proceeds the key
06-08 19:46:33.315 3370 3452 E AmazonProfileService: There is no KEY_CHILD_PIN_PACKAGE_NAME
06-08 19:46:33.315 3370 3452 I AmazonProfileService: Returning active profile for programId = PCA_FIRE_TV and customerId = xxx
06-08 19:46:33.315 3370 3452 I AmazonProfileService: Event not filtered. KPM proceeds the key
06-08 19:46:33.579 3370 3452 E AmazonProfileService: There is no KEY_CHILD_PIN_PACKAGE_NAME
06-08 19:46:33.579 3370 3452 I AmazonProfileService: Returning active profile for programId = PCA_FIRE_TV and customerId = xxx
06-08 19:46:33.579 3370 3452 I AmazonProfileService: Event not filtered. KPM proceeds the key
06-08 19:46:33.699 3370 3452 E AmazonProfileService: There is no KEY_CHILD_PIN_PACKAGE_NAME
06-08 19:46:33.699 3370 3452 I AmazonProfileService: Returning active profile for programId = PCA_FIRE_TV and customerId = xxx
06-08 19:46:33.699 3370 3452 I AmazonProfileService: Event not filtered. KPM proceeds the key
06-08 19:46:33.959 3370 3452 E AmazonProfileService: There is no KEY_CHILD_PIN_PACKAGE_NAME
06-08 19:46:33.959 3370 3452 I AmazonProfileService: Returning active profile for programId = PCA_FIRE_TV and customerId = xxx
06-08 19:46:33.960 3370 3452 I AmazonProfileService: Event not filtered. KPM proceeds the key
06-08 19:46:34.075 3370 3452 E AmazonProfileService: There is no KEY_CHILD_PIN_PACKAGE_NAME
06-08 19:46:34.075 3370 3452 I AmazonProfileService: Returning active profile for programId = PCA_FIRE_TV and customerId = xxx
06-08 19:46:34.075 3370 3452 I AmazonProfileService: Event not filtered. KPM proceeds the key
06-08 19:46:35.895 3370 3452 E AmazonProfileService: There is no KEY_CHILD_PIN_PACKAGE_NAME
06-08 19:46:35.895 3370 3452 I AmazonProfileService: Event is not filtered because it is not in filter key list.
06-08 19:46:35.899 3370 3452 E AmazonProfileService: There is no KEY_CHILD_PIN_PACKAGE_NAME
06-08 19:46:35.899 3370 3452 I AmazonProfileService: Event is not filtered because it is not in filter key list.
06-08 19:46:35.995 3370 3452 E AmazonProfileService: There is no KEY_CHILD_PIN_PACKAGE_NAME
06-08 19:46:35.995 3370 3452 I AmazonProfileService: Event is not filtered because it is not in filter key list.
06-08 19:46:36.079 3370 3452 E AmazonProfileService: There is no KEY_CHILD_PIN_PACKAGE_NAME
06-08 19:46:36.079 3370 3452 I AmazonProfileService: Event is not filtered because it is not in filter key list.
06-08 19:46:36.815 3370 3452 E AmazonProfileService: There is no KEY_CHILD_PIN_PACKAGE_NAME
06-08 19:46:36.815 3370 3452 I AmazonProfileService: Event is not filtered because it is not in filter key list.
06-08 19:46:36.919 3370 3452 E AmazonProfileService: There is no KEY_CHILD_PIN_PACKAGE_NAME
06-08 19:46:36.919 3370 3452 I AmazonProfileService: Event is not filtered because it is not in filter key list.
06-08 19:46:37.819 3370 3452 E AmazonProfileService: There is no KEY_CHILD_PIN_PACKAGE_NAME
06-08 19:46:37.819 3370 3452 I AmazonProfileService: Event is not filtered because it is not in filter key list.
06-08 19:46:37.919 3370 3452 E AmazonProfileService: There is no KEY_CHILD_PIN_PACKAGE_NAME
06-08 19:46:37.919 3370 3452 I AmazonProfileService: Event is not filtered because it is not in filter key list.
06-08 19:46:38.101 3370 3452 E AmazonProfileService: There is no KEY_CHILD_PIN_PACKAGE_NAME
06-08 19:46:38.101 3370 3452 I AmazonProfileService: Event is not filtered because it is not in filter key list.
06-08 19:46:38.199 3370 3452 E AmazonProfileService: There is no KEY_CHILD_PIN_PACKAGE_NAME
06-08 19:46:38.199 3370 3452 I AmazonProfileService: Event is not filtered because it is not in filter key list.
06-08 19:46:38.284 3370 3469 D NsdService: unregister service
06-08 19:46:38.285 3370 3469 D NsdService: mdnssd [stop-register, 2]
06-08 19:46:38.289 3370 3469 D NsdService: unregister service
06-08 19:46:38.289 3370 3469 D NsdService: mdnssd [stop-register, 3]
06-08 19:46:43.397 3370 4350 I AmazonPowerManagerVendorCallback: Wakelock released UID:10043 PID:4186 Tag:org.xbmc.kodi
06-08 19:46:43.471 3370 4352 I ActivityManager: START u0 {act=android.intent.action.MAIN cat=[android.intent.category.HOME] flg=0x10000100 cmp=com.wolf.lmu/.customlauncher.LaunchActivity} from uid 0
06-08 19:46:43.476 3370 4352 I AmazonProfileService: shouldAbortActivityStart() Package: xxx activity: xxx
06-08 19:46:43.476 3370 4352 I AmazonProfileService: shouldAbortActivityStart() not aborted
06-08 19:46:43.503 3370 4352 I ActivityManager: Killing 17760:com.amazon.prism.android.service/u0a178 (adj 903): empty #17
06-08 19:46:43.515 3370 3396 I AmazonProfileService: Sending broadcast as the package is a non-enabled app
06-08 19:46:43.519 3370 3503 W AmazonProfileService: Active profile for the package xxx not present for customer Id xxx
06-08 19:46:43.519 3370 3503 I AmazonProfileService: Returning active profile for programId = PCA_FIRE_TV and customerId = xxx
06-08 19:46:43.567 3370 4348 I ActivityManager: START u0 {act=android.intent.action.MAIN cat=[android.intent.category.LEANBACK_LAUNCHER] flg=0x34e34000 pkg=org.xbmc.kodi cmp=org.xbmc.kodi/.Splash} from uid 10193
06-08 19:46:43.567 3370 4348 I AmazonProfileService: shouldAbortActivityStart() Package: xxx activity: xxx
06-08 19:46:43.568 3370 4348 I AmazonProfileService: shouldAbortActivityStart() not aborted
06-08 19:46:43.618 3370 4348 W ActivityManager: Finishing task with all activities already finished
06-08 19:46:43.618 3370 4348 W ActivityManager: Duplicate finish request for ActivityRecord{1b5467c u0 com.wolf.lmu/.customlauncher.LaunchActivity t1756 f}
06-08 19:46:43.658 3370 3503 W AmazonProfileService: Active profile for the package xxx not present for customer Id xxx
06-08 19:46:43.658 3370 3396 I AmazonProfileService: Sending broadcast as the package is a non-enabled app
06-08 19:46:43.665 3370 3503 I AmazonProfileService: Returning active profile for programId = PCA_FIRE_TV and customerId = xxx
06-08 19:46:43.707 3370 4352 I ActivityManager: START u0 {act=android.intent.action.MAIN cat=[android.intent.category.LEANBACK_LAUNCHER] flg=0x35e34000 pkg=org.xbmc.kodi cmp=org.xbmc.kodi/.Main} from uid 10043
06-08 19:46:43.707 3370 4352 I AmazonProfileService: shouldAbortActivityStart() Package: xxx activity: xxx
06-08 19:46:43.707 3370 4352 I AmazonProfileService: shouldAbortActivityStart() not aborted
06-08 19:46:44.062 3370 3447 D AmazonHdmiService: UEvent: HDCP state 0
06-08 19:46:44.727 3370 3396 I DisplayManagerService: Display device changed: DisplayDeviceInfo{"Integrierter Bildschirm": uniqueId="local:0", 3840 x 2160, modeId 4, defaultModeId 1, supportedModes [{id=1, width=1920, height=1080, fps=60.000004}, {id=2, width=3840, height=2160, fps=50.0}, {id=3, width=3840, height=2160, fps=60.000004}, {id=4, width=3840, height=2160, fps=59.94006}, {id=5, width=3840, height=2160, fps=24.0}, {id=6, width=3840, height=2160, fps=23.976025}, {id=7, width=3840, height=2160, fps=25.0}, {id=8, width=3840, height=2160, fps=30.0}, {id=9, width=3840, height=2160, fps=29.97003}, {id=10, width=1920, height=1080, fps=24.0}, {id=11, width=1920, height=1080, fps=23.976025}, {id=12, width=1920, height=1080, fps=25.0}, {id=13, width=1920, height=1080, fps=50.0}, {id=14, width=1920, height=1080, fps=30.0}, {id=15, width=1920, height=1080, fps=29.97003}, {id=16, width=1280, height=720, fps=50.0}, {id=17, width=1920, height=1080, fps=59.94006}, {id=18, width=1280, height=720, fps=60.000004}, {id=19, width=1280, height=720, fps=59.94006}, {id=20, width=720, height=576, fps=50.0}, {id=21, width=720, height=480, fps=60.000004}, {id=22, width=720, height=480, fps=59.94006}], colorMode 0, supportedColorModes [0], HdrCapabilities android.view.Display$HdrCapabilities@40f3c928, density 320, 92.0 x 92.0 dpi, appVsyncOff 1000000, presDeadline 16683333, touch INTERNAL, rotation 0, type BUILT_IN, state ON, FLAG_DEFAULT_DISPLAY, FLAG_SECURE, FLAG_SUPPORTS_PROTECTED_BUFFERS}
06-08 19:46:44.732 3370 3447 I AmazonHdmiService: Get Current HDCP Error
06-08 19:46:44.733 3370 3755 D AmazonHdmiService: getRawEdid
06-08 19:46:44.733 3370 3447 I AmazonHdmiService: UEvent: {SUBSYSTEM=extcon, SEQNUM=3036, ACTION=change, DEVTYPE=hdmi_audio, SWITCH_NAME=hdmi_audio, DEVPATH=/devices/virtual/switch/hdmi_audio, SWITCH_STATE=0}
06-08 19:46:44.734 3370 3755 D AmazonHdmiService: getRawEdid
06-08 19:46:44.734 3370 3447 V WiredAccessoryManager: Headset UEVENT: {SUBSYSTEM=extcon, SEQNUM=3036, ACTION=change, DEVTYPE=hdmi_audio, SWITCH_NAME=hdmi_audio, DEVPATH=/devices/virtual/switch/hdmi_audio, SWITCH_STATE=0}
06-08 19:46:44.734 3370 3447 V WiredAccessoryManager: newName=hdmi_audio newState=0 headsetState=0 prev headsetState=16
06-08 19:46:44.735 3370 3755 D AmazonHdmiService: getRawEdid
06-08 19:46:44.736 3370 3370 V WiredAccessoryManager: headsetName: disconnected
06-08 19:46:44.741 3370 3370 D AmazonHdmiService: onDisplayChanged: mode switch
06-08 19:46:44.741 3370 3755 D AmazonHdmiService: getRawEdid
06-08 19:46:44.742 3370 3755 I chatty : uid=1000(system) Binder:3370_5 identical 1 line
06-08 19:46:44.778 3370 3755 D AmazonHdmiService: getRawEdid
06-08 19:46:44.782 3370 3653 D AmazonHdmiService: getRawEdid
06-08 19:46:44.786 3370 3755 I AmazonHdmiService: Get Current HDCP Version
06-08 19:46:44.787 3370 3755 D AmazonHdmiService: getRawEdid
06-08 19:46:44.858 3370 4350 D AmazonAspService: setActiveInputSource 0
06-08 19:46:44.946 3370 4350 E AmazonInputManagerService: Could not unregister callback --------- beginning of crash
06-08 19:46:44.979 4186 4643 F libc : Invalid address 0xc27cb0a8 passed to free: value not allocated
06-08 19:46:44.980 4186 4643 F libc : Fatal signal 6 (SIGABRT), code -6 (SI_TKILL) in tid 4643 (Thread-2), pid 4186 (org.xbmc.kodi)
06-08 19:46:45.065 18854 18854 F DEBUG : *** *** *** *** *** *** *** *** *** *** *** *** *** *** *** ***
06-08 19:46:45.065 18854 18854 F DEBUG : Build fingerprint: 'Amazon/raven/raven:7.0/PS7234/2039N:user/amz-p,release-keys'
06-08 19:46:45.065 18854 18854 F DEBUG : Revision: '0'
06-08 19:46:45.065 18854 18854 F DEBUG : ABI: 'arm'
06-08 19:46:45.065 18854 18854 F DEBUG : pid: 4186, tid: 4643, name: Thread-2 >>> org.xbmc.kodi <<<
06-08 19:46:45.065 18854 18854 F DEBUG : signal 6 (SIGABRT), code -6 (SI_TKILL), fault addr --------
06-08 19:46:45.065 18854 18854 F DEBUG : Abort message: 'Invalid address 0xc27cb0a8 passed to free: value not allocated'
06-08 19:46:45.065 18854 18854 F DEBUG : r0 00000000 r1 00001223 r2 00000006 r3 00000008
06-08 19:46:45.065 18854 18854 F DEBUG : r4 0000105a r5 00001223 r6 d687f7bc r7 0000010c
06-08 19:46:45.066 18854 18854 F DEBUG : r8 d6890408 r9 ef3f3450 r10 f20554f0 r11 0000006a
06-08 19:46:45.066 18854 18854 F DEBUG : ip d687f758 sp d687f7a8 lr ef36bee1 pc ef363d2e
06-08 19:46:45.106 18854 18854 F DEBUG :
06-08 19:46:45.106 18854 18854 F DEBUG : backtrace:
06-08 19:46:45.106 18854 18854 F DEBUG : #00 pc 0001cd2e /system/lib/libc.so (abort+58)
06-08 19:46:45.106 18854 18854 F DEBUG : #01 pc 0007cfb9 /system/lib/libc.so (ifree+880)
06-08 19:46:45.106 18854 18854 F DEBUG : #02 pc 0007d0d7 /system/lib/libc.so (je_free+70)
06-08 19:46:45.106 18854 18854 F DEBUG : #03 pc 0006ccc3 /system/lib/libgui.so (std::__1::unordered_map, std::__1::equal_to, std::__1::allocator>>, std::__1::hash, std::__1::equal_to, std::__1::allocator, std::__1::equ
06-08 19:46:45.106 18854 18854 F DEBUG : #04 pc 00065591 /system/lib/libc.so (__cxa_finalize+132)
06-08 19:46:45.106 18854 18854 F DEBUG : #05 pc 0001828b /system/lib/libc.so (exit+10)
06-08 19:46:45.106 18854 18854 F DEBUG : #06 pc 01d8d114 /data/app/org.xbmc.kodi-i6HrHc3s2wUEN-2mMbRNDg==/lib/arm/libkodi.so (android_main+160)
06-08 19:46:45.106 18854 18854 F DEBUG : #07 pc 01d9bca0 /data/app/org.xbmc.kodi-i6HrHc3s2wUEN-2mMbRNDg==/lib/arm/libkodi.so
06-08 19:46:45.106 18854 18854 F DEBUG : #08 pc 000633e5 /system/lib/libc.so (__pthread_start(void*)+22)
06-08 19:46:45.106 18854 18854 F DEBUG : #09 pc 0001def1 /system/lib/libc.so (__start_thread+24)
06-08 19:46:45.217 3370 3388 W ActivityManager: Activity pause timeout for ActivityRecord{6ec9cfe u0 org.xbmc.kodi/.Splash t1757 f}
06-08 19:46:45.221 3370 3370 D AmazonHdmiService: onDisplayChanged: mode switch
06-08 19:46:45.224 4186 4227 F libc : FORTIFY: pthread_mutex_lock called on a destroyed mutex (0xef57e204)
06-08 19:46:45.228 3370 3503 W AmazonProfileService: Active profile for the package xxx not present for customer Id xxx
06-08 19:46:45.228 3370 3503 I AmazonProfileService: Returning active profile for programId = PCA_FIRE_TV and customerId = xxx
06-08 19:46:45.232 3370 3396 I AmazonProfileService: Sending broadcast as the package is a non-enabled app
06-08 19:46:45.744 3370 4350 I AmazonPowerManagerVendorCallback: Wakelock acquired UID:1041 PID:0 Tag:AudioDup
06-08 19:46:45.745 3370 4350 I AmazonPowerManagerVendorCallback: Wakelock released UID:1041 PID:0 Tag:AudioDup
06-08 19:46:45.791 3370 3755 I AmazonPowerManagerVendorCallback: Wakelock released UID:1041 PID:0 Tag:AudioMix
06-08 19:46:45.791 3370 3755 I AmazonPowerManagerVendorCallback: Wakelock acquired UID:1041 PID:0 Tag:AudioMix
06-08 19:46:45.797 3370 3370 V SettingsProvider: Notifying for 0: content://settings/global/audio_platform_capabilities
06-08 19:46:45.798 3370 3370 V SettingsProvider: Notifying for 0: content://settings/global/nrdp_audio_platform_capabilities
06-08 19:46:45.802 3370 3497 I AmazonHdmiService: AudioManager.EXTRA_ENCODINGS=null
06-08 19:46:45.802 3370 3497 I AudioOutputFormatManager: Request to get dolby device id
06-08 19:46:45.802 3370 3497 I AudioOutputFormatManager: enableAudioFormat with device ordinal: 3 format: 1
06-08 19:46:45.805 3370 3497 I AudioOutputFormatManager: KeyValuePair: spdif_format=4;hdmi_format=5;Status: 0
06-08 19:46:45.805 3370 3497 I AudioOutputFormatManager: Storing new dolby device with id: 3
06-08 19:46:45.805 3370 3497 I AudioOutputFormatManager: setDolbyPassthroughAvailability()
06-08 19:46:45.805 3370 3497 I AudioOutputFormatManager: Request to get dolby device id
06-08 19:46:45.805 3370 3497 I AudioOutputFormatManager: setDolbyPassthroughAvailability(): Value calculated for Dolby passthrough availability: 0
06-08 19:46:45.805 3370 3497 I AudioOutputFormatManager: setDolbyPassthroughAvailability(): Dolby passthrough availability: 0
06-08 19:46:45.806 3370 3370 V SettingsProvider: Notifying for 0: content://settings/global/firetv_hdmi_dolby_passthrough_available
06-08 19:46:45.942 3370 18865 V CrashDescriptorUtil: extractNativeCrashFromBody inputTrace=*** *** *** *** *** *** *** *** *** *** *** *** *** *** *** ***
06-08 19:46:45.942 3370 18865 V CrashDescriptorUtil: Build fingerprint: 'Amazon/raven/raven:7.0/PS7234/2039N:user/amz-p,release-keys'
06-08 19:46:45.942 3370 18865 V CrashDescriptorUtil: Revision: '0'
06-08 19:46:45.942 3370 18865 V CrashDescriptorUtil: ABI: 'arm'
06-08 19:46:45.942 3370 18865 V CrashDescriptorUtil: pid: 4186, tid: 4643, name: Thread-2 >>> org.xbmc.kodi <<<
06-08 19:46:45.942 3370 18865 V CrashDescriptorUtil: signal 6 (SIGABRT), code -6 (SI_TKILL), fault addr --------
06-08 19:46:45.942 3370 18865 V CrashDescriptorUtil: Abort message: 'Invalid address 0xc27cb0a8 passed to free: value not allocated'
06-08 19:46:45.942 3370 18865 V CrashDescriptorUtil: r0 00000000 r1 00001223 r2 00000006 r3 00000008
06-08 19:46:45.942 3370 18865 V CrashDescriptorUtil: r4 0000105a r5 00001223 r6 d687f7bc r7 0000010c
06-08 19:46:45.942 3370 18865 V CrashDescriptorUtil: r8 d6890408 r9 ef3f3450 r10 f20554f0 r11 0000006a
06-08 19:46:45.942 3370 18865 V CrashDescriptorUtil: ip d687f758 sp d687f7a8 lr ef36bee1 pc ef363d2e
06-08 19:46:45.942 3370 18865 V CrashDescriptorUtil:
06-08 19:46:45.942 3370 18865 V CrashDescriptorUtil: backtrace:
06-08 19:46:45.942 3370 18865 V CrashDescriptorUtil: #00 pc 0001cd2e /system/lib/libc.so (abort+58)
06-08 19:46:45.942 3370 18865 V CrashDescriptorUtil: #01 pc 0007cfb9 /system/lib/libc.so (ifree+880)
06-08 19:46:45.942 3370 18865 V CrashDescriptorUtil: #02 pc 0007d0d7 /system/lib/libc.so (je_free+70)
06-08 19:46:45.942 3370 18865 V CrashDescriptorUtil: #03 pc 0006ccc3 /system/lib/libgui.so (std::__1::unordered_map, std::__1::equal_to, std::__1::allocator>>, std::__1::hash, std::__1::equal_to, std::__1::allocator, std::__1::equ #04 pc 00065591 /system/lib/libc.so (__cxa_finalize+132)
06-08 19:46:45.942 3370 18865 V CrashDescriptorUtil: #05 pc 0001828b /system/lib/libc.so (exit+10)
06-08 19:46:45.942 3370 18865 V CrashDescriptorUtil: #06 pc 01d8d114 /data/app/org.xbmc.kodi-i6HrHc3s2wUEN-2mMbRNDg==/lib/arm/libkodi.so (android_main+160)
06-08 19:46:45.942 3370 18865 V CrashDescriptorUtil: #07 pc 01d9bca0 /data/app/org.xbmc.kodi-i6HrHc3s2wUEN-2mMbRNDg==/lib/arm/libkodi.so
06-08 19:46:45.942 3370 18865 V CrashDescriptorUtil: #08 pc 000633e5 /system/lib/libc.so (__pthread_start(void*)+22)
06-08 19:46:45.942 3370 18865 V CrashDescriptorUtil: #09 pc 0001def1 /system/lib/libc.so (__start_thread+24)
06-08 19:46:45.942 3370 18865 V CrashDescriptorUtil: processName=org.xbmc.kodi
