06-08 19:57:58.083 3370 3452 I AmazonProfileService: Event is not filtered because it is not in filter key list.
06-08 19:57:58.083 3370 3452 I chatty : uid=1000(system) InputReader expire 51 lines
06-08 19:57:58.087 20034 20056 I chatty : uid=10043(org.xbmc.kodi) Thread-2 expire 36 lines
06-08 19:57:58.107 3566 4099 W bt_btif : bta_hh_le_input_rpt_notify uuid=0x2a4d srv_handle=79 is_bl_svc_primary=1 rpt_id=1 len=3
06-08 19:57:58.108 3370 3452 E AmazonProfileService: There is no KEY_CHILD_PIN_PACKAGE_NAME
06-08 19:57:58.108 3370 3452 I AmazonProfileService: Event is not filtered because it is not in filter key list.
06-08 19:57:58.987 3566 4099 W bt_btif : bta_hh_le_input_rpt_notify uuid=0x2a4d srv_handle=79 is_bl_svc_primary=1 rpt_id=1 len=3
06-08 19:57:58.988 3370 3452 E AmazonProfileService: There is no KEY_CHILD_PIN_PACKAGE_NAME
06-08 19:57:58.988 3370 3452 I AmazonProfileService: Event is not filtered because it is not in filter key list.
06-08 19:57:58.989 3370 3451 I chatty : uid=1000(system) InputDispatcher expire 14 lines
06-08 19:57:59.038 3140 3332 I chatty : uid=1041(audioserver) HwBinder:3140_1 expire 24 lines
06-08 19:57:59.087 3566 4099 W bt_btif : bta_hh_le_input_rpt_notify uuid=0x2a4d srv_handle=79 is_bl_svc_primary=1 rpt_id=1 len=3
06-08 19:57:59.087 3370 3452 E AmazonProfileService: There is no KEY_CHILD_PIN_PACKAGE_NAME
06-08 19:57:59.088 3370 3452 I AmazonProfileService: Event is not filtered because it is not in filter key list.
06-08 19:57:59.427 3945 3945 I OZ-DCS:ModeLogger: OZ-DMC New ModeStateEvent: Current: FIRE_TV [name : VIDEO_PLAYBACK_PROVIDER time: 8574604 payload: {}]
06-08 19:57:59.764 3566 4099 W bt_btif : bta_hh_le_input_rpt_notify uuid=0x2a4d srv_handle=79 is_bl_svc_primary=1 rpt_id=1 len=3
06-08 19:57:59.764 3370 3452 E AmazonProfileService: There is no KEY_CHILD_PIN_PACKAGE_NAME
06-08 19:57:59.764 3370 3452 I AmazonProfileService: Event is not filtered because it is not in filter key list.
06-08 19:57:59.867 3566 4099 W bt_btif : bta_hh_le_input_rpt_notify uuid=0x2a4d srv_handle=79 is_bl_svc_primary=1 rpt_id=1 len=3
06-08 19:57:59.868 3370 3452 E AmazonProfileService: There is no KEY_CHILD_PIN_PACKAGE_NAME
06-08 19:57:59.868 3370 3452 I AmazonProfileService: Event is not filtered because it is not in filter key list.
06-08 19:58:00.063 20327 20327 I main.wifi_log_levels: wifi_log_levels:wlan0:rssi=;rssi2=;noise=-92;noise2=-92;channel=;txframes=;txfails=;txper=0%;txaggr=;rxframes=;rxcrc=;rxper=;rxdrop=;phymode=;phyrate=;lasttxrate=;lastrxrate=;
06-08 19:58:00.078 20328 20328 I main.wifi_log_levels: tx_packets=0;tx_bytes=0;tx_errors=0;tx_dropped=0;rx_packets=0;rx_bytes=0;rx_errors=0;rx_dropped=0;
06-08 19:58:00.099 20329 20329 I main.wifi_log_levels: max_rssi=;min_rssi=;max_noise=-92;min_noise=-92;noise histogram=0 0 0 0 0 0 0 0 0 0 0
06-08 19:58:00.134 20331 20331 I main.wifi_log_levels: wifi_log_levels:ch_busy=14%;ch_idle=86%;ch_tx=0%;ch_rx=0%;tx_ok=0%;tx_fail=0%;tx_retry=0%;rx_ok=0%;rx_fcs=0%;tx_ok=0;tx_fail=0;tx_retry=0;rx_ok=0;rx_fcs=63;cck_false=349;cck_crc=0;ofdm_false=150;ofdm_crc=5;
06-08 19:58:00.464 3566 4099 W bt_btif : bta_hh_le_input_rpt_notify uuid=0x2a4d srv_handle=79 is_bl_svc_primary=1 rpt_id=1 len=3
06-08 19:58:00.464 3370 3452 E AmazonProfileService: There is no KEY_CHILD_PIN_PACKAGE_NAME
06-08 19:58:00.464 3370 3452 I AmazonProfileService: Event is not filtered because it is not in filter key list.
06-08 19:58:00.548 3566 4099 W bt_btif : bta_hh_le_input_rpt_notify uuid=0x2a4d srv_handle=79 is_bl_svc_primary=1 rpt_id=1 len=3
06-08 19:58:00.548 3370 3452 E AmazonProfileService: There is no KEY_CHILD_PIN_PACKAGE_NAME
06-08 19:58:00.548 3370 3452 I AmazonProfileService: Event is not filtered because it is not in filter key list.
06-08 19:58:00.567 3883 5364 W AHE-CoreStream: Core stream timed out, resetting stream:requestState=OPEN,responseState=CLOSED,connectionId=3,streamId=81
06-08 19:58:00.567 3883 5364 I AHE-ClientCoreConnectionAdapter: Removing core stream:connectionId=3,streamId=81
06-08 19:58:00.567 3883 5364 I AHE-CoreConnection: Received session expiry message:sessionId=CSM_bc5547a3-e45a-46f7-8099-2f35a6c6dff4_1623175020558.0..CSM_bc5547a3-e45a-46f7-8099-2f35a6c6dff4_1623175020558
06-08 19:58:00.567 3883 5364 I AHE-HybridChannelController: Received SessionExpiredMessage:channelToken=6
06-08 19:58:00.567 3883 5364 I AHE-HybridChannelController: Session updated (Switched):currentSessionId=CSM_4f656faa-ec8f-4d24-b3d5-03a5a14e5952_1623175014346.0..CSM_4f656faa-ec8f-4d24-b3d5-03a5a14e5952_1623175014346,nextSessionId=CSM_bc5547a3-e45a-46f7-8099-2f35a6c6dff4_1623175020558.0..CSM_bc5547a3-e45a-46f7-8099-2f35a6c6dff4_1623175020558
06-08 19:58:00.567 3883 5364 I AHE-HybridChannelController: Session expired while open, aborting local execution:sessionId=CSM_bc5547a3-e45a-46f7-8099-2f35a6c6dff4_1623175020558.0..CSM_bc5547a3-e45a-46f7-8099-2f35a6c6dff4_1623175020558
06-08 19:58:00.567 3883 5364 I AHE-HybridChannelController: Sending ExecutionAborted to client:sessionId=CSM_bc5547a3-e45a-46f7-8099-2f35a6c6dff4_1623175020558.0..CSM_bc5547a3-e45a-46f7-8099-2f35a6c6dff4_1623175020558
06-08 19:58:00.567 3883 5364 I AHE-HybridChannelController: Received JsonToClientMessage:channelToken=6
06-08 19:58:00.567 3883 5364 I AHE-CoreStream: Sending JSON data to client on channel:requestState=OPEN,responseState=OPEN,connectionId=3,streamId=0
06-08 19:58:00.567 3883 5364 I AHE-HybridChannelController: Attempting to resolve cloud utteranceId as empty
06-08 19:58:00.568 3883 5364 W AHE-CoreStream: CloseResponse called for invalid state:ChannelState=ERROR
06-08 19:58:00.568 3883 5364 I AHE-ChannelControllerManager: Stats for ChannelControllerManager:connectionId=3,numChannels=11,numControllers=11,numHybridControllers=11
06-08 19:58:00.568 3883 5155 I AHE-RouterActor: Received local abort:interactionId=CSM_bc5547a3-e45a-46f7-8099-2f35a6c6dff4_1623175020558.0..CSM_bc5547a3-e45a-46f7-8099-2f35a6c6dff4_1623175020558
06-08 19:58:00.568 3883 5155 I AHE-EngineSelector: State transition for Local JSON:interactionId=CSM_bc5547a3-e45a-46f7-8099-2f35a6c6dff4_1623175020558.0..CSM_bc5547a3-e45a-46f7-8099-2f35a6c6dff4_1623175020558,previousState=[Undecided\,stopCaptureForwarded\=0\,cloudDirectives\=[]],newState=[Undecided\,stopCaptureForwarded\=0\,cloudDirectives\=[]],action=[ExecutionAbortedSignal\,interactionId\=CSM_bc5547a3-e45a-46f7-8099-2f35a6c6dff4_1623175020558.0..CSM_bc5547a3-e45a-46f7-8099-2f35a6c6dff4_1623175020558],outputActions=[[ResolveLocalAbort]]
06-08 19:58:00.568 3883 5154 I AHE-HybridRouter: Received AHE event:interactionId=CSM_bc5547a3-e45a-46f7-8099-2f35a6c6dff4_1623175020558.0..CSM_bc5547a3-e45a-46f7-8099-2f35a6c6dff4_1623175020558,resolvedStatus=PENDING
06-08 19:58:00.927 3566 4099 W bt_btif : bta_hh_le_input_rpt_notify uuid=0x2a4d srv_handle=79 is_bl_svc_primary=1 rpt_id=1 len=3
06-08 19:58:00.928 3370 3452 E AmazonProfileService: There is no KEY_CHILD_PIN_PACKAGE_NAME
06-08 19:58:00.928 3370 3452 I AmazonProfileService: Event is not filtered because it is not in filter key list.
06-08 19:58:01.047 3566 4099 W bt_btif : bta_hh_le_input_rpt_notify uuid=0x2a4d srv_handle=79 is_bl_svc_primary=1 rpt_id=1 len=3
06-08 19:58:01.048 3370 3452 E AmazonProfileService: There is no KEY_CHILD_PIN_PACKAGE_NAME
06-08 19:58:01.048 3370 3452 I AmazonProfileService: Event is not filtered because it is not in filter key list.
06-08 19:58:01.088 3566 4099 W bt_btif : bta_hh_le_input_rpt_notify uuid=0x2a4d srv_handle=79 is_bl_svc_primary=1 rpt_id=1 len=3
06-08 19:58:01.088 3370 3452 E AmazonProfileService: There is no KEY_CHILD_PIN_PACKAGE_NAME
06-08 19:58:01.088 3370 3452 I AmazonProfileService: Event is not filtered because it is not in filter key list.
06-08 19:58:01.188 3566 4099 W bt_btif : bta_hh_le_input_rpt_notify uuid=0x2a4d srv_handle=79 is_bl_svc_primary=1 rpt_id=1 len=3
06-08 19:58:01.188 3370 3452 E AmazonProfileService: There is no KEY_CHILD_PIN_PACKAGE_NAME
06-08 19:58:01.188 3370 3452 I AmazonProfileService: Event is not filtered because it is not in filter key list.
06-08 19:58:01.247 3566 4099 W bt_btif : bta_hh_le_input_rpt_notify uuid=0x2a4d srv_handle=79 is_bl_svc_primary=1 rpt_id=1 len=3
06-08 19:58:01.248 3370 3452 E AmazonProfileService: There is no KEY_CHILD_PIN_PACKAGE_NAME
06-08 19:58:01.248 3370 3452 I AmazonProfileService: Event is not filtered because it is not in filter key list.
06-08 19:58:01.347 3566 4099 W bt_btif : bta_hh_le_input_rpt_notify uuid=0x2a4d srv_handle=79 is_bl_svc_primary=1 rpt_id=1 len=3
06-08 19:58:01.348 3370 3452 E AmazonProfileService: There is no KEY_CHILD_PIN_PACKAGE_NAME
06-08 19:58:01.348 3370 3452 I AmazonProfileService: Event is not filtered because it is not in filter key list.
06-08 19:58:01.428 3566 4099 W bt_btif : bta_hh_le_input_rpt_notify uuid=0x2a4d srv_handle=79 is_bl_svc_primary=1 rpt_id=1 len=3
06-08 19:58:01.428 3370 3452 E AmazonProfileService: There is no KEY_CHILD_PIN_PACKAGE_NAME
06-08 19:58:01.428 3370 3452 I AmazonProfileService: Event is not filtered because it is not in filter key list.
06-08 19:58:01.488 3566 4099 W bt_btif : bta_hh_le_input_rpt_notify uuid=0x2a4d srv_handle=79 is_bl_svc_primary=1 rpt_id=1 len=3
06-08 19:58:01.488 3370 3452 E AmazonProfileService: There is no KEY_CHILD_PIN_PACKAGE_NAME
06-08 19:58:01.488 3370 3452 I AmazonProfileService: Event is not filtered because it is not in filter key list.
06-08 19:58:01.728 3566 4099 W bt_btif : bta_hh_le_input_rpt_notify uuid=0x2a4d srv_handle=79 is_bl_svc_primary=1 rpt_id=1 len=3
06-08 19:58:01.728 3370 3452 E AmazonProfileService: There is no KEY_CHILD_PIN_PACKAGE_NAME
06-08 19:58:01.728 3370 3452 I AmazonProfileService: Event is not filtered because it is not in filter key list.
06-08 19:58:01.730 3370 3451 D AmzPhoneWindowManager: is 21 in key list = false
06-08 19:58:01.827 3566 4099 W bt_btif : bta_hh_le_input_rpt_notify uuid=0x2a4d srv_handle=79 is_bl_svc_primary=1 rpt_id=1 len=3
06-08 19:58:01.828 3370 3452 E AmazonProfileService: There is no KEY_CHILD_PIN_PACKAGE_NAME
06-08 19:58:01.828 3370 3452 I AmazonProfileService: Event is not filtered because it is not in filter key list.
06-08 19:58:01.828 3370 3452 I FireTVKeyPolicyManager: Dynamic key mapping has been enabled
06-08 19:58:01.828 3370 3452 I KeyMapManagerUtil: Unknown remote sku id 0. Fetch remote sku id from system property
06-08 19:58:01.828 3370 3452 I FireTVKeyPolicyManager: Dynamic key mapping key intercepted result 0
06-08 19:58:01.828 3370 3451 D AmzPhoneWindowManager: is 21 in key list = false
06-08 19:58:02.244 20034 20243 I chatty : uid=10043(org.xbmc.kodi) expire 1 line
06-08 19:58:02.603 3883 5362 W AHE-CoreStream: Core stream timed out, resetting stream:requestState=OPEN,responseState=CLOSED,connectionId=3,streamId=82
06-08 19:58:02.603 3883 5362 I AHE-ClientCoreConnectionAdapter: Removing core stream:connectionId=3,streamId=82
06-08 19:58:02.603 3883 5362 I AHE-CoreConnection: Received session expiry message:sessionId=CSM_ba11d2d9-fb7c-45e5-80fa-baeaac125e18_1623175022598.0..CSM_ba11d2d9-fb7c-45e5-80fa-baeaac125e18_1623175022598
06-08 19:58:02.603 3883 5362 I AHE-HybridChannelController: Received SessionExpiredMessage:channelToken=6
06-08 19:58:02.603 3883 5362 I AHE-HybridChannelController: Session updated (Switched):currentSessionId=CSM_bc5547a3-e45a-46f7-8099-2f35a6c6dff4_1623175020558.0..CSM_bc5547a3-e45a-46f7-8099-2f35a6c6dff4_1623175020558,nextSessionId=CSM_ba11d2d9-fb7c-45e5-80fa-baeaac125e18_1623175022598.0..CSM_ba11d2d9-fb7c-45e5-80fa-baeaac125e18_1623175022598
06-08 19:58:02.603 3883 5362 I AHE-HybridChannelController: Session expired while open, aborting local execution:sessionId=CSM_ba11d2d9-fb7c-45e5-80fa-baeaac125e18_1623175022598.0..CSM_ba11d2d9-fb7c-45e5-80fa-baeaac125e18_1623175022598
06-08 19:58:02.604 3883 5362 I AHE-HybridChannelController: Sending ExecutionAborted to client:sessionId=CSM_ba11d2d9-fb7c-45e5-80fa-baeaac125e18_1623175022598.0..CSM_ba11d2d9-fb7c-45e5-80fa-baeaac125e18_1623175022598
06-08 19:58:02.604 3883 5362 I AHE-HybridChannelController: Received JsonToClientMessage:channelToken=6
06-08 19:58:02.604 3883 5362 I AHE-CoreStream: Sending JSON data to client on channel:requestState=OPEN,responseState=OPEN,connectionId=3,streamId=0
06-08 19:58:02.604 3883 5362 I AHE-HybridChannelController: Attempting to resolve cloud utteranceId as empty
06-08 19:58:02.604 3883 5362 W AHE-CoreStream: CloseResponse called for invalid state:ChannelState=ERROR
06-08 19:58:02.604 3883 5362 I AHE-ChannelControllerManager: Stats for ChannelControllerManager:connectionId=3,numChannels=10,numControllers=10,numHybridControllers=10
06-08 19:58:02.606 3883 5155 I AHE-RouterActor: Received local abort:interactionId=CSM_ba11d2d9-fb7c-45e5-80fa-baeaac125e18_1623175022598.0..CSM_ba11d2d9-fb7c-45e5-80fa-baeaac125e18_1623175022598
06-08 19:58:02.606 3883 5155 I AHE-EngineSelector: State transition for Local JSON:interactionId=CSM_ba11d2d9-fb7c-45e5-80fa-baeaac125e18_1623175022598.0..CSM_ba11d2d9-fb7c-45e5-80fa-baeaac125e18_1623175022598,previousState=[Undecided\,stopCaptureForwarded\=0\,cloudDirectives\=[]],newState=[Undecided\,stopCaptureForwarded\=0\,cloudDirectives\=[]],action=[ExecutionAbortedSignal\,interactionId\=CSM_ba11d2d9-fb7c-45e5-80fa-baeaac125e18_1623175022598.0..CSM_ba11d2d9-fb7c-45e5-80fa-baeaac125e18_1623175022598],outputActions=[[ResolveLocalAbort]]
06-08 19:58:02.606 3883 5154 I AHE-HybridRouter: Received AHE event:interactionId=CSM_ba11d2d9-fb7c-45e5-80fa-baeaac125e18_1623175022598.0..CSM_ba11d2d9-fb7c-45e5-80fa-baeaac125e18_1623175022598,resolvedStatus=PENDING
06-08 19:58:02.768 3566 4099 W bt_btif : bta_hh_le_input_rpt_notify uuid=0x2a4d srv_handle=79 is_bl_svc_primary=1 rpt_id=1 len=3
06-08 19:58:02.769 3370 3452 E AmazonProfileService: There is no KEY_CHILD_PIN_PACKAGE_NAME
06-08 19:58:02.769 3370 3452 I AmazonProfileService: Event is not filtered because it is not in filter key list.
06-08 19:58:02.769 3370 3452 I FireTVKeyPolicyManager: Dynamic key mapping has been enabled
06-08 19:58:02.769 3370 3452 I KeyMapManagerUtil: Unknown remote sku id 0. Fetch remote sku id from system property
06-08 19:58:02.769 3370 3452 I FireTVKeyPolicyManager: Dynamic key mapping key intercepted result 0
06-08 19:58:02.770 3370 3451 D AmzPhoneWindowManager: is 19 in key list = false
06-08 19:58:02.781 20034 20058 I chatty : uid=10043(org.xbmc.kodi) Thread-3 expire 50 lines
06-08 19:58:02.868 3566 4099 W bt_btif : bta_hh_le_input_rpt_notify uuid=0x2a4d srv_handle=79 is_bl_svc_primary=1 rpt_id=1 len=3
06-08 19:58:02.868 3370 3452 E AmazonProfileService: There is no KEY_CHILD_PIN_PACKAGE_NAME
06-08 19:58:02.868 3370 3452 I AmazonProfileService: Event is not filtered because it is not in filter key list.
06-08 19:58:02.868 3370 3452 I FireTVKeyPolicyManager: Dynamic key mapping has been enabled
06-08 19:58:02.868 3370 3452 I KeyMapManagerUtil: Unknown remote sku id 0. Fetch remote sku id from system property
06-08 19:58:02.868 3370 3452 I FireTVKeyPolicyManager: Dynamic key mapping key intercepted result 0
06-08 19:58:02.868 3370 3451 D AmzPhoneWindowManager: is 19 in key list = false
06-08 19:58:02.903 3140 20207 I chatty : uid=1041(audioserver) MS12 expire 20 lines
06-08 19:58:02.927 3150 20188 I chatty : uid=1041(audioserver) AudioOut_AED expire 270 lines
06-08 19:58:03.047 3566 4099 W bt_btif : bta_hh_le_input_rpt_notify uuid=0x2a4d srv_handle=79 is_bl_svc_primary=1 rpt_id=1 len=3
06-08 19:58:03.048 3370 3452 E AmazonProfileService: There is no KEY_CHILD_PIN_PACKAGE_NAME
06-08 19:58:03.048 3370 3452 I AmazonProfileService: Event is not filtered because it is not in filter key list.
06-08 19:58:03.048 3370 3452 I FireTVKeyPolicyManager: Dynamic key mapping has been enabled
06-08 19:58:03.048 3370 3452 I KeyMapManagerUtil: Unknown remote sku id 0. Fetch remote sku id from system property
06-08 19:58:03.048 3370 3452 I FireTVKeyPolicyManager: Dynamic key mapping key intercepted result 0
06-08 19:58:03.049 3370 3451 D AmzPhoneWindowManager: is 19 in key list = false
06-08 19:58:03.168 3566 4099 W bt_btif : bta_hh_le_input_rpt_notify uuid=0x2a4d srv_handle=79 is_bl_svc_primary=1 rpt_id=1 len=3
06-08 19:58:03.168 3370 3452 E AmazonProfileService: There is no KEY_CHILD_PIN_PACKAGE_NAME
06-08 19:58:03.168 3370 3452 I AmazonProfileService: Event is not filtered because it is not in filter key list.
06-08 19:58:03.168 3370 3452 I FireTVKeyPolicyManager: Dynamic key mapping has been enabled
06-08 19:58:03.168 3370 3452 I KeyMapManagerUtil: Unknown remote sku id 0. Fetch remote sku id from system property
06-08 19:58:03.168 3370 3452 I FireTVKeyPolicyManager: Dynamic key mapping key intercepted result 0
06-08 19:58:03.169 3370 3451 D AmzPhoneWindowManager: is 19 in key list = false
06-08 19:58:03.348 3566 4099 W bt_btif : bta_hh_le_input_rpt_notify uuid=0x2a4d srv_handle=79 is_bl_svc_primary=1 rpt_id=1 len=3
06-08 19:58:03.348 3370 3452 E AmazonProfileService: There is no KEY_CHILD_PIN_PACKAGE_NAME
06-08 19:58:03.348 3370 3452 I AmazonProfileService: Event is not filtered because it is not in filter key list.
06-08 19:58:03.348 3370 3452 I FireTVKeyPolicyManager: Dynamic key mapping has been enabled
06-08 19:58:03.348 3370 3452 I KeyMapManagerUtil: Unknown remote sku id 0. Fetch remote sku id from system property
06-08 19:58:03.348 3370 3452 I FireTVKeyPolicyManager: Dynamic key mapping key intercepted result 0
06-08 19:58:03.349 3370 3451 D AmzPhoneWindowManager: is 23 in key list = false
06-08 19:58:03.447 3566 4099 W bt_btif : bta_hh_le_input_rpt_notify uuid=0x2a4d srv_handle=79 is_bl_svc_primary=1 rpt_id=1 len=3
06-08 19:58:03.448 3370 3452 E AmazonProfileService: There is no KEY_CHILD_PIN_PACKAGE_NAME
06-08 19:58:03.448 3370 3452 I AmazonProfileService: Event is not filtered because it is not in filter key list.
06-08 19:58:03.448 3370 3452 I FireTVKeyPolicyManager: Dynamic key mapping has been enabled
06-08 19:58:03.448 3370 3452 I KeyMapManagerUtil: Unknown remote sku id 0. Fetch remote sku id from system property
06-08 19:58:03.448 3370 3452 I FireTVKeyPolicyManager: Dynamic key mapping key intercepted result 0
06-08 19:58:03.448 3370 3451 D AmzPhoneWindowManager: is 23 in key list = false
06-08 19:58:04.288 3566 4099 W bt_btif : bta_hh_le_input_rpt_notify uuid=0x2a4d srv_handle=79 is_bl_svc_primary=1 rpt_id=1 len=3
06-08 19:58:04.288 3370 3452 E AmazonProfileService: There is no KEY_CHILD_PIN_PACKAGE_NAME
06-08 19:58:04.288 3370 3452 I AmazonProfileService: Event is not filtered because it is not in filter key list.
06-08 19:58:04.288 3370 3452 I FireTVKeyPolicyManager: Dynamic key mapping has been enabled
06-08 19:58:04.288 3370 3452 I KeyMapManagerUtil: Unknown remote sku id 0. Fetch remote sku id from system property
06-08 19:58:04.288 3370 3452 I FireTVKeyPolicyManager: Dynamic key mapping key intercepted result 0
06-08 19:58:04.289 3370 3451 D AmzPhoneWindowManager: is 20 in key list = false
06-08 19:58:04.388 3566 4099 W bt_btif : bta_hh_le_input_rpt_notify uuid=0x2a4d srv_handle=79 is_bl_svc_primary=1 rpt_id=1 len=3
06-08 19:58:04.388 3370 3452 E AmazonProfileService: There is no KEY_CHILD_PIN_PACKAGE_NAME
06-08 19:58:04.388 3370 3452 I AmazonProfileService: Event is not filtered because it is not in filter key list.
06-08 19:58:04.388 3370 3452 I FireTVKeyPolicyManager: Dynamic key mapping has been enabled
06-08 19:58:04.388 3370 3452 I KeyMapManagerUtil: Unknown remote sku id 0. Fetch remote sku id from system property
06-08 19:58:04.388 3370 3452 I FireTVKeyPolicyManager: Dynamic key mapping key intercepted result 0
06-08 19:58:04.391 3370 3451 D AmzPhoneWindowManager: is 20 in key list = false
06-08 19:58:04.448 3566 4099 W bt_btif : bta_hh_le_input_rpt_notify uuid=0x2a4d srv_handle=79 is_bl_svc_primary=1 rpt_id=1 len=3
06-08 19:58:04.448 3370 3452 E AmazonProfileService: There is no KEY_CHILD_PIN_PACKAGE_NAME
06-08 19:58:04.448 3370 3452 I AmazonProfileService: Event is not filtered because it is not in filter key list.
06-08 19:58:04.448 3370 3452 I FireTVKeyPolicyManager: Dynamic key mapping has been enabled
06-08 19:58:04.448 3370 3452 I KeyMapManagerUtil: Unknown remote sku id 0. Fetch remote sku id from system property
06-08 19:58:04.448 3370 3452 I FireTVKeyPolicyManager: Dynamic key mapping key intercepted result 0
06-08 19:58:04.449 3370 3451 D AmzPhoneWindowManager: is 20 in key list = false
06-08 19:58:04.528 3566 4099 W bt_btif : bta_hh_le_input_rpt_notify uuid=0x2a4d srv_handle=79 is_bl_svc_primary=1 rpt_id=1 len=3
06-08 19:58:04.528 3370 3452 E AmazonProfileService: There is no KEY_CHILD_PIN_PACKAGE_NAME
06-08 19:58:04.528 3370 3452 I AmazonProfileService: Event is not filtered because it is not in filter key list.
06-08 19:58:04.528 3370 3452 I FireTVKeyPolicyManager: Dynamic key mapping has been enabled
06-08 19:58:04.528 3370 3452 I KeyMapManagerUtil: Unknown remote sku id 0. Fetch remote sku id from system property
06-08 19:58:04.528 3370 3452 I FireTVKeyPolicyManager: Dynamic key mapping key intercepted result 0
06-08 19:58:04.531 3370 3451 D AmzPhoneWindowManager: is 20 in key list = false
06-08 19:58:04.608 3566 4099 W bt_btif : bta_hh_le_input_rpt_notify uuid=0x2a4d srv_handle=79 is_bl_svc_primary=1 rpt_id=1 len=3
06-08 19:58:04.608 3370 3452 E AmazonProfileService: There is no KEY_CHILD_PIN_PACKAGE_NAME
06-08 19:58:04.608 3370 3452 I AmazonProfileService: Event is not filtered because it is not in filter key list.
06-08 19:58:04.608 3370 3452 I FireTVKeyPolicyManager: Dynamic key mapping has been enabled
06-08 19:58:04.608 3370 3452 I KeyMapManagerUtil: Unknown remote sku id 0. Fetch remote sku id from system property
06-08 19:58:04.608 3370 3452 I FireTVKeyPolicyManager: Dynamic key mapping key intercepted result 0
06-08 19:58:04.609 3370 3451 D AmzPhoneWindowManager: is 20 in key list = false
06-08 19:58:04.689 3566 4099 W bt_btif : bta_hh_le_input_rpt_notify uuid=0x2a4d srv_handle=79 is_bl_svc_primary=1 rpt_id=1 len=3
06-08 19:58:04.690 3370 3452 E AmazonProfileService: There is no KEY_CHILD_PIN_PACKAGE_NAME
06-08 19:58:04.690 3370 3452 I AmazonProfileService: Event is not filtered because it is not in filter key list.
06-08 19:58:04.690 3370 3452 I FireTVKeyPolicyManager: Dynamic key mapping has been enabled
06-08 19:58:04.690 3370 3452 I KeyMapManagerUtil: Unknown remote sku id 0. Fetch remote sku id from system property
06-08 19:58:04.690 3370 3452 I FireTVKeyPolicyManager: Dynamic key mapping key intercepted result 0
06-08 19:58:04.694 3370 3451 D AmzPhoneWindowManager: is 20 in key list = false
06-08 19:58:05.288 3566 4099 W bt_btif : bta_hh_le_input_rpt_notify uuid=0x2a4d srv_handle=79 is_bl_svc_primary=1 rpt_id=1 len=3
06-08 19:58:05.288 3370 3452 E AmazonProfileService: There is no KEY_CHILD_PIN_PACKAGE_NAME
06-08 19:58:05.288 3370 3452 I AmazonProfileService: Event is not filtered because it is not in filter key list.
06-08 19:58:05.288 3370 3452 I FireTVKeyPolicyManager: Dynamic key mapping has been enabled
06-08 19:58:05.288 3370 3452 I KeyMapManagerUtil: Unknown remote sku id 0. Fetch remote sku id from system property
06-08 19:58:05.288 3370 3452 I FireTVKeyPolicyManager: Dynamic key mapping key intercepted result 0
06-08 19:58:05.289 3370 3451 D AmzPhoneWindowManager: is 19 in key list = false
06-08 19:58:05.368 3566 4099 W bt_btif : bta_hh_le_input_rpt_notify uuid=0x2a4d srv_handle=79 is_bl_svc_primary=1 rpt_id=1 len=3
06-08 19:58:05.368 3370 3452 E AmazonProfileService: There is no KEY_CHILD_PIN_PACKAGE_NAME
06-08 19:58:05.368 3370 3452 I AmazonProfileService: Event is not filtered because it is not in filter key list.
06-08 19:58:05.369 3370 3452 I FireTVKeyPolicyManager: Dynamic key mapping has been enabled
06-08 19:58:05.369 3370 3452 I KeyMapManagerUtil: Unknown remote sku id 0. Fetch remote sku id from system property
06-08 19:58:05.369 3370 3452 I FireTVKeyPolicyManager: Dynamic key mapping key intercepted result 0
06-08 19:58:05.370 3370 3451 D AmzPhoneWindowManager: is 19 in key list = false
06-08 19:58:05.889 3566 4099 W bt_btif : bta_hh_le_input_rpt_notify uuid=0x2a4d srv_handle=79 is_bl_svc_primary=1 rpt_id=1 len=3
06-08 19:58:05.889 3370 3452 E AmazonProfileService: There is no KEY_CHILD_PIN_PACKAGE_NAME
06-08 19:58:05.889 3370 3452 I AmazonProfileService: Event is not filtered because it is not in filter key list.
06-08 19:58:05.890 3370 3452 I FireTVKeyPolicyManager: Dynamic key mapping has been enabled
06-08 19:58:05.890 3370 3452 I KeyMapManagerUtil: Unknown remote sku id 0. Fetch remote sku id from system property
06-08 19:58:05.890 3370 3452 I FireTVKeyPolicyManager: Dynamic key mapping key intercepted result 0
06-08 19:58:05.892 3370 3451 D AmzPhoneWindowManager: is 22 in key list = false
06-08 19:58:05.992 3566 4099 W bt_btif : bta_hh_le_input_rpt_notify uuid=0x2a4d srv_handle=79 is_bl_svc_primary=1 rpt_id=1 len=3
06-08 19:58:05.992 3370 3452 E AmazonProfileService: There is no KEY_CHILD_PIN_PACKAGE_NAME
06-08 19:58:05.992 3370 3452 I AmazonProfileService: Event is not filtered because it is not in filter key list.
06-08 19:58:05.992 3370 3452 I FireTVKeyPolicyManager: Dynamic key mapping has been enabled
06-08 19:58:05.992 3370 3452 I KeyMapManagerUtil: Unknown remote sku id 0. Fetch remote sku id from system property
06-08 19:58:05.992 3370 3452 I FireTVKeyPolicyManager: Dynamic key mapping key intercepted result 0
06-08 19:58:05.993 3370 3451 D AmzPhoneWindowManager: is 22 in key list = false
06-08 19:58:06.198 3883 5364 W AHE-CoreStream: Core stream timed out, resetting stream:requestState=OPEN,responseState=CLOSED,connectionId=3,streamId=83
06-08 19:58:06.198 3883 5364 I AHE-ClientCoreConnectionAdapter: Removing core stream:connectionId=3,streamId=83
06-08 19:58:06.198 3883 5364 I AHE-CoreConnection: Received session expiry message:sessionId=CSM_24728dfb-927b-4a21-9321-f5a00e97dcb7_1623175026196.0..CSM_24728dfb-927b-4a21-9321-f5a00e97dcb7_1623175026196
06-08 19:58:06.198 3883 5364 I AHE-HybridChannelController: Received SessionExpiredMessage:channelToken=6
06-08 19:58:06.198 3883 5364 I AHE-HybridChannelController: Session updated (Switched):currentSessionId=CSM_ba11d2d9-fb7c-45e5-80fa-baeaac125e18_1623175022598.0..CSM_ba11d2d9-fb7c-45e5-80fa-baeaac125e18_1623175022598,nextSessionId=CSM_24728dfb-927b-4a21-9321-f5a00e97dcb7_1623175026196.0..CSM_24728dfb-927b-4a21-9321-f5a00e97dcb7_1623175026196
06-08 19:58:06.198 3883 5364 I AHE-HybridChannelController: Session expired while open, aborting local execution:sessionId=CSM_24728dfb-927b-4a21-9321-f5a00e97dcb7_1623175026196.0..CSM_24728dfb-927b-4a21-9321-f5a00e97dcb7_1623175026196
06-08 19:58:06.198 3883 5364 I AHE-HybridChannelController: Sending ExecutionAborted to client:sessionId=CSM_24728dfb-927b-4a21-9321-f5a00e97dcb7_1623175026196.0..CSM_24728dfb-927b-4a21-9321-f5a00e97dcb7_1623175026196
06-08 19:58:06.198 3883 5364 I AHE-HybridChannelController: Received JsonToClientMessage:channelToken=6
06-08 19:58:06.198 3883 5364 I AHE-CoreStream: Sending JSON data to client on channel:requestState=OPEN,responseState=OPEN,connectionId=3,streamId=0
06-08 19:58:06.198 3883 5364 I AHE-HybridChannelController: Attempting to resolve cloud utteranceId as empty
06-08 19:58:06.198 3883 5364 W AHE-CoreStream: CloseResponse called for invalid state:ChannelState=ERROR
06-08 19:58:06.198 3883 5364 I AHE-ChannelControllerManager: Stats for ChannelControllerManager:connectionId=3,numChannels=9,numControllers=9,numHybridControllers=9
06-08 19:58:06.199 3883 5155 I AHE-RouterActor: Received local abort:interactionId=CSM_24728dfb-927b-4a21-9321-f5a00e97dcb7_1623175026196.0..CSM_24728dfb-927b-4a21-9321-f5a00e97dcb7_1623175026196
06-08 19:58:06.199 3883 5155 I AHE-EngineSelector: State transition for Local JSON:interactionId=CSM_24728dfb-927b-4a21-9321-f5a00e97dcb7_1623175026196.0..CSM_24728dfb-927b-4a21-9321-f5a00e97dcb7_1623175026196,previousState=[Undecided\,stopCaptureForwarded\=0\,cloudDirectives\=[]],newState=[Undecided\,stopCaptureForwarded\=0\,cloudDirectives\=[]],action=[ExecutionAbortedSignal\,interactionId\=CSM_24728dfb-927b-4a21-9321-f5a00e97dcb7_1623175026196.0..CSM_24728dfb-927b-4a21-9321-f5a00e97dcb7_1623175026196],outputActions=[[ResolveLocalAbort]]
06-08 19:58:06.199 3883 5154 I AHE-HybridRouter: Received AHE event:interactionId=CSM_24728dfb-927b-4a21-9321-f5a00e97dcb7_1623175026196.0..CSM_24728dfb-927b-4a21-9321-f5a00e97dcb7_1623175026196,resolvedStatus=PENDING
06-08 19:58:06.708 3566 4099 W bt_btif : bta_hh_le_input_rpt_notify uuid=0x2a4d srv_handle=79 is_bl_svc_primary=1 rpt_id=1 len=3
06-08 19:58:06.709 3370 3452 E AmazonProfileService: There is no KEY_CHILD_PIN_PACKAGE_NAME
06-08 19:58:06.709 3370 3452 I AmazonProfileService: Event is not filtered because it is not in filter key list.
06-08 19:58:06.709 3370 3452 I FireTVKeyPolicyManager: Dynamic key mapping has been enabled
06-08 19:58:06.709 3370 3452 I KeyMapManagerUtil: Unknown remote sku id 0. Fetch remote sku id from system property
06-08 19:58:06.709 3370 3452 I FireTVKeyPolicyManager: Dynamic key mapping key intercepted result 0
06-08 19:58:06.710 3370 3451 D AmzPhoneWindowManager: is 19 in key list = false
06-08 19:58:06.789 3566 4099 W bt_btif : bta_hh_le_input_rpt_notify uuid=0x2a4d srv_handle=79 is_bl_svc_primary=1 rpt_id=1 len=3
06-08 19:58:06.789 3370 3452 E AmazonProfileService: There is no KEY_CHILD_PIN_PACKAGE_NAME
06-08 19:58:06.790 3370 3452 I AmazonProfileService: Event is not filtered because it is not in filter key list.
06-08 19:58:06.790 3370 3452 I FireTVKeyPolicyManager: Dynamic key mapping has been enabled
06-08 19:58:06.790 3370 3452 I KeyMapManagerUtil: Unknown remote sku id 0. Fetch remote sku id from system property
06-08 19:58:06.790 3370 3452 I FireTVKeyPolicyManager: Dynamic key mapping key intercepted result 0
06-08 19:58:06.790 3370 3451 D AmzPhoneWindowManager: is 19 in key list = false
06-08 19:58:08.425 3566 4099 W bt_btif : bta_hh_le_input_rpt_notify uuid=0x2a4d srv_handle=79 is_bl_svc_primary=1 rpt_id=1 len=3
06-08 19:58:08.426 3370 3452 E AmazonProfileService: There is no KEY_CHILD_PIN_PACKAGE_NAME
06-08 19:58:08.426 3370 3452 I AmazonProfileService: Event is not filtered because it is not in filter key list.
06-08 19:58:08.427 3370 3452 I FireTVKeyPolicyManager: Dynamic key mapping has been enabled
06-08 19:58:08.427 3370 3452 I KeyMapManagerUtil: Unknown remote sku id 0. Fetch remote sku id from system property
06-08 19:58:08.427 3370 3452 I FireTVKeyPolicyManager: Dynamic key mapping key intercepted result 0
06-08 19:58:08.431 3370 3451 D AmzPhoneWindowManager: is 21 in key list = false
06-08 19:58:08.436 20034 20056 I chatty : uid=10043(org.xbmc.kodi) Thread-2 expire 23 lines
06-08 19:58:08.450 3566 4099 W bt_btif : bta_hh_le_input_rpt_notify uuid=0x2a4d srv_handle=79 is_bl_svc_primary=1 rpt_id=1 len=3
06-08 19:58:08.451 3370 3452 E AmazonProfileService: There is no KEY_CHILD_PIN_PACKAGE_NAME
06-08 19:58:08.451 3370 3452 I AmazonProfileService: Event is not filtered because it is not in filter key list.
06-08 19:58:08.451 3370 3452 I FireTVKeyPolicyManager: Dynamic key mapping has been enabled
06-08 19:58:08.451 3370 3452 I KeyMapManagerUtil: Unknown remote sku id 0. Fetch remote sku id from system property
06-08 19:58:08.452 3370 3452 I FireTVKeyPolicyManager: Dynamic key mapping key intercepted result 0
06-08 19:58:08.453 3370 3451 D AmzPhoneWindowManager: is 21 in key list = false
06-08 19:58:08.634 3883 5365 W AHE-CoreStream: Core stream timed out, resetting stream:requestState=OPEN,responseState=CLOSED,connectionId=3,streamId=84
06-08 19:58:08.635 3883 5365 I AHE-ClientCoreConnectionAdapter: Removing core stream:connectionId=3,streamId=84
06-08 19:58:08.635 3883 5365 I AHE-CoreConnection: Received session expiry message:sessionId=CSM_7e6e59cf-124d-4b79-86dd-be4bfa4d95ff_1623175028631.0..CSM_7e6e59cf-124d-4b79-86dd-be4bfa4d95ff_1623175028631
06-08 19:58:08.635 3883 5365 I AHE-HybridChannelController: Received SessionExpiredMessage:channelToken=6
06-08 19:58:08.635 3883 5365 I AHE-HybridChannelController: Session updated (Switched):currentSessionId=CSM_24728dfb-927b-4a21-9321-f5a00e97dcb7_1623175026196.0..CSM_24728dfb-927b-4a21-9321-f5a00e97dcb7_1623175026196,nextSessionId=CSM_7e6e59cf-124d-4b79-86dd-be4bfa4d95ff_1623175028631.0..CSM_7e6e59cf-124d-4b79-86dd-be4bfa4d95ff_1623175028631
06-08 19:58:08.635 3883 5365 I AHE-HybridChannelController: Session expired while open, aborting local execution:sessionId=CSM_7e6e59cf-124d-4b79-86dd-be4bfa4d95ff_1623175028631.0..CSM_7e6e59cf-124d-4b79-86dd-be4bfa4d95ff_1623175028631
06-08 19:58:08.635 3883 5365 I AHE-HybridChannelController: Sending ExecutionAborted to client:sessionId=CSM_7e6e59cf-124d-4b79-86dd-be4bfa4d95ff_1623175028631.0..CSM_7e6e59cf-124d-4b79-86dd-be4bfa4d95ff_1623175028631
06-08 19:58:08.635 3883 5365 I AHE-HybridChannelController: Received JsonToClientMessage:channelToken=6
06-08 19:58:08.635 3883 5365 I AHE-CoreStream: Sending JSON data to client on channel:requestState=OPEN,responseState=OPEN,connectionId=3,streamId=0
06-08 19:58:08.636 3883 5365 I AHE-HybridChannelController: Attempting to resolve cloud utteranceId as empty
06-08 19:58:08.636 3883 5365 W AHE-CoreStream: CloseResponse called for invalid state:ChannelState=ERROR
06-08 19:58:08.636 3883 5365 I AHE-ChannelControllerManager: Stats for ChannelControllerManager:connectionId=3,numChannels=8,numControllers=8,numHybridControllers=8
06-08 19:58:08.636 3883 5155 I AHE-RouterActor: Received local abort:interactionId=CSM_7e6e59cf-124d-4b79-86dd-be4bfa4d95ff_1623175028631.0..CSM_7e6e59cf-124d-4b79-86dd-be4bfa4d95ff_1623175028631
06-08 19:58:08.636 3883 5155 I AHE-EngineSelector: State transition for Local JSON:interactionId=CSM_7e6e59cf-124d-4b79-86dd-be4bfa4d95ff_1623175028631.0..CSM_7e6e59cf-124d-4b79-86dd-be4bfa4d95ff_1623175028631,previousState=[Undecided\,stopCaptureForwarded\=0\,cloudDirectives\=[]],newState=[Undecided\,stopCaptureForwarded\=0\,cloudDirectives\=[]],action=[ExecutionAbortedSignal\,interactionId\=CSM_7e6e59cf-124d-4b79-86dd-be4bfa4d95ff_1623175028631.0..CSM_7e6e59cf-124d-4b79-86dd-be4bfa4d95ff_1623175028631],outputActions=[[ResolveLocalAbort]]
06-08 19:58:08.636 3883 5154 I AHE-HybridRouter: Received AHE event:interactionId=CSM_7e6e59cf-124d-4b79-86dd-be4bfa4d95ff_1623175028631.0..CSM_7e6e59cf-124d-4b79-86dd-be4bfa4d95ff_1623175028631,resolvedStatus=PENDING
06-08 19:58:08.729 3566 4099 W bt_btif : bta_hh_le_input_rpt_notify uuid=0x2a4d srv_handle=79 is_bl_svc_primary=1 rpt_id=1 len=3
06-08 19:58:08.729 3370 3452 E AmazonProfileService: There is no KEY_CHILD_PIN_PACKAGE_NAME
06-08 19:58:08.730 3370 3452 I AmazonProfileService: Event is not filtered because it is not in filter key list.
06-08 19:58:08.730 3370 3452 I FireTVKeyPolicyManager: Dynamic key mapping has been enabled
06-08 19:58:08.730 3370 3452 I KeyMapManagerUtil: Unknown remote sku id 0. Fetch remote sku id from system property
06-08 19:58:08.730 3370 3452 I FireTVKeyPolicyManager: Dynamic key mapping key intercepted result 0
06-08 19:58:08.731 3370 3451 D AmzPhoneWindowManager: is 19 in key list = false
06-08 19:58:08.828 3566 4099 W bt_btif : bta_hh_le_input_rpt_notify uuid=0x2a4d srv_handle=79 is_bl_svc_primary=1 rpt_id=1 len=3
06-08 19:58:08.828 3370 3452 E AmazonProfileService: There is no KEY_CHILD_PIN_PACKAGE_NAME
06-08 19:58:08.829 3370 3452 I AmazonProfileService: Event is not filtered because it is not in filter key list.
06-08 19:58:08.829 3370 3452 I FireTVKeyPolicyManager: Dynamic key mapping has been enabled
06-08 19:58:08.829 3370 3452 I KeyMapManagerUtil: Unknown remote sku id 0. Fetch remote sku id from system property
06-08 19:58:08.829 3370 3452 I FireTVKeyPolicyManager: Dynamic key mapping key intercepted result 0
06-08 19:58:08.830 3370 3451 D AmzPhoneWindowManager: is 19 in key list = false
06-08 19:58:09.908 3566 4099 W bt_btif : bta_hh_le_input_rpt_notify uuid=0x2a4d srv_handle=79 is_bl_svc_primary=1 rpt_id=1 len=3
06-08 19:58:09.908 3370 3452 E AmazonProfileService: There is no KEY_CHILD_PIN_PACKAGE_NAME
06-08 19:58:09.909 3370 3452 I AmazonProfileService: Event is not filtered because it is not in filter key list.
06-08 19:58:09.909 3370 3452 I FireTVKeyPolicyManager: Dynamic key mapping has been enabled
06-08 19:58:09.909 3370 3452 I KeyMapManagerUtil: Unknown remote sku id 0. Fetch remote sku id from system property
06-08 19:58:09.909 3370 3452 I FireTVKeyPolicyManager: Dynamic key mapping key intercepted result 0
06-08 19:58:09.910 3370 3451 D AmzPhoneWindowManager: is 19 in key list = false
06-08 19:58:10.028 3566 4099 W bt_btif : bta_hh_le_input_rpt_notify uuid=0x2a4d srv_handle=79 is_bl_svc_primary=1 rpt_id=1 len=3
06-08 19:58:10.028 3370 3452 E AmazonProfileService: There is no KEY_CHILD_PIN_PACKAGE_NAME
06-08 19:58:10.029 3370 3452 I AmazonProfileService: Event is not filtered because it is not in filter key list.
06-08 19:58:10.029 3370 3452 I FireTVKeyPolicyManager: Dynamic key mapping has been enabled
06-08 19:58:10.029 3370 3452 I KeyMapManagerUtil: Unknown remote sku id 0. Fetch remote sku id from system property
06-08 19:58:10.029 3370 3452 I FireTVKeyPolicyManager: Dynamic key mapping key intercepted result 0
06-08 19:58:10.030 3370 3451 D AmzPhoneWindowManager: is 19 in key list = false
06-08 19:58:10.508 3566 4099 W bt_btif : bta_hh_le_input_rpt_notify uuid=0x2a4d srv_handle=79 is_bl_svc_primary=1 rpt_id=1 len=3
06-08 19:58:10.508 3370 3452 E AmazonProfileService: There is no KEY_CHILD_PIN_PACKAGE_NAME
06-08 19:58:10.508 3370 3452 I AmazonProfileService: Event is not filtered because it is not in filter key list.
06-08 19:58:10.509 3370 3452 I FireTVKeyPolicyManager: Dynamic key mapping has been enabled
06-08 19:58:10.509 3370 3452 I KeyMapManagerUtil: Unknown remote sku id 0. Fetch remote sku id from system property
06-08 19:58:10.509 3370 3452 I FireTVKeyPolicyManager: Dynamic key mapping key intercepted result 0
06-08 19:58:10.510 3370 3451 D AmzPhoneWindowManager: is 19 in key list = false
06-08 19:58:10.609 3566 4099 W bt_btif : bta_hh_le_input_rpt_notify uuid=0x2a4d srv_handle=79 is_bl_svc_primary=1 rpt_id=1 len=3
06-08 19:58:10.610 3370 3452 E AmazonProfileService: There is no KEY_CHILD_PIN_PACKAGE_NAME
06-08 19:58:10.610 3370 3452 I AmazonProfileService: Event is not filtered because it is not in filter key list.
06-08 19:58:10.610 3370 3452 I FireTVKeyPolicyManager: Dynamic key mapping has been enabled
06-08 19:58:10.611 3370 3452 I KeyMapManagerUtil: Unknown remote sku id 0. Fetch remote sku id from system property
06-08 19:58:10.611 3370 3452 I FireTVKeyPolicyManager: Dynamic key mapping key intercepted result 0
06-08 19:58:10.618 3370 3451 D AmzPhoneWindowManager: is 19 in key list = false
06-08 19:58:12.710 3566 4099 W bt_btif : bta_hh_le_input_rpt_notify uuid=0x2a4d srv_handle=79 is_bl_svc_primary=1 rpt_id=1 len=3
06-08 19:58:12.713 3370 3452 E AmazonProfileService: There is no KEY_CHILD_PIN_PACKAGE_NAME
06-08 19:58:12.713 3370 3452 I AmazonProfileService: Event is not filtered because it is not in filter key list.
06-08 19:58:12.713 3370 3452 I FireTVKeyPolicyManager: Dynamic key mapping has been enabled
06-08 19:58:12.713 3370 3452 I KeyMapManagerUtil: Unknown remote sku id 0. Fetch remote sku id from system property
06-08 19:58:12.714 3370 3452 I FireTVKeyPolicyManager: Dynamic key mapping key intercepted result 0
06-08 19:58:12.720 3370 3451 D AmzPhoneWindowManager: is 19 in key list = false
06-08 19:58:12.748 3566 4099 W bt_btif : bta_hh_le_input_rpt_notify uuid=0x2a4d srv_handle=79 is_bl_svc_primary=1 rpt_id=1 len=3
06-08 19:58:12.749 3370 3452 E AmazonProfileService: There is no KEY_CHILD_PIN_PACKAGE_NAME
06-08 19:58:12.749 3370 3452 I AmazonProfileService: Event is not filtered because it is not in filter key list.
06-08 19:58:12.749 3370 3452 I FireTVKeyPolicyManager: Dynamic key mapping has been enabled
06-08 19:58:12.749 3370 3452 I KeyMapManagerUtil: Unknown remote sku id 0. Fetch remote sku id from system property
06-08 19:58:12.749 3370 3452 I FireTVKeyPolicyManager: Dynamic key mapping key intercepted result 0
06-08 19:58:12.750 3370 3451 D AmzPhoneWindowManager: is 19 in key list = false
06-08 19:58:13.451 3566 4099 W bt_btif : bta_hh_le_input_rpt_notify uuid=0x2a4d srv_handle=79 is_bl_svc_primary=1 rpt_id=1 len=3
06-08 19:58:13.454 3370 3452 E AmazonProfileService: There is no KEY_CHILD_PIN_PACKAGE_NAME
06-08 19:58:13.454 3370 3452 I AmazonProfileService: Event is not filtered because it is not in filter key list.
06-08 19:58:13.454 3370 3452 I FireTVKeyPolicyManager: Dynamic key mapping has been enabled
06-08 19:58:13.454 3370 3452 I KeyMapManagerUtil: Unknown remote sku id 0. Fetch remote sku id from system property
06-08 19:58:13.454 3370 3452 I FireTVKeyPolicyManager: Dynamic key mapping key intercepted result 0
06-08 19:58:13.455 3370 3451 D AmzPhoneWindowManager: is 22 in key list = false
06-08 19:58:13.467 20034 20058 I chatty : uid=10043(org.xbmc.kodi) Thread-3 expire 33 lines
06-08 19:58:13.548 3566 4099 W bt_btif : bta_hh_le_input_rpt_notify uuid=0x2a4d srv_handle=79 is_bl_svc_primary=1 rpt_id=1 len=3
06-08 19:58:13.549 3370 3452 E AmazonProfileService: There is no KEY_CHILD_PIN_PACKAGE_NAME
06-08 19:58:13.549 3370 3452 I AmazonProfileService: Event is not filtered because it is not in filter key list.
06-08 19:58:13.549 3370 3452 I FireTVKeyPolicyManager: Dynamic key mapping has been enabled
06-08 19:58:13.549 3370 3452 I KeyMapManagerUtil: Unknown remote sku id 0. Fetch remote sku id from system property
06-08 19:58:13.549 3370 3452 I FireTVKeyPolicyManager: Dynamic key mapping key intercepted result 0
06-08 19:58:13.549 3370 3451 D AmzPhoneWindowManager: is 22 in key list = false
06-08 19:58:13.586 3370 3460 W BestClock: java.time.DateTimeException: Missing NTP fix
06-08 19:58:13.612 3370 3460 W BestClock: java.time.DateTimeException: Missing NTP fix
06-08 19:58:13.615 3370 3461 W BestClock: java.time.DateTimeException: Missing NTP fix
06-08 19:58:13.713 3370 3379 I system_server: Background concurrent copying GC freed 217868(8MB) AllocSpace objects, 26(4MB) LOS objects, 42% free, 16MB/29MB, paused 151us total 121.216ms
06-08 19:58:14.068 3566 4099 W bt_btif : bta_hh_le_input_rpt_notify uuid=0x2a4d srv_handle=79 is_bl_svc_primary=1 rpt_id=1 len=3
06-08 19:58:14.069 3370 3452 E AmazonProfileService: There is no KEY_CHILD_PIN_PACKAGE_NAME
06-08 19:58:14.069 3370 3452 I AmazonProfileService: Event is not filtered because it is not in filter key list.
06-08 19:58:14.069 3370 3452 I FireTVKeyPolicyManager: Dynamic key mapping has been enabled
06-08 19:58:14.069 3370 3452 I KeyMapManagerUtil: Unknown remote sku id 0. Fetch remote sku id from system property
06-08 19:58:14.069 3370 3452 I FireTVKeyPolicyManager: Dynamic key mapping key intercepted result 0
06-08 19:58:14.070 3370 3451 D AmzPhoneWindowManager: is 19 in key list = false
06-08 19:58:14.149 3566 4099 W bt_btif : bta_hh_le_input_rpt_notify uuid=0x2a4d srv_handle=79 is_bl_svc_primary=1 rpt_id=1 len=3
06-08 19:58:14.150 3370 3452 E AmazonProfileService: There is no KEY_CHILD_PIN_PACKAGE_NAME
06-08 19:58:14.150 3370 3452 I AmazonProfileService: Event is not filtered because it is not in filter key list.
06-08 19:58:14.150 3370 3452 I FireTVKeyPolicyManager: Dynamic key mapping has been enabled
06-08 19:58:14.150 3370 3452 I KeyMapManagerUtil: Unknown remote sku id 0. Fetch remote sku id from system property
06-08 19:58:14.150 3370 3452 I FireTVKeyPolicyManager: Dynamic key mapping key intercepted result 0
06-08 19:58:14.150 3370 3451 D AmzPhoneWindowManager: is 19 in key list = false
06-08 19:58:15.422 3140 3332 I chatty : uid=1041(audioserver) HwBinder:3140_1 expire 27 lines
06-08 19:58:16.028 3969 8495 I whad : TimeSyncClient:clientThread:reason=skewOrDriftChange,master=XX02F2,time=8597.289738,skewX=5499.236533,skewY=595724.791390,drift=0.895863,reportedDrift=0.895863,numExchanges=22495
06-08 19:58:16.445 3566 4099 W bt_btif : bta_hh_le_input_rpt_notify uuid=0x2a4d srv_handle=79 is_bl_svc_primary=1 rpt_id=1 len=3
06-08 19:58:16.447 3370 3452 E AmazonProfileService: There is no KEY_CHILD_PIN_PACKAGE_NAME
06-08 19:58:16.448 3370 3452 I AmazonProfileService: Event is not filtered because it is not in filter key list.
06-08 19:58:16.449 3370 3452 I FireTVKeyPolicyManager: Dynamic key mapping has been enabled
06-08 19:58:16.449 3370 3452 I KeyMapManagerUtil: Unknown remote sku id 0. Fetch remote sku id from system property
06-08 19:58:16.449 3370 3452 I FireTVKeyPolicyManager: Dynamic key mapping key intercepted result 0
06-08 19:58:16.450 3566 4099 W bt_btif : bta_hh_le_input_rpt_notify uuid=0x2a4d srv_handle=79 is_bl_svc_primary=1 rpt_id=1 len=3
06-08 19:58:16.450 3370 3452 E AmazonProfileService: There is no KEY_CHILD_PIN_PACKAGE_NAME
06-08 19:58:16.450 3370 3452 I AmazonProfileService: Event is not filtered because it is not in filter key list.
06-08 19:58:16.450 3370 3452 I FireTVKeyPolicyManager: Dynamic key mapping has been enabled
06-08 19:58:16.450 3370 3452 I KeyMapManagerUtil: Unknown remote sku id 0. Fetch remote sku id from system property
06-08 19:58:16.450 3370 3452 I FireTVKeyPolicyManager: Dynamic key mapping key intercepted result 0
06-08 19:58:16.451 3370 3451 D AmzPhoneWindowManager: is 21 in key list = false
06-08 19:58:16.451 3370 3451 D AmzPhoneWindowManager: is 21 in key list = false
06-08 19:58:16.632 3566 4099 W bt_btif : bta_hh_le_input_rpt_notify uuid=0x2a4d srv_handle=79 is_bl_svc_primary=1 rpt_id=1 len=3
06-08 19:58:16.632 3370 3452 E AmazonProfileService: There is no KEY_CHILD_PIN_PACKAGE_NAME
06-08 19:58:16.632 3370 3452 I AmazonProfileService: Event is not filtered because it is not in filter key list.
06-08 19:58:16.632 3370 3452 I FireTVKeyPolicyManager: Dynamic key mapping has been enabled
06-08 19:58:16.632 3370 3452 I KeyMapManagerUtil: Unknown remote sku id 0. Fetch remote sku id from system property
06-08 19:58:16.632 3370 3452 I FireTVKeyPolicyManager: Dynamic key mapping key intercepted result 0
06-08 19:58:16.633 3370 3451 D AmzPhoneWindowManager: is 19 in key list = false
06-08 19:58:16.662 3195 3256 E storaged: getDiskStats failed with result NOT_SUPPORTED and size 0
06-08 19:58:16.729 3566 4099 W bt_btif : bta_hh_le_input_rpt_notify uuid=0x2a4d srv_handle=79 is_bl_svc_primary=1 rpt_id=1 len=3
06-08 19:58:16.729 3370 3452 E AmazonProfileService: There is no KEY_CHILD_PIN_PACKAGE_NAME
06-08 19:58:16.730 3370 3452 I AmazonProfileService: Event is not filtered because it is not in filter key list.
06-08 19:58:16.730 3370 3452 I FireTVKeyPolicyManager: Dynamic key mapping has been enabled
06-08 19:58:16.730 3370 3452 I KeyMapManagerUtil: Unknown remote sku id 0. Fetch remote sku id from system property
06-08 19:58:16.730 3370 3452 I FireTVKeyPolicyManager: Dynamic key mapping key intercepted result 0
06-08 19:58:16.730 3370 3451 D AmzPhoneWindowManager: is 19 in key list = false
06-08 19:58:17.048 3566 4099 W bt_btif : bta_hh_le_input_rpt_notify uuid=0x2a4d srv_handle=79 is_bl_svc_primary=1 rpt_id=1 len=3
06-08 19:58:17.049 3370 3452 E AmazonProfileService: There is no KEY_CHILD_PIN_PACKAGE_NAME
06-08 19:58:17.049 3370 3452 I AmazonProfileService: Event is not filtered because it is not in filter key list.
06-08 19:58:17.049 3370 3452 I FireTVKeyPolicyManager: Dynamic key mapping has been enabled
06-08 19:58:17.049 3370 3452 I KeyMapManagerUtil: Unknown remote sku id 0. Fetch remote sku id from system property
06-08 19:58:17.049 3370 3452 I FireTVKeyPolicyManager: Dynamic key mapping key intercepted result 0
06-08 19:58:17.050 3370 3451 D AmzPhoneWindowManager: is 22 in key list = false
06-08 19:58:17.128 3566 4099 W bt_btif : bta_hh_le_input_rpt_notify uuid=0x2a4d srv_handle=79 is_bl_svc_primary=1 rpt_id=1 len=3
06-08 19:58:17.129 3370 3452 E AmazonProfileService: There is no KEY_CHILD_PIN_PACKAGE_NAME
06-08 19:58:17.130 3370 3452 I AmazonProfileService: Event is not filtered because it is not in filter key list.
06-08 19:58:17.130 3370 3452 I FireTVKeyPolicyManager: Dynamic key mapping has been enabled
06-08 19:58:17.130 3370 3452 I KeyMapManagerUtil: Unknown remote sku id 0. Fetch remote sku id from system property
06-08 19:58:17.130 3370 3452 I FireTVKeyPolicyManager: Dynamic key mapping key intercepted result 0
06-08 19:58:17.131 3370 3451 D AmzPhoneWindowManager: is 22 in key list = false
06-08 19:58:18.071 3566 4099 W bt_btif : bta_hh_le_input_rpt_notify uuid=0x2a4d srv_handle=79 is_bl_svc_primary=1 rpt_id=1 len=3
06-08 19:58:18.072 3370 3452 E AmazonProfileService: There is no KEY_CHILD_PIN_PACKAGE_NAME
06-08 19:58:18.073 3370 3452 I AmazonProfileService: Event is not filtered because it is not in filter key list.
06-08 19:58:18.073 3370 3452 I FireTVKeyPolicyManager: Dynamic key mapping has been enabled
06-08 19:58:18.074 3370 3452 I KeyMapManagerUtil: Unknown remote sku id 0. Fetch remote sku id from system property
06-08 19:58:18.074 3370 3452 I FireTVKeyPolicyManager: Dynamic key mapping key intercepted result 0
06-08 19:58:18.076 3370 3451 D AmzPhoneWindowManager: is 20 in key list = false
06-08 19:58:18.148 3566 4099 W bt_btif : bta_hh_le_input_rpt_notify uuid=0x2a4d srv_handle=79 is_bl_svc_primary=1 rpt_id=1 len=3
06-08 19:58:18.149 3370 3452 E AmazonProfileService: There is no KEY_CHILD_PIN_PACKAGE_NAME
06-08 19:58:18.149 3370 3452 I AmazonProfileService: Event is not filtered because it is not in filter key list.
06-08 19:58:18.149 3370 3452 I FireTVKeyPolicyManager: Dynamic key mapping has been enabled
06-08 19:58:18.149 3370 3452 I KeyMapManagerUtil: Unknown remote sku id 0. Fetch remote sku id from system property
06-08 19:58:18.149 3370 3452 I FireTVKeyPolicyManager: Dynamic key mapping key intercepted result 0
06-08 19:58:18.149 3370 3451 D AmzPhoneWindowManager: is 20 in key list = false
06-08 19:58:18.390 3566 4099 W bt_btif : bta_hh_le_input_rpt_notify uuid=0x2a4d srv_handle=79 is_bl_svc_primary=1 rpt_id=1 len=3
06-08 19:58:18.390 3370 3452 E AmazonProfileService: There is no KEY_CHILD_PIN_PACKAGE_NAME
