06-08 20:02:58.364 3906 3906 I TComm.HeartbeatConnecti: getSocketToHeartbeat - active socket found; registrationId: 199076139, socketHeartbeatState: SocketHeartbeatState: socket: {1: wss://dp-gw-na.amazon.com:443/tcomm/}(TUNING_FINISHED) Purpose:Regular; Attributes: SECURE;REUSABLE;, socket hashCode: 131356350, idleTimeBeforeHeartbeat: 0, heartbeatResponseReceived: false, heartbeatAttempts: 0, heartbeatState: mHid: ConservativeHID: lastKnownGoodIntervalMillis: 115000, mRegistrationId: 199076139, mIsHeartbeatPaused: true
06-08 20:02:58.365 3906 3906 I TComm.WakeLockImpl: acquire - acquire WakeLock; refCount: 1, tag: TComm.HeartbeatConnectionHealthManager, lock: WakeLock{4cddd81 held=true, refCount=1}
06-08 20:02:58.365 3906 4558 I TComm.HeartbeatConnecti: run - begin health check; registrationId: 199076139
06-08 20:02:58.367 3906 4558 I TComm.HeartbeatConnecti: getSocketToHeartbeat - active socket found; registrationId: 199076139, socketHeartbeatState: SocketHeartbeatState: socket: {1: wss://dp-gw-na.amazon.com:443/tcomm/}(TUNING_FINISHED) Purpose:Regular; Attributes: SECURE;REUSABLE;, socket hashCode: 131356350, idleTimeBeforeHeartbeat: 0, heartbeatResponseReceived: false, heartbeatAttempts: 0, heartbeatState: mHid: ConservativeHID: lastKnownGoodIntervalMillis: 115000, mRegistrationId: 199076139, mIsHeartbeatPaused: true
06-08 20:02:58.369 3906 4558 I TComm.HeartbeatConnecti: enqueueScheduleHeartbeatNotification - enqueue task; SocketHeartbeatState: socket: {1: wss://dp-gw-na.amazon.com:443/tcomm/}(TUNING_FINISHED) Purpose:Regular; Attributes: SECURE;REUSABLE;, socket hashCode: 131356350, idleTimeBeforeHeartbeat: 0, heartbeatResponseReceived: false, heartbeatAttempts: 0, heartbeatState: mHid: ConservativeHID: lastKnownGoodIntervalMillis: 115000, mRegistrationId: 199076139, mIsHeartbeatPaused: true: SocketHeartbeatState: socket: {1: wss://dp-gw-na.amazon.com:443/tcomm/}(TUNING_FINISHED) Purpose:Regular; Attributes: SECURE;REUSABLE;, socket hashCode: 131356350, idleTimeBeforeHeartbeat: 0, heartbeatResponseReceived: false, heartbeatAttempts: 0, heartbeatState: mHid: ConservativeHID: lastKnownGoodIntervalMillis: 115000, mRegistrationId: 199076139, mIsHeartbeatPaused: true
06-08 20:02:58.369 3906 4558 I TComm.WakeLockImpl: acquire - acquire WakeLock; refCount: 2, tag: TComm.HeartbeatConnectionHealthManager, lock: WakeLock{4cddd81 held=true, refCount=2}
06-08 20:02:58.370 3906 4558 I TComm.WakeLockImpl: acquire - acquire WakeLock; refCount: 3, tag: TComm.HeartbeatConnectionHealthManager, lock: WakeLock{4cddd81 held=true, refCount=3}
06-08 20:02:58.371 3906 4558 I TComm.WakeLockImpl: release - release WakeLock; refCount: 2, duration: 0, tag: TComm.HeartbeatConnectionHealthManager, lock: WakeLock{4cddd81 held=true, refCount=2}
06-08 20:02:58.376 3906 4558 I TComm.HeartbeatConnecti: run - schedule heartbeat; registrationId: 199076139, intervalMin: 100000, intervalMax: 115000, socketInfo: SocketHeartbeatState: socket: {1: wss://dp-gw-na.amazon.com:443/tcomm/}(TUNING_FINISHED) Purpose:Regular; Attributes: SECURE;REUSABLE;, socket hashCode: 131356350, idleTimeBeforeHeartbeat: 0, heartbeatResponseReceived: false, heartbeatAttempts: 0, heartbeatState: mHid: ConservativeHID: lastKnownGoodIntervalMillis: 115000, mRegistrationId: 199076139, mIsHeartbeatPaused: true
06-08 20:02:58.382 3906 4558 I GenericNetworkOptimizationManagerImpl: Setting inexact alarm: delay=100000, length=15000
06-08 20:02:58.390 3906 4558 D GenericNetworkOptimizationManagerImpl: Registered: ComponentInfo{com.amazon.tcomm/com.amazon.communication.heartbeat.HeartbeatBroadcastReceiver}; Registration ID: 199076139; Data Size KB: 1; Min Delay Millis: 100000; Max Delay Millis: 115000; Repeat Interval Millis: 0; Mobile?: true; WIFI?: true; Roaming?: falseRequire Charing?: falseRequire Device Idle?: false
06-08 20:02:58.390 3906 4558 I TComm.WakeLockImpl: release - release WakeLock; refCount: 1, duration: 0, tag: TComm.HeartbeatConnectionHealthManager, lock: WakeLock{4cddd81 held=true, refCount=1}
06-08 20:02:58.391 3906 4558 I TComm.HeartbeatConnecti: run - sending heartbeat; socketHeartbeatState: SocketHeartbeatState: socket: {1: wss://dp-gw-na.amazon.com:443/tcomm/}(TUNING_FINISHED) Purpose:Regular; Attributes: SECURE;REUSABLE;, socket hashCode: 131356350, idleTimeBeforeHeartbeat: 0, heartbeatResponseReceived: false, heartbeatAttempts: 0, heartbeatState: mHid: ConservativeHID: lastKnownGoodIntervalMillis: 115000, mRegistrationId: 199076139, mIsHeartbeatPaused: true
06-08 20:02:58.392 3906 4558 I TComm.WakeLockImpl: acquire - acquire WakeLock; refCount: 1, tag: TComm.WorkExecutor, lock: WakeLock{e5a016d held=true, refCount=1}
06-08 20:02:58.395 3906 4558 I TComm.WakeLockImpl: acquire - acquire WakeLock; refCount: 2, tag: TComm.HeartbeatConnectionHealthManager, lock: WakeLock{4cddd81 held=true, refCount=2}
06-08 20:02:58.395 3906 4359 I TComm.WakeLockImpl: release - release WakeLock; refCount: 0, duration: 0, tag: TComm.WorkExecutor, lock: WakeLock{e5a016d held=false, refCount=0}
06-08 20:02:58.396 3906 4558 I TComm.WakeLockImpl: release - release WakeLock; refCount: 1, duration: 0, tag: TComm.HeartbeatConnectionHealthManager, lock: WakeLock{4cddd81 held=true, refCount=1}
06-08 20:02:58.499 3906 4194 I TComm.WakeLockImpl: acquire - acquire WakeLock; refCount: 1, tag: TComm.WorkExecutor, lock: WakeLock{e5a016d held=true, refCount=1}
06-08 20:02:58.499 3906 4359 I TComm.HeartbeatConnecti: onHeartbeatReceived - response received; registrationId: 199076139, destination: urn:tcomm-endpoint:service:serviceName:DPGatewayService, socketHashCode: 131356350
06-08 20:02:58.500 3906 4359 I TComm.WakeLockImpl: release - release WakeLock; refCount: 0, duration: 0, tag: TComm.HeartbeatConnectionHealthManager, lock: WakeLock{4cddd81 held=false, refCount=0}
06-08 20:02:58.503 3906 4359 I TComm.WakeLockImpl: acquire - acquire WakeLock; refCount: 1, tag: TComm.HeartbeatConnectionHealthManager, lock: WakeLock{4cddd81 held=true, refCount=1}
06-08 20:02:58.505 3906 4558 I TComm.HeartbeatConnecti: run - finish health check; socketHeartbeatState: SocketHeartbeatState: socket: {1: wss://dp-gw-na.amazon.com:443/tcomm/}(TUNING_FINISHED) Purpose:Regular; Attributes: SECURE;REUSABLE;, socket hashCode: 131356350, idleTimeBeforeHeartbeat: 100051, heartbeatResponseReceived: true, heartbeatAttempts: 1, heartbeatState: mHid: ConservativeHID: lastKnownGoodIntervalMillis: 115000, mRegistrationId: 199076139, mIsHeartbeatPaused: true
06-08 20:02:58.509 3906 4558 I TComm.HeartbeatConnecti: enqueueScheduleHeartbeatNotification - enqueue task; SocketHeartbeatState: socket: {1: wss://dp-gw-na.amazon.com:443/tcomm/}(TUNING_FINISHED) Purpose:Regular; Attributes: SECURE;REUSABLE;, socket hashCode: 131356350, idleTimeBeforeHeartbeat: 100051, heartbeatResponseReceived: true, heartbeatAttempts: 1, heartbeatState: mHid: ConservativeHID: lastKnownGoodIntervalMillis: 115000, mRegistrationId: 199076139, mIsHeartbeatPaused: true: SocketHeartbeatState: socket: {1: wss://dp-gw-na.amazon.com:443/tcomm/}(TUNING_FINISHED) Purpose:Regular; Attributes: SECURE;REUSABLE;, socket hashCode: 131356350, idleTimeBeforeHeartbeat: 100051, heartbeatResponseReceived: true, heartbeatAttempts: 1, heartbeatState: mHid: ConservativeHID: lastKnownGoodIntervalMillis: 115000, mRegistrationId: 199076139, mIsHeartbeatPaused: true
06-08 20:02:58.509 3906 4558 I TComm.WakeLockImpl: acquire - acquire WakeLock; refCount: 2, tag: TComm.HeartbeatConnectionHealthManager, lock: WakeLock{4cddd81 held=true, refCount=2}
06-08 20:02:58.510 3906 4558 I TComm.WakeLockImpl: release - release WakeLock; refCount: 1, duration: 0, tag: TComm.HeartbeatConnectionHealthManager, lock: WakeLock{4cddd81 held=true, refCount=1}
06-08 20:02:58.518 3906 4359 I TComm.WakeLockImpl: release - release WakeLock; refCount: 0, duration: 0, tag: TComm.WorkExecutor, lock: WakeLock{e5a016d held=false, refCount=0}
06-08 20:02:58.518 3906 4558 I TComm.HeartbeatConnecti: run - schedule heartbeat; registrationId: 199076139, intervalMin: 100000, intervalMax: 115000, socketInfo: SocketHeartbeatState: socket: {1: wss://dp-gw-na.amazon.com:443/tcomm/}(TUNING_FINISHED) Purpose:Regular; Attributes: SECURE;REUSABLE;, socket hashCode: 131356350, idleTimeBeforeHeartbeat: 100051, heartbeatResponseReceived: true, heartbeatAttempts: 1, heartbeatState: mHid: ConservativeHID: lastKnownGoodIntervalMillis: 115000, mRegistrationId: 199076139, mIsHeartbeatPaused: true
06-08 20:02:58.519 3906 4558 I GenericNetworkOptimizationManagerImpl: Setting inexact alarm: delay=100000, length=15000
06-08 20:02:58.519 3906 4558 D GenericNetworkOptimizationManagerImpl: Registered: ComponentInfo{com.amazon.tcomm/com.amazon.communication.heartbeat.HeartbeatBroadcastReceiver}; Registration ID: 199076139; Data Size KB: 1; Min Delay Millis: 100000; Max Delay Millis: 115000; Repeat Interval Millis: 0; Mobile?: true; WIFI?: true; Roaming?: falseRequire Charing?: falseRequire Device Idle?: false
06-08 20:02:58.520 3906 4558 I TComm.WakeLockImpl: release - release WakeLock; refCount: 0, duration: 0, tag: TComm.HeartbeatConnectionHealthManager, lock: WakeLock{4cddd81 held=false, refCount=0}
06-08 20:02:58.891 3370 3379 I system_server: Background concurrent copying GC freed 362567(11MB) AllocSpace objects, 2(40KB) LOS objects, 42% free, 15MB/27MB, paused 137us total 116.754ms
06-08 20:03:00.095 3140 3332 I AUDIOALG: asyncProcess : process @@@
06-08 20:03:00.100 3140 3332 I AUDIOALG: RefDlyEstimation: maxRxy 0.000000 maxPos 0
06-08 20:03:00.100 3140 3332 I AUDIOALG: asyncProcess : waiting...
06-08 20:03:02.142 3140 3332 I AUDIOALG: asyncProcess : process @@@
06-08 20:03:02.145 3140 3332 I AUDIOALG: RefDlyEstimation: maxRxy 0.000000 maxPos 0
06-08 20:03:02.145 3140 3332 I AUDIOALG: asyncProcess : waiting...
06-08 20:03:03.383 3140 20207 I Node : dolby-audio-meter, AdapterPcmSystem adapter audio meter: channel 0; audio level: 0.000
06-08 20:03:03.383 3140 20207 I Node : dolby-audio-meter, AdapterPcmSystem adapter audio meter: channel 1; audio level: 0.000
06-08 20:03:03.383 3140 20207 I RendererNode: dolby-audio-meter, Renderer renderer audio meter: channel 0; audio level: 0.000
06-08 20:03:03.383 3140 20207 I RendererNode: dolby-audio-meter, Renderer renderer audio meter: channel 1; audio level: 0.000
06-08 20:03:03.383 3140 20207 I RendererNode: dolby-audio-meter, Renderer renderer audio meter: channel 2; audio level: 0.000
06-08 20:03:03.383 3140 20207 I RendererNode: dolby-audio-meter, Renderer renderer audio meter: channel 3; audio level: 0.000
06-08 20:03:03.383 3140 20207 I RendererNode: dolby-audio-meter, Renderer renderer audio meter: channel 4; audio level: 0.000
06-08 20:03:03.383 3140 20207 I RendererNode: dolby-audio-meter, Renderer renderer audio meter: channel 5; audio level: 0.000
06-08 20:03:03.383 3140 20207 I Node : dolby-audio-meter, AdapterPcmOut adapter audio meter: channel 0; audio level: 0.000
06-08 20:03:03.383 3140 20207 I Node : dolby-audio-meter, AdapterPcmOut adapter audio meter: channel 1; audio level: 0.000
06-08 20:03:03.386 3370 3460 W BestClock: java.time.DateTimeException: Missing NTP fix
06-08 20:03:03.411 3370 3460 W BestClock: java.time.DateTimeException: Missing NTP fix
06-08 20:03:03.413 3370 3461 W BestClock: java.time.DateTimeException: Missing NTP fix
06-08 20:03:04.190 3140 3332 I AUDIOALG: asyncProcess : process @@@
06-08 20:03:04.193 3140 3332 I AUDIOALG: RefDlyEstimation: maxRxy 0.000000 maxPos 0
06-08 20:03:04.193 3140 3332 I AUDIOALG: asyncProcess : waiting...
06-08 20:03:06.238 3140 3332 I AUDIOALG: asyncProcess : process @@@
06-08 20:03:06.242 3140 3332 I AUDIOALG: RefDlyEstimation: maxRxy 0.000000 maxPos 0
06-08 20:03:06.242 3140 3332 I AUDIOALG: asyncProcess : waiting...
06-08 20:03:08.286 3140 3332 I AUDIOALG: asyncProcess : process @@@
06-08 20:03:08.288 3140 3332 I AUDIOALG: RefDlyEstimation: maxRxy 0.000000 maxPos 0
06-08 20:03:08.288 3140 3332 I AUDIOALG: asyncProcess : waiting...
06-08 20:03:10.336 3140 3332 I AUDIOALG: asyncProcess : process @@@
06-08 20:03:10.339 3140 3332 I AUDIOALG: RefDlyEstimation: maxRxy 0.000000 maxPos 0
06-08 20:03:10.339 3140 3332 I AUDIOALG: asyncProcess : waiting...
06-08 20:03:12.382 3140 3332 I AUDIOALG: asyncProcess : process @@@
06-08 20:03:12.385 3140 3332 I AUDIOALG: RefDlyEstimation: maxRxy 0.000000 maxPos 0
06-08 20:03:12.385 3140 3332 I AUDIOALG: asyncProcess : waiting...
06-08 20:03:13.385 3140 20207 I Node : dolby-audio-meter, AdapterPcmSystem adapter audio meter: channel 0; audio level: 0.000
06-08 20:03:13.385 3140 20207 I Node : dolby-audio-meter, AdapterPcmSystem adapter audio meter: channel 1; audio level: 0.000
06-08 20:03:13.385 3140 20207 I RendererNode: dolby-audio-meter, Renderer renderer audio meter: channel 0; audio level: 0.000
06-08 20:03:13.385 3140 20207 I RendererNode: dolby-audio-meter, Renderer renderer audio meter: channel 1; audio level: 0.000
06-08 20:03:13.385 3140 20207 I RendererNode: dolby-audio-meter, Renderer renderer audio meter: channel 2; audio level: 0.000
06-08 20:03:13.385 3140 20207 I RendererNode: dolby-audio-meter, Renderer renderer audio meter: channel 3; audio level: 0.000
06-08 20:03:13.385 3140 20207 I RendererNode: dolby-audio-meter, Renderer renderer audio meter: channel 4; audio level: 0.000
06-08 20:03:13.385 3140 20207 I RendererNode: dolby-audio-meter, Renderer renderer audio meter: channel 5; audio level: 0.000
06-08 20:03:13.385 3140 20207 I Node : dolby-audio-meter, AdapterPcmOut adapter audio meter: channel 0; audio level: 0.000
06-08 20:03:13.385 3140 20207 I Node : dolby-audio-meter, AdapterPcmOut adapter audio meter: channel 1; audio level: 0.000
06-08 20:03:14.430 3140 3332 I AUDIOALG: asyncProcess : process @@@
06-08 20:03:14.432 3140 3332 I AUDIOALG: RefDlyEstimation: maxRxy 0.000000 maxPos 0
06-08 20:03:14.432 3140 3332 I AUDIOALG: asyncProcess : waiting...
06-08 20:03:16.478 3140 3332 I AUDIOALG: asyncProcess : process @@@
06-08 20:03:16.480 3140 3332 I AUDIOALG: RefDlyEstimation: maxRxy 0.000000 maxPos 0
06-08 20:03:16.480 3140 3332 I AUDIOALG: asyncProcess : waiting...
06-08 20:03:16.665 3195 3256 E storaged: getDiskStats failed with result NOT_SUPPORTED and size 0
06-08 20:03:18.526 3140 3332 I AUDIOALG: asyncProcess : process @@@
06-08 20:03:18.529 3140 3332 I AUDIOALG: RefDlyEstimation: maxRxy 0.000000 maxPos 0
06-08 20:03:18.529 3140 3332 I AUDIOALG: asyncProcess : waiting...
06-08 20:03:20.574 3140 3332 I AUDIOALG: asyncProcess : process @@@
06-08 20:03:20.577 3140 3332 I AUDIOALG: RefDlyEstimation: maxRxy 0.000000 maxPos 0
06-08 20:03:20.577 3140 3332 I AUDIOALG: asyncProcess : waiting...
06-08 20:03:21.530 3883 20524 I Vizzini_2.0.11122.0:HealthLogger: Current State = {"AlexaCaptionsEnabled":"false","Account":"valid","ProfileValidated":"true","AlexaCaptionsSupported":"true","memoryTotalPss":"104817","DeviceFamily":"WAKEWORD","memoryTotalSharedDirty":"7280","WakewordDetector":"disabled","InstaHintsSyncTime":"2021-06-08 17:35:22","ReleaseVersion":"634.0.0","AlexaLegalTermsAccepted":"true","AppVersion":"2.0.11122.0","AlexaExperience":"FULL","SupportsFarField":"true","memoryAvailable":"743600128","Gateway":"avs-alexa-6-eu.amazon.com:443","memoryLow":"false","ConnectionState":"CONNECTED","OOBECompleted":"true","memoryTotalPrivateDirty":"58564","WakeWord":"SET"}
06-08 20:03:21.530 3883 20524 I DeviceEvent: CSMSIM#device_event_contract#0#1.0
06-08 20:03:22.622 3140 3332 I AUDIOALG: asyncProcess : process @@@
06-08 20:03:22.625 3140 3332 I AUDIOALG: RefDlyEstimation: maxRxy 0.000000 maxPos 0
06-08 20:03:22.625 3140 3332 I AUDIOALG: asyncProcess : waiting...
06-08 20:03:23.413 3140 20207 I Node : dolby-audio-meter, AdapterPcmSystem adapter audio meter: channel 0; audio level: 0.000
06-08 20:03:23.415 3140 20207 I Node : dolby-audio-meter, AdapterPcmSystem adapter audio meter: channel 1; audio level: 0.000
06-08 20:03:23.415 3140 20207 I RendererNode: dolby-audio-meter, Renderer renderer audio meter: channel 0; audio level: 0.000
06-08 20:03:23.415 3140 20207 I RendererNode: dolby-audio-meter, Renderer renderer audio meter: channel 1; audio level: 0.000
06-08 20:03:23.415 3140 20207 I RendererNode: dolby-audio-meter, Renderer renderer audio meter: channel 2; audio level: 0.000
06-08 20:03:23.415 3140 20207 I RendererNode: dolby-audio-meter, Renderer renderer audio meter: channel 3; audio level: 0.000
06-08 20:03:23.415 3140 20207 I RendererNode: dolby-audio-meter, Renderer renderer audio meter: channel 4; audio level: 0.000
06-08 20:03:23.415 3140 20207 I RendererNode: dolby-audio-meter, Renderer renderer audio meter: channel 5; audio level: 0.000
06-08 20:03:23.415 3140 20207 I Node : dolby-audio-meter, AdapterPcmOut adapter audio meter: channel 0; audio level: 0.000
06-08 20:03:23.415 3140 20207 I Node : dolby-audio-meter, AdapterPcmOut adapter audio meter: channel 1; audio level: 0.000
06-08 20:03:24.670 3140 3332 I AUDIOALG: asyncProcess : process @@@
06-08 20:03:24.674 3140 3332 I AUDIOALG: RefDlyEstimation: maxRxy 0.000000 maxPos 0
06-08 20:03:24.674 3140 3332 I AUDIOALG: asyncProcess : waiting...
06-08 20:03:25.050 3370 3460 W BestClock: java.time.DateTimeException: Missing NTP fix
06-08 20:03:25.072 3370 3460 W BestClock: java.time.DateTimeException: Missing NTP fix
06-08 20:03:25.073 3370 3461 W BestClock: java.time.DateTimeException: Missing NTP fix
06-08 20:03:25.737 20034 20218 I chatty : uid=10043(org.xbmc.kodi) Thread-3 expire 1 line
06-08 20:03:26.720 3140 3332 I AUDIOALG: asyncProcess : process @@@
06-08 20:03:26.722 3140 3332 I AUDIOALG: RefDlyEstimation: maxRxy 0.000000 maxPos 0
06-08 20:03:26.722 3140 3332 I AUDIOALG: asyncProcess : waiting...
06-08 20:03:26.740 20034 20239 I chatty : uid=10043(org.xbmc.kodi) Thread-3 expire 4 lines
06-08 20:03:26.750 20034 20525 I chatty : uid=10043(org.xbmc.kodi) expire 210 lines
06-08 20:03:28.732 20034 20525 D Kodi : 2021-06-08 20:03:28.732 T:20525 DEBUG : VideoInfoScanner: Found episode match smb://192.168.178.24/Elements/Serien TheTVDB/Pawn Stars/Pawn Stars - S2019E18 - Corey's House of Blues.ts (s2019e18) [s([0-9]+)[ ._x-]*e([0-9]+(?:(?:[a-i]|\.[1-9])(?![0-9]))?)([^\\/]*)$]
06-08 20:03:28.732 20034 20525 D Kodi : 2021-06-08 20:03:28.732 T:20525 DEBUG : VideoInfoScanner: Found episode match smb://192.168.178.24/Elements/Serien TheTVDB/Pawn Stars/Pawn Stars - S2019E19 - Happy Meal, Happy Day.ts (s2019e19) [s([0-9]+)[ ._x-]*e([0-9]+(?:(?:[a-i]|\.[1-9])(?![0-9]))?)([^\\/]*)$]
06-08 20:03:28.733 20034 20525 D Kodi : 2021-06-08 20:03:28.733 T:20525 DEBUG : VideoInfoScanner: Found episode match smb://192.168.178.24/Elements/Serien TheTVDB/Pawn Stars/Pawn Stars - S2019E20 - Who's Pawning With Me!.ts (s2019e20) [s([0-9]+)[ ._x-]*e([0-9]+(?:(?:[a-i]|\.[1-9])(?![0-9]))?)([^\\/]*)$]
06-08 20:03:28.734 20034 20525 D Kodi : 2021-06-08 20:03:28.734 T:20525 DEBUG : VideoInfoScanner: Found episode match smb://192.168.178.24/Elements/Serien TheTVDB/Pawn Stars/Pawn Stars - S2019E21 - Shooting Pawns.ts (s2019e21) [s([0-9]+)[ ._x-]*e([0-9]+(?:(?:[a-i]|\.[1-9])(?![0-9]))?)([^\\/]*)$]
06-08 20:03:28.734 20034 20525 D Kodi : 2021-06-08 20:03:28.734 T:20525 DEBUG : VideoInfoScanner: Found episode match smb://192.168.178.24/Elements/Serien TheTVDB/Pawn Stars/Pawn Stars - S2019E22 - A Show About Nothing.ts (s2019e22) [s([0-9]+)[ ._x-]*e([0-9]+(?:(?:[a-i]|\.[1-9])(?![0-9]))?)([^\\/]*)$]
06-08 20:03:28.735 20034 20525 D Kodi : 2021-06-08 20:03:28.735 T:20525 DEBUG : VideoInfoScanner: Found episode match smb://192.168.178.24/Elements/Serien TheTVDB/Pawn Stars/Pawn Stars - S2019E23 - Boats and Bros.ts (s2019e23) [s([0-9]+)[ ._x-]*e([0-9]+(?:(?:[a-i]|\.[1-9])(?![0-9]))?)([^\\/]*)$]
06-08 20:03:28.735 20034 20525 D Kodi : 2021-06-08 20:03:28.735 T:20525 DEBUG : VideoInfoScanner: Found episode match smb://192.168.178.24/Elements/Serien TheTVDB/Pawn Stars/Pawn Stars - S2019E24 - Rick and the Heartbreakers.ts (s2019e24) [s([0-9]+)[ ._x-]*e([0-9]+(?:(?:[a-i]|\.[1-9])(?![0-9]))?)([^\\/]*)$]
06-08 20:03:28.736 20034 20525 D Kodi : 2021-06-08 20:03:28.736 T:20525 DEBUG : VideoInfoScanner: Found episode match smb://192.168.178.24/Elements/Serien TheTVDB/Pawn Stars/Pawn Stars - S2019E25 - Pawn V. Ferrari.ts (s2019e25) [s([0-9]+)[ ._x-]*e([0-9]+(?:(?:[a-i]|\.[1-9])(?![0-9]))?)([^\\/]*)$]
06-08 20:03:28.737 20034 20525 D Kodi : 2021-06-08 20:03:28.736 T:20525 DEBUG : VideoInfoScanner: Found episode match smb://192.168.178.24/Elements/Serien TheTVDB/Pawn Stars/Pawn Stars - S2019E26 - Silver, Slots & Robots.ts (s2019e26) [s([0-9]+)[ ._x-]*e([0-9]+(?:(?:[a-i]|\.[1-9])(?![0-9]))?)([^\\/]*)$]
06-08 20:03:28.738 20034 20525 D Kodi : 2021-06-08 20:03:28.738 T:20525 DEBUG : VideoInfoScanner: Found episode match smb://192.168.178.24/Elements/Serien TheTVDB/Pawn Stars/Pawn Stars - S2019E27 - May the Pawn Be With You.ts (s2019e27) [s([0-9]+)[ ._x-]*e([0-9]+(?:(?:[a-i]|\.[1-9])(?![0-9]))?)([^\\/]*)$]
06-08 20:03:28.739 20034 20525 D Kodi : 2021-06-08 20:03:28.739 T:20525 DEBUG : VideoInfoScanner: Found episode match smb://192.168.178.24/Elements/Serien TheTVDB/Pawn Stars/Pawn Stars - S2020E01 - Pawning for Treble.ts (s2020e1) [s([0-9]+)[ ._x-]*e([0-9]+(?:(?:[a-i]|\.[1-9])(?![0-9]))?)([^\\/]*)$]
06-08 20:03:28.739 20034 20525 D Kodi : 2021-06-08 20:03:28.739 T:20525 DEBUG : VideoInfoScanner: Found episode match smb://192.168.178.24/Elements/Serien TheTVDB/Pawn Stars/Pawn Stars - S2020E02 - Gold (& Silver) Digger.ts (s2020e2) [s([0-9]+)[ ._x-]*e([0-9]+(?:(?:[a-i]|\.[1-9])(?![0-9]))?)([^\\/]*)$]
06-08 20:03:28.740 20034 20525 D Kodi : 2021-06-08 20:03:28.740 T:20525 DEBUG : VideoInfoScanner: Found episode match smb://192.168.178.24/Elements/Serien TheTVDB/Pawn Stars/Pawn Stars - S2020E03 - Ship Happens.ts (s2020e3) [s([0-9]+)[ ._x-]*e([0-9]+(?:(?:[a-i]|\.[1-9])(?![0-9]))?)([^\\/]*)$]
06-08 20:03:28.742 20034 20525 D Kodi : 2021-06-08 20:03:28.741 T:20525 DEBUG : VideoInfoScanner: Found episode match smb://192.168.178.24/Elements/Serien TheTVDB/Pawn Stars/Pawn Stars - S2020E04 - Secret Agent Pawn.mkv (s2020e4) [s([0-9]+)[ ._x-]*e([0-9]+(?:(?:[a-i]|\.[1-9])(?![0-9]))?)([^\\/]*)$]
06-08 20:03:28.743 20034 20525 D Kodi : 2021-06-08 20:03:28.743 T:20525 DEBUG : VideoInfoScanner: Found episode match smb://192.168.178.24/Elements/Serien TheTVDB/Pawn Stars/Pawn Stars - S2020E05 - Pawnanza.ts (s2020e5) [s([0-9]+)[ ._x-]*e([0-9]+(?:(?:[a-i]|\.[1-9])(?![0-9]))?)([^\\/]*)$]
06-08 20:03:28.744 20034 20525 D Kodi : 2021-06-08 20:03:28.744 T:20525 DEBUG : VideoInfoScanner: Found episode match smb://192.168.178.24/Elements/Serien TheTVDB/Pawn Stars/Pawn Stars - S2020E06 - A Bombsight For Sore Eyes.ts (s2020e6) [s([0-9]+)[ ._x-]*e([0-9]+(?:(?:[a-i]|\.[1-9])(?![0-9]))?)([^\\/]*)$]
06-08 20:03:28.745 20034 20525 D Kodi : 2021-06-08 20:03:28.745 T:20525 DEBUG : VideoInfoScanner: Found episode match smb://192.168.178.24/Elements/Serien TheTVDB/Pawn Stars/Pawn Stars - S2020E07 - Watches, Waistcoats and Wizards.ts (s2020e7) [s([0-9]+)[ ._x-]*e([0-9]+(?:(?:[a-i]|\.[1-9])(?![0-9]))?)([^\\/]*)$]
06-08 20:03:28.747 20034 20525 D Kodi : 2021-06-08 20:03:28.747 T:20525 DEBUG : VideoInfoScanner: Found episode match smb://192.168.178.24/Elements/Serien TheTVDB/Pawn Stars/Pawn Stars - S2020E08 - Pawnsplosion.ts (s2020e8) [s([0-9]+)[ ._x-]*e([0-9]+(?:(?:[a-i]|\.[1-9])(?![0-9]))?)([^\\/]*)$]
06-08 20:03:28.748 20034 20525 D Kodi : 2021-06-08 20:03:28.748 T:20525 DEBUG : VideoInfoScanner: Found episode match smb://192.168.178.24/Elements/Serien TheTVDB/Pawn Stars/Pawn Stars - S2020E09 - Across The Pawn'd.ts (s2020e9) [s([0-9]+)[ ._x-]*e([0-9]+(?:(?:[a-i]|\.[1-9])(?![0-9]))?)([^\\/]*)$]
06-08 20:03:28.750 20034 20525 D Kodi : 2021-06-08 20:03:28.750 T:20525 DEBUG : VideoInfoScanner: Found episode match smb://192.168.178.24/Elements/Serien TheTVDB/Pawn Stars/Pawn Stars - S2020E10 - Crossbows, Coins and Conspiracies.ts (s2020e10) [s([0-9]+)[ ._x-]*e([0-9]+(?:(?:[a-i]|\.[1-9])(?![0-9]))?)([^\\/]*)$]
06-08 20:03:28.751 20034 20525 D Kodi : 2021-06-08 20:03:28.751 T:20525 DEBUG : VideoInfoScanner: Found episode match smb://192.168.178.24/Elements/Serien TheTVDB/Pawn Stars/Pawn Stars - S2020E11 - Boston Pawn Sox.ts (s2020e11) [s([0-9]+)[ ._x-]*e([0-9]+(?:(?:[a-i]|\.[1-9])(?![0-9]))?)([^\\/]*)$]
06-08 20:03:28.751 20034 20525 D Kodi : 2021-06-08 20:03:28.751 T:20525 DEBUG : VideoInfoScanner: Found episode match smb://192.168.178.24/Elements/Serien TheTVDB/Pawn Stars/Pawn Stars - S2020E12 - I Don't Give a Dime.ts (s2020e12) [s([0-9]+)[ ._x-]*e([0-9]+(?:(?:[a-i]|\.[1-9])(?![0-9]))?)([^\\/]*)$]
06-08 20:03:28.752 20034 20525 D Kodi : 2021-06-08 20:03:28.752 T:20525 DEBUG : VideoInfoScanner: Found episode match smb://192.168.178.24/Elements/Serien TheTVDB/Pawn Stars/Pawn Stars - S2020E13 - Saints and Winners.ts (s2020e13) [s([0-9]+)[ ._x-]*e([0-9]+(?:(?:[a-i]|\.[1-9])(?![0-9]))?)([^\\/]*)$]
06-08 20:03:28.752 20034 20525 D Kodi : 2021-06-08 20:03:28.752 T:20525 DEBUG : VideoInfoScanner: Found episode match smb://192.168.178.24/Elements/Serien TheTVDB/Pawn Stars/Pawn Stars - S2020E15 - Wind Beneath My Mill.ts (s2020e15) [s([0-9]+)[ ._x-]*e([0-9]+(?:(?:[a-i]|\.[1-9])(?![0-9]))?)([^\\/]*)$]
06-08 20:03:28.753 20034 20525 D Kodi : 2021-06-08 20:03:28.753 T:20525 DEBUG : VideoInfoScanner: Found episode match smb://192.168.178.24/Elements/Serien TheTVDB/Pawn Stars/Pawn Stars - S2020E16 - Bang, Zoom, Pawn on the Moon!.ts (s2020e16) [s([0-9]+)[ ._x-]*e([0-9]+(?:(?:[a-i]|\.[1-9])(?![0-9]))?)([^\\/]*)$]
06-08 20:03:28.753 20034 20525 D Kodi : 2021-06-08 20:03:28.753 T:20525 DEBUG : VideoInfoScanner: Found episode match smb://192.168.178.24/Elements/Serien TheTVDB/Pawn Stars/Pawn Stars - S2020E17 - Mystery Safe.mkv (s2020e17) [s([0-9]+)[ ._x-]*e([0-9]+(?:(?:[a-i]|\.[1-9])(?![0-9]))?)([^\\/]*)$]
06-08 20:03:28.754 20034 20525 D Kodi : 2021-06-08 20:03:28.754 T:20525 DEBUG : VideoInfoScanner: Found episode match smb://192.168.178.24/Elements/Serien TheTVDB/Pawn Stars/Pawn Stars - S2020E18 - Pawnfellas.ts (s2020e18) [s([0-9]+)[ ._x-]*e([0-9]+(?:(?:[a-i]|\.[1-9])(?![0-9]))?)([^\\/]*)$]
06-08 20:03:28.754 20034 20525 D Kodi : 2021-06-08 20:03:28.754 T:20525 DEBUG : VideoInfoScanner: Found episode match smb://192.168.178.24/Elements/Serien TheTVDB/Pawn Stars/Pawn Stars - S2020E19 - A Dam Good Road Trip.ts (s2020e19) [s([0-9]+)[ ._x-]*e([0-9]+(?:(?:[a-i]|\.[1-9])(?![0-9]))?)([^\\/]*)$]
06-08 20:03:28.755 20034 20525 D Kodi : 2021-06-08 20:03:28.755 T:20525 DEBUG : VideoInfoScanner: Found episode match smb://192.168.178.24/Elements/Serien TheTVDB/Pawn Stars/Pawn Stars - S2020E20 - A Loose Cannon.ts (s2020e20) [s([0-9]+)[ ._x-]*e([0-9]+(?:(?:[a-i]|\.[1-9])(?![0-9]))?)([^\\/]*)$]
06-08 20:03:28.756 20034 20525 D Kodi : 2021-06-08 20:03:28.756 T:20525 DEBUG : VideoInfoScanner: Found episode match smb://192.168.178.24/Elements/Serien TheTVDB/Pawn Stars/Pawn Stars - S2020e22 - Close Encounters Of The Pawn Kind.mkv (s2020e22) [s([0-9]+)[ ._x-]*e([0-9]+(?:(?:[a-i]|\.[1-9])(?![0-9]))?)([^\\/]*)$]
06-08 20:03:28.756 20034 20525 D Kodi : 2021-06-08 20:03:28.756 T:20525 DEBUG : VideoInfoScanner: Found episode match smb://192.168.178.24/Elements/Serien TheTVDB/Pawn Stars/Pawn Stars - S2020E23 - Rick's Gone With the Wind.mkv (s2020e23) [s([0-9]+)[ ._x-]*e([0-9]+(?:(?:[a-i]|\.[1-9])(?![0-9]))?)([^\\/]*)$]
06-08 20:03:28.758 20034 20525 D Kodi : 2021-06-08 20:03:28.757 T:20525 DEBUG : VideoInfoScanner: Found episode match smb://192.168.178.24/Elements/Serien TheTVDB/Pawn Stars/Pawn Stars - S2020E24 - Decoding a Deal.mkv (s2020e24) [s([0-9]+)[ ._x-]*e([0-9]+(?:(?:[a-i]|\.[1-9])(?![0-9]))?)([^\\/]*)$]
06-08 20:03:28.758 20034 20525 D Kodi : 2021-06-08 20:03:28.758 T:20525 DEBUG : VideoInfoScanner: Found episode match smb://192.168.178.24/Elements/Serien TheTVDB/Pawn Stars/Pawn Stars - S2020E26 - Mo' Monet, Mo' Problems.mkv (s2020e26) [s([0-9]+)[ ._x-]*e([0-9]+(?:(?:[a-i]|\.[1-9])(?![0-9]))?)([^\\/]*)$]
06-08 20:03:28.759 20034 20525 D Kodi : 2021-06-08 20:03:28.759 T:20525 DEBUG : VideoInfoScanner: Found episode match smb://192.168.178.24/Elements/Serien TheTVDB/Pawn Stars/Pawn Stars - S2020E27 - Raiders of the Lost Pawn.mkv (s2020e27) [s([0-9]+)[ ._x-]*e([0-9]+(?:(?:[a-i]|\.[1-9])(?![0-9]))?)([^\\/]*)$]
06-08 20:03:28.760 20034 20525 D Kodi : 2021-06-08 20:03:28.760 T:20525 DEBUG : VideoInfoScanner: Found episode match smb://192.168.178.24/Elements/Serien TheTVDB/Pawn Stars/Pawn Stars - S2020E28 - Dueling and Dealing.mkv (s2020e28) [s([0-9]+)[ ._x-]*e([0-9]+(?:(?:[a-i]|\.[1-9])(?![0-9]))?)([^\\/]*)$]
06-08 20:03:28.760 20034 20525 D Kodi : 2021-06-08 20:03:28.760 T:20525 DEBUG : VideoInfoScanner: Found episode match smb://192.168.178.24/Elements/Serien TheTVDB/Pawn Stars/Pawn Stars - S2021E01 - Gotsta Get Pawned.mkv (s2021e1) [s([0-9]+)[ ._x-]*e([0-9]+(?:(?:[a-i]|\.[1-9])(?![0-9]))?)([^\\/]*)$]
06-08 20:03:28.761 20034 20525 D Kodi : 2021-06-08 20:03:28.761 T:20525 DEBUG : VideoInfoScanner: Found episode match smb://192.168.178.24/Elements/Serien TheTVDB/Pawn Stars/Pawn Stars - S2021E10 - Once a Pawn a Time in Hollywood.mkv (s2021e10) [s([0-9]+)[ ._x-]*e([0-9]+(?:(?:[a-i]|\.[1-9])(?![0-9]))?)([^\\/]*)$]
06-08 20:03:28.771 3140 3332 I AUDIOALG: asyncProcess : process @@@
06-08 20:03:28.774 3140 3332 I AUDIOALG: RefDlyEstimation: maxRxy 0.000000 maxPos 0
06-08 20:03:28.774 3140 3332 I AUDIOALG: asyncProcess : waiting...
06-08 20:03:29.336 20034 20525 D Kodi : 2021-06-08 20:03:29.336 T:20525 DEBUG : GetEpisodeList: Searching 'https://api.thetvdb.com/login?{"apikey":"439DFEBA9D3059C6","id":111051}|Content-Type=application/json' using The TVDB scraper (file: '/storage/emulated/0/Android/data/org.xbmc.kodi/files/.kodi/addons/metadata.tvdb.com/', content: 'tvshows', version: '3.2.8')
06-08 20:03:29.365 20034 20057 D Kodi : sh: nmblookup: not found
06-08 20:03:29.391 20034 20525 D Kodi : 2021-06-08 20:03:29.391 T:20525 DEBUG : CurlFile::ParseAndCorrectUrl() adding custom header option 'Content-Type: application/json'
06-08 20:03:29.391 20034 20525 D Kodi : 2021-06-08 20:03:29.391 T:20525 DEBUG : CurlFile::Open(0xc2bfdb00) https://api.thetvdb.com/login
06-08 20:03:29.391 20034 20525 D Kodi : 2021-06-08 20:03:29.391 T:20525 DEBUG : easy_acquire - Created session to https://api.thetvdb.com
06-08 20:03:29.708 20034 20525 D Kodi : 2021-06-08 20:03:29.708 T:20525 DEBUG : Get: Using "UTF-8" charset for "https://api.thetvdb.com/login?{"apikey":"439DFEBA9D3059C6","id":111051}|Content-Type=application/json"
06-08 20:03:29.712 20034 20525 D Kodi : 2021-06-08 20:03:29.712 T:20525 DEBUG : scraper: GetEpisodeList returned https://api.thetvdb.com/series/111051/episodes|Authorization=Bearer%20eyJhbGciOiJSUzI1NiIsInR5cCI6IkpXVCJ9.eyJleHAiOjE2MjM3ODAyMDksImlkIjoiS29kaSIsIm9yaWdfaWF0IjoxNjIzMTc1NDA5fQ.msUt_pKmUxqJg_A0HcZQiqb3jH-7PLbTATHzPShGOfKuD1zdx1hOfb16ZV25GpscvaioLL1qwsa2DAsAYdG7LJYQGA0Se6WuiMm73pXx1LfAzOLpTx3OR-suU7g0n7cbCDSAl0wITw33m6DUv76R0otjb-SixRclIlZgmQtNw20yL5fUEL0o616pqi9SMry1PHzEGrC1t421f3z6DhdjWSUvYHEwF0x_jDKe3mUUshRPAL-VdNmk1qmrZuMUinKNlv8aUm-iScmXBKRfpDS14bSrdo7Pd75iDVlAa1CXSqv_EF8sSZiC_xhHSPFWr8Vhh9GYc3OUIe_wzcX5G6Vmxg&accept-language=de
06-08 20:03:29.721 20034 20525 D Kodi : 2021-06-08 20:03:29.721 T:20525 DEBUG : CurlFile::ParseAndCorrectUrl() adding custom header option 'Authorization: ***********'
06-08 20:03:29.721 20034 20525 D Kodi : 2021-06-08 20:03:29.721 T:20525 DEBUG : CurlFile::ParseAndCorrectUrl() adding custom header option 'accept-language: de'
06-08 20:03:29.721 20034 20525 D Kodi : 2021-06-08 20:03:29.721 T:20525 DEBUG : CurlFile::Open(0xc2bfdb00) https://api.thetvdb.com/series/111051/episodes
06-08 20:03:29.848 20034 20525 D Kodi : 2021-06-08 20:03:29.848 T:20525 DEBUG : Get: Using "UTF-8" charset for "https://api.thetvdb.com/series/111051/episodes|Authorization=Bearer%20eyJhbGciOiJSUzI1NiIsInR5cCI6IkpXVCJ9.eyJleHAiOjE2MjM3ODAyMDksImlkIjoiS29kaSIsIm9yaWdfaWF0IjoxNjIzMTc1NDA5fQ.msUt_pKmUxqJg_A0HcZQiqb3jH-7PLbTATHzPShGOfKuD1zdx1hOfb16ZV25GpscvaioLL1qwsa2DAsAYdG7LJYQGA0Se6WuiMm73pXx1LfAzOLpTx3OR-suU7g0n7cbCDSAl0wITw33m6DUv76R0otjb-SixRclIlZgmQtNw20yL5fUEL0o616pqi9SMry1PHzEGrC1t421f3z6DhdjWSUvYHEwF0x_jDKe3mUUshRPAL-VdNmk1qmrZuMUinKNlv8aUm-iScmXBKRfpDS14bSrdo7Pd75iDVlAa1CXSqv_EF8sSZiC_xhHSPFWr8Vhh9GYc3OUIe_wzcX5G6Vmxg&accept-language=de"
06-08 20:03:29.865 20034 20525 D Kodi : 2021-06-08 20:03:29.865 T:20525 DEBUG : scraper: GetEpisodeListAuth returned https://api.thetvdb.com/series/111051/episodes?page=1|Authorization=Bearer%20eyJhbGciOiJSUzI1NiIsInR5cCI6IkpXVCJ9.eyJleHAiOjE2MjM3ODAyMDksImlkIjoiS29kaSIsIm9yaWdfaWF0IjoxNjIzMTc1NDA5fQ.msUt_pKmUxqJg_A0HcZQiqb3jH-7PLbTATHzPShGOfKuD1zdx1hOfb16ZV25GpscvaioLL1qwsa2DAsAYdG7LJYQGA0Se6WuiMm73pXx1LfAzOLpTx3OR-suU7g0n7cbCDSAl0wITw33m6DUv76R0otjb-SixRclIlZgmQtNw20yL5fUEL0o616pqi9SMry1PHzEGrC1t421f3z6DhdjWSUvYHEwF0x_jDKe3mUUshRPAL-VdNmk1qmrZuMUinKNlv8aUm-iScmXBKRfpDS14bSrdo7Pd75iDVlAa1CXSqv_EF8sSZiC_xhHSPFWr8Vhh9GYc3OUIe_wzcX5G6Vmxg&accept-language=dehttps://api.thetvdb.com/series/111051/episodes?page=2|Authorization=Bearer%20eyJhbGciOiJSUzI1NiIsInR5cCI6IkpXVCJ9.eyJleHAiOjE2MjM3ODAyMDksImlkIjoiS29kaSIsIm9yaWdfaWF0IjoxNjIzMTc1NDA5fQ.msUt_pKmUxqJg_A0HcZQiqb3jH-7PLbTATHzPShGOfKuD1zdx1hOfb16ZV25GpscvaioLL1qwsa2DAsAYdG7LJYQGA0Se6WuiMm73pXx1LfAzOLpTx3OR-suU7g0n7cbCDSAl0wITw33m6DUv76R0otjb-SixRclIlZgmQtNw20yL5fUEL0o616pqi9SMry1PHzEGrC1t421f3z6DhdjWSUvYHEwF0x_jDKe3mUUshRPAL-VdNmk1qmrZuMUinKNlv8aUm-iScmXBKRfpDS14bSrdo7Pd75iDVlAa1CXSqv_EF8sSZiC_xhHSPFWr8Vhh9GYc3OUIe_wzcX5G6Vmxg&accept-language=dehttps://api.thetvdb.com/series/111051/episodes?page=3|Authorization=Bearer%20eyJhbGciOiJSUzI1NiIsInR5cCI6IkpXVCJ9.eyJleHAiOjE2MjM3ODAyMDksImlkIjoiS29kaSIsIm9yaWdfaWF0IjoxNjIzMTc1NDA5fQ.msUt_pKmUxqJg_A0HcZQiqb3jH-7PLbTATHzPShGOfKuD1zdx1hOfb16ZV25GpscvaioLL1qwsa2DAsAYdG7LJYQGA0Se6WuiMm73pXx1LfAzOLpTx3OR-suU7g0n7cbCDSAl0wITw33m6DUv76R0otjb-SixRclIlZgmQtNw20yL5fUEL0o616pqi9SMry1PHzEGrC1t421f3z6DhdjWSUvYHEwF0x_jDKe3mUUshRPAL-VdNmk1qmrZuMUinKNlv8aUm-iScmXBKRfpDS14bSrdo7Pd75iDVlAa1CXSqv_EF8sSZiC_xhHSPFWr8Vhh9GYc3OUIe_wzcX5G6Vmxg&accept-language=dehttps://api.thetvdb.com/series/111051/episodes?page=4|Authorization=Bearer%20eyJhbGciOiJSUzI1NiIsInR5cCI6IkpXVCJ9.eyJleHAiOjE2MjM3ODAyMDksImlkIjoiS29kaSIsIm9yaWdfaWF0IjoxNjIzMTc1NDA5fQ.msUt_pKmUxqJg_A0HcZQiqb3jH-7PLbTATHzPShGOfKuD1zdx1hOfb16ZV25GpscvaioLL1qwsa2DAsAYdG7LJYQGA0Se6WuiMm73pXx1LfAzOLpTx3OR-suU7g0n7cbCDSAl0wITw33m6DUv76R0otjb-SixRclIlZgmQtNw20yL5fUEL0o616pqi9SMry1PHzEGrC1t421f3z6DhdjWSUvYHEwF0x_jDKe3mUUshRPAL-VdNmk1qmrZuMUinKNlv8aUm-iScmXBKRfpDS14bSrdo7Pd75iDVlAa1CXSqv_EF8sSZiC_xhHSPFWr8Vhh9GYc3OUIe_wzcX5G6Vmxg&accept-language=dehttps://api.thetvdb.com/series/111051/episodes?page=5|Authorization=Bearer%20eyJhbGciOiJSUzI1NiIsInR5cCI6IkpXVCJ9.eyJleHAiOjE2MjM3ODAyMDksImlkIjoiS29kaSIsIm9yaWdfaWF0IjoxNjIzMTc1NDA5fQ.msUt_pKmUxqJg_A0HcZQiqb3jH-7PLbTATHzPShGOfKuD1zdx1hOfb16ZV25GpscvaioLL1qwsa2DAsAYdG7LJYQGA0Se6WuiMm73pXx1LfAzOLpTx3OR-suU7g0n7cbCDSAl0wITw33m6DUv76R0otjb-SixRclIlZgmQtNw20yL5fUEL0o616pqi9SMry1PHzEGrC1t421f3z6DhdjWSUvYHEwF0x_jDKe3mUUshRPAL-VdNmk1qmrZuMUinKNlv8aUm-iScmXBKRfpDS14bSrdo7Pd75iDVlAa1CXSqv_EF8sSZiC_xhHSPFWr8Vhh9GYc3OUIe_wzcX5G6Vmxg&accept-language=dehttps://api.thetvdb.com/series/111051/episodes?page=6|Authorization=Bearer%20eyJhbGciOiJSUzI1NiIsInR5cCI6IkpXVCJ9.eyJleHAiOjE2MjM3ODAyMDksImlkIjoiS29kaSIsIm9yaWdfaWF0IjoxNjIzMTc1NDA5fQ.msUt_pKmUxqJg_A0HcZQiqb3jH-7PLbTATHzPShGOfKuD1zdx1hOfb16ZV25GpscvaioLL1qwsa2DAsAYdG7LJYQGA0Se6WuiMm73pXx1LfAzOLpTx3OR-suU7g0n7cbCDSAl0wITw33m6DUv76R0otjb-SixRclIlZgmQtNw20yL5fUEL0o616pqi9SMry1PHzEGrC1t421f3z6DhdjWSUvYHEwF0x_jDKe3mUUshRPAL-VdNmk1qmrZuMUinKNlv8aUm-iScmXBKRfpDS14bSrdo7Pd75iDVlAa1CXSqv_EF8sSZiC_xhHSPFWr8Vhh9GYc3OUIe_wzcX5G6Vmxg&accept-language=dehttps://api.thetvdb.com/series/111051/episodes?page=7|Authorization=Bearer%20eyJhbGciOiJSUzI1NiIsInR5cCI6IkpXVCJ9.eyJleHAiOjE2MjM3ODAyMDksImlkIjoiS29kaSIsIm9yaWdfaWF0IjoxNjIzMTc1NDA5fQ.
06-08 20:03:29.927 20034 20525 D Kodi : 2021-06-08 20:03:29.927 T:20525 DEBUG : scraper: LoadEpisodeList returned
06-08 20:03:29.930 20034 20525 D Kodi : 2021-06-08 20:03:29.930 T:20525 DEBUG : CurlFile::ParseAndCorrectUrl() adding custom header option 'Authorization: ***********'
06-08 20:03:29.931 20034 20525 D Kodi : 2021-06-08 20:03:29.931 T:20525 DEBUG : CurlFile::ParseAndCorrectUrl() adding custom header option 'accept-language: de'
06-08 20:03:29.931 20034 20525 D Kodi : 2021-06-08 20:03:29.931 T:20525 DEBUG : CurlFile::Open(0xc2bfdb00) https://api.thetvdb.com/series/111051/episodes?page=2
06-08 20:03:30.031 20034 20525 D Kodi : 2021-06-08 20:03:30.031 T:20525 DEBUG : Get: Using "UTF-8" charset for "https://api.thetvdb.com/series/111051/episodes?page=2|Authorization=Bearer%20eyJhbGciOiJSUzI1NiIsInR5cCI6IkpXVCJ9.eyJleHAiOjE2MjM3ODAyMDksImlkIjoiS29kaSIsIm9yaWdfaWF0IjoxNjIzMTc1NDA5fQ.msUt_pKmUxqJg_A0HcZQiqb3jH-7PLbTATHzPShGOfKuD1zdx1hOfb16ZV25GpscvaioLL1qwsa2DAsAYdG7LJYQGA0Se6WuiMm73pXx1LfAzOLpTx3OR-suU7g0n7cbCDSAl0wITw33m6DUv76R0otjb-SixRclIlZgmQtNw20yL5fUEL0o616pqi9SMry1PHzEGrC1t421f3z6DhdjWSUvYHEwF0x_jDKe3mUUshRPAL-VdNmk1qmrZuMUinKNlv8aUm-iScmXBKRfpDS14bSrdo7Pd75iDVlAa1CXSqv_EF8sSZiC_xhHSPFWr8Vhh9GYc3OUIe_wzcX5G6Vmxg&accept-language=de"
06-08 20:03:30.107 20034 20525 D Kodi : 2021-06-08 20:03:30.107 T:20525 DEBUG : scraper: LoadEpisodeList returned
06-08 20:03:30.110 20034 20525 D Kodi : 2021-06-08 20:03:30.110 T:20525 DEBUG : CurlFile::ParseAndCorrectUrl() adding custom header option 'Authorization: ***********'
06-08 20:03:30.110 20034 20525 D Kodi : 2021-06-08 20:03:30.110 T:20525 DEBUG : CurlFile::ParseAndCorrectUrl() adding custom header option 'accept-language: de'
06-08 20:03:30.110 20034 20525 D Kodi : 2021-06-08 20:03:30.110 T:20525 DEBUG : CurlFile::Open(0xc2bfdb00) https://api.thetvdb.com/series/111051/episodes?page=3
06-08 20:03:30.191 20034 20525 D Kodi : 2021-06-08 20:03:30.191 T:20525 DEBUG : Get: Using "UTF-8" charset for "https://api.thetvdb.com/series/111051/episodes?page=3|Authorization=Bearer%20eyJhbGciOiJSUzI1NiIsInR5cCI6IkpXVCJ9.eyJleHAiOjE2MjM3ODAyMDksImlkIjoiS29kaSIsIm9yaWdfaWF0IjoxNjIzMTc1NDA5fQ.msUt_pKmUxqJg_A0HcZQiqb3jH-7PLbTATHzPShGOfKuD1zdx1hOfb16ZV25GpscvaioLL1qwsa2DAsAYdG7LJYQGA0Se6WuiMm73pXx1LfAzOLpTx3OR-suU7g0n7cbCDSAl0wITw33m6DUv76R0otjb-SixRclIlZgmQtNw20yL5fUEL0o616pqi9SMry1PHzEGrC1t421f3z6DhdjWSUvYHEwF0x_jDKe3mUUshRPAL-VdNmk1qmrZuMUinKNlv8aUm-iScmXBKRfpDS14bSrdo7Pd75iDVlAa1CXSqv_EF8sSZiC_xhHSPFWr8Vhh9GYc3OUIe_wzcX5G6Vmxg&accept-language=de"
06-08 20:03:30.269 20034 20525 D Kodi : 2021-06-08 20:03:30.269 T:20525 DEBUG : scraper: LoadEpisodeList returned
06-08 20:03:30.273 20034 20525 D Kodi : 2021-06-08 20:03:30.273 T:20525 DEBUG : CurlFile::ParseAndCorrectUrl() adding custom header option 'Authorization: ***********'
06-08 20:03:30.273 20034 20525 D Kodi : 2021-06-08 20:03:30.273 T:20525 DEBUG : CurlFile::ParseAndCorrectUrl() adding custom header option 'accept-language: de'
06-08 20:03:30.273 20034 20525 D Kodi : 2021-06-08 20:03:30.273 T:20525 DEBUG : CurlFile::Open(0xc2bfdb00) https://api.thetvdb.com/series/111051/episodes?page=4
06-08 20:03:30.343 20034 20525 D Kodi : 2021-06-08 20:03:30.343 T:20525 DEBUG : Get: Using "UTF-8" charset for "https://api.thetvdb.com/series/111051/episodes?page=4|Authorization=Bearer%20eyJhbGciOiJSUzI1NiIsInR5cCI6IkpXVCJ9.eyJleHAiOjE2MjM3ODAyMDksImlkIjoiS29kaSIsIm9yaWdfaWF0IjoxNjIzMTc1NDA5fQ.msUt_pKmUxqJg_A0HcZQiqb3jH-7PLbTATHzPShGOfKuD1zdx1hOfb16ZV25GpscvaioLL1qwsa2DAsAYdG7LJYQGA0Se6WuiMm73pXx1LfAzOLpTx3OR-suU7g0n7cbCDSAl0wITw33m6DUv76R0otjb-SixRclIlZgmQtNw20yL5fUEL0o616pqi9SMry1PHzEGrC1t421f3z6DhdjWSUvYHEwF0x_jDKe3mUUshRPAL-VdNmk1qmrZuMUinKNlv8aUm-iScmXBKRfpDS14bSrdo7Pd75iDVlAa1CXSqv_EF8sSZiC_xhHSPFWr8Vhh9GYc3OUIe_wzcX5G6Vmxg&accept-language=de"
06-08 20:03:30.390 20034 20525 D Kodi : 2021-06-08 20:03:30.390 T:20525 DEBUG : scraper: LoadEpisodeList returned
06-08 20:03:30.399 20034 20525 D Kodi : 2021-06-08 20:03:30.399 T:20525 DEBUG : CurlFile::ParseAndCorrectUrl() adding custom header option 'Authorization: ***********'
06-08 20:03:30.399 20034 20525 D Kodi : 2021-06-08 20:03:30.399 T:20525 DEBUG : CurlFile::ParseAndCorrectUrl() adding custom header option 'accept-language: de'
06-08 20:03:30.399 20034 20525 D Kodi : 2021-06-08 20:03:30.399 T:20525 DEBUG : CurlFile::Open(0xc2bfdb00) https://api.thetvdb.com/series/111051/episodes?page=5
06-08 20:03:30.491 20034 20525 D Kodi : 2021-06-08 20:03:30.491 T:20525 DEBUG : Get: Using "UTF-8" charset for "https://api.thetvdb.com/series/111051/episodes?page=5|Authorization=Bearer%20eyJhbGciOiJSUzI1NiIsInR5cCI6IkpXVCJ9.eyJleHAiOjE2MjM3ODAyMDksImlkIjoiS29kaSIsIm9yaWdfaWF0IjoxNjIzMTc1NDA5fQ.msUt_pKmUxqJg_A0HcZQiqb3jH-7PLbTATHzPShGOfKuD1zdx1hOfb16ZV25GpscvaioLL1qwsa2DAsAYdG7LJYQGA0Se6WuiMm73pXx1LfAzOLpTx3OR-suU7g0n7cbCDSAl0wITw33m6DUv76R0otjb-SixRclIlZgmQtNw20yL5fUEL0o616pqi9SMry1PHzEGrC1t421f3z6DhdjWSUvYHEwF0x_jDKe3mUUshRPAL-VdNmk1qmrZuMUinKNlv8aUm-iScmXBKRfpDS14bSrdo7Pd75iDVlAa1CXSqv_EF8sSZiC_xhHSPFWr8Vhh9GYc3OUIe_wzcX5G6Vmxg&accept-language=de"
06-08 20:03:30.527 20034 20525 D Kodi : 2021-06-08 20:03:30.527 T:20525 DEBUG : scraper: LoadEpisodeList returned
06-08 20:03:30.535 20034 20525 D Kodi : 2021-06-08 20:03:30.535 T:20525 DEBUG : CurlFile::ParseAndCorrectUrl() adding custom header option 'Authorization: ***********'
06-08 20:03:30.535 20034 20525 D Kodi : 2021-06-08 20:03:30.535 T:20525 DEBUG : CurlFile::ParseAndCorrectUrl() adding custom header option 'accept-language: de'
06-08 20:03:30.535 20034 20525 D Kodi : 2021-06-08 20:03:30.535 T:20525 DEBUG : CurlFile::Open(0xc2bfdb00) https://api.thetvdb.com/series/111051/episodes?page=6
06-08 20:03:30.591 20034 20525 D Kodi : 2021-06-08 20:03:30.591 T:20525 DEBUG : Get: Using "UTF-8" charset for "https://api.thetvdb.com/series/111051/episodes?page=6|Authorization=Bearer%20eyJhbGciOiJSUzI1NiIsInR5cCI6IkpXVCJ9.eyJleHAiOjE2MjM3ODAyMDksImlkIjoiS29kaSIsIm9yaWdfaWF0IjoxNjIzMTc1NDA5fQ.msUt_pKmUxqJg_A0HcZQiqb3jH-7PLbTATHzPShGOfKuD1zdx1hOfb16ZV25GpscvaioLL1qwsa2DAsAYdG7LJYQGA0Se6WuiMm73pXx1LfAzOLpTx3OR-suU7g0n7cbCDSAl0wITw33m6DUv76R0otjb-SixRclIlZgmQtNw20yL5fUEL0o616pqi9SMry1PHzEGrC1t421f3z6DhdjWSUvYHEwF0x_jDKe3mUUshRPAL-VdNmk1qmrZuMUinKNlv8aUm-iScmXBKRfpDS14bSrdo7Pd75iDVlAa1CXSqv_EF8sSZiC_xhHSPFWr8Vhh9GYc3OUIe_wzcX5G6Vmxg&accept-language=de"
06-08 20:03:30.647 20034 20525 D Kodi : 2021-06-08 20:03:30.647 T:20525 DEBUG : scraper: LoadEpisodeList returned
06-08 20:03:30.650 20034 20525 D Kodi : 2021-06-08 20:03:30.650 T:20525 DEBUG : CurlFile::ParseAndCorrectUrl() adding custom header option 'Authorization: ***********'
06-08 20:03:30.650 20034 20525 D Kodi : 2021-06-08 20:03:30.650 T:20525 DEBUG : CurlFile::ParseAndCorrectUrl() adding custom header option 'accept-language: de'
06-08 20:03:30.650 20034 20525 D Kodi : 2021-06-08 20:03:30.650 T:20525 DEBUG : CurlFile::Open(0xc2bfdb00) https://api.thetvdb.com/series/111051/episodes?page=7
06-08 20:03:30.682 20034 20525 D Kodi : 2021-06-08 20:03:30.682 T:20525 DEBUG : Get: Using "UTF-8" charset for "https://api.thetvdb.com/series/111051/episodes?page=7|Authorization=Bearer%20eyJhbGciOiJSUzI1NiIsInR5cCI6IkpXVCJ9.eyJleHAiOjE2MjM3ODAyMDksImlkIjoiS29kaSIsIm9yaWdfaWF0IjoxNjIzMTc1NDA5fQ.msUt_pKmUxqJg_A0HcZQiqb3jH-7PLbTATHzPShGOfKuD1zdx1hOfb16ZV25GpscvaioLL1qwsa2DAsAYdG7LJYQGA0Se6WuiMm73pXx1LfAzOLpTx3OR-suU7g0n7cbCDSAl0wITw33m6DUv76R0otjb-SixRclIlZgmQtNw20yL5fUEL0o616pqi9SMry1PHzEGrC1t421f3z6DhdjWSUvYHEwF0x_jDKe3mUUshRPAL-VdNmk1qmrZuMUinKNlv8aUm-iScmXBKRfpDS14bSrdo7Pd75iDVlAa1CXSqv_EF8sSZiC_xhHSPFWr8Vhh9GYc3OUIe_wzcX5G6Vmxg&accept-language=de"
06-08 20:03:30.695 20034 20525 D Kodi : 2021-06-08 20:03:30.695 T:20525 DEBUG : scraper: LoadEpisodeList returned
06-08 20:03:30.817 3140 3332 I AUDIOALG: asyncProcess : process @@@
06-08 20:03:30.823 3140 3332 I AUDIOALG: RefDlyEstimation: maxRxy 0.000000 maxPos 0
06-08 20:03:30.823 3140 3332 I AUDIOALG: asyncProcess : waiting...
06-08 20:03:30.848 20034 20525 D Kodi : 2021-06-08 20:03:30.846 T:20525 DEBUG : scraper: ParseEpisodeList returned
06-08 20:03:30.848 20034 20525 D Kodi :
06-08 20:03:30.848 20034 20525 D Kodi :
06-08 20:03:30.848 20034 20525 D Kodi : 1053581
06-08 20:03:30.848 20034 20525 D Kodi : Schall und Rauch
06-08 20:03:30.848 20034 20525 D Kodi : 2009-07-19
06-08 20:03:30.848 20034 20525 D Kodi : 1
06-08 20:03:30.848 20034 20525 D Kodi : 2009
06-08 20:03:30.848 20034 20525 D Kodi : https://api.thetvdb.com/login?{"apikey":"439DFEBA9D3059C6","id":1053581}|Content-Type=application/json&accept-language=de
06-08 20:03:30.848 20034 20525 D Kodi :
06-08 20:03:30.848 20034 20525 D Kodi :
06-08 20:03:30.848 20034 20525 D Kodi : 1053591
06-08 20:03:30.848 20034 20525 D Kodi : Der Säbel
06-08 20:03:30.848 20034 20525 D Kodi : 2009-07-19
06-08 20:03:30.848 20034 20525 D Kodi : 2
06-08 20:03:30.848 20034 20525 D Kodi : 2009
06-08 20:03:30.848 20034 20525 D Kodi : https://api.thetvdb.com/login?{"apikey":"439DFEBA9D3059C6","id":1053591}|Content-Type=application/json&accept-language=de
06-08 20:03:30.848 20034 20525 D Kodi :
06-08 20:03:30.848 20034 20525 D Kodi :
06-08 20:03:30.848 20034 20525 D Kodi : 1053651
06-08 20:03:30.848 20034 20525 D Kodi : Schiff zu versenken
06-08 20:03:30.848 20034 20525 D Kodi : 2009-07-26
06-08 20:03:30.848 20034 20525 D Kodi : 3
06-08 20:03:30.848 20034 20525 D Kodi : 2009
06-08 20:03:30.848 20034 20525 D Kodi : https://api.thetvdb.com/login?{"apikey":"439DFEBA9D3059C6","id":1053651}|Content-Type=application/json&accept-language=de
06-08 20:03:30.848 20034 20525 D Kodi :
06-08 20:03:30.848 20034 20525 D Kodi :
06-08 20:03:30.848 20034 20525 D Kodi : 1053701
06-08 20:03:30.848 20034 20525 D Kodi : Der Ritterhelm
06-08 20:03:30.848 20034 20525 D Kodi : 2009-07-26
06-08 20:03:30.848 20034 20525 D Kodi : 4
06-08 20:03:30.848 20034 20525 D Kodi : 2009
06-08 20:03:30.848 20034 20525 D Kodi : https://api.thetvdb.com/login?{"apikey":"439DFEBA9D3059C6","id":1053701}|Content-Type=application/json&accept-language=de
06-08 20:03:30.848 20034 20525 D Kodi :
06-08 20:03:30.848 20034 20525 D Kodi :
06-08 20:03:30.848 20034 20525 D Kodi : 1053831
06-08 20:03:30.848 20034 20525 D Kodi : Schmutzige Geschäfte
06-08 20:03:30.848 20034 20525 D Kodi : 2009-08-02
06-08 20:03:30.848 20034 20525 D Kodi : 5
06-08 20:03:30.848 20034 20525 D Kodi : 2009
06-08 20:03:30.848 20034 20525 D Kodi : https://api.thetvdb.com/login?{"apikey":"439DFEBA9D3059C6","id":1053831}|Content-Type=application/json&accept-language=de
06-08 20:03:30.848 20034 20525 D Kodi :
06-08 20:03:30.848 20034 20525 D Kodi :
06-08 20:03:30.848 20034 20525 D Kodi : 1053841
06-08 20:03:30.848 20034 20525 D Kodi : : GetVideoDetails: Reading episode 'https://api.thetvdb.com/login?{"apikey":"439DFEBA9D3059C6","id":8121935}|Content-Type=application/json&accept-language=de' using The TVDB scraper (file: '/storage/emulated/0/Android/data/org.xbmc.kodi/files/.kodi/addons/metadata.tvdb.com/', content: 'tvshows', version: '3.2.8')
06-08 20:03:30.962 20034 20525 D Kodi : 2021-06-08 20:03:30.962 T:20525 DEBUG : scraper: GetEpisodeDetails returned
https://api.thetvdb.com/episodes/8121935|Authorization=Bearer%20eyJhbGciOiJSUzI1NiIsInR5cCI6IkpXVCJ9.eyJleHAiOjE2MjM3ODAyMDksImlkIjoiS29kaSIsIm9yaWdfaWF0IjoxNjIzMTc1NDA5fQ.msUt_pKmUxqJg_A0HcZQiqb3jH-7PLbTATHzPShGOfKuD1zdx1hOfb16ZV25GpscvaioLL1qwsa2DAsAYdG7LJYQGA0Se6WuiMm73pXx1LfAzOLpTx3OR-suU7g0n7cbCDSAl0wITw33m6DUv76R0otjb-SixRclIlZgmQtNw20yL5fUEL0o616pqi9SMry1PHzEGrC1t421f3z6DhdjWSUvYHEwF0x_jDKe3mUUshRPAL-VdNmk1qmrZuMUinKNlv8aUm-iScmXBKRfpDS14bSrdo7Pd75iDVlAa1CXSqv_EF8sSZiC_xhHSPFWr8Vhh9GYc3OUIe_wzcX5G6Vmxg&accept-language=de
06-08 20:03:30.965 20034 20525 D Kodi : 2021-06-08 20:03:30.964 T:20525 DEBUG : CurlFile::ParseAndCorrectUrl() adding custom header option 'Authorization: ***********'
06-08 20:03:30.965 20034 20525 D Kodi : 2021-06-08 20:03:30.965 T:20525 DEBUG : CurlFile::ParseAndCorrectUrl() adding custom header option 'accept-language: de'
06-08 20:03:30.965 20034 20525 D Kodi : 2021-06-08 20:03:30.965 T:20525 DEBUG : CurlFile::Open(0xc2bfdb00) https://api.thetvdb.com/episodes/8121935
06-08 20:03:31.153 20034 20525 D Kodi : 2021-06-08 20:03:31.153 T:20525 DEBUG : Get: Using "UTF-8" charset for "https://api.thetvdb.com/episodes/8121935|Authorization=Bearer%20eyJhbGciOiJSUzI1NiIsInR5cCI6IkpXVCJ9.eyJleHAiOjE2MjM3ODAyMDksImlkIjoiS29kaSIsIm9yaWdfaWF0IjoxNjIzMTc1NDA5fQ.msUt_pKmUxqJg_A0HcZQiqb3jH-7PLbTATHzPShGOfKuD1zdx1hOfb16ZV25GpscvaioLL1qwsa2DAsAYdG7LJYQGA0Se6WuiMm73pXx1LfAzOLpTx3OR-suU7g0n7cbCDSAl0wITw33m6DUv76R0otjb-SixRclIlZgmQtNw20yL5fUEL0o616pqi9SMry1PHzEGrC1t421f3z6DhdjWSUvYHEwF0x_jDKe3mUUshRPAL-VdNmk1qmrZuMUinKNlv8aUm-iScmXBKRfpDS14bSrdo7Pd75iDVlAa1CXSqv_EF8sSZiC_xhHSPFWr8Vhh9GYc3OUIe_wzcX5G6Vmxg&accept-language=de"
06-08 20:03:31.164 20034 20525 D Kodi : 2021-06-08 20:03:31.164 T:20525 DEBUG : scraper: GetEpisodeDetailsAuth returned
https://api.thetvdb.com/episodes/8121935|Authorization=Bearer%20eyJhbGciOiJSUzI1NiIsInR5cCI6IkpXVCJ9.eyJleHAiOjE2MjM3ODAyMDksImlkIjoiS29kaSIsIm9yaWdfaWF0IjoxNjIzMTc1NDA5fQ.msUt_pKmUxqJg_A0HcZQiqb3jH-7PLbTATHzPShGOfKuD1zdx1hOfb16ZV25GpscvaioLL1qwsa2DAsAYdG7LJYQGA0Se6WuiMm73pXx1LfAzOLpTx3OR-suU7g0n7cbCDSAl0wITw33m6DUv76R0otjb-SixRclIlZgmQtNw20yL5fUEL0o616pqi9SMry1PHzEGrC1t421f3z6DhdjWSUvYHEwF0x_jDKe3mUUshRPAL-VdNmk1qmrZuMUinKNlv8aUm-iScmXBKRfpDS14bSrdo7Pd75iDVlAa1CXSqv_EF8sSZiC_xhHSPFWr8Vhh9GYc3OUIe_wzcX5G6Vmxg&accept-language=en
06-08 20:03:31.172 20034 20525 D Kodi : 2021-06-08 20:03:31.172 T:20525 DEBUG : CurlFile::ParseAndCorrectUrl() adding custom header option 'Authorization: ***********'
06-08 20:03:31.172 20034 20525 D Kodi : 2021-06-08 20:03:31.172 T:20525 DEBUG : CurlFile::ParseAndCorrectUrl() adding custom header option 'accept-language: en'
06-08 20:03:31.172 20034 20525 D Kodi : 2021-06-08 20:03:31.172 T:20525 DEBUG : CurlFile::Open(0xc2bfdb00) https://api.thetvdb.com/episodes/8121935
