06-08 19:57:24.025 3370 3503 W AmazonProfileService: Active profile for the package xxx not present for customer Id xxx
06-08 19:57:24.025 3370 3503 I AmazonProfileService: Returning active profile for programId = PCA_FIRE_TV and customerId = xxx
06-08 19:57:24.027 3370 3396 I AmazonProfileService: Sending broadcast as the package is a non-enabled app
06-08 19:57:24.397 3370 5650 I AmazonPowerManagerVendorCallback: Wakelock released UID:10081 PID:3945 Tag:WakeUpDisplayHandler
06-08 19:57:24.408 3370 5650 I AmazonPowerManagerVendorCallback: Wakelock released UID:1041 PID:0 Tag:AudioDup
06-08 19:57:24.409 3370 3755 I AmazonPowerManagerVendorCallback: Wakelock acquired UID:1041 PID:0 Tag:AudioIn
06-08 19:57:24.409 3370 5650 I AmazonPowerManagerVendorCallback: Wakelock released UID:1041 PID:0 Tag:AudioIn
06-08 19:57:24.439 3370 3755 I AmazonPowerManagerVendorCallback: Wakelock released UID:1041 PID:0 Tag:AudioMix
06-08 19:57:24.442 3370 3755 I AmazonPowerManagerVendorCallback: Wakelock acquired UID:1041 PID:0 Tag:AudioIn
06-08 19:57:24.442 3370 3755 I AmazonPowerManagerVendorCallback: Wakelock released UID:1041 PID:0 Tag:AudioIn
06-08 19:57:24.569 3370 3755 I AmazonPowerManagerVendorCallback: Wakelock acquired UID:1041 PID:0 Tag:AudioIn
06-08 19:57:24.569 3370 3755 I AmazonPowerManagerVendorCallback: Wakelock released UID:1041 PID:0 Tag:AudioIn
06-08 19:57:24.877 3370 3389 W Looper : Slow dispatch took 831ms android.ui h=com.android.server.am.ActivityManagerService$UiHandler c=null m=53
06-08 19:57:24.878 3370 3370 W Looper : Slow dispatch took 824ms main h=com.android.server.job.JobSchedulerService$JobHandler c=null m=4
06-08 19:57:24.902 3370 3396 I DisplayManagerService: Display device changed: DisplayDeviceInfo{"Integrierter Bildschirm": uniqueId="local:0", 3840 x 2160, modeId 4, defaultModeId 1, supportedModes [{id=1, width=1920, height=1080, fps=60.000004}, {id=2, width=3840, height=2160, fps=50.0}, {id=3, width=3840, height=2160, fps=60.000004}, {id=4, width=3840, height=2160, fps=59.94006}, {id=5, width=3840, height=2160, fps=24.0}, {id=6, width=3840, height=2160, fps=23.976025}, {id=7, width=3840, height=2160, fps=25.0}, {id=8, width=3840, height=2160, fps=30.0}, {id=9, width=3840, height=2160, fps=29.97003}, {id=10, width=1920, height=1080, fps=24.0}, {id=11, width=1920, height=1080, fps=23.976025}, {id=12, width=1920, height=1080, fps=25.0}, {id=13, width=1920, height=1080, fps=50.0}, {id=14, width=1920, height=1080, fps=30.0}, {id=15, width=1920, height=1080, fps=29.97003}, {id=16, width=1280, height=720, fps=50.0}, {id=17, width=1920, height=1080, fps=59.94006}, {id=18, width=1280, height=720, fps=60.000004}, {id=19, width=1280, height=720, fps=59.94006}, {id=20, width=720, height=576, fps=50.0}, {id=21, width=720, height=480, fps=60.000004}, {id=22, width=720, height=480, fps=59.94006}], colorMode 0, supportedColorModes [0], HdrCapabilities android.view.Display$HdrCapabilities@40f3c928, density 320, 92.0 x 92.0 dpi, appVsyncOff 1000000, presDeadline 16683333, touch INTERNAL, rotation 0, type BUILT_IN, state ON, FLAG_DEFAULT_DISPLAY, FLAG_SECURE, FLAG_SUPPORTS_PROTECTED_BUFFERS}
06-08 19:57:24.902 3370 3370 W Looper : Slow delivery took 824ms main h=com.android.server.job.JobSchedulerService$JobHandler c=null m=4
06-08 19:57:24.903 3370 4351 I ActivityManager: START u0 {act=android.intent.action.MAIN cat=[android.intent.category.LEANBACK_LAUNCHER] flg=0x35e34000 pkg=org.xbmc.kodi cmp=org.xbmc.kodi/.Main} from uid 10043
06-08 19:57:24.910 3370 4351 I AmazonProfileService: shouldAbortActivityStart() Package: xxx activity: xxx
06-08 19:57:24.910 3370 4351 I AmazonProfileService: shouldAbortActivityStart() not aborted
06-08 19:57:24.928 3370 3370 D AmazonHdmiService: onDisplayChanged: mode switch
06-08 19:57:24.929 3370 3370 V SettingsProvider: Notifying for 0: content://settings/global/audio_platform_capabilities
06-08 19:57:24.929 3370 3370 W Looper : Drained
06-08 19:57:24.948 3370 3497 I AmazonHdmiService: AudioManager.EXTRA_ENCODINGS=null
06-08 19:57:24.949 3370 3497 I AudioOutputFormatManager: Request to get dolby device id
06-08 19:57:24.949 3370 3497 I AudioOutputFormatManager: enableAudioFormat with device ordinal: 3 format: 1
06-08 19:57:24.954 3370 3497 I AudioOutputFormatManager: KeyValuePair: spdif_format=4;hdmi_format=5;Status: 0
06-08 19:57:24.954 3370 3497 I AudioOutputFormatManager: Storing new dolby device with id: 3
06-08 19:57:24.954 3370 3497 I AudioOutputFormatManager: setDolbyPassthroughAvailability()
06-08 19:57:24.954 3370 3497 I AudioOutputFormatManager: Request to get dolby device id
06-08 19:57:24.954 3370 3497 I AudioOutputFormatManager: setDolbyPassthroughAvailability(): Value calculated for Dolby passthrough availability: 0
06-08 19:57:24.954 3370 3497 I AudioOutputFormatManager: setDolbyPassthroughAvailability(): Dolby passthrough availability: 0
06-08 19:57:24.954 3370 3370 V SettingsProvider: Notifying for 0: content://settings/global/nrdp_audio_platform_capabilities
06-08 19:57:24.971 3370 3370 V SettingsProvider: Notifying for 0: content://settings/global/firetv_hdmi_dolby_passthrough_available
06-08 19:57:25.165 3370 5628 I AmazonPowerManagerVendorCallback: Wakelock acquired UID:10043 PID:20034 Tag:org.xbmc.kodi
06-08 19:57:25.180 3370 3469 D NsdService: Register service
06-08 19:57:25.180 3370 3469 D NsdService: registerService: 6 name: Kodi (Android.fritz.box), type: _xbmc-events._udp, host: /127.0.0.1, port: 9777, txtRecord:
06-08 19:57:25.180 3370 3469 D NsdService: mdnssd [register, 6, Kodi (Android.fritz.box), _xbmc-events._udp, 9777, ]
06-08 19:57:25.183 3370 3469 D NsdService: Register 2 6
06-08 19:57:25.183 3370 3469 D NsdService: Register service
06-08 19:57:25.183 3370 3469 D NsdService: registerService: 7 name: Kodi (Android.fritz.box), type: _xbmc-jsonrpc._tcp, host: /127.0.0.1, port: 9090, txtRecord: txtvers=1)uuid=17bfac14-8032-4d2a-9040-464c9da4586f
06-08 19:57:25.183 3370 3469 D NsdService: mdnssd [register, 7, Kodi (Android.fritz.box), _xbmc-jsonrpc._tcp, 9090, CXR4dHZlcnM9MSl1dWlkPTE3YmZhYzE0LTgwMzItNGQyYS05MDQwLTQ2NGM5ZGE0NTg2Zg==]
06-08 19:57:25.184 3370 3469 D NsdService: Register 3 7
06-08 19:57:25.206 3370 5650 I AmazonPowerManagerVendorCallback: Wakelock released UID:10043 PID:20034 Tag:org.xbmc.kodi
06-08 19:57:25.212 3370 3370 D AmazonHdmiService: onDisplayChanged: mode switch
06-08 19:57:25.221 3370 3396 I AmazonProfileService: Sending broadcast as the package is a non-enabled app
06-08 19:57:25.237 3370 18866 I AmazonPowerManagerVendorCallback: Wakelock acquired UID:10043 PID:20034 Tag:org.xbmc.kodi
06-08 19:57:25.688 3370 5628 I AmazonPowerManagerVendorCallback: Wakelock released UID:1041 PID:0 Tag:AudioMix
06-08 19:57:25.903 3370 3469 D NsdService: Native daemon message SERVICE_REGISTERED: 606 7 "Kodi (Android.fritz.box)"
06-08 19:57:25.903 3370 3469 D NsdService: Native daemon message SERVICE_REGISTERED: 606 6 "Kodi (Android.fritz.box)"
06-08 19:57:26.075 3370 3370 W Looper : Slow dispatch took 838ms main h=com.android.server.job.JobSchedulerService$JobHandler c=null m=4
06-08 19:57:26.075 3370 3370 W Looper : Slow delivery took 839ms main h=com.android.server.job.JobSchedulerService$JobHandler c=null m=4
06-08 19:57:26.076 3370 3370 W Looper : Drained
06-08 19:57:26.091 3370 3396 I DisplayManagerService: Display device changed: DisplayDeviceInfo{"Integrierter Bildschirm": uniqueId="local:0", 3840 x 2160, modeId 2, defaultModeId 1, supportedModes [{id=1, width=1920, height=1080, fps=60.000004}, {id=2, width=3840, height=2160, fps=50.0}, {id=3, width=3840, height=2160, fps=60.000004}, {id=4, width=3840, height=2160, fps=59.94006}, {id=5, width=3840, height=2160, fps=24.0}, {id=6, width=3840, height=2160, fps=23.976025}, {id=7, width=3840, height=2160, fps=25.0}, {id=8, width=3840, height=2160, fps=30.0}, {id=9, width=3840, height=2160, fps=29.97003}, {id=10, width=1920, height=1080, fps=24.0}, {id=11, width=1920, height=1080, fps=23.976025}, {id=12, width=1920, height=1080, fps=25.0}, {id=13, width=1920, height=1080, fps=50.0}, {id=14, width=1920, height=1080, fps=30.0}, {id=15, width=1920, height=1080, fps=29.97003}, {id=16, width=1280, height=720, fps=50.0}, {id=17, width=1920, height=1080, fps=59.94006}, {id=18, width=1280, height=720, fps=60.000004}, {id=19, width=1280, height=720, fps=59.94006}, {id=20, width=720, height=576, fps=50.0}, {id=21, width=720, height=480, fps=60.000004}, {id=22, width=720, height=480, fps=59.94006}], colorMode 0, supportedColorModes [0], HdrCapabilities android.view.Display$HdrCapabilities@40f3c928, density 320, 92.0 x 92.0 dpi, appVsyncOff 1000000, presDeadline 20000000, touch INTERNAL, rotation 0, type BUILT_IN, state ON, FLAG_DEFAULT_DISPLAY, FLAG_SECURE, FLAG_SUPPORTS_PROTECTED_BUFFERS}
06-08 19:57:26.093 3370 3370 D AmazonHdmiService: onDisplayChanged: mode switch
06-08 19:57:27.371 3370 5650 D AmazonHdmiService: getRawEdid
06-08 19:57:28.782 3370 3447 D AmazonHdmiService: UEvent: HDCP state 1
06-08 19:57:28.783 3370 3447 I AmazonHdmiService: Get Current HDCP Error
06-08 19:57:28.784 3370 5650 D AmazonHdmiService: getRawEdid
06-08 19:57:28.812 3370 5650 I chatty : uid=1000(system) Binder:3370_12 identical 5 lines
06-08 19:57:28.815 3370 5650 D AmazonHdmiService: getRawEdid
06-08 19:57:28.817 3370 5650 I AmazonHdmiService: Get Current HDCP Version
06-08 19:57:28.818 3370 5650 D AmazonHdmiService: getRawEdid
06-08 19:57:28.949 3370 5628 D AmazonAspService: setActiveInputSource 0
06-08 19:57:28.968 3370 3447 I AmazonHdmiService: UEvent: {SUBSYSTEM=extcon, SEQNUM=3078, ACTION=change, DEVTYPE=hdmi_audio, SWITCH_NAME=hdmi_audio, DEVPATH=/devices/virtual/switch/hdmi_audio, SWITCH_STATE=1}
06-08 19:57:28.969 3370 3447 V WiredAccessoryManager: Headset UEVENT: {SUBSYSTEM=extcon, SEQNUM=3078, ACTION=change, DEVTYPE=hdmi_audio, SWITCH_NAME=hdmi_audio, DEVPATH=/devices/virtual/switch/hdmi_audio, SWITCH_STATE=1}
06-08 19:57:28.969 3370 3447 V WiredAccessoryManager: newName=hdmi_audio newState=16 headsetState=16 prev headsetState=0
06-08 19:57:28.970 3370 3370 V WiredAccessoryManager: headsetName: connected
06-08 19:57:28.993 3370 5628 I AmazonPowerManagerVendorCallback: Wakelock acquired UID:1041 PID:0 Tag:AudioMix
06-08 19:57:28.993 3370 5628 I AmazonPowerManagerVendorCallback: Wakelock released UID:1041 PID:0 Tag:AudioMix
06-08 19:57:28.996 3370 5628 I AmazonPowerManagerVendorCallback: Wakelock acquired UID:1041 PID:0 Tag:AudioDup
06-08 19:57:28.997 3370 5628 I AmazonPowerManagerVendorCallback: Wakelock acquired UID:1041 PID:0 Tag:AudioDirectOut
06-08 19:57:28.998 3370 5628 I AmazonPowerManagerVendorCallback: Wakelock released UID:1041 PID:0 Tag:AudioDup
06-08 19:57:28.999 3370 5628 I AmazonPowerManagerVendorCallback: Wakelock released UID:1041 PID:0 Tag:AudioDirectOut
06-08 19:57:29.023 3370 5628 I AmazonPowerManagerVendorCallback: Wakelock acquired UID:1041 PID:0 Tag:AudioDirectOut
06-08 19:57:29.024 3370 5628 I AmazonPowerManagerVendorCallback: Wakelock released UID:1041 PID:0 Tag:AudioDirectOut
06-08 19:57:29.027 3370 5628 I AmazonPowerManagerVendorCallback: Wakelock acquired UID:1041 PID:0 Tag:AudioDirectOut
06-08 19:57:29.028 3370 5628 I AmazonPowerManagerVendorCallback: Wakelock released UID:1041 PID:0 Tag:AudioDirectOut
06-08 19:57:29.047 3370 5628 I AmazonPowerManagerVendorCallback: Wakelock acquired UID:1041 PID:0 Tag:AudioDirectOut
06-08 19:57:29.051 3370 5650 I AmazonPowerManagerVendorCallback: Wakelock released UID:1041 PID:0 Tag:AudioDirectOut
06-08 19:57:29.059 3370 5650 I AmazonPowerManagerVendorCallback: Wakelock acquired UID:1041 PID:0 Tag:AudioDirectOut
06-08 19:57:29.062 3370 5628 I AmazonPowerManagerVendorCallback: Wakelock released UID:1041 PID:0 Tag:AudioDirectOut
06-08 19:57:29.069 3370 5628 I AmazonPowerManagerVendorCallback: Wakelock acquired UID:1041 PID:0 Tag:AudioDirectOut
06-08 19:57:29.070 3370 5650 I AmazonPowerManagerVendorCallback: Wakelock released UID:1041 PID:0 Tag:AudioDirectOut
06-08 19:57:29.071 3370 18866 I AmazonPowerManagerVendorCallback: Wakelock acquired UID:1041 PID:0 Tag:AudioDirectOut
06-08 19:57:29.072 3370 18866 I AmazonPowerManagerVendorCallback: Wakelock released UID:1041 PID:0 Tag:AudioDirectOut
06-08 19:57:29.082 3370 20031 I AmazonPowerManagerVendorCallback: Wakelock acquired UID:1041 PID:0 Tag:AudioDirectOut
06-08 19:57:29.088 3370 20031 I AmazonPowerManagerVendorCallback: Wakelock released UID:1041 PID:0 Tag:AudioDirectOut
06-08 19:57:29.114 3370 18866 I AmazonPowerManagerVendorCallback: Wakelock acquired UID:1041 PID:0 Tag:AudioDirectOut
06-08 19:57:29.117 3370 20031 I AmazonPowerManagerVendorCallback: Wakelock released UID:1041 PID:0 Tag:AudioDirectOut
06-08 19:57:29.128 3370 20031 I AmazonPowerManagerVendorCallback: Wakelock acquired UID:1041 PID:0 Tag:AudioDirectOut
06-08 19:57:29.129 3370 18866 I AmazonPowerManagerVendorCallback: Wakelock released UID:1041 PID:0 Tag:AudioDirectOut
06-08 19:57:29.163 3370 18866 I AmazonPowerManagerVendorCallback: Wakelock acquired UID:1041 PID:0 Tag:AudioOffload
06-08 19:57:29.164 3370 18866 I AmazonPowerManagerVendorCallback: Wakelock acquired UID:1041 PID:0 Tag:AudioDirectOut
06-08 19:57:29.165 3370 20031 I AmazonPowerManagerVendorCallback: Wakelock released UID:1041 PID:0 Tag:AudioOffload
06-08 19:57:29.168 3370 20031 I AmazonPowerManagerVendorCallback: Wakelock acquired UID:1041 PID:0 Tag:AudioOffload
06-08 19:57:29.169 3370 20031 I AmazonPowerManagerVendorCallback: Wakelock released UID:1041 PID:0 Tag:AudioOffload
06-08 19:57:29.170 3370 20031 I AmazonPowerManagerVendorCallback: Wakelock released UID:1041 PID:0 Tag:AudioDirectOut
06-08 19:57:29.181 3370 18866 I AmazonPowerManagerVendorCallback: Wakelock acquired UID:1041 PID:0 Tag:AudioOffload
06-08 19:57:29.187 3370 18866 I AmazonPowerManagerVendorCallback: Wakelock acquired UID:1041 PID:0 Tag:AudioOffload
06-08 19:57:29.187 3370 18866 I AmazonPowerManagerVendorCallback: Wakelock released UID:1041 PID:0 Tag:AudioOffload
06-08 19:57:29.189 3370 18866 I AmazonPowerManagerVendorCallback: Wakelock released UID:1041 PID:0 Tag:AudioOffload
06-08 19:57:29.194 3370 18866 I AmazonPowerManagerVendorCallback: Wakelock acquired UID:1041 PID:0 Tag:AudioOffload
06-08 19:57:29.196 3370 18457 I AmazonPowerManagerVendorCallback: Wakelock released UID:1041 PID:0 Tag:AudioOffload
06-08 19:57:29.203 3370 18457 I AmazonPowerManagerVendorCallback: Wakelock acquired UID:1041 PID:0 Tag:AudioOffload
06-08 19:57:29.204 3370 18457 I AmazonPowerManagerVendorCallback: Wakelock released UID:1041 PID:0 Tag:AudioOffload
06-08 19:57:29.204 3370 18457 I AmazonPowerManagerVendorCallback: Wakelock acquired UID:1041 PID:0 Tag:AudioOffload
06-08 19:57:29.210 3370 18457 I AmazonPowerManagerVendorCallback: Wakelock acquired UID:1041 PID:0 Tag:AudioDirectOut
06-08 19:57:29.213 3370 20031 I AmazonPowerManagerVendorCallback: Wakelock acquired UID:1041 PID:0 Tag:AudioMix
06-08 19:57:29.214 3370 20031 I AmazonPowerManagerVendorCallback: Wakelock acquired UID:1041 PID:0 Tag:AudioDup
06-08 19:57:29.216 3370 18866 I AmazonPowerManagerVendorCallback: Wakelock acquired UID:1041 PID:0 Tag:AudioMix
06-08 19:57:29.218 3370 3955 I AmazonPowerManagerVendorCallback: Wakelock released UID:1041 PID:0 Tag:AudioDirectOut
06-08 19:57:29.218 3370 3955 I AmazonPowerManagerVendorCallback: Wakelock acquired UID:1041 PID:0 Tag:AudioDirectOut
06-08 19:57:29.218 3370 3955 I AmazonPowerManagerVendorCallback: Wakelock acquired UID:1041 PID:0 Tag:AudioDirectOut
06-08 19:57:29.221 3370 18866 I AmazonPowerManagerVendorCallback: Wakelock released UID:1041 PID:0 Tag:AudioDirectOut
06-08 19:57:29.221 3370 3955 I AmazonPowerManagerVendorCallback: Wakelock acquired UID:1041 PID:0 Tag:AudioDirectOut
06-08 19:57:29.223 3370 3955 I AmazonPowerManagerVendorCallback: Wakelock acquired UID:1041 PID:0 Tag:AudioDirectOut
06-08 19:57:29.223 3370 3955 I AmazonPowerManagerVendorCallback: Wakelock released UID:1041 PID:0 Tag:AudioDirectOut
06-08 19:57:29.224 3370 3955 I AmazonPowerManagerVendorCallback: Wakelock acquired UID:1041 PID:0 Tag:AudioOffload
06-08 19:57:29.224 3370 3955 I AmazonPowerManagerVendorCallback: Wakelock acquired UID:1041 PID:0 Tag:AudioDirectOut
06-08 19:57:29.224 3370 3955 I AmazonPowerManagerVendorCallback: Wakelock acquired UID:1041 PID:0 Tag:AudioIn
06-08 19:57:29.225 3370 3955 I AmazonPowerManagerVendorCallback: Wakelock released UID:1041 PID:0 Tag:AudioDirectOut
06-08 19:57:29.225 3370 3955 I AmazonPowerManagerVendorCallback: Wakelock released UID:1041 PID:0 Tag:AudioIn
06-08 19:57:29.225 3370 3955 I AmazonPowerManagerVendorCallback: Wakelock released UID:1041 PID:0 Tag:AudioDirectOut
06-08 19:57:29.226 3370 18457 I AmazonPowerManagerVendorCallback: Wakelock acquired UID:1041 PID:0 Tag:AudioDirectOut
06-08 19:57:29.226 3370 18457 I AmazonPowerManagerVendorCallback: Wakelock released UID:1041 PID:0 Tag:AudioDirectOut
06-08 19:57:29.226 3370 18457 I AmazonPowerManagerVendorCallback: Wakelock acquired UID:1041 PID:0 Tag:AudioDirectOut
06-08 19:57:29.227 3370 18457 I AmazonPowerManagerVendorCallback: Wakelock released UID:1041 PID:0 Tag:AudioDirectOut
06-08 19:57:29.227 3370 18457 I AmazonPowerManagerVendorCallback: Wakelock released UID:1041 PID:0 Tag:AudioDirectOut
06-08 19:57:29.232 3370 20031 I AmazonPowerManagerVendorCallback: Wakelock released UID:1041 PID:0 Tag:AudioOffload
06-08 19:57:29.232 3370 20031 I AmazonPowerManagerVendorCallback: Wakelock released UID:1041 PID:0 Tag:AudioOffload
06-08 19:57:29.248 3370 18457 I AmazonPowerManagerVendorCallback: Wakelock acquired UID:1041 PID:0 Tag:AudioIn
06-08 19:57:29.248 3370 18866 I AmazonPowerManagerVendorCallback: Wakelock released UID:1041 PID:0 Tag:AudioIn
06-08 19:57:29.338 3370 18457 I AmazonHdmiService: Get all supported display modes
06-08 19:57:29.340 3370 18457 I AmazonHdmiService: Get Current HDCP Version
06-08 19:57:29.355 3370 3370 V SettingsProvider: Notifying for 0: content://settings/global/audio_platform_capabilities
06-08 19:57:29.356 3370 3370 V SettingsProvider: Notifying for 0: content://settings/global/nrdp_audio_platform_capabilities
06-08 19:57:29.362 3370 3497 I AmazonHdmiService: AudioManager.EXTRA_ENCODINGS=[2, 4, 5, 6, 18, 7, 13]
06-08 19:57:29.364 3370 3497 I AudioOutputFormatManager: Request to get dolby device id
06-08 19:57:29.364 3370 3497 I AudioOutputFormatManager: enableAudioFormat with device ordinal: 3 format: 1
06-08 19:57:29.376 3370 3497 I AudioOutputFormatManager: KeyValuePair: spdif_format=4;hdmi_format=5;Status: 0
06-08 19:57:29.376 3370 3497 I AudioOutputFormatManager: Storing new dolby device with id: 3
06-08 19:57:29.376 3370 3497 I AudioOutputFormatManager: setDolbyPassthroughAvailability()
06-08 19:57:29.376 3370 3497 I AudioOutputFormatManager: Request to get dolby device id
06-08 19:57:29.376 3370 3497 I AudioOutputFormatManager: setDolbyPassthroughAvailability(): Value calculated for Dolby passthrough availability: 1
06-08 19:57:29.376 3370 3497 I AudioOutputFormatManager: setDolbyPassthroughAvailability(): Dolby passthrough availability: 1
06-08 19:57:29.377 3370 3370 V SettingsProvider: Notifying for 0: content://settings/global/firetv_hdmi_dolby_passthrough_available
06-08 19:57:29.519 3370 3370 D AmazonHdmiService: Posting callback to app
06-08 19:57:29.519 3370 3497 D AmazonHdmiService: Num of callbacks registered 1
06-08 19:57:29.519 3370 3497 D AmazonHdmiService: Broadcasting callback
06-08 19:57:29.519 3370 3497 D AmazonHdmiService: Broadcasting finished
06-08 19:57:29.520 3370 3370 I AmzHdmiServiceCallback: power status is 0
06-08 19:57:31.847 3370 3452 E AmazonProfileService: There is no KEY_CHILD_PIN_PACKAGE_NAME
06-08 19:57:31.847 3370 3452 I AmazonProfileService: Event is not filtered because it is not in filter key list.
06-08 19:57:31.867 3370 3452 E AmazonProfileService: There is no KEY_CHILD_PIN_PACKAGE_NAME
06-08 19:57:31.867 3370 3452 I AmazonProfileService: Event is not filtered because it is not in filter key list.
06-08 19:57:31.870 3370 3955 E AmazonInputManagerService: Could not unregister callback
06-08 19:57:32.031 3370 3370 I ActivityManager: Killing 17938:com.amazon.aca/u0a25 (adj 903): empty #17
06-08 19:57:32.210 3370 3955 I AmazonPowerManagerVendorCallback: Wakelock released UID:1041 PID:0 Tag:AudioMix
06-08 19:57:32.215 3370 3955 I AmazonPowerManagerVendorCallback: Wakelock released UID:1041 PID:0 Tag:AudioDup
06-08 19:57:32.255 3370 4345 I AmazonPowerManagerVendorCallback: Wakelock released UID:1041 PID:0 Tag:AudioMix
06-08 19:57:32.427 3370 3452 E AmazonProfileService: There is no KEY_CHILD_PIN_PACKAGE_NAME
06-08 19:57:32.427 3370 3452 I AmazonProfileService: Event is not filtered because it is not in filter key list.
06-08 19:57:32.583 3370 3452 E AmazonProfileService: There is no KEY_CHILD_PIN_PACKAGE_NAME
06-08 19:57:32.583 3370 3452 I AmazonProfileService: Event is not filtered because it is not in filter key list.
06-08 19:57:32.794 3370 4345 D AmazonHdmiService: getRawEdid
06-08 19:57:32.907 3370 3452 E AmazonProfileService: There is no KEY_CHILD_PIN_PACKAGE_NAME
06-08 19:57:32.907 3370 3452 I AmazonProfileService: Event is not filtered because it is not in filter key list.
06-08 19:57:33.047 3370 3452 E AmazonProfileService: There is no KEY_CHILD_PIN_PACKAGE_NAME
06-08 19:57:33.047 3370 3452 I AmazonProfileService: Event is not filtered because it is not in filter key list.
06-08 19:57:34.147 3370 3452 E AmazonProfileService: There is no KEY_CHILD_PIN_PACKAGE_NAME
06-08 19:57:34.147 3370 3452 I AmazonProfileService: Event is not filtered because it is not in filter key list.
06-08 19:57:34.287 3370 3452 E AmazonProfileService: There is no KEY_CHILD_PIN_PACKAGE_NAME
06-08 19:57:34.287 3370 3452 I AmazonProfileService: Event is not filtered because it is not in filter key list.
06-08 19:57:35.127 3370 3452 E AmazonProfileService: There is no KEY_CHILD_PIN_PACKAGE_NAME
06-08 19:57:35.127 3370 3452 I AmazonProfileService: Event is not filtered because it is not in filter key list.
06-08 19:57:35.247 3370 3452 E AmazonProfileService: There is no KEY_CHILD_PIN_PACKAGE_NAME
06-08 19:57:35.247 3370 3452 I AmazonProfileService: Event is not filtered because it is not in filter key list.
06-08 19:57:35.623 3370 3452 E AmazonProfileService: There is no KEY_CHILD_PIN_PACKAGE_NAME
06-08 19:57:35.623 3370 3452 I AmazonProfileService: Event is not filtered because it is not in filter key list.
06-08 19:57:35.763 3370 3452 E AmazonProfileService: There is no KEY_CHILD_PIN_PACKAGE_NAME
06-08 19:57:35.763 3370 3452 I AmazonProfileService: Event is not filtered because it is not in filter key list. --------- beginning of main
06-08 19:57:36.418 3186 3186 D DrmHal : found drm@1.0 IDrmFactory widevine
06-08 19:57:36.419 3186 3186 D DrmHal : found drm@1.1 IDrmFactory clearkey
06-08 19:57:36.420 3186 3186 D DrmHal : found drm@1.1 IDrmFactory fairplay
06-08 19:57:36.421 3186 3186 D DrmHal : found drm@1.1 IDrmFactory widevine
06-08 19:57:36.422 3122 5694 E hidl_FairplayDrmFactory: isCryptoSchemeSupported returning = 0
06-08 19:57:36.423 3124 5695 D WVCdm : Instantiating CDM.
06-08 19:57:36.423 3122 5694 E hidl_FairplayDrmFactory: isCryptoSchemeSupported returning = 0
06-08 19:57:36.424 3124 5695 I WVCdm : [cdm_engine.cpp(482):QueryStatus] CdmEngine::QueryStatus
06-08 19:57:36.425 3124 20253 I WVCdm : [(0):] Level3 Library 4445 Apr 20 2018 14:53:46
06-08 19:57:36.439 3124 5695 I WVCdm : [oemcrypto_adapter_dynamic.cpp(575):Initialize] L3 Initialized. Trying L1.
06-08 19:57:36.441 3124 5695 D : Oemcrypto version:Oemcrypto.0.0.0
06-08 19:57:36.441 3124 5695 D : Oemcrypto git version: 6b7a852b5fab41b738b02bbd3d5941c555846ded
06-08 19:57:36.441 3124 5695 D : Oemcrypto version serial:6b7a852
06-08 19:57:36.441 3124 5695 D : Oemcrypto Last Changed: Date: Wed Jan 9 11:46:17 2019 -0800
06-08 19:57:36.441 3124 5695 D : Oemcrypto Last Build: Mon Mar 11 13:21:17 CST 2019
06-08 19:57:36.441 3124 5695 D : Oemcrypto Builer Name: jeremy.wang
06-08 19:57:36.453 3124 5695 I oemcrypto_tz: [OEMCrypto_AllocParamShm:143] OEMCrypto_AllocParamShm OK
06-08 19:57:36.468 3124 5695 D WVCdm : [oemcrypto_adapter_dynamic.cpp(592):Initialize] OEMCrypto_Initialize Level 1 success. I will use level 1.
06-08 19:57:36.468 3124 5695 D WVCdm : [crypto_session.cpp(646):Open] CryptoSession::Open: Lock: requested_security_level: Default
06-08 19:57:36.483 3124 5695 I WVCdm : [(0):] L3 Terminate.
06-08 19:57:36.483 3124 5695 I oemcrypto_tz: [OEMCrypto_FreeShm:175] OEMCrypto_FreeShm
06-08 19:57:36.486 3124 5695 I oemcrypto_tz: [OEMCrypto_FreeShm:175] OEMCrypto_FreeShm
06-08 19:57:36.486 3124 5695 I WVCdm : [cdm_engine.cpp(112):OpenSession] CdmEngine::OpenSession
06-08 19:57:36.486 3124 20254 I WVCdm : [(0):] Level3 Library 4445 Apr 20 2018 14:53:46
06-08 19:57:36.499 3124 5695 I WVCdm : [oemcrypto_adapter_dynamic.cpp(575):Initialize] L3 Initialized. Trying L1.
06-08 19:57:36.501 3124 5695 D : Oemcrypto version:Oemcrypto.0.0.0
06-08 19:57:36.501 3124 5695 D : Oemcrypto git version: 6b7a852b5fab41b738b02bbd3d5941c555846ded
06-08 19:57:36.501 3124 5695 D : Oemcrypto version serial:6b7a852
06-08 19:57:36.501 3124 5695 D : Oemcrypto Last Changed: Date: Wed Jan 9 11:46:17 2019 -0800
06-08 19:57:36.501 3124 5695 D : Oemcrypto Last Build: Mon Mar 11 13:21:17 CST 2019
06-08 19:57:36.501 3124 5695 D : Oemcrypto Builer Name: jeremy.wang
06-08 19:57:36.510 3140 3332 I chatty : uid=1041(audioserver) HwBinder:3140_1 expire 33 lines
06-08 19:57:36.514 3124 5695 I oemcrypto_tz: [OEMCrypto_AllocParamShm:143] OEMCrypto_AllocParamShm OK
06-08 19:57:36.527 3124 5695 D WVCdm : [oemcrypto_adapter_dynamic.cpp(592):Initialize] OEMCrypto_Initialize Level 1 success. I will use level 1.
06-08 19:57:36.527 3124 5695 D WVCdm : [crypto_session.cpp(646):Open] CryptoSession::Open: Lock: requested_security_level: Default
06-08 19:57:36.539 3124 5695 I WVCdm : [device_files.cpp(166):ExtractDeviceInfo] ExtractDeviceInfo Entry
06-08 19:57:36.539 3124 5695 I oemcrypto_tz: [OEMCrypto_TEEInvoke:394] cmd 1050 return 25
06-08 19:57:36.539 3124 5695 E oemcrypto_tz: [_oecc50:1656] error return 25
06-08 19:57:36.540 3124 5695 I WVCdm : [cdm_engine.cpp(149):OpenSession] CdmEngine::OpenSession: sid11
06-08 19:57:36.540 3124 5695 I WVCdm : [cdm_engine.cpp(744):QueryOemCryptoSessionId] CdmEngine::QueryOemCryptoSessionId
06-08 19:57:36.541 3124 5695 I WVCdm : [cdm_engine.cpp(482):QueryStatus] CdmEngine::QueryStatus
06-08 19:57:36.541 3124 5695 D WVCdm : [crypto_session.cpp(646):Open] CryptoSession::Open: Lock: requested_security_level: Default
06-08 19:57:36.542 3124 5695 I WVCdm : [cdm_engine.cpp(482):QueryStatus] CdmEngine::QueryStatus
06-08 19:57:36.542 3124 5695 D WVCdm : [crypto_session.cpp(646):Open] CryptoSession::Open: Lock: requested_security_level: Default
06-08 19:57:36.542 3124 11568 I WVCdm : [cdm_engine.cpp(482):QueryStatus] CdmEngine::QueryStatus
06-08 19:57:36.542 3124 11568 D WVCdm : [crypto_session.cpp(646):Open] CryptoSession::Open: Lock: requested_security_level: Default
06-08 19:57:36.543 3124 11568 I WVCdm : [cdm_engine.cpp(482):QueryStatus] CdmEngine::QueryStatus
06-08 19:57:36.543 3124 11568 D WVCdm : [crypto_session.cpp(646):Open] CryptoSession::Open: Lock: requested_security_level: Default
06-08 19:57:36.546 3124 11568 I WVCdm : [cdm_engine.cpp(482):QueryStatus] CdmEngine::QueryStatus
06-08 19:57:36.546 3124 11568 D WVCdm : [crypto_session.cpp(646):Open] CryptoSession::Open: Lock: requested_security_level: Default
06-08 19:57:36.555 3124 11568 I WVCdm : [cdm_engine.cpp(377):RestoreKey] CdmEngine::RestoreKey
06-08 19:57:36.702 3566 4099 W bt_btif : bta_hh_le_input_rpt_notify uuid=0x2a4d srv_handle=79 is_bl_svc_primary=1 rpt_id=1 len=3
06-08 19:57:36.703 3370 3452 E AmazonProfileService: There is no KEY_CHILD_PIN_PACKAGE_NAME
06-08 19:57:36.703 3370 3452 I AmazonProfileService: Event is not filtered because it is not in filter key list.
06-08 19:57:36.703 3370 3452 I chatty : uid=1000(system) InputReader expire 36 lines
06-08 19:57:36.705 20034 20056 I chatty : uid=10043(org.xbmc.kodi) Thread-2 expire 12 lines
06-08 19:57:36.739 20034 20058 I chatty : uid=10043(org.xbmc.kodi) Thread-3 expire 27 lines
06-08 19:57:36.822 3566 4099 W bt_btif : bta_hh_le_input_rpt_notify uuid=0x2a4d srv_handle=79 is_bl_svc_primary=1 rpt_id=1 len=3
06-08 19:57:36.823 3370 3452 E AmazonProfileService: There is no KEY_CHILD_PIN_PACKAGE_NAME
06-08 19:57:36.823 3370 3452 I AmazonProfileService: Event is not filtered because it is not in filter key list.
06-08 19:57:37.148 3566 4099 W bt_btif : bta_hh_le_input_rpt_notify uuid=0x2a4d srv_handle=79 is_bl_svc_primary=1 rpt_id=1 len=3
06-08 19:57:37.148 3370 3452 E AmazonProfileService: There is no KEY_CHILD_PIN_PACKAGE_NAME
06-08 19:57:37.148 3370 3452 I AmazonProfileService: Event is not filtered because it is not in filter key list.
06-08 19:57:37.287 3566 4099 W bt_btif : bta_hh_le_input_rpt_notify uuid=0x2a4d srv_handle=79 is_bl_svc_primary=1 rpt_id=1 len=3
06-08 19:57:37.287 3370 3452 E AmazonProfileService: There is no KEY_CHILD_PIN_PACKAGE_NAME
06-08 19:57:37.287 3370 3452 I AmazonProfileService: Event is not filtered because it is not in filter key list.
06-08 19:57:41.386 3370 3460 I chatty : uid=1000(system) NetworkStats expire 4 lines
06-08 19:57:41.405 3370 3461 I chatty : uid=1000(system) NetworkPolicy expire 2 lines
06-08 19:57:41.977 3883 5364 W AHE-CoreStream: Core stream timed out, resetting stream:requestState=OPEN,responseState=CLOSED,connectionId=3,streamId=77
06-08 19:57:41.977 3883 5364 I AHE-ClientCoreConnectionAdapter: Removing core stream:connectionId=3,streamId=77
06-08 19:57:41.977 3883 5364 I AHE-CoreConnection: Received session expiry message:sessionId=CSM_120f348c-0abc-41b1-bf87-aa48d5c62a7a_1623175001968.0..CSM_120f348c-0abc-41b1-bf87-aa48d5c62a7a_1623175001968
06-08 19:57:41.977 3883 5364 I AHE-HybridChannelController: Received SessionExpiredMessage:channelToken=6
06-08 19:57:41.977 3883 5364 I AHE-HybridChannelController: Session updated (Switched):currentSessionId=CSM_ca10af55-230e-4b83-8a14-f749e264fc80_1623174993382.0..CSM_ca10af55-230e-4b83-8a14-f749e264fc80_1623174993382,nextSessionId=CSM_120f348c-0abc-41b1-bf87-aa48d5c62a7a_1623175001968.0..CSM_120f348c-0abc-41b1-bf87-aa48d5c62a7a_1623175001968
06-08 19:57:41.977 3883 5364 I AHE-HybridChannelController: Attempting to resolve cloud utteranceId as empty
06-08 19:57:41.977 3883 5364 W AHE-CoreStream: CloseResponse called for invalid state:ChannelState=ERROR
06-08 19:57:41.977 3883 5364 I AHE-ChannelControllerManager: Stats for ChannelControllerManager:connectionId=3,numChannels=15,numControllers=15,numHybridControllers=15
06-08 19:57:41.981 3883 5155 I AHE-EngineSelector: State transition for ForceComparison:interactionId=CSM_120f348c-0abc-41b1-bf87-aa48d5c62a7a_1623175001968.0..CSM_120f348c-0abc-41b1-bf87-aa48d5c62a7a_1623175001968,previousState=[LocalWon,stopCaptureForwarded=0,rpsForwarded=0,cloudRpsReceived=0,cloudActionDirectiveAfterLocalWonSignalSent=0,forwardedCloudDirectives={}],newState=[LocalWon,stopCaptureForwarded=0,rpsForwarded=0,cloudRpsReceived=0,cloudActionDirectiveAfterLocalWonSignalSent=0,forwardedCloudDirectives={}],maybeAction= [Compare,[Directives,cloudDirectives=[],localDirectives=[]]]
06-08 19:57:42.867 3140 20207 I chatty : uid=1041(audioserver) MS12 expire 20 lines
06-08 19:57:43.132 3883 5362 W AHE-CoreStream: Core stream timed out, resetting stream:requestState=OPEN,responseState=CLOSED,connectionId=3,streamId=78
06-08 19:57:43.132 3883 5362 I AHE-ClientCoreConnectionAdapter: Removing core stream:connectionId=3,streamId=78
06-08 19:57:43.132 3883 5362 I AHE-CoreConnection: Received session expiry message:sessionId=CSM_bc27e74b-cea7-4012-a338-2d4d7808425d_1623175003130.0..CSM_bc27e74b-cea7-4012-a338-2d4d7808425d_1623175003130
06-08 19:57:43.132 3883 5362 I AHE-HybridChannelController: Received SessionExpiredMessage:channelToken=6
06-08 19:57:43.132 3883 5362 I AHE-HybridChannelController: Session updated (Switched):currentSessionId=CSM_120f348c-0abc-41b1-bf87-aa48d5c62a7a_1623175001968.0..CSM_120f348c-0abc-41b1-bf87-aa48d5c62a7a_1623175001968,nextSessionId=CSM_bc27e74b-cea7-4012-a338-2d4d7808425d_1623175003130.0..CSM_bc27e74b-cea7-4012-a338-2d4d7808425d_1623175003130
06-08 19:57:43.132 3883 5362 I AHE-HybridChannelController: Session expired while open, aborting local execution:sessionId=CSM_bc27e74b-cea7-4012-a338-2d4d7808425d_1623175003130.0..CSM_bc27e74b-cea7-4012-a338-2d4d7808425d_1623175003130
06-08 19:57:43.132 3883 5362 I AHE-HybridChannelController: Sending ExecutionAborted to client:sessionId=CSM_bc27e74b-cea7-4012-a338-2d4d7808425d_1623175003130.0..CSM_bc27e74b-cea7-4012-a338-2d4d7808425d_1623175003130
06-08 19:57:43.132 3883 5362 I AHE-HybridChannelController: Received JsonToClientMessage:channelToken=6
06-08 19:57:43.132 3883 5362 I AHE-CoreStream: Sending JSON data to client on channel:requestState=OPEN,responseState=OPEN,connectionId=3,streamId=0
06-08 19:57:43.132 3883 5362 I AHE-HybridChannelController: Attempting to resolve cloud utteranceId as empty
06-08 19:57:43.132 3883 5362 W AHE-CoreStream: CloseResponse called for invalid state:ChannelState=ERROR
06-08 19:57:43.132 3883 5362 I AHE-ChannelControllerManager: Stats for ChannelControllerManager:connectionId=3,numChannels=14,numControllers=14,numHybridControllers=14
06-08 19:57:43.133 3883 5155 I AHE-RouterActor: Received local abort:interactionId=CSM_bc27e74b-cea7-4012-a338-2d4d7808425d_1623175003130.0..CSM_bc27e74b-cea7-4012-a338-2d4d7808425d_1623175003130
06-08 19:57:43.133 3883 5155 I AHE-EngineSelector: State transition for Local JSON:interactionId=CSM_bc27e74b-cea7-4012-a338-2d4d7808425d_1623175003130.0..CSM_bc27e74b-cea7-4012-a338-2d4d7808425d_1623175003130,previousState=[Undecided\,stopCaptureForwarded\=0\,cloudDirectives\=[]],newState=[Undecided\,stopCaptureForwarded\=0\,cloudDirectives\=[]],action=[ExecutionAbortedSignal\,interactionId\=CSM_bc27e74b-cea7-4012-a338-2d4d7808425d_1623175003130.0..CSM_bc27e74b-cea7-4012-a338-2d4d7808425d_1623175003130],outputActions=[[ResolveLocalAbort]]
06-08 19:57:43.133 3883 5154 I AHE-HybridRouter: Received AHE event:interactionId=CSM_bc27e74b-cea7-4012-a338-2d4d7808425d_1623175003130.0..CSM_bc27e74b-cea7-4012-a338-2d4d7808425d_1623175003130,resolvedStatus=PENDING
06-08 19:57:43.844 20034 20151 I chatty : uid=10043(org.xbmc.kodi) expire 7 lines
06-08 19:57:43.947 3566 4099 W bt_btif : bta_hh_le_input_rpt_notify uuid=0x2a4d srv_handle=79 is_bl_svc_primary=1 rpt_id=1 len=3
06-08 19:57:43.947 3370 3452 E AmazonProfileService: There is no KEY_CHILD_PIN_PACKAGE_NAME
06-08 19:57:43.947 3370 3452 I AmazonProfileService: Event is not filtered because it is not in filter key list.
06-08 19:57:43.948 3370 3451 I chatty : uid=1000(system) InputDispatcher expire 10 lines
06-08 19:57:43.962 3566 4099 W bt_btif : bta_hh_le_input_rpt_notify uuid=0x2a4d srv_handle=79 is_bl_svc_primary=1 rpt_id=1 len=3
06-08 19:57:43.963 3370 3452 E AmazonProfileService: There is no KEY_CHILD_PIN_PACKAGE_NAME
06-08 19:57:43.963 3370 3452 I AmazonProfileService: Event is not filtered because it is not in filter key list.
06-08 19:57:44.071 3883 5364 W AHE-CoreStream: Core stream timed out, resetting stream:requestState=OPEN,responseState=CLOSED,connectionId=3,streamId=79
06-08 19:57:44.071 3883 5364 I AHE-ClientCoreConnectionAdapter: Removing core stream:connectionId=3,streamId=79
06-08 19:57:44.071 3883 5364 W AHE-CoreStream: CloseResponse called for invalid state:ChannelState=ERROR
06-08 19:57:44.071 3883 5364 I AHE-ChannelControllerManager: Stats for ChannelControllerManager:connectionId=3,numChannels=13,numControllers=13,numHybridControllers=13
06-08 19:57:44.748 3150 20188 I chatty : uid=1041(audioserver) AudioOut_AED expire 284 lines
06-08 19:57:47.288 3566 4099 W bt_btif : bta_hh_le_input_rpt_notify uuid=0x2a4d srv_handle=79 is_bl_svc_primary=1 rpt_id=1 len=3
06-08 19:57:47.288 3370 3452 E AmazonProfileService: There is no KEY_CHILD_PIN_PACKAGE_NAME
06-08 19:57:47.288 3370 3452 I AmazonProfileService: Event is not filtered because it is not in filter key list.
06-08 19:57:47.288 3566 4099 W bt_btif : bta_hh_le_input_rpt_notify uuid=0x2a4d srv_handle=79 is_bl_svc_primary=1 rpt_id=1 len=3
06-08 19:57:47.289 3370 3452 E AmazonProfileService: There is no KEY_CHILD_PIN_PACKAGE_NAME
06-08 19:57:47.289 3370 3452 I AmazonProfileService: Event is not filtered because it is not in filter key list.
06-08 19:57:47.568 3566 4099 W bt_btif : bta_hh_le_input_rpt_notify uuid=0x2a4d srv_handle=79 is_bl_svc_primary=1 rpt_id=1 len=3
06-08 19:57:47.568 3370 3452 E AmazonProfileService: There is no KEY_CHILD_PIN_PACKAGE_NAME
06-08 19:57:47.568 3370 3452 I AmazonProfileService: Event is not filtered because it is not in filter key list.
06-08 19:57:47.687 3566 4099 W bt_btif : bta_hh_le_input_rpt_notify uuid=0x2a4d srv_handle=79 is_bl_svc_primary=1 rpt_id=1 len=3
06-08 19:57:47.687 3370 3452 E AmazonProfileService: There is no KEY_CHILD_PIN_PACKAGE_NAME
06-08 19:57:47.687 3370 3452 I AmazonProfileService: Event is not filtered because it is not in filter key list.
06-08 19:57:48.083 3566 4099 W bt_btif : bta_hh_le_input_rpt_notify uuid=0x2a4d srv_handle=79 is_bl_svc_primary=1 rpt_id=1 len=3
06-08 19:57:48.083 3370 3452 E AmazonProfileService: There is no KEY_CHILD_PIN_PACKAGE_NAME
06-08 19:57:48.083 3370 3452 I AmazonProfileService: Event is not filtered because it is not in filter key list.
06-08 19:57:48.187 3566 4099 W bt_btif : bta_hh_le_input_rpt_notify uuid=0x2a4d srv_handle=79 is_bl_svc_primary=1 rpt_id=1 len=3
06-08 19:57:48.187 3370 3452 E AmazonProfileService: There is no KEY_CHILD_PIN_PACKAGE_NAME
06-08 19:57:48.187 3370 3452 I AmazonProfileService: Event is not filtered because it is not in filter key list.
06-08 19:57:51.795 20034 20245 I chatty : uid=10043(org.xbmc.kodi) expire 5 lines
06-08 19:57:51.795 20034 20127 I chatty : uid=10043(org.xbmc.kodi) expire 4 lines
06-08 19:57:52.203 20034 20058 I chatty : uid=10043(org.xbmc.kodi) Thread-3 expire 35 lines
06-08 19:57:52.293 20034 20314 I chatty : uid=10043(org.xbmc.kodi) expire 3 lines
06-08 19:57:52.301 20034 20128 I chatty : uid=10043(org.xbmc.kodi) expire 3 lines
06-08 19:57:52.302 20034 20315 I chatty : uid=10043(org.xbmc.kodi) Thread-3 expire 18 lines
06-08 19:57:54.354 3883 5364 W AHE-CoreStream: Core stream timed out, resetting stream:requestState=OPEN,responseState=CLOSED,connectionId=3,streamId=80
06-08 19:57:54.354 3883 5364 I AHE-ClientCoreConnectionAdapter: Removing core stream:connectionId=3,streamId=80
06-08 19:57:54.354 3883 5364 I AHE-CoreConnection: Received session expiry message:sessionId=CSM_4f656faa-ec8f-4d24-b3d5-03a5a14e5952_1623175014346.0..CSM_4f656faa-ec8f-4d24-b3d5-03a5a14e5952_1623175014346
06-08 19:57:54.354 3883 5364 I AHE-HybridChannelController: Received SessionExpiredMessage:channelToken=6
06-08 19:57:54.354 3883 5364 I AHE-HybridChannelController: Session updated (Switched):currentSessionId=CSM_bc27e74b-cea7-4012-a338-2d4d7808425d_1623175003130.0..CSM_bc27e74b-cea7-4012-a338-2d4d7808425d_1623175003130,nextSessionId=CSM_4f656faa-ec8f-4d24-b3d5-03a5a14e5952_1623175014346.0..CSM_4f656faa-ec8f-4d24-b3d5-03a5a14e5952_1623175014346
06-08 19:57:54.354 3883 5364 I AHE-HybridChannelController: Session expired while open, aborting local execution:sessionId=CSM_4f656faa-ec8f-4d24-b3d5-03a5a14e5952_1623175014346.0..CSM_4f656faa-ec8f-4d24-b3d5-03a5a14e5952_1623175014346
06-08 19:57:54.354 3883 5364 I AHE-HybridChannelController: Sending ExecutionAborted to client:sessionId=CSM_4f656faa-ec8f-4d24-b3d5-03a5a14e5952_1623175014346.0..CSM_4f656faa-ec8f-4d24-b3d5-03a5a14e5952_1623175014346
06-08 19:57:54.354 3883 5364 I AHE-HybridChannelController: Received JsonToClientMessage:channelToken=6
06-08 19:57:54.354 3883 5364 I AHE-CoreStream: Sending JSON data to client on channel:requestState=OPEN,responseState=OPEN,connectionId=3,streamId=0
06-08 19:57:54.354 3883 5364 I AHE-HybridChannelController: Attempting to resolve cloud utteranceId as empty
06-08 19:57:54.354 3883 5364 W AHE-CoreStream: CloseResponse called for invalid state:ChannelState=ERROR
06-08 19:57:54.354 3883 5364 I AHE-ChannelControllerManager: Stats for ChannelControllerManager:connectionId=3,numChannels=12,numControllers=12,numHybridControllers=12
06-08 19:57:54.355 3883 5155 I AHE-RouterActor: Received local abort:interactionId=CSM_4f656faa-ec8f-4d24-b3d5-03a5a14e5952_1623175014346.0..CSM_4f656faa-ec8f-4d24-b3d5-03a5a14e5952_1623175014346
06-08 19:57:54.355 3883 5155 I AHE-EngineSelector: State transition for Local JSON:interactionId=CSM_4f656faa-ec8f-4d24-b3d5-03a5a14e5952_1623175014346.0..CSM_4f656faa-ec8f-4d24-b3d5-03a5a14e5952_1623175014346,previousState=[Undecided\,stopCaptureForwarded\=0\,cloudDirectives\=[]],newState=[Undecided\,stopCaptureForwarded\=0\,cloudDirectives\=[]],action=[ExecutionAbortedSignal\,interactionId\=CSM_4f656faa-ec8f-4d24-b3d5-03a5a14e5952_1623175014346.0..CSM_4f656faa-ec8f-4d24-b3d5-03a5a14e5952_1623175014346],outputActions=[[ResolveLocalAbort]]
06-08 19:57:54.355 3883 5154 I AHE-HybridRouter: Received AHE event:interactionId=CSM_4f656faa-ec8f-4d24-b3d5-03a5a14e5952_1623175014346.0..CSM_4f656faa-ec8f-4d24-b3d5-03a5a14e5952_1623175014346,resolvedStatus=PENDING
06-08 19:57:56.015 20034 20318 I chatty : uid=10043(org.xbmc.kodi) expire 2 lines
06-08 19:57:57.543 3370 3511 I chatty : uid=1000(system) EveThread expire 2 lines
06-08 19:57:57.805 3370 3388 I ActivityManager: Killing 17786:com.android.providers.tv/u0a108 (adj 903): empty #17
06-08 19:57:57.805 3370 3388 I ActivityManager: Killing 18182:com.amazon.providers.tv/u0a15 (adj 903): empty #18
06-08 19:57:57.808 3906 3906 I chatty : uid=10114(com.amazon.tcomm) expire 4 lines
06-08 19:57:57.812 3906 4558 I chatty : uid=10114(com.amazon.tcomm) HeartbeatThread expire 5 lines
06-08 19:57:57.825 3906 4558 I TComm.WakeLockImpl: release - release WakeLock; refCount: 2, duration: 0, tag: TComm.HeartbeatConnectionHealthManager, lock: WakeLock{4cddd81 held=true, refCount=2}
06-08 19:57:57.835 3906 4558 I TComm.HeartbeatConnecti: run - schedule heartbeat; registrationId: 199076139, intervalMin: 100000, intervalMax: 115000, socketInfo: SocketHeartbeatState: socket: {1: wss://dp-gw-na.amazon.com:443/tcomm/}(TUNING_FINISHED) Purpose:Regular; Attributes: SECURE;REUSABLE;, socket hashCode: 131356350, idleTimeBeforeHeartbeat: 0, heartbeatResponseReceived: false, heartbeatAttempts: 0, heartbeatState: mHid: ConservativeHID: lastKnownGoodIntervalMillis: 115000, mRegistrationId: 199076139, mIsHeartbeatPaused: true
06-08 19:57:57.836 3906 4558 I GenericNetworkOptimizationManagerImpl: Setting inexact alarm: delay=100000, length=15000
06-08 19:57:57.838 3906 4558 D GenericNetworkOptimizationManagerImpl: Registered: ComponentInfo{com.amazon.tcomm/com.amazon.communication.heartbeat.HeartbeatBroadcastReceiver}; Registration ID: 199076139; Data Size KB: 1; Min Delay Millis: 100000; Max Delay Millis: 115000; Repeat Interval Millis: 0; Mobile?: true; WIFI?: true; Roaming?: falseRequire Charing?: falseRequire Device Idle?: false
06-08 19:57:57.838 3906 4558 I TComm.WakeLockImpl: release - release WakeLock; refCount: 1, duration: 0, tag: TComm.HeartbeatConnectionHealthManager, lock: WakeLock{4cddd81 held=true, refCount=1}
06-08 19:57:57.841 3906 4558 I TComm.HeartbeatConnecti: run - sending heartbeat; socketHeartbeatState: SocketHeartbeatState: socket: {1: wss://dp-gw-na.amazon.com:443/tcomm/}(TUNING_FINISHED) Purpose:Regular; Attributes: SECURE;REUSABLE;, socket hashCode: 131356350, idleTimeBeforeHeartbeat: 0, heartbeatResponseReceived: false, heartbeatAttempts: 0, heartbeatState: mHid: ConservativeHID: lastKnownGoodIntervalMillis: 115000, mRegistrationId: 199076139, mIsHeartbeatPaused: true
06-08 19:57:57.846 3906 4558 I TComm.WakeLockImpl: acquire - acquire WakeLock; refCount: 1, tag: TComm.WorkExecutor, lock: WakeLock{e5a016d held=true, refCount=1}
06-08 19:57:57.851 3906 4558 I TComm.WakeLockImpl: acquire - acquire WakeLock; refCount: 2, tag: TComm.HeartbeatConnectionHealthManager, lock: WakeLock{4cddd81 held=true, refCount=2}
06-08 19:57:57.851 3906 4558 I TComm.WakeLockImpl: release - release WakeLock; refCount: 1, duration: 0, tag: TComm.HeartbeatConnectionHealthManager, lock: WakeLock{4cddd81 held=true, refCount=1}
06-08 19:57:57.852 3906 4359 I TComm.WakeLockImpl: release - release WakeLock; refCount: 0, duration: 0, tag: TComm.WorkExecutor, lock: WakeLock{e5a016d held=false, refCount=0}
06-08 19:57:57.867 3133 3133 W memtrack@1.0-se: type=1400 audit(0.0:1921): avc: denied { search } for name="19917" dev="proc" ino=350955 scontext=u:r:hal_memtrack_default:s0 tcontext=u:r:amazon_app:s0 tclass=dir permissive=0
06-08 19:57:57.871 3079 3079 I Zygote : Process 18182 exited due to signal (9)
06-08 19:57:57.882 3370 4345 I chatty : uid=1000(system) Binder:3370_A expire 1 line
06-08 19:57:57.884 3079 3079 I Zygote : Process 17786 exited due to signal (9)
06-08 19:57:57.965 3906 4194 I TComm.WakeLockImpl: acquire - acquire WakeLock; refCount: 1, tag: TComm.WorkExecutor, lock: WakeLock{e5a016d held=true, refCount=1}
06-08 19:57:57.963 3133 3133 W memtrack@1.0-se: type=1400 audit(0.0:1922): avc: denied { search } for name="19843" dev="proc" ino=334446 scontext=u:r:hal_memtrack_default:s0 tcontext=u:r:amazon_app:s0 tclass=dir permissive=0
06-08 19:57:57.966 3906 4359 I TComm.HeartbeatConnecti: onHeartbeatReceived - response received; registrationId: 199076139, destination: urn:tcomm-endpoint:service:serviceName:DPGatewayService, socketHashCode: 131356350
06-08 19:57:57.968 3906 4359 I TComm.WakeLockImpl: release - release WakeLock; refCount: 0, duration: 0, tag: TComm.HeartbeatConnectionHealthManager, lock: WakeLock{4cddd81 held=false, refCount=0}
06-08 19:57:57.971 3906 4359 I TComm.WakeLockImpl: acquire - acquire WakeLock; refCount: 1, tag: TComm.HeartbeatConnectionHealthManager, lock: WakeLock{4cddd81 held=true, refCount=1}
06-08 19:57:57.976 3906 4558 I TComm.HeartbeatConnecti: run - finish health check; socketHeartbeatState: SocketHeartbeatState: socket: {1: wss://dp-gw-na.amazon.com:443/tcomm/}(TUNING_FINISHED) Purpose:Regular; Attributes: SECURE;REUSABLE;, socket hashCode: 131356350, idleTimeBeforeHeartbeat: 100056, heartbeatResponseReceived: true, heartbeatAttempts: 1, heartbeatState: mHid: ConservativeHID: lastKnownGoodIntervalMillis: 115000, mRegistrationId: 199076139, mIsHeartbeatPaused: true
06-08 19:57:57.977 3906 4359 I TComm.WakeLockImpl: release - release WakeLock; refCount: 0, duration: 0, tag: TComm.WorkExecutor, lock: WakeLock{e5a016d held=false, refCount=0}
06-08 19:57:57.980 3906 4558 I TComm.HeartbeatConnecti: enqueueScheduleHeartbeatNotification - enqueue task; SocketHeartbeatState: socket: {1: wss://dp-gw-na.amazon.com:443/tcomm/}(TUNING_FINISHED) Purpose:Regular; Attributes: SECURE;REUSABLE;, socket hashCode: 131356350, idleTimeBeforeHeartbeat: 100056, heartbeatResponseReceived: true, heartbeatAttempts: 1, heartbeatState: mHid: ConservativeHID: lastKnownGoodIntervalMillis: 115000, mRegistrationId: 199076139, mIsHeartbeatPaused: true: SocketHeartbeatState: socket: {1: wss://dp-gw-na.amazon.com:443/tcomm/}(TUNING_FINISHED) Purpose:Regular; Attributes: SECURE;REUSABLE;, socket hashCode: 131356350, idleTimeBeforeHeartbeat: 100056, heartbeatResponseReceived: true, heartbeatAttempts: 1, heartbeatState: mHid: ConservativeHID: lastKnownGoodIntervalMillis: 115000, mRegistrationId: 199076139, mIsHeartbeatPaused: true
06-08 19:57:57.981 3906 4558 I TComm.WakeLockImpl: acquire - acquire WakeLock; refCount: 2, tag: TComm.HeartbeatConnectionHealthManager, lock: WakeLock{4cddd81 held=true, refCount=2}
06-08 19:57:57.981 3906 4558 I TComm.WakeLockImpl: release - release WakeLock; refCount: 1, duration: 0, tag: TComm.HeartbeatConnectionHealthManager, lock: WakeLock{4cddd81 held=true, refCount=1}
06-08 19:57:57.987 3133 3133 W memtrack@1.0-se: type=1400 audit(0.0:1923): avc: denied { search } for name="19807" dev="proc" ino=353333 scontext=u:r:hal_memtrack_default:s0 tcontext=u:r:amazon_app:s0 tclass=dir permissive=0
06-08 19:57:57.990 3906 4558 I TComm.HeartbeatConnecti: run - schedule heartbeat; registrationId: 199076139, intervalMin: 100000, intervalMax: 115000, socketInfo: SocketHeartbeatState: socket: {1: wss://dp-gw-na.amazon.com:443/tcomm/}(TUNING_FINISHED) Purpose:Regular; Attributes: SECURE;REUSABLE;, socket hashCode: 131356350, idleTimeBeforeHeartbeat: 100056, heartbeatResponseReceived: true, heartbeatAttempts: 1, heartbeatState: mHid: ConservativeHID: lastKnownGoodIntervalMillis: 115000, mRegistrationId: 199076139, mIsHeartbeatPaused: true
06-08 19:57:57.991 3906 4558 I GenericNetworkOptimizationManagerImpl: Setting inexact alarm: delay=100000, length=15000
06-08 19:57:57.993 3906 4558 D GenericNetworkOptimizationManagerImpl: Registered: ComponentInfo{com.amazon.tcomm/com.amazon.communication.heartbeat.HeartbeatBroadcastReceiver}; Registration ID: 199076139; Data Size KB: 1; Min Delay Millis: 100000; Max Delay Millis: 115000; Repeat Interval Millis: 0; Mobile?: true; WIFI?: true; Roaming?: falseRequire Charing?: falseRequire Device Idle?: false
06-08 19:57:57.994 3906 4558 I TComm.WakeLockImpl: release - release WakeLock; refCount: 0, duration: 0, tag: TComm.HeartbeatConnectionHealthManager, lock: WakeLock{4cddd81 held=false, refCount=0}
06-08 19:57:58.023 3133 3133 W memtrack@1.0-se: type=1400 audit(0.0:1924): avc: denied { search } for name="18757" dev="proc" ino=325278 scontext=u:r:hal_memtrack_default:s0 tcontext=u:r:amazon_app:s0 tclass=dir permissive=0
06-08 19:57:58.051 3133 3133 W memtrack@1.0-se: type=1400 audit(0.0:1925): avc: denied { search } for name="18395" dev="proc" ino=327138 scontext=u:r:hal_memtrack_default:s0 tcontext=u:r:amazon_app:s0 tclass=dir permissive=0
06-08 19:57:58.083 3566 4099 W bt_btif : bta_hh_le_input_rpt_notify uuid=0x2a4d srv_handle=79 is_bl_svc_primary=1 rpt_id=1 len=3
06-08 19:57:58.083 3370 3452 E AmazonProfileService: There is no KEY_CHILD_PIN_PACKAGE_NAME
