10-07 15:51:51.925 4903 4903 I Glide : at com.bumptech.glide.load.resource.bitmap.VideoDecoder.decode(VideoDecoder.java:166)
10-07 15:51:51.925 4903 4903 I Glide : ... 36 more
10-07 15:51:51.926 4490 4490 E phs:fs : Unable to open file "/proc/11396/largest_task": No such file or directory
10-07 15:51:52.326 4490 4490 I chatty : uid=1000(system) /vendor/bin/nvphsd identical 8 lines
10-07 15:51:52.376 4490 4490 E phs:fs : Unable to open file "/proc/11396/largest_task": No such file or directory
10-07 15:51:52.471 4531 5046 I ShieldBluetoothScanPolicy: Scans allowed due to PACKAGE POLL
10-07 15:51:52.471 4531 5046 D BluetoothAdapter: isLeEnabled(): ON
10-07 15:51:52.473 3728 4249 I bt_stack: [INFO:gatt_api.cc(948)] GATT_Register 793b9d41-7c13-4052-0738-f55aac330a2c
10-07 15:51:52.473 3728 4249 I bt_stack: [INFO:gatt_api.cc(968)] allocated gatt_if=5
10-07 15:51:52.474 4531 4556 D BluetoothLeScanner: onScannerRegistered() - status=0 scannerId=5 mScannerId=0
10-07 15:51:52.484 3728 3848 D AdapterProperties: Discoverable Timeout:-1
10-07 15:51:52.485 3728 3848 D AdapterProperties: Scan Mode:23
10-07 15:51:54.124 3328 3362 E storaged: getDiskStats failed with result NOT_SUPPORTED and size 0
10-07 15:51:54.689 3089 3222 W nvaudio_hw: stop_output_stream: 1 underruns seen on pcm device hdmi-playback
10-07 15:52:05.729 3543 3543 E ActivityThread: Failed to find provider info for com.nvidia.ibeta
10-07 15:52:20.565 6692 11256 I chromium: [6692:11256:INFO:ssdp_device.c(101)] SSDP packets sent for 31 seconds = 13
10-07 15:52:36.141 6692 6692 I chromium: [6692:6692:INFO:metrics_recorder.cc(89)] Metrics stat: total=3
10-07 15:52:36.141 6692 6692 I chromium: Cast.Discovery.Mdns.Query.Cast.Count=1
10-07 15:52:36.141 6692 6692 I chromium: Cast.Discovery.Mdns.Request.In=1
10-07 15:52:36.141 6692 6692 I chromium: Cast.Discovery.Mdns.Response.Out=1
10-07 15:52:36.250 6692 7053 E chromium: [6692:7053:ERROR:wifi_frame_histogram_capturer.cc(404)] No histogram or IOCTL data
10-07 15:52:36.250 6692 7053 I chromium: [6692:7053:INFO:wifi_util.cc(199)] Current wifi TDLS peers:
10-07 15:52:36.250 6692 7053 I chromium: [6692:7053:INFO:wifi_util.cc(201)] No peers:
10-07 15:52:36.401 6692 6692 I chromium: [6692:6692:INFO:metrics_recorder.cc(228)] Record action: Cast.CecHdmiInputState.Unknown
10-07 15:52:36.401 6692 6692 I chromium: [6692:6692:INFO:metrics_recorder.cc(228)] Record action: Cast.CecStandby.Unknown
10-07 15:52:36.591 6692 7068 I chromium: [6692:7068:INFO:mdns_app_filter.cc(2631)] Mdns cast queries recently sent: queries=1
10-07 15:52:36.831 6692 7073 I chromium: [6692:7073:INFO:wifi_proximity.cc(209)] Request scan.
10-07 15:52:52.972 6692 11814 I chromium: [6692:11814:INFO:ssdp_device.c(101)] SSDP packets sent for 32 seconds = 26
10-07 15:52:05.731 3543 3543 E ActivityThread: Failed to find provider info for com.nvidia.ibeta
10-07 15:52:54.124 3328 3362 E storaged: getDiskStats failed with result NOT_SUPPORTED and size 0
10-07 15:53:18.604 6692 7068 I chromium: [6692:7068:INFO:mdns_app_filter.cc(2438)] MdnsAppFilter: responses sent in 103 seconds: 2
10-07 15:53:23.000 6692 11814 I chromium: [6692:11814:INFO:ssdp_device.c(101)] SSDP packets sent for 30 seconds = 13
10-07 15:53:25.932 4325 9622 D SQLiteConnection: set WAL/NORMAL: /data/user_de/0/com.google.android.gms/databases/playlog.db
10-07 15:53:25.938 4325 9622 D SQLiteConnection: set WAL/NORMAL: /data/user/0/com.google.android.gms/databases/playlog.db
10-07 15:53:25.944 4325 9622 I Funnel : Init: funnel is disabled, skipping initialization.
10-07 15:53:36.141 6692 6692 I chromium: [6692:6692:INFO:metrics_recorder.cc(89)] Metrics stat: total=8
10-07 15:53:36.141 6692 6692 I chromium: AppRunning=1
10-07 15:53:36.141 6692 6692 I chromium: Cast.CecHdmiInputState.Unknown=1
10-07 15:53:36.141 6692 6692 I chromium: Cast.CecStandby.Unknown=1
10-07 15:53:36.141 6692 6692 I chromium: Cast.Discovery.Mdns.Query.Cast.Count=1
10-07 15:53:36.141 6692 6692 I chromium: Cast.Discovery.Mdns.Request.In=1
10-07 15:53:36.141 6692 6692 I chromium: Cast.Discovery.Mdns.Response.Out=1
10-07 15:53:36.141 6692 6692 I chromium: Dial.SsdpDeviceDesc.Windows=1
10-07 15:53:36.141 6692 6692 I chromium: Dial.SsdpDeviceDesc.Windows.200=1
10-07 15:53:36.597 6692 7068 I chromium: [6692:7068:INFO:mdns_app_filter.cc(2631)] Mdns cast queries recently sent: queries=1
10-07 15:53:54.125 3328 3362 E storaged: getDiskStats failed with result NOT_SUPPORTED and size 0
10-07 15:53:55.572 3543 3576 I UsageStatsService: User[0] Flushing usage stats to disk
10-07 15:54:00.000 6692 11814 I chromium: [6692:11814:INFO:ssdp_device.c(101)] SSDP packets sent for 37 seconds = 21
10-07 15:54:02.521 3543 3645 D WindowManager: handleComboKeys keyCode: 66, keyAction: 0
10-07 15:54:02.522 3543 3645 D WindowManager: handleComboKeys keyCode: 66, keyAction: 1
10-07 15:54:02.526 3543 11746 I ActivityManager: START u0 {act=android.intent.action.MAIN cat=[android.intent.category.LEANBACK_LAUNCHER] flg=0x10000000 pkg=org.xbmc.kodinerds cmp=org.xbmc.kodinerds/.Splash} from uid 10031
10-07 15:54:02.526 3125 11468 I hash_map_utils: key: 'nv_param_low_latency_active' value: ''
10-07 15:54:02.529 3543 11746 I android_os_HwBinder: HwBinder: Starting thread pool for default::vendor.nvidia.hardware.thermalservice@1.0::IThermalService
10-07 15:54:02.531 3116 3116 E powerHAL::common: Unknown power hint: 0x8
10-07 15:54:02.538 3543 11893 D NvThermalService: setAppClose
10-07 15:54:02.540 3543 3625 I WindowManager: WindowState() - found Launcher @ mAppToken:AppWindowToken{8d8eb00 token=Token{cc55d83 ActivityRecord{d7cc32 u0 org.xbmc.kodinerds/.Splash t1149}}}
10-07 15:54:02.551 3543 3579 I ActivityManager: Start proc 11894:org.xbmc.kodinerds/u0a159 for activity org.xbmc.kodinerds/.Splash
10-07 15:54:02.558 11894 11894 I .xbmc.kodinerd: Late-enabling -Xcheck:jni
10-07 15:54:02.612 3543 11923 W NvAppProfileService: App Profiles: Enabled
10-07 15:54:02.628 4692 4729 I android_os_HwBinder: HwBinder: Starting thread pool for default::vendor.nvidia.hardware.power@1.0::IPower
10-07 15:54:02.629 8228 9957 W ContentProvider: Normalized content://com.nvidia.pgcontentprovider.PGContentProvider//default/gameinfo to content://com.nvidia.pgcontentprovider.PGContentProvider/default/gameinfo to avoid possible security issues
10-07 15:54:02.690 11894 11894 I Kodi : ABI: arm64-v8a
10-07 15:54:02.690 11894 11894 I Kodi : ABI: armeabi-v7a
10-07 15:54:02.690 11894 11894 I Kodi : ABI: armeabi
10-07 15:54:02.693 11894 11894 D Kodi : External storage = /storage/emulated/0; state = mounted
10-07 15:54:02.695 3125 3228 I hash_map_utils: key: 'nv_param_low_latency_active' value: ''
10-07 15:54:02.698 3543 5123 I ActivityManager: START u0 {act=android.intent.action.MAIN cat=[android.intent.category.LEANBACK_LAUNCHER] flg=0x11000000 pkg=org.xbmc.kodinerds cmp=org.xbmc.kodinerds/.Main bnds=[809,257][1065,447]} from uid 10159
10-07 15:54:02.704 3543 5123 I android_os_HwBinder: HwBinder: Starting thread pool for default::vendor.nvidia.hardware.thermalservice@1.0::IThermalService
10-07 15:54:02.706 3116 3116 E powerHAL::common: Unknown power hint: 0x8
10-07 15:54:02.711 3543 3625 I WindowManager: WindowState() - found Launcher @ mAppToken:AppWindowToken{bc383e1 token=Token{6433948 ActivityRecord{f9a57eb u0 org.xbmc.kodinerds/.Main t1150}}}
10-07 15:54:02.718 3127 3127 D SurfaceFlinger: duplicate layer name: changing Splash Screen org.xbmc.kodinerds to Splash Screen org.xbmc.kodinerds#1
10-07 15:54:02.730 3543 11928 D NvThermalService: setAppClose
10-07 15:54:02.736 3543 11893 W NvAppProfileService: App Profiles: Enabled
10-07 15:54:02.739 11894 11894 W ActivityThread: handleWindowVisibility: no activity for token android.os.BinderProxy@46a6bc0
10-07 15:54:02.741 4692 4729 I android_os_HwBinder: HwBinder: Starting thread pool for default::vendor.nvidia.hardware.power@1.0::IPower
10-07 15:54:02.762 3127 3127 D SurfaceFlinger: duplicate layer name: changing Surface(name=AppWindowToken{8d8eb00 token=Token{cc55d83 ActivityRecord{d7cc32 u0 org.xbmc.kodinerds/.Splash t1149}}})/@0x841bfc4 - animation-leash to Surface(name=AppWindowToken{8d8eb00 token=Token{cc55d83 ActivityRecord{d7cc32 u0 org.xbmc.kodinerds/.Splash t1149}}})/@0x841bfc4 - animation-leash#1
10-07 15:54:02.895 11894 11894 W .xbmc.kodinerds: type=1400 audit(0.0:86): avc: denied { read } for name="temp" dev="sysfs" ino=14981 scontext=u:r:untrusted_app:s0:c159,c256,c512,c768 tcontext=u:object_r:sysfs_thermal:s0 tclass=file permissive=0
10-07 15:54:02.931 11894 11894 V threaded_app: Creating: 0x2f44867dc0
10-07 15:54:02.931 11894 11931 V threaded_app: Config: mcc=0 mnc=0 lang=de cnt=DE orien=2 touch=1 dens=320 keys=2 nav=2 keysHid=1 navHid=0 sdk=28 size=3 long=2 modetype=4 modenight=1
10-07 15:54:02.936 11894 11931 V Kodi : CXBMCApp: Created
10-07 15:54:02.937 11894 11931 V Kodi : CEventLoop: starting event loop
10-07 15:54:02.941 11894 11894 D TvUtil : Scheduled channel creation.
10-07 15:54:02.945 11894 11894 D OpenGLRenderer: Skia GL Pipeline
10-07 15:54:02.945 11894 11894 D XBMCMainView: Created
10-07 15:54:02.951 11894 11894 V threaded_app: Start: 0x2f44867dc0
10-07 15:54:02.952 11894 11931 V threaded_app: activityState=10
10-07 15:54:02.952 11894 11931 V Kodi : virtual void CXBMCApp::onStart():
10-07 15:54:02.955 11894 11931 D XBMCMediaSession: XBMCMediaSession init
10-07 15:54:02.956 3543 5123 D MediaSessionService: Media button session is changed to org.xbmc.kodinerds/XBMC_session (userId=0)
10-07 15:54:02.957 5872 5872 D DeviceControlManagerService: no active session
10-07 15:54:02.957 4869 4869 D NowPlayingListener: onActiveSessionsChanged() called with: controllers = [[]]
10-07 15:54:02.957 4869 4869 D NowPlayingListener: updateMediaSessionCallback: null
10-07 15:54:02.957 4869 4869 D NowPlayingManager: onClientChanged() called with: clearing = [true]
10-07 15:54:02.957 11894 11894 V threaded_app: Resume: 0x2f44867dc0
10-07 15:54:02.957 11894 11931 V threaded_app: activityState=11
10-07 15:54:02.958 11894 11931 V Kodi : virtual void CXBMCApp::onResume():
10-07 15:54:02.958 3728 4293 I Avrcp : Skipping update due to invalid playback state
10-07 15:54:02.958 3728 3728 I NewAvrcpMediaPlayerList: onAddressedPlayerChanged: token=org.xbmc.kodinerds
10-07 15:54:02.958 3728 4293 E bt_btif : register_notification_rsp: Avrcp device is not connected, handle: 0x0
10-07 15:54:02.958 3728 4293 I chatty : uid=1002(bluetooth) BluetoothAvrcpH identical 3 lines
10-07 15:54:02.958 3728 4293 E bt_btif : register_notification_rsp: Avrcp device is not connected, handle: 0x0
10-07 15:54:02.958 3728 3728 W NewAvrcpMediaPlayerList: org.xbmc.kodinerds is already the active player
10-07 15:54:02.958 3728 4293 E bt_btif : register_notification_rsp: Avrcp device is not connected, handle: 0x0
10-07 15:54:02.958 3728 3728 V NewAvrcpMediaPlayerList: onActiveSessionsChanged: number of controllers: 0
10-07 15:54:02.976 3543 5123 I WindowManager: WindowState() - found Launcher @ mAppToken:AppWindowToken{bc383e1 token=Token{6433948 ActivityRecord{f9a57eb u0 org.xbmc.kodinerds/.Main t1150}}}
10-07 15:54:02.978 11894 11894 V threaded_app: InputQueueCreated: 0x2f44867dc0 -- 0x2f448682c0
10-07 15:54:02.978 11894 11931 V threaded_app: APP_CMD_INPUT_CHANGED
10-07 15:54:02.978 11894 11931 V threaded_app: Attaching input queue to looper
10-07 15:54:02.980 11894 11894 V Kodi : Debug Print: CXBMCApp::onReceive - Got intent. Action: android.intent.action.BATTERY_CHANGED
10-07 15:54:02.980 11894 11894 V Kodi : Debug Print: CXBMCApp::onReceive - Got intent. Action: android.media.action.HDMI_AUDIO_PLUG
10-07 15:54:02.980 11894 11894 V Kodi : Debug Print: -- HDMI state: on
10-07 15:54:02.981 11894 11894 V Kodi : Debug Print: CXBMCApp::onReceive - Got intent. Action: android.net.conn.CONNECTIVITY_CHANGE
10-07 15:54:02.981 11894 11894 D XBMCMediaSession: XBMCMediaSession callback
10-07 15:54:02.986 11894 11894 D View : com.nvidia.immediateInput = false
10-07 15:54:02.986 11894 11894 D View : com.nvidia.mRawCursorInputRequested = false
10-07 15:54:03.006 2975 2975 E SELinux : avc: denied { find } for interface=vendor.nvidia.hardware.cpl.service::INvCplHalService sid=u:r:untrusted_app:s0:c159,c256,c512,c768 pid=11894 scontext=u:r:untrusted_app:s0:c159,c256,c512,c768 tcontext=u:object_r:hal_cplservice_hwservice:s0 tclass=hwservice_manager permissive=0
10-07 15:54:03.007 11894 11935 E libnvcpl_vendor: NvCplGetAppProfileSettingString failed to get INvCplHalService
10-07 15:54:03.007 2975 2975 E SELinux : avc: denied { find } for interface=vendor.nvidia.hardware.cpl.service::INvCplHalService sid=u:r:untrusted_app:s0:c159,c256,c512,c768 pid=11894 scontext=u:r:untrusted_app:s0:c159,c256,c512,c768 tcontext=u:object_r:hal_cplservice_hwservice:s0 tclass=hwservice_manager permissive=0
10-07 15:54:03.007 11894 11935 E libnvcpl_vendor: NvCplGetAppProfileSettingString failed to get INvCplHalService
10-07 15:54:03.009 2975 2975 E SELinux : avc: denied { find } for interface=vendor.nvidia.hardware.cpl.service::INvCplHalService sid=u:r:untrusted_app:s0:c159,c256,c512,c768 pid=11894 scontext=u:r:untrusted_app:s0:c159,c256,c512,c768 tcontext=u:object_r:hal_cplservice_hwservice:s0 tclass=hwservice_manager permissive=0
10-07 15:54:03.009 11894 11935 E libnvcpl_vendor: NvCplGetAppProfileSettingInt failed to get INvCplHalService
10-07 15:54:03.009 2975 2975 E SELinux : avc: denied { find } for interface=vendor.nvidia.hardware.cpl.service::INvCplHalService sid=u:r:untrusted_app:s0:c159,c256,c512,c768 pid=11894 scontext=u:r:untrusted_app:s0:c159,c256,c512,c768 tcontext=u:object_r:hal_cplservice_hwservice:s0 tclass=hwservice_manager permissive=0
10-07 15:54:03.009 11894 11935 E libnvcpl_vendor: NvCplGetAppProfileSettingInt failed to get INvCplHalService
10-07 15:54:03.012 2975 2975 E SELinux : avc: denied { find } for interface=vendor.nvidia.hardware.cpl.service::INvCplHalService sid=u:r:untrusted_app:s0:c159,c256,c512,c768 pid=11894 scontext=u:r:untrusted_app:s0:c159,c256,c512,c768 tcontext=u:object_r:hal_cplservice_hwservice:s0 tclass=hwservice_manager permissive=0
10-07 15:54:03.012 11894 11935 E libnvcpl_vendor: NvCplGetAppProfileSettingInt failed to get INvCplHalService
10-07 15:54:03.012 2975 2975 E SELinux : avc: denied { find } for interface=vendor.nvidia.hardware.cpl.service::INvCplHalService sid=u:r:untrusted_app:s0:c159,c256,c512,c768 pid=11894 scontext=u:r:untrusted_app:s0:c159,c256,c512,c768 tcontext=u:object_r:hal_cplservice_hwservice:s0 tclass=hwservice_manager permissive=0
10-07 15:54:03.012 11894 11935 E libnvcpl_vendor: NvCplGetAppProfileSettingInt failed to get INvCplHalService
10-07 15:54:03.014 11894 11935 I ConfigStore: android::hardware::configstore::V1_0::ISurfaceFlingerConfigs::hasWideColorDisplay retrieved: 1
10-07 15:54:03.014 11894 11935 I ConfigStore: android::hardware::configstore::V1_0::ISurfaceFlingerConfigs::hasHDRDisplay retrieved: 1
10-07 15:54:03.014 11894 11935 I OpenGLRenderer: Initialized EGL, version 1.4
10-07 15:54:03.014 11894 11935 D OpenGLRenderer: Swap behavior 2
10-07 15:54:03.015 2975 2975 E SELinux : avc: denied { find } for interface=vendor.nvidia.hardware.cpl.service::INvCplHalService sid=u:r:untrusted_app:s0:c159,c256,c512,c768 pid=11894 scontext=u:r:untrusted_app:s0:c159,c256,c512,c768 tcontext=u:object_r:hal_cplservice_hwservice:s0 tclass=hwservice_manager permissive=0
10-07 15:54:03.015 11894 11935 E libnvcpl_vendor: NvCplGetAppProfileSettingInt failed to get INvCplHalService
10-07 15:54:03.015 2975 2975 E SELinux : avc: denied { find } for interface=vendor.nvidia.hardware.cpl.service::INvCplHalService sid=u:r:untrusted_app:s0:c159,c256,c512,c768 pid=11894 scontext=u:r:untrusted_app:s0:c159,c256,c512,c768 tcontext=u:object_r:hal_cplservice_hwservice:s0 tclass=hwservice_manager permissive=0
10-07 15:54:03.015 11894 11935 E libnvcpl_vendor: NvCplGetAppProfileSettingInt failed to get INvCplHalService
10-07 15:54:03.016 11894 11894 D XBMCMainView: Surface Created
10-07 15:54:03.016 11894 11894 W .xbmc.kodinerd: Attempt to remove non-JNI local reference, dumping thread
10-07 15:54:03.016 11894 11894 V Kodi : virtual void CXBMCApp::surfaceCreated(CJNISurfaceHolder):
10-07 15:54:03.017 11894 11894 W .xbmc.kodinerd: Attempt to remove non-JNI local reference, dumping thread
10-07 15:54:03.017 11894 11894 D XBMCMainView: Surface Changed, format:-2, width:1920, height:1080
10-07 15:54:03.017 11894 11894 V Kodi : virtual void CXBMCApp::surfaceChanged(CJNISurfaceHolder, int, int, int):
10-07 15:54:03.017 11894 11894 W .xbmc.kodinerd: Attempt to remove non-JNI local reference, dumping thread
10-07 15:54:03.018 11894 11934 V Kodi : => running XBMC_Run...
10-07 15:54:03.018 2975 2975 E SELinux : avc: denied { find } for interface=vendor.nvidia.hardware.cpl.service::INvCplHalService sid=u:r:untrusted_app:s0:c159,c256,c512,c768 pid=11894 scontext=u:r:untrusted_app:s0:c159,c256,c512,c768 tcontext=u:object_r:hal_cplservice_hwservice:s0 tclass=hwservice_manager permissive=0
10-07 15:54:03.018 11894 11935 E libnvcpl_vendor: NvCplGetAppProfileSettingInt failed to get INvCplHalService
10-07 15:54:03.020 2975 2975 E SELinux : avc: denied { find } for interface=vendor.nvidia.hardware.cpl.service::INvCplHalService sid=u:r:untrusted_app:s0:c159,c256,c512,c768 pid=11894 scontext=u:r:untrusted_app:s0:c159,c256,c512,c768 tcontext=u:object_r:hal_cplservice_hwservice:s0 tclass=hwservice_manager permissive=0
10-07 15:54:03.020 11894 11935 E libnvcpl_vendor: NvCplGetAppProfileSettingStringLength failed to get INvCplHalService
10-07 15:54:03.023 2975 2975 E SELinux : avc: denied { find } for interface=vendor.nvidia.hardware.cpl.service::INvCplHalService sid=u:r:untrusted_app:s0:c159,c256,c512,c768 pid=11894 scontext=u:r:untrusted_app:s0:c159,c256,c512,c768 tcontext=u:object_r:hal_cplservice_hwservice:s0 tclass=hwservice_manager permissive=0
10-07 15:54:03.023 11894 11935 E libnvcpl_vendor: NvCplGetAppProfileSettingInt failed to get INvCplHalService
10-07 15:54:03.023 2975 2975 E SELinux : avc: denied { find } for interface=vendor.nvidia.hardware.cpl.service::INvCplHalService sid=u:r:untrusted_app:s0:c159,c256,c512,c768 pid=11894 scontext=u:r:untrusted_app:s0:c159,c256,c512,c768 tcontext=u:object_r:hal_cplservice_hwservice:s0 tclass=hwservice_manager permissive=0
10-07 15:54:03.023 11894 11935 E libnvcpl_vendor: NvCplGetAppProfileSettingStringLength failed to get INvCplHalService
10-07 15:54:03.025 2975 2975 E SELinux : avc: denied { find } for interface=vendor.nvidia.hardware.cpl.service::INvCplHalService sid=u:r:untrusted_app:s0:c159,c256,c512,c768 pid=11894 scontext=u:r:untrusted_app:s0:c159,c256,c512,c768 tcontext=u:object_r:hal_cplservice_hwservice:s0 tclass=hwservice_manager permissive=0
10-07 15:54:03.025 11894 11935 E libnvcpl_vendor: NvCplGetAppProfileSettingInt failed to get INvCplHalService
10-07 15:54:03.025 2975 2975 E SELinux : avc: denied { find } for interface=vendor.nvidia.hardware.cpl.service::INvCplHalService sid=u:r:untrusted_app:s0:c159,c256,c512,c768 pid=11894 scontext=u:r:untrusted_app:s0:c159,c256,c512,c768 tcontext=u:object_r:hal_cplservice_hwservice:s0 tclass=hwservice_manager permissive=0
10-07 15:54:03.025 11894 11935 E libnvcpl_vendor: NvCplGetAppProfileSettingInt failed to get INvCplHalService
10-07 15:54:03.026 2975 2975 E SELinux : avc: denied { find } for interface=vendor.nvidia.hardware.cpl.service::INvCplHalService sid=u:r:untrusted_app:s0:c159,c256,c512,c768 pid=11894 scontext=u:r:untrusted_app:s0:c159,c256,c512,c768 tcontext=u:object_r:hal_cplservice_hwservice:s0 tclass=hwservice_manager permissive=0
10-07 15:54:03.026 11894 11935 E libnvcpl_vendor: NvCplGetAppProfileSettingInt failed to get INvCplHalService
10-07 15:54:03.027 2975 2975 E SELinux : avc: denied { find } for interface=vendor.nvidia.hardware.cpl.service::INvCplHalService sid=u:r:untrusted_app:s0:c159,c256,c512,c768 pid=11894 scontext=u:r:untrusted_app:s0:c159,c256,c512,c768 tcontext=u:object_r:hal_cplservice_hwservice:s0 tclass=hwservice_manager permissive=0
10-07 15:54:03.027 11894 11935 E libnvcpl_vendor: NvCplGetAppProfileSettingInt failed to get INvCplHalService
10-07 15:54:03.030 2975 2975 E SELinux : avc: denied { find } for interface=vendor.nvidia.hardware.cpl.service::INvCplHalService sid=u:r:untrusted_app:s0:c159,c256,c512,c768 pid=11894 scontext=u:r:untrusted_app:s0:c159,c256,c512,c768 tcontext=u:object_r:hal_cplservice_hwservice:s0 tclass=hwservice_manager permissive=0
10-07 15:54:03.030 11894 11935 E libnvcpl_vendor: NvCplGetAppProfileSettingInt failed to get INvCplHalService
10-07 15:54:03.033 2975 2975 E SELinux : avc: denied { find } for interface=vendor.nvidia.hardware.cpl.service::INvCplHalService sid=u:r:untrusted_app:s0:c159,c256,c512,c768 pid=11894 scontext=u:r:untrusted_app:s0:c159,c256,c512,c768 tcontext=u:object_r:hal_cplservice_hwservice:s0 tclass=hwservice_manager permissive=0
10-07 15:54:03.033 11894 11935 E libnvcpl_vendor: NvCplGetAppProfileSettingInt failed to get INvCplHalService
10-07 15:54:03.042 11894 11934 V Kodi : Debug Print: CSettings: loaded settings definition from special://xbmc/system/settings/settings.xml
10-07 15:54:03.063 11894 11894 W RenderThread: type=1400 audit(0.0:87): avc: denied { execute } for path=2F73746F726167652F656D756C617465642F302F416E64726F69642F646174612F6F72672E78626D632E6B6F64696E657264732F66696C65732F2E6E762F2E676C61304C4C6667202864656C6574656429 dev="sdcardfs" ino=3703577 scontext=u:r:untrusted_app:s0:c159,c256,c512,c768 tcontext=u:object_r:sdcardfs:s0 tclass=file permissive=0
10-07 15:54:03.072 11894 11934 V Kodi : Debug Print: CSettings: loaded settings definition from special://xbmc/system/settings/android.xml
10-07 15:54:03.076 11894 11937 V Kodi : Debug Print: Thread Announce start, auto delete: false
10-07 15:54:03.076 2975 2975 E SELinux : avc: denied { find } for interface=vendor.nvidia.hardware.cpl.service::INvCplHalService sid=u:r:untrusted_app:s0:c159,c256,c512,c768 pid=11894 scontext=u:r:untrusted_app:s0:c159,c256,c512,c768 tcontext=u:object_r:hal_cplservice_hwservice:s0 tclass=hwservice_manager permissive=0
10-07 15:54:03.077 11894 11935 E libnvcpl_vendor: NvCplGetAppProfileSettingInt failed to get INvCplHalService
10-07 15:54:03.077 2975 2975 E SELinux : avc: denied { find } for interface=vendor.nvidia.hardware.cpl.service::INvCplHalService sid=u:r:untrusted_app:s0:c159,c256,c512,c768 pid=11894 scontext=u:r:untrusted_app:s0:c159,c256,c512,c768 tcontext=u:object_r:hal_cplservice_hwservice:s0 tclass=hwservice_manager permissive=0
10-07 15:54:03.077 11894 11935 E libnvcpl_vendor: NvCplGetAppProfileSettingInt failed to get INvCplHalService
10-07 15:54:03.086 11894 11934 V Kodi : Debug Print: -----------------------------------------------------------------------
10-07 15:54:03.086 11894 11934 V Kodi : Debug Print: Starting Kodi (19.0-ALPHA1 Git:20191007-8ba9cb2a15-dirty). Platform: Android ARM 64-bit
10-07 15:54:03.087 11894 11934 V Kodi : Debug Print: Using Debug Kodi x64 build
10-07 15:54:03.087 11894 11934 V Kodi : Debug Print: Kodi compiled 2019-10-07 by Clang 8.0.7 (https://android.googlesource.com/toolchain/clang b55f2d4ebfd35bf643d27dbca1bb228957008617) (https://android.googlesource.com/toolchain/llvm 3c393fe7a7e13b0fba4ac75a01aa683d7a5b11cd) for Android ARM 64-bit API level 21 (API level 21)
10-07 15:54:03.087 11894 11934 V Kodi : Debug Print: Running on NVIDIA SHIELD Android TV with Android 9.0.0 API level 28, kernel: Linux ARM 64-bit version 4.9.140-tegra-g68283f0ff762
10-07 15:54:03.087 11894 11934 V Kodi : Debug Print: FFmpeg version/source: 4.0.4-Kodi
10-07 15:54:03.087 11894 11934 V Kodi : Debug Print: Host CPU: ARMv8 Processor rev 1 (v8l), 4 cores available
10-07 15:54:03.088 11894 11934 V Kodi : Debug Print: Product: foster_e_hdd, Device: foster, Board: foster_e_hdd - Manufacturer: NVIDIA, Brand: NVIDIA, Model: SHIELD Android TV, Hardware: foster_e_hdd
10-07 15:54:03.090 11894 11934 V Kodi : Debug Print: External storage path = /storage/emulated/0; status = ok
10-07 15:54:03.090 11894 11934 V Kodi : Debug Print: ARM Features: Neon disabled
10-07 15:54:03.090 11894 11934 V Kodi : Debug Print: special://xbmc/ is mapped to: /data/user/0/org.xbmc.kodinerds/cache/apk/assets
10-07 15:54:03.090 11894 11934 V Kodi : Debug Print: special://xbmcbin/ is mapped to: /data/user/0/org.xbmc.kodinerds/cache/apk/assets
10-07 15:54:03.090 11894 11934 V Kodi : Debug Print: special://xbmcbinaddons/ is mapped to: /data/user/0/org.xbmc.kodinerds/cache/apk/assets/addons
10-07 15:54:03.091 11894 11934 V Kodi : Debug Print: special://masterprofile/ is mapped to: /storage/emulated/0/Android/data/org.xbmc.kodinerds/files/.kodi/userdata
10-07 15:54:03.091 11894 11934 V Kodi : Debug Print: special://envhome/ is mapped to: /storage/emulated/0/Android/data/org.xbmc.kodinerds/files
10-07 15:54:03.091 11894 11934 V Kodi : Debug Print: special://home/ is mapped to: /storage/emulated/0/Android/data/org.xbmc.kodinerds/files/.kodi
10-07 15:54:03.091 11894 11934 V Kodi : Debug Print: special://temp/ is mapped to: /storage/emulated/0/Android/data/org.xbmc.kodinerds/files/.kodi/temp
10-07 15:54:03.091 11894 11934 V Kodi : Debug Print: special://logpath/ is mapped to: /storage/emulated/0/Android/data/org.xbmc.kodinerds/files/.kodi/temp
10-07 15:54:03.091 11894 11934 V Kodi : Debug Print: The executable running is: /data/app/org.xbmc.kodinerds-vbrsgimfQ6CBkJOdBTO2Fw==/lib/arm64/libkodi.so
10-07 15:54:03.100 11894 11934 V Kodi : Debug Print: Local hostname: SHIELD.fritz.box
10-07 15:54:03.100 11894 11934 V Kodi : Debug Print: Log File is located: /storage/emulated/0/Android/data/org.xbmc.kodinerds/files/.kodi/temp/kodi.log
10-07 15:54:03.102 11894 11934 V Kodi : Debug Print: -----------------------------------------------------------------------
10-07 15:54:03.102 11894 11934 V Kodi : Debug Print: loading settings
10-07 15:54:03.104 11894 11934 V Kodi : Debug Print: special://profile/ is mapped to: special://masterprofile/
10-07 15:54:03.105 3127 6075 D SurfaceFlinger: Connected to Power Manager
10-07 15:54:03.107 11894 11894 V threaded_app: WindowFocusChanged: 0x2f44867dc0 -- 1
10-07 15:54:03.107 11894 11931 V Kodi : virtual void CXBMCApp::onGainFocus():
10-07 15:54:03.114 3543 3588 I ActivityManager: Displayed org.xbmc.kodinerds/.Main: +378ms (total +570ms)
10-07 15:54:03.131 3116 3116 E powerHAL::common: Unknown power hint: 0x8
10-07 15:54:03.137 11894 11934 V Kodi : Debug Print: CSkinSettings: no tag found
10-07 15:54:03.137 11894 11934 V Kodi : Debug Print: No settings file to load (special://xbmc/system/advancedsettings.xml)
10-07 15:54:03.138 11894 11934 V Kodi : Debug Print: No settings file to load (special://masterprofile/advancedsettings.xml)
10-07 15:54:03.138 11894 11934 V Kodi : Debug Print: Default Video Player: VideoPlayer
10-07 15:54:03.138 11894 11934 V Kodi : Debug Print: Default Audio Player: paplayer
10-07 15:54:03.138 11894 11934 V Kodi : Debug Print: Enabled debug logging due to GUI setting (2)
10-07 15:54:03.138 11894 11934 V Kodi : Debug Print: Log level changed to "LOG_LEVEL_DEBUG_FREEMEM"
10-07 15:54:03.142 11894 11934 V Kodi : Debug Print: creating subdirectories
10-07 15:54:03.143 11894 11934 V Kodi : Debug Print: userdata folder: special://masterprofile/
10-07 15:54:03.143 11894 11934 V Kodi : Debug Print: recording folder:
10-07 15:54:03.143 11894 11934 V Kodi : Debug Print: screenshots folder:
10-07 15:54:03.153 3127 4079 W SurfaceFlinger: Attempting to set client state on removed layer: Splash Screen org.xbmc.kodinerds#0
10-07 15:54:03.153 3127 4079 W SurfaceFlinger: Attempting to destroy on removed layer: Splash Screen org.xbmc.kodinerds#0
10-07 15:54:03.161 11894 11934 V Kodi : Debug Print: CWinEventsAndroid::CWinEventsAndroid
10-07 15:54:03.162 3127 6075 W SurfaceFlinger: Attempting to destroy on removed layer: AppWindowToken{8d8eb00 token=Token{cc55d83 ActivityRecord{d7cc32 u0 org.xbmc.kodinerds/.Splash t1149}}}#0
10-07 15:54:03.162 11894 11942 V Kodi : Debug Print: Thread CWinEventsAndroid start, auto delete: false
10-07 15:54:03.164 11894 11934 V Kodi : Debug Print: Running database version Addons27
10-07 15:54:03.165 4903 4903 I AppLifecycleTracker: App transition to background
10-07 15:54:03.171 4903 4903 I AppLifecycleTracker: App foreground state unchanged: inForeground ? false
10-07 15:54:03.254 11894 11934 V Kodi : Debug Print: CAddonMgr::FindAddons: Addon 'audioencoder.kodi.builtin.aac' already present with version 1.0.0 at '/data/user/0/org.xbmc.kodinerds/cache/apk/assets/addons/audioencoder.kodi.builtin.aac/' replaced with version 1.0.0 at '/data/user/0/org.xbmc.kodinerds/cache/apk/assets/addons/audioencoder.kodi.builtin.aac/'
10-07 15:54:03.255 11894 11934 V Kodi : Debug Print: CAddonMgr::FindAddons: Addon 'audioencoder.kodi.builtin.wma' already present with version 1.0.0 at '/data/user/0/org.xbmc.kodinerds/cache/apk/assets/addons/audioencoder.kodi.builtin.wma/' replaced with version 1.0.0 at '/data/user/0/org.xbmc.kodinerds/cache/apk/assets/addons/audioencoder.kodi.builtin.wma/'
10-07 15:54:03.256 11894 11934 V Kodi : Debug Print: CAddonMgr::FindAddons: Addon 'game.controller.default' already present with version 1.0.8 at '/data/user/0/org.xbmc.kodinerds/cache/apk/assets/addons/game.controller.default/' replaced with version 1.0.8 at '/data/user/0/org.xbmc.kodinerds/cache/apk/assets/addons/game.controller.default/'
10-07 15:54:03.257 11894 11934 V Kodi : Debug Print: CAddonMgr::FindAddons: Addon 'game.controller.snes' already present with version 1.0.8 at '/data/user/0/org.xbmc.kodinerds/cache/apk/assets/addons/game.controller.snes/' replaced with version 1.0.8 at '/data/user/0/org.xbmc.kodinerds/cache/apk/assets/addons/game.controller.snes/'
10-07 15:54:03.258 11894 11934 V Kodi : Debug Print: CAddonMgr::FindAddons: Addon 'inputstream.adaptive' already present with version 2.5.0 at '/data/user/0/org.xbmc.kodinerds/cache/apk/assets/addons/inputstream.adaptive/' replaced with version 2.5.0 at '/data/user/0/org.xbmc.kodinerds/cache/apk/assets/addons/inputstream.adaptive/'
10-07 15:54:03.258 11894 11934 V Kodi : Debug Print: CAddonMgr::FindAddons: Addon 'kodi.binary.global.audioengine' already present with version 1.0.2 at '/data/user/0/org.xbmc.kodinerds/cache/apk/assets/addons/kodi.binary.global.audioengine/' replaced with version 1.0.2 at '/data/user/0/org.xbmc.kodinerds/cache/apk/assets/addons/kodi.binary.global.audioengine/'
10-07 15:54:03.259 11894 11934 V Kodi : Debug Print: CAddonMgr::FindAddons: Addon 'kodi.binary.global.filesystem' already present with version 1.0.3 at '/data/user/0/org.xbmc.kodinerds/cache/apk/assets/addons/kodi.binary.global.filesystem/' replaced with version 1.0.3 at '/data/user/0/org.xbmc.kodinerds/cache/apk/assets/addons/kodi.binary.global.filesystem/'
10-07 15:54:03.259 11894 11934 V Kodi : Debug Print: CAddonMgr::FindAddons: Addon 'kodi.binary.global.general' already present with version 1.0.3 at '/data/user/0/org.xbmc.kodinerds/cache/apk/assets/addons/kodi.binary.global.general/' replaced with version 1.0.3 at '/data/user/0/org.xbmc.kodinerds/cache/apk/assets/addons/kodi.binary.global.general/'
10-07 15:54:03.260 11894 11934 V Kodi : Debug Print: CAddonMgr::FindAddons: Addon 'kodi.binary.global.gui' already present with version 5.14.0 at '/data/user/0/org.xbmc.kodinerds/cache/apk/assets/addons/kodi.binary.global.gui/' replaced with version 5.14.0 at '/data/user/0/org.xbmc.kodinerds/cache/apk/assets/addons/kodi.binary.global.gui/'
10-07 15:54:03.260 11894 11934 V Kodi : Debug Print: CAddonMgr::FindAddons: Addon 'kodi.binary.global.main' already present with version 1.1.0 at '/data/user/0/org.xbmc.kodinerds/cache/apk/assets/addons/kodi.binary.global.main/' replaced with version 1.1.0 at '/data/user/0/org.xbmc.kodinerds/cache/apk/assets/addons/kodi.binary.global.main/'
10-07 15:54:03.261 11894 11934 V Kodi : Debug Print: CAddonMgr::FindAddons: Addon 'kodi.binary.global.network' already present with version 1.0.0 at '/data/user/0/org.xbmc.kodinerds/cache/apk/assets/addons/kodi.binary.global.network/' replaced with version 1.0.0 at '/data/user/0/org.xbmc.kodinerds/cache/apk/assets/addons/kodi.binary.global.network/'
10-07 15:54:03.262 11894 11934 V Kodi : Debug Print: CAddonMgr::FindAddons: Addon 'kodi.binary.instance.audiodecoder' already present with version 2.0.0 at '/data/user/0/org.xbmc.kodinerds/cache/apk/assets/addons/kodi.binary.instance.audiodecoder/' replaced with version 2.0.0 at '/data/user/0/org.xbmc.kodinerds/cache/apk/assets/addons/kodi.binary.instance.audiodecoder/'
10-07 15:54:03.262 11894 11934 V Kodi : Debug Print: CAddonMgr::FindAddons: Addon 'kodi.binary.instance.audioencoder' already present with version 2.0.0 at '/data/user/0/org.xbmc.kodinerds/cache/apk/assets/addons/kodi.binary.instance.audioencoder/' replaced with version 2.0.0 at '/data/user/0/org.xbmc.kodinerds/cache/apk/assets/addons/kodi.binary.instance.audioencoder/'
10-07 15:54:03.263 11894 11934 V Kodi : Debug Print: CAddonMgr::FindAddons: Addon 'kodi.binary.instance.game' already present with version 1.1.0 at '/data/user/0/org.xbmc.kodinerds/cache/apk/assets/addons/kodi.binary.instance.game/' replaced with version 1.1.0 at '/data/user/0/org.xbmc.kodinerds/cache/apk/assets/addons/kodi.binary.instance.game/'
10-07 15:54:03.263 11894 11934 V Kodi : Debug Print: CAddonMgr::FindAddons: Addon 'kodi.binary.instance.imagedecoder' already present with version 2.0.0 at '/data/user/0/org.xbmc.kodinerds/cache/apk/assets/addons/kodi.binary.instance.imagedecoder/' replaced with version 2.0.0 at '/data/user/0/org.xbmc.kodinerds/cache/apk/assets/addons/kodi.binary.instance.imagedecoder/'
10-07 15:54:03.264 11894 11934 V Kodi : Debug Print: CAddonMgr::FindAddons: Addon 'kodi.binary.instance.inputstream' already present with version 2.0.10 at '/data/user/0/org.xbmc.kodinerds/cache/apk/assets/addons/kodi.binary.instance.inputstream/' replaced with version 2.0.10 at '/data/user/0/org.xbmc.kodinerds/cache/apk/assets/addons/kodi.binary.instance.inputstream/'
10-07 15:54:03.265 11894 11934 V Kodi : Debug Print: CAddonMgr::FindAddons: Addon 'kodi.binary.instance.peripheral' already present with version 1.3.7 at '/data/user/0/org.xbmc.kodinerds/cache/apk/assets/addons/kodi.binary.instance.peripheral/' replaced with version 1.3.7 at '/data/user/0/org.xbmc.kodinerds/cache/apk/assets/addons/kodi.binary.instance.peripheral/'
10-07 15:54:03.265 11894 11934 V Kodi : Debug Print: CAddonMgr::FindAddons: Addon 'kodi.binary.instance.pvr' already present with version 6.1.0 at '/data/user/0/org.xbmc.kodinerds/cache/apk/assets/addons/kodi.binary.instance.pvr/' replaced with version 6.1.0 at '/data/user/0/org.xbmc.kodinerds/cache/apk/assets/addons/kodi.binary.instance.pvr/'
10-07 15:54:03.267 11894 11934 V Kodi : Debug Print: CAddonMgr::FindAddons: Addon 'kodi.binary.instance.screensaver' already present with version 2.0.0 at '/data/user/0/org.xbmc.kodinerds/cache/apk/assets/addons/kodi.binary.instance.screensaver/' replaced with version 2.0.0 at '/data/user/0/org.xbmc.kodinerds/cache/apk/assets/addons/kodi.binary.instance.screensaver/'
10-07 15:54:03.268 11894 11934 V Kodi : Debug Print: CAddonMgr::FindAddons: Addon 'kodi.binary.instance.vfs' already present with version 2.2.0 at '/data/user/0/org.xbmc.kodinerds/cache/apk/assets/addons/kodi.binary.instance.vfs/' replaced with version 2.2.0 at '/data/user/0/org.xbmc.kodinerds/cache/apk/assets/addons/kodi.binary.instance.vfs/'
10-07 15:54:03.269 11894 11934 V Kodi : Debug Print: CAddonMgr::FindAddons: Addon 'kodi.binary.instance.videocodec' already present with version 1.0.1 at '/data/user/0/org.xbmc.kodinerds/cache/apk/assets/addons/kodi.binary.instance.videocodec/' replaced with version 1.0.1 at '/data/user/0/org.xbmc.kodinerds/cache/apk/assets/addons/kodi.binary.instance.videocodec/'
10-07 15:54:03.270 3127 6075 W SurfaceFlinger: Attempting to set client state on removed layer: Splash Screen org.xbmc.kodinerds#1
10-07 15:54:03.270 3127 6075 W SurfaceFlinger: Attempting to destroy on removed layer: Splash Screen org.xbmc.kodinerds#1
10-07 15:54:03.271 11894 11934 V Kodi : Debug Print: CAddonMgr::FindAddons: Addon 'kodi.binary.instance.visualization' already present with version 2.0.1 at '/data/user/0/org.xbmc.kodinerds/cache/apk/assets/addons/kodi.binary.instance.visualization/' replaced with version 2.0.1 at '/data/user/0/org.xbmc.kodinerds/cache/apk/assets/addons/kodi.binary.instance.visualization/'
10-07 15:54:03.272 11894 11934 V Kodi : Debug Print: CAddonMgr::FindAddons: Addon 'kodi.resource' already present with version 1.0.0 at '/data/user/0/org.xbmc.kodinerds/cache/apk/assets/addons/kodi.resource/' replaced with version 1.0.0 at '/data/user/0/org.xbmc.kodinerds/cache/apk/assets/addons/kodi.resource/'
10-07 15:54:03.277 11894 11934 V Kodi : Debug Print: CAddonMgr::FindAddons: Addon 'metadata.album.universal' already present with version 3.1.1 at '/data/user/0/org.xbmc.kodinerds/cache/apk/assets/addons/metadata.album.universal/' replaced with version 3.1.1 at '/data/user/0/org.xbmc.kodinerds/cache/apk/assets/addons/metadata.album.universal/'
10-07 15:54:03.281 11894 11934 V Kodi : Debug Print: CAddonMgr::FindAddons: Addon 'metadata.artists.universal' already present with version 4.3.0 at '/data/user/0/org.xbmc.kodinerds/cache/apk/assets/addons/metadata.artists.universal/' replaced with version 4.3.0 at '/data/user/0/org.xbmc.kodinerds/cache/apk/assets/addons/metadata.artists.universal/'
10-07 15:54:03.284 11894 11934 V Kodi : Debug Print: CAddonMgr::FindAddons: Addon 'metadata.common.allmusic.com' already present with version 3.2.0 at '/data/user/0/org.xbmc.kodinerds/cache/apk/assets/addons/metadata.common.allmusic.com/' replaced with version 3.2.0 at '/data/user/0/org.xbmc.kodinerds/cache/apk/assets/addons/metadata.common.allmusic.com/'
10-07 15:54:03.286 11894 11934 V Kodi : Debug Print: CAddonMgr::FindAddons: Addon 'metadata.common.fanart.tv' already present with version 3.6.1 at '/data/user/0/org.xbmc.kodinerds/cache/apk/assets/addons/metadata.common.fanart.tv/' replaced with version 3.6.1 at '/data/user/0/org.xbmc.kodinerds/cache/apk/assets/addons/metadata.common.fanart.tv/'
10-07 15:54:03.288 11894 11934 V Kodi : Debug Print: CAddonMgr::FindAddons: Addon 'metadata.common.imdb.com' already present with version 3.1.4 at '/data/user/0/org.xbmc.kodinerds/cache/apk/assets/addons/metadata.common.imdb.com/' replaced with version 3.1.4 at '/data/user/0/org.xbmc.kodinerds/cache/apk/assets/addons/metadata.common.imdb.com/'
10-07 15:54:03.289 11894 11934 V Kodi : Debug Print: CAddonMgr::FindAddons: Addon 'metadata.common.musicbrainz.org' already present with version 2.2.1 at '/data/user/0/org.xbmc.kodinerds/cache/apk/assets/addons/metadata.common.musicbrainz.org/' replaced with version 2.2.1 at '/data/user/0/org.xbmc.kodinerds/cache/apk/assets/addons/metadata.common.musicbrainz.org/'
10-07 15:54:03.290 11894 11934 V Kodi : Debug Print: CAddonMgr::FindAddons: Addon 'metadata.common.theaudiodb.com' already present with version 2.0.2 at '/data/user/0/org.xbmc.kodinerds/cache/apk/assets/addons/metadata.common.theaudiodb.com/' replaced with version 2.0.2 at '/data/user/0/org.xbmc.kodinerds/cache/apk/assets/addons/metadata.common.theaudiodb.com/'
10-07 15:54:03.291 11894 11934 V Kodi : Debug Print: CAddonMgr::FindAddons: Addon 'metadata.common.themoviedb.org' already present with version 3.1.9 at '/data/user/0/org.xbmc.kodinerds/cache/apk/assets/addons/metadata.common.themoviedb.org/' replaced with version 3.1.9 at '/data/user/0/org.xbmc.kodinerds/cache/apk/assets/addons/metadata.common.themoviedb.org/'
10-07 15:54:03.292 11894 11934 V Kodi : Debug Print: CAddonMgr::FindAddons: Addon 'metadata.local' already present with version 1.0.0 at '/data/user/0/org.xbmc.kodinerds/cache/apk/assets/addons/metadata.local/' replaced with version 1.0.0 at '/data/user/0/org.xbmc.kodinerds/cache/apk/assets/addons/metadata.local/'
10-07 15:54:03.296 11894 11934 V Kodi : Debug Print: CAddonMgr::FindAddons: Addon 'metadata.themoviedb.org' already present with version 5.1.7 at '/data/user/0/org.xbmc.kodinerds/cache/apk/assets/addons/metadata.themoviedb.org/' replaced with version 5.1.7 at '/data/user/0/org.xbmc.kodinerds/cache/apk/assets/addons/metadata.themoviedb.org/'
10-07 15:54:03.300 11894 11934 V Kodi : Debug Print: CAddonMgr::FindAddons: Addon 'metadata.tvshows.themoviedb.org' already present with version 3.1.0 at '/data/user/0/org.xbmc.kodinerds/cache/apk/assets/addons/metadata.tvshows.themoviedb.org/' replaced with version 3.1.0 at '/data/user/0/org.xbmc.kodinerds/cache/apk/assets/addons/metadata.tvshows.themoviedb.org/'
10-07 15:54:03.302 11894 11934 V Kodi : Debug Print: CAddonMgr::FindAddons: Addon 'peripheral.joystick' already present with version 1.4.8 at '/data/user/0/org.xbmc.kodinerds/cache/apk/assets/addons/peripheral.joystick/' replaced with version 1.4.8 at '/data/user/0/org.xbmc.kodinerds/cache/apk/assets/addons/peripheral.joystick/'
10-07 15:54:03.308 11894 11934 V Kodi : Debug Print: CAddonMgr::FindAddons: Addon 'repository.xbmc.org' already present with version 3.2.0 at '/data/user/0/org.xbmc.kodinerds/cache/apk/assets/addons/repository.xbmc.org/' replaced with version 3.2.0 at '/data/user/0/org.xbmc.kodinerds/cache/apk/assets/addons/repository.xbmc.org/'
10-07 15:54:03.309 11894 11934 V Kodi : Debug Print: CAddonMgr::FindAddons: Addon 'resource.images.weathericons.default' already present with version 1.1.8 at '/data/user/0/org.xbmc.kodinerds/cache/apk/assets/addons/resource.images.weathericons.default/' replaced with version 1.1.8 at '/data/user/0/org.xbmc.kodinerds/cache/apk/assets/addons/resource.images.weathericons.default/'
10-07 15:54:03.310 11894 11934 V Kodi : Debug Print: CAddonMgr::FindAddons: Addon 'resource.language.en_gb' already present with version 2.0.1 at '/data/user/0/org.xbmc.kodinerds/cache/apk/assets/addons/resource.language.en_gb/' replaced with version 2.0.1 at '/data/user/0/org.xbmc.kodinerds/cache/apk/assets/addons/resource.language.en_gb/'
10-07 15:54:03.311 11894 11934 V Kodi : Debug Print: CAddonMgr::FindAddons: Addon 'resource.uisounds.kodi' already present with version 1.0.0 at '/data/user/0/org.xbmc.kodinerds/cache/apk/assets/addons/resource.uisounds.kodi/' replaced with version 1.0.0 at '/data/user/0/org.xbmc.kodinerds/cache/apk/assets/addons/resource.uisounds.kodi/'
10-07 15:54:03.313 11894 11934 V Kodi : Debug Print: CAddonMgr::FindAddons: Addon 'screensaver.xbmc.builtin.black' already present with version 1.0.32 at '/data/user/0/org.xbmc.kodinerds/cache/apk/assets/addons/screensaver.xbmc.builtin.black/' replaced with version 1.0.32 at '/data/user/0/org.xbmc.kodinerds/cache/apk/assets/addons/screensaver.xbmc.builtin.black/'
10-07 15:54:03.316 11894 11934 V Kodi : Debug Print: CAddonMgr::FindAddons: Addon 'screensaver.xbmc.builtin.dim' already present with version 1.0.56 at '/data/user/0/org.xbmc.kodinerds/cache/apk/assets/addons/screensaver.xbmc.builtin.dim/' replaced with version 1.0.56 at '/data/user/0/org.xbmc.kodinerds/cache/apk/assets/addons/screensaver.xbmc.builtin.dim/'
10-07 15:54:03.317 11894 11934 V Kodi : Debug Print: CAddonMgr::FindAddons: Addon 'script.module.pil' already present with version 1.1.7 at '/data/user/0/org.xbmc.kodinerds/cache/apk/assets/addons/script.module.pil/' replaced with version 1.1.7 at '/data/user/0/org.xbmc.kodinerds/cache/apk/assets/addons/script.module.pil/'
10-07 15:54:03.318 11894 11934 V Kodi : Debug Print: CAddonMgr::FindAddons: Addon 'script.module.pycryptodome' already present with version 3.4.3 at '/data/user/0/org.xbmc.kodinerds/cache/apk/assets/addons/script.module.pycryptodome/' replaced with version 3.4.3 at '/data/user/0/org.xbmc.kodinerds/cache/apk/assets/addons/script.module.pycryptodome/'
10-07 15:54:03.321 11894 11934 V Kodi : Debug Print: CAddonMgr::FindAddons: Addon 'service.xbmc.versioncheck' already present with version 0.4.6 at '/data/user/0/org.xbmc.kodinerds/cache/apk/assets/addons/service.xbmc.versioncheck/' replaced with version 0.4.6 at '/data/user/0/org.xbmc.kodinerds/cache/apk/assets/addons/service.xbmc.versioncheck/'
10-07 15:54:03.323 11894 11934 V Kodi : Debug Print: CAddonMgr::FindAddons: Addon 'skin.estouchy' already present with version 2.0.23 at '/data/user/0/org.xbmc.kodinerds/cache/apk/assets/addons/skin.estouchy/' replaced with version 2.0.23 at '/data/user/0/org.xbmc.kodinerds/cache/apk/assets/addons/skin.estouchy/'
10-07 15:54:03.327 11894 11934 V Kodi : Debug Print: CAddonMgr::FindAddons: Addon 'skin.estuary' already present with version 2.0.22 at '/data/user/0/org.xbmc.kodinerds/cache/apk/assets/addons/skin.estuary/' replaced with version 2.0.22 at '/data/user/0/org.xbmc.kodinerds/cache/apk/assets/addons/skin.estuary/'
10-07 15:54:03.328 11894 11934 V Kodi : Debug Print: CAddonMgr::FindAddons: Addon 'webinterface.default' already present with version 18.x-2.4.6 at '/data/user/0/org.xbmc.kodinerds/cache/apk/assets/addons/webinterface.default/' replaced with version 18.x-2.4.6 at '/data/user/0/org.xbmc.kodinerds/cache/apk/assets/addons/webinterface.default/'
10-07 15:54:03.329 11894 11934 V Kodi : Debug Print: CAddonMgr::FindAddons: Addon 'xbmc.addon' already present with version 18.9.701 at '/data/user/0/org.xbmc.kodinerds/cache/apk/assets/addons/xbmc.addon/' replaced with version 18.9.701 at '/data/user/0/org.xbmc.kodinerds/cache/apk/assets/addons/xbmc.addon/'
10-07 15:54:03.329 11894 11934 V Kodi : Debug Print: CAddonMgr::FindAddons: Addon 'xbmc.core' already present with version 0.1.0 at '/data/user/0/org.xbmc.kodinerds/cache/apk/assets/addons/xbmc.core/' replaced with version 0.1.0 at '/data/user/0/org.xbmc.kodinerds/cache/apk/assets/addons/xbmc.core/'
10-07 15:54:03.330 11894 11934 V Kodi : Debug Print: CAddonMgr::FindAddons: Addon 'xbmc.gui' already present with version 5.14.0 at '/data/user/0/org.xbmc.kodinerds/cache/apk/assets/addons/xbmc.gui/' replaced with version 5.14.0 at '/data/user/0/org.xbmc.kodinerds/cache/apk/assets/addons/xbmc.gui/'
10-07 15:54:03.330 11894 11934 V Kodi : Debug Print: CAddonMgr::FindAddons: Addon 'xbmc.json' already present with version 10.5.2 at '/data/user/0/org.xbmc.kodinerds/cache/apk/assets/addons/xbmc.json/' replaced with version 10.5.2 at '/data/user/0/org.xbmc.kodinerds/cache/apk/assets/addons/xbmc.json/'
10-07 15:54:03.331 11894 11934 V Kodi : Debug Print: CAddonMgr::FindAddons: Addon 'xbmc.metadata' already present with version 2.1.0 at '/data/user/0/org.xbmc.kodinerds/cache/apk/assets/addons/xbmc.metadata/' replaced with version 2.1.0 at '/data/user/0/org.xbmc.kodinerds/cache/apk/assets/addons/xbmc.metadata/'
10-07 15:54:03.331 11894 11934 V Kodi : Debug Print: CAddonMgr::FindAddons: Addon 'xbmc.python' already present with version 2.26.0 at '/data/user/0/org.xbmc.kodinerds/cache/apk/assets/addons/xbmc.python/' replaced with version 2.26.0 at '/data/user/0/org.xbmc.kodinerds/cache/apk/assets/addons/xbmc.python/'
10-07 15:54:03.332 11894 11934 V Kodi : Debug Print: CAddonMgr::FindAddons: Addon 'xbmc.webinterface' already present with version 1.0.0 at '/data/user/0/org.xbmc.kodinerds/cache/apk/assets/addons/xbmc.webinterface/' replaced with version 1.0.0 at '/data/user/0/org.xbmc.kodinerds/cache/apk/assets/addons/xbmc.webinterface/'
10-07 15:54:03.339 11894 11934 V Kodi : Debug Print: CAddonMgr::FindAddons: Addon 'metadata.common.theaudiodb.com' already present with version 2.0.2 at '/data/user/0/org.xbmc.kodinerds/cache/apk/assets/addons/metadata.common.theaudiodb.com/' replaced with version 2.0.3 at '/storage/emulated/0/Android/data/org.xbmc.kodinerds/files/.kodi/addons/metadata.common.theaudiodb.com/'
10-07 15:54:03.340 11894 11934 V Kodi : Debug Print: CAddonMgr::FindAddons: Addon 'metadata.common.fanart.tv' already present with version 3.6.1 at '/data/user/0/org.xbmc.kodinerds/cache/apk/assets/addons/metadata.common.fanart.tv/' replaced with version 3.6.2 at '/storage/emulated/0/Android/data/org.xbmc.kodinerds/files/.kodi/addons/metadata.common.fanart.tv/'
10-07 15:54:03.341 11894 11934 V Kodi : Debug Print: CAddonMgr::FindAddons: Addon 'metadata.common.allmusic.com' already present with version 3.2.0 at '/data/user/0/org.xbmc.kodinerds/cache/apk/assets/addons/metadata.common.allmusic.com/' replaced with version 3.2.1 at '/storage/emulated/0/Android/data/org.xbmc.kodinerds/files/.kodi/addons/metadata.common.allmusic.com/'
10-07 15:54:03.345 11894 11934 V Kodi : Debug Print: CAddonMgr::FindAddons: Addon 'metadata.tvshows.themoviedb.org' already present with version 3.1.0 at '/data/user/0/org.xbmc.kodinerds/cache/apk/assets/addons/metadata.tvshows.themoviedb.org/' replaced with version 3.1.3 at '/storage/emulated/0/Android/data/org.xbmc.kodinerds/files/.kodi/addons/metadata.tvshows.themoviedb.org/'
10-07 15:54:03.350 11894 11934 V Kodi : Debug Print: CAddonMgr::FindAddons: Addon 'metadata.album.universal' already present with version 3.1.1 at '/data/user/0/org.xbmc.kodinerds/cache/apk/assets/addons/metadata.album.universal/' replaced with version 3.1.2 at '/storage/emulated/0/Android/data/org.xbmc.kodinerds/files/.kodi/addons/metadata.album.universal/'
10-07 15:54:03.353 11894 11934 V Kodi : Debug Print: CAddonMgr::FindAddons: Addon 'metadata.themoviedb.org' already present with version 5.1.7 at '/data/user/0/org.xbmc.kodinerds/cache/apk/assets/addons/metadata.themoviedb.org/' replaced with version 5.1.9 at '/storage/emulated/0/Android/data/org.xbmc.kodinerds/files/.kodi/addons/metadata.themoviedb.org/'
10-07 15:54:03.355 11894 11934 V Kodi : Debug Print: CAddonMgr::FindAddons: Addon 'metadata.common.themoviedb.org' already present with version 3.1.9 at '/data/user/0/org.xbmc.kodinerds/cache/apk/assets/addons/metadata.common.themoviedb.org/' replaced with version 3.1.10 at '/storage/emulated/0/Android/data/org.xbmc.kodinerds/files/.kodi/addons/metadata.common.themoviedb.org/'
