10-07 15:54:34.559 11894 12028 F .xbmc.kodinerd: runtime.cc:558] | state=S schedstat=( 846768 419219 15 ) utm=0 stm=0 core=1 HZ=100
10-07 15:54:34.559 11894 12028 F .xbmc.kodinerd: runtime.cc:558] | stack=0x2f5d12c000-0x2f5d12e000 stackSize=1009KB
10-07 15:54:34.559 11894 12028 F .xbmc.kodinerd: runtime.cc:558] | held mutexes=
10-07 15:54:34.559 11894 12028 F .xbmc.kodinerd: runtime.cc:558] kernel: (couldn't read /proc/self/task/11921/stack)
10-07 15:54:34.559 11894 12028 F .xbmc.kodinerd: runtime.cc:558] native: #00 pc 000000000006e188 /system/lib64/libc.so (__ioctl+4)
10-07 15:54:34.559 11894 12028 F .xbmc.kodinerd: runtime.cc:558] native: #01 pc 0000000000029110 /system/lib64/libc.so (ioctl+136)
10-07 15:54:34.559 11894 12028 F .xbmc.kodinerd: runtime.cc:558] native: #02 pc 000000000005a5e4 /system/lib64/libbinder.so (android::IPCThreadState::talkWithDriver(bool)+256)
10-07 15:54:34.559 11894 12028 F .xbmc.kodinerd: runtime.cc:558] native: #03 pc 000000000005a7b8 /system/lib64/libbinder.so (android::IPCThreadState::getAndExecuteCommand()+24)
10-07 15:54:34.560 11894 12028 F .xbmc.kodinerd: runtime.cc:558] native: #04 pc 000000000005af04 /system/lib64/libbinder.so (android::IPCThreadState::joinThreadPool(bool)+60)
10-07 15:54:34.560 11894 12028 F .xbmc.kodinerd: runtime.cc:558] native: #05 pc 000000000007b574 /system/lib64/libbinder.so (android::PoolThread::threadLoop()+28)
10-07 15:54:34.560 11894 12028 F .xbmc.kodinerd: runtime.cc:558] native: #06 pc 000000000000f9d8 /system/lib64/libutils.so (android::Thread::_threadLoop(void*)+280)
10-07 15:54:34.560 11894 12028 F .xbmc.kodinerd: runtime.cc:558] native: #07 pc 00000000000b4fa8 /system/lib64/libandroid_runtime.so (android::AndroidRuntime::javaThreadShell(void*)+140)
10-07 15:54:34.560 11894 12028 F .xbmc.kodinerd: runtime.cc:558] native: #08 pc 0000000000081978 /system/lib64/libc.so (__pthread_start(void*)+36)
10-07 15:54:34.560 11894 12028 F .xbmc.kodinerd: runtime.cc:558] native: #09 pc 00000000000234b8 /system/lib64/libc.so (__start_thread+68)
10-07 15:54:34.560 11894 12028 F .xbmc.kodinerd: runtime.cc:558] (no managed stack frames)
10-07 15:54:34.560 11894 12028 F .xbmc.kodinerd: runtime.cc:558]
10-07 15:54:34.560 11894 12028 F .xbmc.kodinerd: runtime.cc:558] "Binder:11894_2" prio=10 tid=10 Native
10-07 15:54:34.560 11894 12028 F .xbmc.kodinerd: runtime.cc:558] | group="" sCount=1 dsCount=0 flags=1 obj=0x12f006a8 self=0x2f4b43f000
10-07 15:54:34.560 11894 12028 F .xbmc.kodinerd: runtime.cc:558] | sysTid=11922 nice=0 cgrp=default sched=0/0 handle=0x2f5d3254f0
10-07 15:54:34.560 11894 12028 F .xbmc.kodinerd: runtime.cc:558] | state=S schedstat=( 27493075 11995261 60 ) utm=2 stm=0 core=2 HZ=100
10-07 15:54:34.560 11894 12028 F .xbmc.kodinerd: runtime.cc:558] | stack=0x2f5d22a000-0x2f5d22c000 stackSize=1009KB
10-07 15:54:34.560 11894 12028 F .xbmc.kodinerd: runtime.cc:558] | held mutexes=
10-07 15:54:34.560 11894 12028 F .xbmc.kodinerd: runtime.cc:558] kernel: (couldn't read /proc/self/task/11922/stack)
10-07 15:54:34.560 11894 12028 F .xbmc.kodinerd: runtime.cc:558] native: #00 pc 000000000006e188 /system/lib64/libc.so (__ioctl+4)
10-07 15:54:34.560 11894 12028 F .xbmc.kodinerd: runtime.cc:558] native: #01 pc 0000000000029110 /system/lib64/libc.so (ioctl+136)
10-07 15:54:34.560 11894 12028 F .xbmc.kodinerd: runtime.cc:558] native: #02 pc 000000000005a5e4 /system/lib64/libbinder.so (android::IPCThreadState::talkWithDriver(bool)+256)
10-07 15:54:34.560 11894 12028 F .xbmc.kodinerd: runtime.cc:558] native: #03 pc 000000000005a7b8 /system/lib64/libbinder.so (android::IPCThreadState::getAndExecuteCommand()+24)
10-07 15:54:34.560 11894 12028 F .xbmc.kodinerd: runtime.cc:558] native: #04 pc 000000000005af04 /system/lib64/libbinder.so (android::IPCThreadState::joinThreadPool(bool)+60)
10-07 15:54:34.560 11894 12028 F .xbmc.kodinerd: runtime.cc:558] native: #05 pc 000000000007b574 /system/lib64/libbinder.so (android::PoolThread::threadLoop()+28)
10-07 15:54:34.560 11894 12028 F .xbmc.kodinerd: runtime.cc:558] native: #06 pc 000000000000f9d8 /system/lib64/libutils.so (android::Thread::_threadLoop(void*)+280)
10-07 15:54:34.560 11894 12028 F .xbmc.kodinerd: runtime.cc:558] native: #07 pc 00000000000b4fa8 /system/lib64/libandroid_runtime.so (android::AndroidRuntime::javaThreadShell(void*)+140)
10-07 15:54:34.560 11894 12028 F .xbmc.kodinerd: runtime.cc:558] native: #08 pc 0000000000081978 /system/lib64/libc.so (__pthread_start(void*)+36)
10-07 15:54:34.560 11894 12028 F .xbmc.kodinerd: runtime.cc:558] native: #09 pc 00000000000234b8 /system/lib64/libc.so (__start_thread+68)
10-07 15:54:34.560 11894 12028 F .xbmc.kodinerd: runtime.cc:558] (no managed stack frames)
10-07 15:54:34.560 11894 12028 F .xbmc.kodinerd: runtime.cc:558]
10-07 15:54:34.560 11894 12028 F .xbmc.kodinerd: runtime.cc:558] "Binder:11894_3" prio=10 tid=11 Native
10-07 15:54:34.560 11894 12028 F .xbmc.kodinerd: runtime.cc:558] | group="" sCount=1 dsCount=0 flags=1 obj=0x12f00730 self=0x2f448fe000
10-07 15:54:34.560 11894 12028 F .xbmc.kodinerd: runtime.cc:558] | sysTid=11925 nice=0 cgrp=default sched=0/0 handle=0x2f5d4234f0
10-07 15:54:34.560 11894 12028 F .xbmc.kodinerd: runtime.cc:558] | state=S schedstat=( 8825003 10244113 48 ) utm=0 stm=0 core=0 HZ=100
10-07 15:54:34.560 11894 12028 F .xbmc.kodinerd: runtime.cc:558] | stack=0x2f5d328000-0x2f5d32a000 stackSize=1009KB
10-07 15:54:34.560 11894 12028 F .xbmc.kodinerd: runtime.cc:558] | held mutexes=
10-07 15:54:34.560 11894 12028 F .xbmc.kodinerd: runtime.cc:558] kernel: (couldn't read /proc/self/task/11925/stack)
10-07 15:54:34.560 11894 12028 F .xbmc.kodinerd: runtime.cc:558] native: #00 pc 000000000006e188 /system/lib64/libc.so (__ioctl+4)
10-07 15:54:34.560 11894 12028 F .xbmc.kodinerd: runtime.cc:558] native: #01 pc 0000000000029110 /system/lib64/libc.so (ioctl+136)
10-07 15:54:34.560 11894 12028 F .xbmc.kodinerd: runtime.cc:558] native: #02 pc 000000000005a5e4 /system/lib64/libbinder.so (android::IPCThreadState::talkWithDriver(bool)+256)
10-07 15:54:34.560 11894 12028 F .xbmc.kodinerd: runtime.cc:558] native: #03 pc 000000000005a7b8 /system/lib64/libbinder.so (android::IPCThreadState::getAndExecuteCommand()+24)
10-07 15:54:34.560 11894 12028 F .xbmc.kodinerd: runtime.cc:558] native: #04 pc 000000000005af04 /system/lib64/libbinder.so (android::IPCThreadState::joinThreadPool(bool)+60)
10-07 15:54:34.560 11894 12028 F .xbmc.kodinerd: runtime.cc:558] native: #05 pc 000000000007b574 /system/lib64/libbinder.so (android::PoolThread::threadLoop()+28)
10-07 15:54:34.560 11894 12028 F .xbmc.kodinerd: runtime.cc:558] native: #06 pc 000000000000f9d8 /system/lib64/libutils.so (android::Thread::_threadLoop(void*)+280)
10-07 15:54:34.560 11894 12028 F .xbmc.kodinerd: runtime.cc:558] native: #07 pc 00000000000b4fa8 /system/lib64/libandroid_runtime.so (android::AndroidRuntime::javaThreadShell(void*)+140)
10-07 15:54:34.560 11894 12028 F .xbmc.kodinerd: runtime.cc:558] native: #08 pc 0000000000081978 /system/lib64/libc.so (__pthread_start(void*)+36)
10-07 15:54:34.560 11894 12028 F .xbmc.kodinerd: runtime.cc:558] native: #09 pc 00000000000234b8 /system/lib64/libc.so (__start_thread+68)
10-07 15:54:34.560 11894 12028 F .xbmc.kodinerd: runtime.cc:558] (no managed stack frames)
10-07 15:54:34.560 11894 12028 F .xbmc.kodinerd: runtime.cc:558]
10-07 15:54:34.560 11894 12028 F .xbmc.kodinerd: runtime.cc:558] "Profile Saver" prio=10 tid=12 Native
10-07 15:54:34.560 11894 12028 F .xbmc.kodinerd: runtime.cc:558] | group="" sCount=1 dsCount=0 flags=1 obj=0x12f007b8 self=0x2f4b446800
10-07 15:54:34.560 11894 12028 F .xbmc.kodinerd: runtime.cc:558] | sysTid=11926 nice=9 cgrp=default sched=0/0 handle=0x2f5d6704f0
10-07 15:54:34.560 11894 12028 F .xbmc.kodinerd: runtime.cc:558] | state=S schedstat=( 2293489 1408750 11 ) utm=0 stm=0 core=0 HZ=100
10-07 15:54:34.560 11894 12028 F .xbmc.kodinerd: runtime.cc:558] | stack=0x2f5d575000-0x2f5d577000 stackSize=1009KB
10-07 15:54:34.560 11894 12028 F .xbmc.kodinerd: runtime.cc:558] | held mutexes=
10-07 15:54:34.560 11894 12028 F .xbmc.kodinerd: runtime.cc:558] kernel: (couldn't read /proc/self/task/11926/stack)
10-07 15:54:34.560 11894 12028 F .xbmc.kodinerd: runtime.cc:558] native: #00 pc 000000000001f070 /system/lib64/libc.so (syscall+32)
10-07 15:54:34.560 11894 12028 F .xbmc.kodinerd: runtime.cc:558] native: #01 pc 00000000000d7678 /system/lib64/libart.so (art::ConditionVariable::TimedWait(art::Thread*, long, int)+168)
10-07 15:54:34.560 11894 12028 F .xbmc.kodinerd: runtime.cc:558] native: #02 pc 00000000003222c0 /system/lib64/libart.so (art::ProfileSaver::Run()+604)
10-07 15:54:34.560 11894 12028 F .xbmc.kodinerd: runtime.cc:558] native: #03 pc 00000000003255dc /system/lib64/libart.so (art::ProfileSaver::RunProfileSaverThread(void*)+92)
10-07 15:54:34.560 11894 12028 F .xbmc.kodinerd: runtime.cc:558] native: #04 pc 0000000000081978 /system/lib64/libc.so (__pthread_start(void*)+36)
10-07 15:54:34.560 11894 12028 F .xbmc.kodinerd: runtime.cc:558] native: #05 pc 00000000000234b8 /system/lib64/libc.so (__start_thread+68)
10-07 15:54:34.560 11894 12028 F .xbmc.kodinerd: runtime.cc:558] (no managed stack frames)
10-07 15:54:34.560 11894 12028 F .xbmc.kodinerd: runtime.cc:558]
10-07 15:54:34.560 11894 12028 F .xbmc.kodinerd: runtime.cc:558] "Thread-2" prio=10 tid=13 Native
10-07 15:54:34.560 11894 12028 F .xbmc.kodinerd: runtime.cc:558] | group="" sCount=1 dsCount=0 flags=1 obj=0x12f00840 self=0x2f449bb800
10-07 15:54:34.560 11894 12028 F .xbmc.kodinerd: runtime.cc:558] | sysTid=11931 nice=-10 cgrp=default sched=0/0 handle=0x2f5d7c14f0
10-07 15:54:34.560 11894 12028 F .xbmc.kodinerd: runtime.cc:558] | state=S schedstat=( 25986148 6656456 176 ) utm=2 stm=0 core=0 HZ=100
10-07 15:54:34.560 11894 12028 F .xbmc.kodinerd: runtime.cc:558] | stack=0x2f5d6c6000-0x2f5d6c8000 stackSize=1009KB
10-07 15:54:34.560 11894 12028 F .xbmc.kodinerd: runtime.cc:558] | held mutexes=
10-07 15:54:34.560 11894 12028 F .xbmc.kodinerd: runtime.cc:558] kernel: (couldn't read /proc/self/task/11931/stack)
10-07 15:54:34.560 11894 12028 F .xbmc.kodinerd: runtime.cc:558] native: #00 pc 000000000006e09c /system/lib64/libc.so (__epoll_pwait+8)
10-07 15:54:34.560 11894 12028 F .xbmc.kodinerd: runtime.cc:558] native: #01 pc 0000000000013efc /system/lib64/libutils.so (android::Looper::pollInner(int)+144)
10-07 15:54:34.560 11894 12028 F .xbmc.kodinerd: runtime.cc:558] native: #02 pc 00000000000146a0 /system/lib64/libutils.so (android::Looper::pollAll(int, int*, int*, void**)+288)
10-07 15:54:34.560 11894 12028 F .xbmc.kodinerd: runtime.cc:558] native: #03 pc 0000000000012738 /system/lib64/libandroid.so (ALooper_pollAll+96)
10-07 15:54:34.560 11894 12028 F .xbmc.kodinerd: runtime.cc:558] native: #04 pc 0000000001dfe9f0 /data/app/org.xbmc.kodinerds-vbrsgimfQ6CBkJOdBTO2Fw==/lib/arm64/libkodi.so (CEventLoop::run(IActivityHandler&, IInputHandler&)+64)
10-07 15:54:34.560 11894 12028 F .xbmc.kodinerd: runtime.cc:558] native: #05 pc 0000000001dfd04c /data/app/org.xbmc.kodinerds-vbrsgimfQ6CBkJOdBTO2Fw==/lib/arm64/libkodi.so (android_main+100)
10-07 15:54:34.560 11894 12028 F .xbmc.kodinerd: runtime.cc:558] native: #06 pc 0000000001e0c09c /data/app/org.xbmc.kodinerds-vbrsgimfQ6CBkJOdBTO2Fw==/lib/arm64/libkodi.so (???)
10-07 15:54:34.560 11894 12028 F .xbmc.kodinerd: runtime.cc:558] native: #07 pc 0000000000081978 /system/lib64/libc.so (__pthread_start(void*)+36)
10-07 15:54:34.560 11894 12028 F .xbmc.kodinerd: runtime.cc:558] native: #08 pc 00000000000234b8 /system/lib64/libc.so (__start_thread+68)
10-07 15:54:34.560 11894 12028 F .xbmc.kodinerd: runtime.cc:558] (no managed stack frames)
10-07 15:54:34.560 11894 12028 F .xbmc.kodinerd: runtime.cc:558]
10-07 15:54:34.561 11894 12028 F .xbmc.kodinerd: runtime.cc:558] "Thread-3" prio=10 tid=14 Native
10-07 15:54:34.561 11894 12028 F .xbmc.kodinerd: runtime.cc:558] | group="" sCount=1 dsCount=0 flags=1 obj=0x12f008c8 self=0x2f4b493000
10-07 15:54:34.561 11894 12028 F .xbmc.kodinerd: runtime.cc:558] | sysTid=11934 nice=-10 cgrp=default sched=0/0 handle=0x2f5d9bd4f0
10-07 15:54:34.561 11894 12028 F .xbmc.kodinerd: runtime.cc:558] | state=S schedstat=( 17857142680 1133058774 14600 ) utm=1671 stm=114 core=2 HZ=100
10-07 15:54:34.561 11894 12028 F .xbmc.kodinerd: runtime.cc:558] | stack=0x2f5d8c2000-0x2f5d8c4000 stackSize=1009KB
10-07 15:54:34.561 11894 12028 F .xbmc.kodinerd: runtime.cc:558] | held mutexes=
10-07 15:54:34.561 11894 12028 F .xbmc.kodinerd: runtime.cc:558] kernel: (couldn't read /proc/self/task/11934/stack)
10-07 15:54:34.561 11894 12028 F .xbmc.kodinerd: runtime.cc:558] native: #00 pc 000000000001f06c /system/lib64/libc.so (syscall+28)
10-07 15:54:34.561 11894 12028 F .xbmc.kodinerd: runtime.cc:558] native: #01 pc 00000000000d724c /system/lib64/libart.so (art::ConditionVariable::WaitHoldingLocks(art::Thread*)+148)
10-07 15:54:34.561 11894 12028 F .xbmc.kodinerd: runtime.cc:558] native: #02 pc 000000000010280c /system/lib64/libart.so (art::(anonymous namespace)::CheckJNI::GetField(char const*, _JNIEnv*, _jobject*, _jfieldID*, bool, art::Primitive::Type)+492)
10-07 15:54:34.561 11894 12028 F .xbmc.kodinerd: runtime.cc:558] native: #03 pc 00000000011cc69c /data/app/org.xbmc.kodinerds-vbrsgimfQ6CBkJOdBTO2Fw==/lib/arm64/libkodi.so (CXBMCApp::GetMemoryInfo(long&, long&)+136)
10-07 15:54:34.561 11894 12028 F .xbmc.kodinerd: runtime.cc:558] native: #04 pc 0000000001e0c974 /data/app/org.xbmc.kodinerds-vbrsgimfQ6CBkJOdBTO2Fw==/lib/arm64/libkodi.so (KODI::MEMORY::GetMemoryStatus(KODI::MEMORY::MemoryStatus*)+48)
10-07 15:54:34.561 11894 12028 F .xbmc.kodinerd: runtime.cc:558] native: #05 pc 000000000151b52c /data/app/org.xbmc.kodinerds-vbrsgimfQ6CBkJOdBTO2Fw==/lib/arm64/libkodi.so (CGUIWindowDebugInfo::Process(unsigned int, std::__ndk1::vector>&)+376)
10-07 15:54:34.561 11894 12028 F .xbmc.kodinerd: runtime.cc:558] native: #06 pc 00000000016d04fc /data/app/org.xbmc.kodinerds-vbrsgimfQ6CBkJOdBTO2Fw==/lib/arm64/libkodi.so (CGUIControl::DoProcess(unsigned int, std::__ndk1::vector>&)+264)
10-07 15:54:34.561 11894 12028 F .xbmc.kodinerd: runtime.cc:558] native: #07 pc 0000000001735818 /data/app/org.xbmc.kodinerds-vbrsgimfQ6CBkJOdBTO2Fw==/lib/arm64/libkodi.so (CGUIWindow::DoProcess(unsigned int, std::__ndk1::vector>&)+136)
10-07 15:54:34.561 11894 12028 F .xbmc.kodinerd: runtime.cc:558] native: #08 pc 00000000016e6c14 /data/app/org.xbmc.kodinerds-vbrsgimfQ6CBkJOdBTO2Fw==/lib/arm64/libkodi.so (CGUIDialog::DoProcess(unsigned int, std::__ndk1::vector>&)+116)
10-07 15:54:34.561 11894 12028 F .xbmc.kodinerd: runtime.cc:558] native: #09 pc 000000000173e604 /data/app/org.xbmc.kodinerds-vbrsgimfQ6CBkJOdBTO2Fw==/lib/arm64/libkodi.so (CGUIWindowManager::Process(unsigned int)+232)
10-07 15:54:34.561 11894 12028 F .xbmc.kodinerd: runtime.cc:558] native: #10 pc 00000000018bc160 /data/app/org.xbmc.kodinerds-vbrsgimfQ6CBkJOdBTO2Fw==/lib/arm64/libkodi.so (CApplication::FrameMove(bool, bool)+680)
10-07 15:54:34.561 11894 12028 F .xbmc.kodinerd: runtime.cc:558] native: #11 pc 000000000173f094 /data/app/org.xbmc.kodinerds-vbrsgimfQ6CBkJOdBTO2Fw==/lib/arm64/libkodi.so (CGUIWindowManager::ProcessRenderLoop(bool)+116)
10-07 15:54:34.561 11894 12028 F .xbmc.kodinerd: runtime.cc:558] native: #12 pc 000000000176d564 /data/app/org.xbmc.kodinerds-vbrsgimfQ6CBkJOdBTO2Fw==/lib/arm64/libkodi.so (CGUIDialogBusy::WaitOnEvent(CEvent&, unsigned int, bool)+148)
10-07 15:54:34.561 11894 12028 F .xbmc.kodinerd: runtime.cc:558] native: #13 pc 00000000018bfec8 /data/app/org.xbmc.kodinerds-vbrsgimfQ6CBkJOdBTO2Fw==/lib/arm64/libkodi.so (CApplication::OnMessage(CGUIMessage&)+824)
10-07 15:54:34.561 11894 12028 F .xbmc.kodinerd: runtime.cc:558] native: #14 pc 000000000173c3d4 /data/app/org.xbmc.kodinerds-vbrsgimfQ6CBkJOdBTO2Fw==/lib/arm64/libkodi.so (CGUIWindowManager::SendMessage(CGUIMessage&)+112)
10-07 15:54:34.561 11894 12028 F .xbmc.kodinerd: runtime.cc:558] native: #15 pc 000000000173f954 /data/app/org.xbmc.kodinerds-vbrsgimfQ6CBkJOdBTO2Fw==/lib/arm64/libkodi.so (CGUIWindowManager::DispatchThreadMessages()+168)
10-07 15:54:34.561 11894 12028 F .xbmc.kodinerd: runtime.cc:558] native: #16 pc 00000000018c0d08 /data/app/org.xbmc.kodinerds-vbrsgimfQ6CBkJOdBTO2Fw==/lib/arm64/libkodi.so (CApplication::Process()+44)
10-07 15:54:34.561 11894 12028 F .xbmc.kodinerd: runtime.cc:558] native: #17 pc 0000000001947848 /data/app/org.xbmc.kodinerds-vbrsgimfQ6CBkJOdBTO2Fw==/lib/arm64/libkodi.so (CXBApplicationEx::Run(CAppParamParser const&)+160)
10-07 15:54:34.561 11894 12028 F .xbmc.kodinerd: runtime.cc:558] native: #18 pc 0000000001628674 /data/app/org.xbmc.kodinerds-vbrsgimfQ6CBkJOdBTO2Fw==/lib/arm64/libkodi.so (XBMC_Run+108)
10-07 15:54:34.561 11894 12028 F .xbmc.kodinerd: runtime.cc:558] native: #19 pc 00000000011c8c90 /data/app/org.xbmc.kodinerds-vbrsgimfQ6CBkJOdBTO2Fw==/lib/arm64/libkodi.so (CXBMCApp::run()+80)
10-07 15:54:34.561 11894 12028 F .xbmc.kodinerd: runtime.cc:558] native: #20 pc 00000000011ccf90 /data/app/org.xbmc.kodinerds-vbrsgimfQ6CBkJOdBTO2Fw==/lib/arm64/libkodi.so (_Z10thread_runI8CXBMCAppXadL_ZNS0_3runEvEEEPvS1_+8)
10-07 15:54:34.561 11894 12028 F .xbmc.kodinerd: runtime.cc:558] native: #21 pc 0000000000081978 /system/lib64/libc.so (__pthread_start(void*)+36)
10-07 15:54:34.561 11894 12028 F .xbmc.kodinerd: runtime.cc:558] native: #22 pc 00000000000234b8 /system/lib64/libc.so (__start_thread+68)
10-07 15:54:34.561 11894 12028 F .xbmc.kodinerd: runtime.cc:558] (no managed stack frames)
10-07 15:54:34.561 11894 12028 F .xbmc.kodinerd: runtime.cc:558]
10-07 15:54:34.561 11894 12028 F .xbmc.kodinerd: runtime.cc:558] "RenderThread" prio=10 tid=15 Native
10-07 15:54:34.561 11894 12028 F .xbmc.kodinerd: runtime.cc:558] | group="" sCount=1 dsCount=0 flags=1 obj=0x12f00950 self=0x2f4e8f6800
10-07 15:54:34.561 11894 12028 F .xbmc.kodinerd: runtime.cc:558] | sysTid=11935 nice=-10 cgrp=default sched=0/0 handle=0x2f5dabb4f0
10-07 15:54:34.561 11894 12028 F .xbmc.kodinerd: runtime.cc:558] | state=S schedstat=( 72075205 12284689 204 ) utm=4 stm=2 core=3 HZ=100
10-07 15:54:34.561 11894 12028 F .xbmc.kodinerd: runtime.cc:558] | stack=0x2f5d9c0000-0x2f5d9c2000 stackSize=1009KB
10-07 15:54:34.561 11894 12028 F .xbmc.kodinerd: runtime.cc:558] | held mutexes=
10-07 15:54:34.561 11894 12028 F .xbmc.kodinerd: runtime.cc:558] kernel: (couldn't read /proc/self/task/11935/stack)
10-07 15:54:34.561 11894 12028 F .xbmc.kodinerd: runtime.cc:558] native: #00 pc 000000000006e09c /system/lib64/libc.so (__epoll_pwait+8)
10-07 15:54:34.561 11894 12028 F .xbmc.kodinerd: runtime.cc:558] native: #01 pc 0000000000013efc /system/lib64/libutils.so (android::Looper::pollInner(int)+144)
10-07 15:54:34.561 11894 12028 F .xbmc.kodinerd: runtime.cc:558] native: #02 pc 0000000000013dd0 /system/lib64/libutils.so (android::Looper::pollOnce(int, int*, int*, void**)+60)
10-07 15:54:34.561 11894 12028 F .xbmc.kodinerd: runtime.cc:558] native: #03 pc 0000000000113e44 /system/lib64/libhwui.so (android::uirenderer::renderthread::RenderThread::threadLoop()+224)
10-07 15:54:34.561 11894 12028 F .xbmc.kodinerd: runtime.cc:558] native: #04 pc 000000000000f9d8 /system/lib64/libutils.so (android::Thread::_threadLoop(void*)+280)
10-07 15:54:34.561 11894 12028 F .xbmc.kodinerd: runtime.cc:558] native: #05 pc 0000000000081978 /system/lib64/libc.so (__pthread_start(void*)+36)
10-07 15:54:34.561 11894 12028 F .xbmc.kodinerd: runtime.cc:558] native: #06 pc 00000000000234b8 /system/lib64/libc.so (__start_thread+68)
10-07 15:54:34.561 11894 12028 F .xbmc.kodinerd: runtime.cc:558] (no managed stack frames)
10-07 15:54:34.561 11894 12028 F .xbmc.kodinerd: runtime.cc:558]
10-07 15:54:34.561 11894 12028 F .xbmc.kodinerd: runtime.cc:558] "hwuiTask1" prio=10 tid=16 Native
10-07 15:54:34.561 11894 12028 F .xbmc.kodinerd: runtime.cc:558] | group="" sCount=1 dsCount=0 flags=1 obj=0x12f009d8 self=0x2f63a75000
10-07 15:54:34.561 11894 12028 F .xbmc.kodinerd: runtime.cc:558] | sysTid=11940 nice=-2 cgrp=default sched=0/0 handle=0x2f63e7b4f0
10-07 15:54:34.561 11894 12028 F .xbmc.kodinerd: runtime.cc:558] | state=S schedstat=( 1176771 890313 8 ) utm=0 stm=0 core=3 HZ=100
10-07 15:54:34.561 11894 12028 F .xbmc.kodinerd: runtime.cc:558] | stack=0x2f63d80000-0x2f63d82000 stackSize=1009KB
10-07 15:54:34.561 11894 12028 F .xbmc.kodinerd: runtime.cc:558] | held mutexes=
10-07 15:54:34.561 11894 12028 F .xbmc.kodinerd: runtime.cc:558] kernel: (couldn't read /proc/self/task/11940/stack)
10-07 15:54:34.561 11894 12028 F .xbmc.kodinerd: runtime.cc:558] native: #00 pc 000000000001f06c /system/lib64/libc.so (syscall+28)
10-07 15:54:34.561 11894 12028 F .xbmc.kodinerd: runtime.cc:558] native: #01 pc 00000000000221bc /system/lib64/libc.so (__futex_wait_ex(void volatile*, bool, int, bool, timespec const*)+140)
10-07 15:54:34.561 11894 12028 F .xbmc.kodinerd: runtime.cc:558] native: #02 pc 0000000000080ebc /system/lib64/libc.so (pthread_cond_wait+60)
10-07 15:54:34.561 11894 12028 F .xbmc.kodinerd: runtime.cc:558] native: #03 pc 00000000004390d4 /system/lib64/libhwui.so (android::uirenderer::TaskManager::WorkerThread::threadLoop()+316)
10-07 15:54:34.561 11894 12028 F .xbmc.kodinerd: runtime.cc:558] native: #04 pc 000000000000f9d8 /system/lib64/libutils.so (android::Thread::_threadLoop(void*)+280)
10-07 15:54:34.561 11894 12028 F .xbmc.kodinerd: runtime.cc:558] native: #05 pc 00000000000b4fa8 /system/lib64/libandroid_runtime.so (android::AndroidRuntime::javaThreadShell(void*)+140)
10-07 15:54:34.561 11894 12028 F .xbmc.kodinerd: runtime.cc:558] native: #06 pc 0000000000081978 /system/lib64/libc.so (__pthread_start(void*)+36)
10-07 15:54:34.561 11894 12028 F .xbmc.kodinerd: runtime.cc:558] native: #07 pc 00000000000234b8 /system/lib64/libc.so (__start_thread+68)
10-07 15:54:34.561 11894 12028 F .xbmc.kodinerd: runtime.cc:558] (no managed stack frames)
10-07 15:54:34.561 11894 12028 F .xbmc.kodinerd: runtime.cc:558]
10-07 15:54:34.561 11894 12028 F .xbmc.kodinerd: runtime.cc:558] "queued-work-looper" prio=10 tid=17 Native
10-07 15:54:34.561 11894 12028 F .xbmc.kodinerd: runtime.cc:558] | group="" sCount=1 dsCount=0 flags=1 obj=0x12f00a60 self=0x2f449adc00
10-07 15:54:34.561 11894 12028 F .xbmc.kodinerd: runtime.cc:558] | sysTid=11941 nice=-2 cgrp=default sched=0/0 handle=0x2f63f814f0
10-07 15:54:34.561 11894 12028 F .xbmc.kodinerd: runtime.cc:558] | state=S schedstat=( 634115 736145 4 ) utm=0 stm=0 core=1 HZ=100
10-07 15:54:34.561 11894 12028 F .xbmc.kodinerd: runtime.cc:558] | stack=0x2f63e7e000-0x2f63e80000 stackSize=1041KB
10-07 15:54:34.561 11894 12028 F .xbmc.kodinerd: runtime.cc:558] | held mutexes=
10-07 15:54:34.561 11894 12028 F .xbmc.kodinerd: runtime.cc:558] kernel: (couldn't read /proc/self/task/11941/stack)
10-07 15:54:34.561 11894 12028 F .xbmc.kodinerd: runtime.cc:558] native: #00 pc 000000000006e09c /system/lib64/libc.so (__epoll_pwait+8)
10-07 15:54:34.561 11894 12028 F .xbmc.kodinerd: runtime.cc:558] native: #01 pc 0000000000013efc /system/lib64/libutils.so (android::Looper::pollInner(int)+144)
10-07 15:54:34.561 11894 12028 F .xbmc.kodinerd: runtime.cc:558] native: #02 pc 0000000000013dd0 /system/lib64/libutils.so (android::Looper::pollOnce(int, int*, int*, void**)+60)
10-07 15:54:34.561 11894 12028 F .xbmc.kodinerd: runtime.cc:558] native: #03 pc 0000000000120bec /system/lib64/libandroid_runtime.so (android::android_os_MessageQueue_nativePollOnce(_JNIEnv*, _jobject*, long, int)+44)
10-07 15:54:34.561 11894 12028 F .xbmc.kodinerd: runtime.cc:558]
at android.os.MessageQueue.nativePollOnce(Native method)
10-07 15:54:34.561 11894 12028 F .xbmc.kodinerd: runtime.cc:558]
at android.os.MessageQueue.next(MessageQueue.java:326)
10-07 15:54:34.561 11894 12028 F .xbmc.kodinerd: runtime.cc:558]
at android.os.Looper.loop(Looper.java:160)
10-07 15:54:34.561 11894 12028 F .xbmc.kodinerd: runtime.cc:558]
at android.os.HandlerThread.run(HandlerThread.java:65)
10-07 15:54:34.561 11894 12028 F .xbmc.kodinerd: runtime.cc:558]
10-07 15:54:34.561 11894 12028 F .xbmc.kodinerd: runtime.cc:558] "Thread-4" prio=10 tid=18 Native
10-07 15:54:34.561 11894 12028 F .xbmc.kodinerd: runtime.cc:558] | group="" sCount=1 dsCount=0 flags=1 obj=0x12f00b50 self=0x2f4b69c000
10-07 15:54:34.561 11894 12028 F .xbmc.kodinerd: runtime.cc:558] | sysTid=11944 nice=-10 cgrp=default sched=0/0 handle=0x2f643374f0
10-07 15:54:34.561 11894 12028 F .xbmc.kodinerd: runtime.cc:558] | state=S schedstat=( 55759895 7375370 279 ) utm=3 stm=1 core=3 HZ=100
10-07 15:54:34.561 11894 12028 F .xbmc.kodinerd: runtime.cc:558] | stack=0x2f6423c000-0x2f6423e000 stackSize=1009KB
10-07 15:54:34.561 11894 12028 F .xbmc.kodinerd: runtime.cc:558] | held mutexes=
10-07 15:54:34.561 11894 12028 F .xbmc.kodinerd: runtime.cc:558] kernel: (couldn't read /proc/self/task/11944/stack)
10-07 15:54:34.561 11894 12028 F .xbmc.kodinerd: runtime.cc:558] native: #00 pc 000000000001f070 /system/lib64/libc.so (syscall+32)
10-07 15:54:34.561 11894 12028 F .xbmc.kodinerd: runtime.cc:558] native: #01 pc 00000000000221bc /system/lib64/libc.so (__futex_wait_ex(void volatile*, bool, int, bool, timespec const*)+140)
10-07 15:54:34.561 11894 12028 F .xbmc.kodinerd: runtime.cc:558] native: #02 pc 0000000000080f60 /system/lib64/libc.so (pthread_cond_timedwait+120)
10-07 15:54:34.561 11894 12028 F .xbmc.kodinerd: runtime.cc:558] native: #03 pc 00000000000532b0 /data/app/org.xbmc.kodinerds-vbrsgimfQ6CBkJOdBTO2Fw==/lib/arm64/libc++_shared.so (_ZNSt6__ndk118condition_variable15__do_timed_waitERNS_11unique_lockINS_5mutexEEENS_6chrono10time_pointINS5_12system_clockENS5_8durationIxNS_5ratioILl1ELl1000000000EEEEEEE+108)
10-07 15:54:34.561 11894 12028 F .xbmc.kodinerd: runtime.cc:558] native: #04 pc 00000000011d06dc /data/app/org.xbmc.kodinerds-vbrsgimfQ6CBkJOdBTO2Fw==/lib/arm64/libkodi.so (???)
10-07 15:54:34.561 11894 12028 F .xbmc.kodinerd: runtime.cc:558] native: #05 pc 00000000011d051c /data/app/org.xbmc.kodinerds-vbrsgimfQ6CBkJOdBTO2Fw==/lib/arm64/libkodi.so (???)
10-07 15:54:34.561 11894 12028 F .xbmc.kodinerd: runtime.cc:558] native: #06 pc 00000000011d0320 /data/app/org.xbmc.kodinerds-vbrsgimfQ6CBkJOdBTO2Fw==/lib/arm64/libkodi.so (???)
10-07 15:54:34.561 11894 12028 F .xbmc.kodinerd: runtime.cc:558] native: #07 pc 00000000011d026c /data/app/org.xbmc.kodinerds-vbrsgimfQ6CBkJOdBTO2Fw==/lib/arm64/libkodi.so (???)
10-07 15:54:34.561 11894 12028 F .xbmc.kodinerd: runtime.cc:558] native: #08 pc 00000000011d0160 /data/app/org.xbmc.kodinerds-vbrsgimfQ6CBkJOdBTO2Fw==/lib/arm64/libkodi.so (XbmcThreads::ConditionVariable::wait(CCriticalSection&, unsigned long)+96)
10-07 15:54:34.565 11894 12028 F libc : Fatal signal 6 (SIGABRT), code -6 (SI_TKILL) in tid 12028 (Thread-12), pid 11894 (.xbmc.kodinerds)
10-07 15:54:34.654 12036 12036 I crash_dump64: obtaining output fd from tombstoned, type: kDebuggerdTombstone
10-07 15:54:34.654 3334 3334 I /system/bin/tombstoned: received crash request for pid 12028
10-07 15:54:34.655 12036 12036 I crash_dump64: performing dump of process 11894 (target tid = 12028)
10-07 15:54:34.665 12036 12036 F DEBUG : *** *** *** *** *** *** *** *** *** *** *** *** *** *** *** ***
10-07 15:54:34.665 12036 12036 F DEBUG : Build fingerprint: 'NVIDIA/foster_e_hdd/foster:9/PPR1.180610.011/4086637_1697.8089:user/release-keys'
10-07 15:54:34.665 12036 12036 F DEBUG : Revision: '0'
10-07 15:54:34.665 12036 12036 F DEBUG : ABI: 'arm64'
10-07 15:54:34.665 12036 12036 F DEBUG : pid: 11894, tid: 12028, name: Thread-12 >>> org.xbmc.kodinerds <<<
10-07 15:54:34.665 12036 12036 F DEBUG : signal 6 (SIGABRT), code -6 (SI_TKILL), fault addr --------
10-07 15:54:34.665 12036 12036 F DEBUG : Abort message: 'java_vm_ext.cc:542] JNI DETECTED ERROR IN APPLICATION: JNI GetArrayLength called with pending exception android.media.MediaDrm$MediaDrmStateException: Failed to get property: General DRM error'
10-07 15:54:34.665 12036 12036 F DEBUG : x0 0000000000000000 x1 0000000000002efc x2 0000000000000006 x3 0000000000000008
10-07 15:54:34.665 12036 12036 F DEBUG : x4 fefeff2dc3160667 x5 fefeff2dc3160667 x6 fefeff2dc3160667 x7 7f7f7f7fff7f7f7f
10-07 15:54:34.665 12036 12036 F DEBUG : x8 0000000000000083 x9 cd13cd410685cbca x10 0000000000000000 x11 fffffffc7ffffbdf
10-07 15:54:34.665 12036 12036 F DEBUG : x12 0000000000000001 x13 ffffffffffffffff x14 ffffffffff000000 x15 ffffffffffffffff
10-07 15:54:34.666 12036 12036 F DEBUG : x16 0000002ec0d2f2c8 x17 0000002ec0c6d110 x18 0000000000000001 x19 0000000000002e76
10-07 15:54:34.666 12036 12036 F DEBUG : x20 0000000000002efc x21 0000002f6d7b41c0 x22 0000000000000011 x23 0000002f4516bc53
10-07 15:54:34.666 12036 12036 F DEBUG : x24 0000002f4516bb07 x25 0000000000000001 x26 0000002f67ff56f0 x27 0000000000000043
10-07 15:54:34.666 12036 12036 F DEBUG : x28 0000002f4491b2a0 x29 0000002f67ff55a0
10-07 15:54:34.666 12036 12036 F DEBUG : sp 0000002f67ff5560 lr 0000002ec0c61c3c pc 0000002ec0c61c64
10-07 15:54:34.702 12036 12036 F DEBUG :
10-07 15:54:34.702 12036 12036 F DEBUG : backtrace:
10-07 15:54:34.702 12036 12036 F DEBUG : #00 pc 0000000000021c64 /system/lib64/libc.so (abort+116)
10-07 15:54:34.702 12036 12036 F DEBUG : #01 pc 0000000000464300 /system/lib64/libart.so (art::Runtime::Abort(char const*)+1196)
10-07 15:54:34.702 12036 12036 F DEBUG : #02 pc 0000000000008cd4 /system/lib64/libbase.so (android::base::LogMessage::~LogMessage()+724)
10-07 15:54:34.702 12036 12036 F DEBUG : #03 pc 00000000002e4ff0 /system/lib64/libart.so (art::JavaVMExt::JniAbort(char const*, char const*)+1640)
10-07 15:54:34.702 12036 12036 F DEBUG : #04 pc 00000000002e5160 /system/lib64/libart.so (art::JavaVMExt::JniAbortV(char const*, char const*, std::__va_list)+116)
10-07 15:54:34.702 12036 12036 F DEBUG : #05 pc 00000000000fcff8 /system/lib64/libart.so (art::(anonymous namespace)::ScopedCheck::AbortF(char const*, ...)+148)
10-07 15:54:34.702 12036 12036 F DEBUG : #06 pc 00000000000fb9d4 /system/lib64/libart.so (art::(anonymous namespace)::ScopedCheck::CheckPossibleHeapValue(art::ScopedObjectAccess&, char, art::(anonymous namespace)::JniValueType)+1152)
10-07 15:54:34.702 12036 12036 F DEBUG : #07 pc 00000000000fad40 /system/lib64/libart.so (art::(anonymous namespace)::ScopedCheck::Check(art::ScopedObjectAccess&, bool, char const*, art::(anonymous namespace)::JniValueType*)+628)
10-07 15:54:34.702 12036 12036 F DEBUG : #08 pc 00000000000f1b34 /system/lib64/libart.so (art::(anonymous namespace)::CheckJNI::GetArrayLength(_JNIEnv*, _jarray*)+688)
10-07 15:54:34.702 12036 12036 F DEBUG : #09 pc 000000000007ccb4 /data/app/org.xbmc.kodinerds-vbrsgimfQ6CBkJOdBTO2Fw==/lib/arm64/libssd_wv.so (jni::CJNIMediaDrm::getPropertyByteArray(std::__ndk1::basic_string, std::__ndk1::allocator> const&) const+128)
10-07 15:54:34.702 12036 12036 F DEBUG : #10 pc 0000000000070098 /data/app/org.xbmc.kodinerds-vbrsgimfQ6CBkJOdBTO2Fw==/lib/arm64/libssd_wv.so (WV_DRM::WV_DRM(WV_KEYSYSTEM, char const*, AP4_DataBuffer const&, jni::CJNIMediaDrmOnEventListener*)+980)
10-07 15:54:34.702 12036 12036 F DEBUG : #11 pc 0000000000076028 /data/app/org.xbmc.kodinerds-vbrsgimfQ6CBkJOdBTO2Fw==/lib/arm64/libssd_wv.so (WVDecrypter::OpenDRMSystem(char const*, AP4_DataBuffer const&, unsigned char)+68)
10-07 15:54:34.702 12036 12036 F DEBUG : #12 pc 00000000000ccd90 /data/app/org.xbmc.kodinerds-vbrsgimfQ6CBkJOdBTO2Fw==/lib/arm64/libinputstream.adaptive.so (Session::initialize(unsigned char, unsigned int)+1196)
10-07 15:54:34.702 12036 12036 F DEBUG : #13 pc 00000000000cfe84 /data/app/org.xbmc.kodinerds-vbrsgimfQ6CBkJOdBTO2Fw==/lib/arm64/libinputstream.adaptive.so (CInputStreamAdaptive::Open(INPUTSTREAM&)+1596)
10-07 15:54:34.703 12036 12036 F DEBUG : #14 pc 0000000001384eb8 /data/app/org.xbmc.kodinerds-vbrsgimfQ6CBkJOdBTO2Fw==/lib/arm64/libkodi.so (CInputStreamAddon::Open()+652)
10-07 15:54:34.703 12036 12036 F DEBUG : #15 pc 000000000140c5f0 /data/app/org.xbmc.kodinerds-vbrsgimfQ6CBkJOdBTO2Fw==/lib/arm64/libkodi.so (CVideoPlayer::OpenInputStream()+384)
10-07 15:54:34.703 12036 12036 F DEBUG : #16 pc 000000000140e7cc /data/app/org.xbmc.kodinerds-vbrsgimfQ6CBkJOdBTO2Fw==/lib/arm64/libkodi.so (CVideoPlayer::Prepare()+292)
10-07 15:54:34.703 12036 12036 F DEBUG : #17 pc 000000000140fa00 /data/app/org.xbmc.kodinerds-vbrsgimfQ6CBkJOdBTO2Fw==/lib/arm64/libkodi.so (CVideoPlayer::Process()+72)
10-07 15:54:34.703 12036 12036 F DEBUG : #18 pc 0000000001608a94 /data/app/org.xbmc.kodinerds-vbrsgimfQ6CBkJOdBTO2Fw==/lib/arm64/libkodi.so (CThread::Action()+40)
10-07 15:54:34.703 12036 12036 F DEBUG : #19 pc 0000000001609038 /data/app/org.xbmc.kodinerds-vbrsgimfQ6CBkJOdBTO2Fw==/lib/arm64/libkodi.so
10-07 15:54:34.703 12036 12036 F DEBUG : #20 pc 0000000001608eec /data/app/org.xbmc.kodinerds-vbrsgimfQ6CBkJOdBTO2Fw==/lib/arm64/libkodi.so
10-07 15:54:34.703 12036 12036 F DEBUG : #21 pc 0000000001608cf8 /data/app/org.xbmc.kodinerds-vbrsgimfQ6CBkJOdBTO2Fw==/lib/arm64/libkodi.so
10-07 15:54:34.703 12036 12036 F DEBUG : #22 pc 0000000000081978 /system/lib64/libc.so (__pthread_start(void*)+36)
10-07 15:54:34.703 12036 12036 F DEBUG : #23 pc 00000000000234b8 /system/lib64/libc.so (__start_thread+68)
10-07 15:54:35.035 4869 4869 D NowPlayingListener: onPlaybackStateChanged: PlaybackState {state=3, position=0, buffered position=0, speed=1.0, updated=1268534, actions=-1, custom actions=[], active item id=-1, error=null}
10-07 15:54:35.035 4869 4869 D NowPlayingListener: updatePlayback() called with: state = [PlaybackState {state=3, position=0, buffered position=0, speed=1.0, updated=1268534, actions=-1, custom actions=[], active item id=-1, error=null}] and now playing listener: com.google.android.tvrecommendations.NowPlayingManager@ab6ca20
10-07 15:54:35.035 4869 4869 D NowPlayingManager: onClientPlaybackStateUpdate() called with: state = [3], stateChangeTimeMs = [1268534], currentPosMs = [0]
10-07 15:54:35.035 4869 4869 D NowPlayingManager: onClientPlaybackStateUpdate: Skipped update, state: 3 was unchanged
10-07 15:54:35.036 5872 5872 D DeviceControlManagerService: onPlaybackStateChanged :PlaybackState {state=3, position=0, buffered position=0, speed=1.0, updated=1268534, actions=-1, custom actions=[], active item id=-1, error=null}
10-07 15:54:35.036 3728 3728 V NewAvrcpMediaPlayerWrapper: onPlaybackStateChanged(): org.xbmc.kodinerds : PlaybackState {state=3, position=0, buffered position=0, speed=1.0, updated=1268534, actions=-1, custom actions=[], active item id=-1, error=null}
10-07 15:54:35.037 4869 4869 D NowPlayingListener: updateMetadata() called with: metadata = [android.media.MediaMetadata@2c6e2695] and now playing listener: com.google.android.tvrecommendations.NowPlayingManager@ab6ca20
10-07 15:54:35.038 3728 3728 W NewAvrcpMediaPlayerWrapper: onPlaybackStateChanged(): org.xbmc.kodinerds tried to update with no new data
10-07 15:54:35.044 4869 4869 D NowPlayingManager: onMediaDataUpdated() called with: mediaData = [com.google.android.tvrecommendations.NowPlayingData@6885165]
10-07 15:54:35.057 4869 4869 D TVNotifService: onTVNotificationPosted StatusBarNotification(pkg=com.google.android.tvrecommendations user=UserHandle{0} id=4321 tag=Notification.NowPlaying key=0|com.google.android.tvrecommendations|4321|Notification.NowPlaying|10034: Notification(channel=now_playing pri=0 contentView=null vibrate=null sound=null defaults=0x0 flags=0x0 color=0x00000000 vis=PRIVATE)) userId: 0
10-07 15:54:35.256 3334 3334 E /system/bin/tombstoned: Tombstone written to: /data/tombstones/tombstone_09
10-07 15:54:35.258 3543 3585 I BootReceiver: Copying /data/tombstones/tombstone_09 to DropBox (SYSTEM_TOMBSTONE)
10-07 15:54:35.271 3543 12041 W ActivityManager: Force finishing activity org.xbmc.kodinerds/.Main
10-07 15:54:35.282 3543 3577 W BroadcastQueue: Background execution not allowed: receiving Intent { act=android.intent.action.DROPBOX_ENTRY_ADDED flg=0x10 (has extras) } to com.google.android.gms/.stats.service.DropBoxEntryAddedReceiver
10-07 15:54:35.282 3543 3577 W BroadcastQueue: Background execution not allowed: receiving Intent { act=android.intent.action.DROPBOX_ENTRY_ADDED flg=0x10 (has extras) } to com.google.android.gms/.chimera.GmsIntentOperationService$PersistentTrustedReceiver
10-07 15:54:35.291 3543 3577 W BroadcastQueue: Background execution not allowed: receiving Intent { act=android.intent.action.DROPBOX_ENTRY_ADDED flg=0x10 (has extras) } to com.nvidia.stats/.CollectionsReceiver
10-07 15:54:35.299 3543 3577 W BroadcastQueue: Background execution not allowed: receiving Intent { act=android.intent.action.DROPBOX_ENTRY_ADDED flg=0x10 (has extras) } to com.google.android.gms/.stats.service.DropBoxEntryAddedReceiver
10-07 15:54:35.299 3543 3577 W BroadcastQueue: Background execution not allowed: receiving Intent { act=android.intent.action.DROPBOX_ENTRY_ADDED flg=0x10 (has extras) } to com.google.android.gms/.chimera.GmsIntentOperationService$PersistentTrustedReceiver
10-07 15:54:35.299 3543 3577 W BroadcastQueue: Background execution not allowed: receiving Intent { act=android.intent.action.DROPBOX_ENTRY_ADDED flg=0x10 (has extras) } to com.nvidia.stats/.CollectionsReceiver
10-07 15:54:35.323 3543 3644 W InputDispatcher: channel 'bf22a54 org.xbmc.kodinerds/org.xbmc.kodinerds.Main (server)' ~ Consumer closed input channel or an error occurred. events=0x9
10-07 15:54:35.323 3543 3644 E InputDispatcher: channel 'bf22a54 org.xbmc.kodinerds/org.xbmc.kodinerds.Main (server)' ~ Channel is unrecoverably broken and will be disposed!
10-07 15:54:35.324 3543 10791 D MediaSessionService: Media button session is changed to null
10-07 15:54:35.324 3543 5899 I MediaFocusControl: AudioFocus removeFocusStackEntryOnDeath(): removing entry for android.os.BinderProxy@5e21ab9
10-07 15:54:35.325 3543 3665 D NsdService: Client disconnected
10-07 15:54:35.325 4869 4869 D NowPlayingListener: onActiveSessionsChanged() called with: controllers = [[]]
10-07 15:54:35.325 4869 4869 D NowPlayingListener: updateMediaSessionCallback: null
10-07 15:54:35.325 5872 5872 D DeviceControlManagerService: no active session
10-07 15:54:35.325 3096 12033 W DxDrmModularPlugin: Unable to convert legacy status: -2, defaulting to UNKNOWN
10-07 15:54:35.325 3543 3665 D NsdService: Terminating client-ID 2 global-ID 6 type 393225
10-07 15:54:35.325 3728 3728 W NewAvrcpMediaPlayerWrapper: The session was destroyed org.xbmc.kodinerds
10-07 15:54:35.326 3728 4293 E bt_btif : register_notification_rsp: Avrcp device is not connected, handle: 0x0
10-07 15:54:35.326 3728 4293 I chatty : uid=1002(bluetooth) BluetoothAvrcpH identical 4 lines
10-07 15:54:35.326 3728 4293 E bt_btif : register_notification_rsp: Avrcp device is not connected, handle: 0x0
10-07 15:54:35.326 3728 3728 V NewAvrcpMediaPlayerList: onActiveSessionsChanged: number of controllers: 0
10-07 15:54:35.326 3096 12033 W DxDrmModularPlugin: Unable to convert legacy status: -2, defaulting to UNKNOWN
10-07 15:54:35.326 3322 3357 E DrmHal : Failed to get vendor from drm plugin: -2000
10-07 15:54:35.326 3096 12033 W DxDrmModularPlugin: Unable to convert legacy status: -2, defaulting to UNKNOWN
10-07 15:54:35.326 3322 3357 E DrmHal : Failed to get description from drm plugin: -2000
10-07 15:54:35.327 3543 7320 I WindowManager: WIN DEATH: Window{bf22a54 u0 org.xbmc.kodinerds/org.xbmc.kodinerds.Main}
10-07 15:54:35.327 3543 7320 W InputDispatcher: Attempted to unregister already unregistered input channel 'bf22a54 org.xbmc.kodinerds/org.xbmc.kodinerds.Main (server)'
10-07 15:54:35.327 3543 3665 D NsdService: mdnssd [stop-register, 6]
10-07 15:54:35.327 3096 12033 E DxNvGooModularPlugin: setListener
10-07 15:54:35.327 3543 8947 I ActivityManager: Process org.xbmc.kodinerds (pid 11894) has died: vis +99TOP
10-07 15:54:35.330 3081 3205 D MDnsDS : polling error: 32
10-07 15:54:35.330 3543 3580 W libprocessgroup: kill(-11894, 9) failed: No such process
10-07 15:54:35.330 3543 3580 I libprocessgroup: Successfully killed process cgroup uid 10159 pid 11894 in 5ms
10-07 15:54:35.331 3543 3665 D NsdService: Terminating client-ID 3 global-ID 7 type 393225
10-07 15:54:35.332 3543 3665 D NsdService: mdnssd [stop-register, 7]
10-07 15:54:35.332 4869 4869 D NowPlayingManager: onClientChanged() called with: clearing = [true]
10-07 15:54:35.332 3081 3205 D MDnsDS : polling error: 32
10-07 15:54:35.333 3543 3543 W TelecomManager: Telecom Service not found.
10-07 15:54:35.336 3082 3082 I Zygote : Process 11894 exited due to signal (6)
10-07 15:54:35.339 3127 4079 W SurfaceFlinger: Attempting to set client state on removed layer: org.xbmc.kodinerds/org.xbmc.kodinerds.Main#0
10-07 15:54:35.340 3127 4079 W SurfaceFlinger: Attempting to destroy on removed layer: org.xbmc.kodinerds/org.xbmc.kodinerds.Main#0
10-07 15:54:35.350 4490 4490 E phs:fs : Unable to open file "/proc/11894/largest_task": No such file or directory
10-07 15:54:35.367 4869 4869 D TVNotifService: onNotificationRemoved StatusBarNotification(pkg=com.google.android.tvrecommendations user=UserHandle{0} id=4321 tag=Notification.NowPlaying key=0|com.google.android.tvrecommendations|4321|Notification.NowPlaying|10034: Notification(channel=now_playing pri=0 contentView=null vibrate=null sound=null defaults=0x0 flags=0x0 color=0x00000000 vis=PRIVATE)) userId: 0
10-07 15:54:35.372 3543 3588 W ActivityManager: setHasOverlayUi called on unknown pid: 11894
10-07 15:54:35.372 3543 3645 I InputReader: Reconfiguring input devices. changes=0x00000004
10-07 15:54:35.373 4903 4903 I AppLifecycleTracker: App transition to foreground
10-07 15:54:35.375 4903 4903 I DataLoader: Failed to register content observer for URI: content://tvlauncher.mic/farfield_mic_status.
10-07 15:54:35.375 4903 4903 I DataLoader: Reason: Failed to find provider tvlauncher.mic for user 0; expected to find a valid ContentProvider for this authority
10-07 15:54:35.377 4903 4903 I PrtnrWidgetInfoLdr: Failed to register content observer for URI: content://tvlauncher.widget/widget.
10-07 15:54:35.377 4903 4903 I PrtnrWidgetInfoLdr: Reason: Failed to find provider tvlauncher.widget for user 0; expected to find a valid ContentProvider for this authority
10-07 15:54:35.380 4903 12055 E ActivityThread: Failed to find provider info for tvlauncher.mic
10-07 15:54:35.380 4903 12056 E ActivityThread: Failed to find provider info for tvlauncher.widget
10-07 15:54:35.381 4869 5562 D TVNotifService: getConnectedInstanceBlocking - block
10-07 15:54:35.381 4869 5562 D TVNotifService: getConnectedInstanceBlockingWithTimeout - done
10-07 15:54:35.392 4869 4869 D NotifInteractonRcvr: Show unseen default level notification toasts
10-07 15:54:35.393 4692 4729 I android_os_HwBinder: HwBinder: Starting thread pool for default::vendor.nvidia.hardware.power@1.0::IPower
10-07 15:54:35.400 4490 4490 E phs:fs : Unable to open file "/proc/11894/largest_task": No such file or directory
10-07 15:54:35.405 4490 4490 I chatty : uid=1000(system) /vendor/bin/nvphsd identical 1 line
10-07 15:54:35.409 4490 4490 E phs:fs : Unable to open file "/proc/11894/largest_task": No such file or directory
10-07 15:54:35.413 4869 5562 D TVNotifService: getConnectedInstanceBlocking - block
10-07 15:54:35.413 4869 5562 D TVNotifService: getConnectedInstanceBlockingWithTimeout - done
10-07 15:54:35.420 4869 4907 D TVNotifService: getConnectedInstanceBlocking - block
10-07 15:54:35.420 4869 4907 D TVNotifService: getConnectedInstanceBlockingWithTimeout - done
10-07 15:54:35.424 10796 12060 E org.xbmc.kodi: No implementation found for boolean org.xbmc.kodi.XBMCFile._open(java.lang.String) (tried Java_org_xbmc_kodi_XBMCFile__1open and Java_org_xbmc_kodi_XBMCFile__1open__Ljava_lang_String_2)
10-07 15:54:35.424 10796 12060 E Kodifile: Open: Not available
10-07 15:54:35.424 4903 8248 D skia : --- Failed to create image decoder with message 'unimplemented'
10-07 15:54:35.424 4903 8248 D skia : --- Failed to create image decoder with message 'unimplemented'
10-07 15:54:35.427 3326 3962 E MetadataRetrieverClient: offset (0) bigger than file size (0)
10-07 15:54:35.428 10796 12059 E org.xbmc.kodi: No implementation found for boolean org.xbmc.kodi.XBMCFile._open(java.lang.String) (tried Java_org_xbmc_kodi_XBMCFile__1open and Java_org_xbmc_kodi_XBMCFile__1open__Ljava_lang_String_2)
10-07 15:54:35.428 10796 12059 E Kodifile: Open: Not available
10-07 15:54:35.429 4903 8227 D skia : --- Failed to create image decoder with message 'unimplemented'
10-07 15:54:35.431 10796 12062 E org.xbmc.kodi: No implementation found for boolean org.xbmc.kodi.XBMCFile._open(java.lang.String) (tried Java_org_xbmc_kodi_XBMCFile__1open and Java_org_xbmc_kodi_XBMCFile__1open__Ljava_lang_String_2)
10-07 15:54:35.431 10796 12062 E Kodifile: Open: Not available
10-07 15:54:35.432 4903 8227 D skia : --- Failed to create image decoder with message 'unimplemented'
10-07 15:54:35.436 4903 8248 E MediaMetadataRetrieverJNI: negative length (-1)
10-07 15:54:35.440 3326 3962 E MetadataRetrieverClient: offset (0) bigger than file size (0)
10-07 15:54:35.441 3125 3228 I hash_map_utils: key: 'nv_param_low_latency_active' value: ''
10-07 15:54:35.441 10796 12064 E org.xbmc.kodi: No implementation found for boolean org.xbmc.kodi.XBMCFile._open(java.lang.String) (tried Java_org_xbmc_kodi_XBMCFile__1open and Java_org_xbmc_kodi_XBMCFile__1open__Ljava_lang_String_2)
10-07 15:54:35.441 10796 12064 E Kodifile: Open: Not available
10-07 15:54:35.445 4903 8227 E MediaMetadataRetrieverJNI: negative length (-1)
10-07 15:54:35.451 4490 4490 E phs:fs : Unable to open file "/proc/11894/largest_task": No such file or directory
10-07 15:54:35.451 3127 4079 D SurfaceFlinger: Connected to Power Manager
10-07 15:54:35.457 10796 12058 E org.xbmc.kodi: No implementation found for boolean org.xbmc.kodi.XBMCFile._open(java.lang.String) (tried Java_org_xbmc_kodi_XBMCFile__1open and Java_org_xbmc_kodi_XBMCFile__1open__Ljava_lang_String_2)
10-07 15:54:35.457 10796 12058 E Kodifile: Open: Not available
10-07 15:54:35.457 10796 12066 E org.xbmc.kodi: No implementation found for boolean org.xbmc.kodi.XBMCFile._open(java.lang.String) (tried Java_org_xbmc_kodi_XBMCFile__1open and Java_org_xbmc_kodi_XBMCFile__1open__Ljava_lang_String_2)
10-07 15:54:35.457 10796 12066 E Kodifile: Open: Not available
10-07 15:54:35.458 4903 8237 D skia : --- Failed to create image decoder with message 'unimplemented'
10-07 15:54:35.458 4903 8237 D skia : --- Failed to create image decoder with message 'unimplemented'
10-07 15:54:35.458 10796 12063 E org.xbmc.kodi: No implementation found for boolean org.xbmc.kodi.XBMCFile._open(java.lang.String) (tried Java_org_xbmc_kodi_XBMCFile__1open and Java_org_xbmc_kodi_XBMCFile__1open__Ljava_lang_String_2)
10-07 15:54:35.458 10796 12063 E Kodifile: Open: Not available
10-07 15:54:35.459 10796 12065 E org.xbmc.kodi: No implementation found for boolean org.xbmc.kodi.XBMCFile._open(java.lang.String) (tried Java_org_xbmc_kodi_XBMCFile__1open and Java_org_xbmc_kodi_XBMCFile__1open__Ljava_lang_String_2)
10-07 15:54:35.459 10796 12065 E Kodifile: Open: Not available
10-07 15:54:35.460 10796 12061 E org.xbmc.kodi: No implementation found for boolean org.xbmc.kodi.XBMCFile._open(java.lang.String) (tried Java_org_xbmc_kodi_XBMCFile__1open and Java_org_xbmc_kodi_XBMCFile__1open__Ljava_lang_String_2)
10-07 15:54:35.460 4903 8248 D skia : --- Failed to create image decoder with message 'unimplemented'
10-07 15:54:35.460 10796 12061 E Kodifile: Open: Not available
10-07 15:54:35.461 4903 8230 D skia : --- Failed to create image decoder with message 'unimplemented'
10-07 15:54:35.461 4903 8248 D skia : --- Failed to create image decoder with message 'unimplemented'
10-07 15:54:35.461 4903 8230 D skia : --- Failed to create image decoder with message 'unimplemented'
10-07 15:54:35.463 10796 12068 E org.xbmc.kodi: No implementation found for boolean org.xbmc.kodi.XBMCFile._open(java.lang.String) (tried Java_org_xbmc_kodi_XBMCFile__1open and Java_org_xbmc_kodi_XBMCFile__1open__Ljava_lang_String_2)
10-07 15:54:35.463 10796 12068 E Kodifile: Open: Not available
10-07 15:54:35.464 4490 4490 E phs:fs : Unable to open file "/proc/11894/largest_task": No such file or directory
10-07 15:54:35.464 4490 4490 E phs:fs : Unable to open file "/proc/11894/largest_task": No such file or directory
10-07 15:54:35.465 4869 5562 D TVNotifService: getConnectedInstanceBlocking - block
10-07 15:54:35.465 4869 5562 D TVNotifService: getConnectedInstanceBlockingWithTimeout - done
10-07 15:54:35.471 3326 3962 E MetadataRetrieverClient: offset (0) bigger than file size (0)
10-07 15:54:35.472 3326 6164 E MetadataRetrieverClient: offset (0) bigger than file size (0)
10-07 15:54:35.474 10796 12069 E org.xbmc.kodi: No implementation found for boolean org.xbmc.kodi.XBMCFile._open(java.lang.String) (tried Java_org_xbmc_kodi_XBMCFile__1open and Java_org_xbmc_kodi_XBMCFile__1open__Ljava_lang_String_2)
10-07 15:54:35.474 10796 12069 E Kodifile: Open: Not available
10-07 15:54:35.476 4903 8237 E MediaMetadataRetrieverJNI: negative length (-1)
10-07 15:54:35.477 10796 12067 E org.xbmc.kodi: No implementation found for boolean org.xbmc.kodi.XBMCFile._open(java.lang.String) (tried Java_org_xbmc_kodi_XBMCFile__1open and Java_org_xbmc_kodi_XBMCFile__1open__Ljava_lang_String_2)
10-07 15:54:35.477 10796 12067 E Kodifile: Open: Not available
10-07 15:54:35.477 4903 8227 D skia : --- Failed to create image decoder with message 'unimplemented'
10-07 15:54:35.478 4903 8227 D skia : --- Failed to create image decoder with message 'unimplemented'
10-07 15:54:35.479 10796 12071 E org.xbmc.kodi: No implementation found for boolean org.xbmc.kodi.XBMCFile._open(java.lang.String) (tried Java_org_xbmc_kodi_XBMCFile__1open and Java_org_xbmc_kodi_XBMCFile__1open__Ljava_lang_String_2)
10-07 15:54:35.479 10796 12071 E Kodifile: Open: Not available
10-07 15:54:35.486 3543 3564 I system_server: Background concurrent copying GC freed 194221(6MB) AllocSpace objects, 26(1784KB) LOS objects, 42% free, 11MB/20MB, paused 113us total 147.712ms
10-07 15:54:35.486 3326 3962 E MetadataRetrieverClient: offset (0) bigger than file size (0)
