10-07 15:54:03.359 11894 11934 V Kodi : Debug Print: CAddonMgr::FindAddons: Addon 'metadata.artists.universal' already present with version 4.3.0 at '/data/user/0/org.xbmc.kodinerds/cache/apk/assets/addons/metadata.artists.universal/' replaced with version 4.3.2 at '/storage/emulated/0/Android/data/org.xbmc.kodinerds/files/.kodi/addons/metadata.artists.universal/'
10-07 15:54:03.375 11894 11934 V Kodi : Debug Print: CAddonMgr::FindAddons: audioencoder.kodi.builtin.aac v1.0.0 installed
10-07 15:54:03.376 11894 11934 V Kodi : Debug Print: CAddonMgr::FindAddons: audioencoder.kodi.builtin.wma v1.0.0 installed
10-07 15:54:03.376 11894 11934 V Kodi : Debug Print: CAddonMgr::FindAddons: game.controller.default v1.0.8 installed
10-07 15:54:03.377 11894 11934 V Kodi : Debug Print: CAddonMgr::FindAddons: game.controller.snes v1.0.8 installed
10-07 15:54:03.377 11894 11934 V Kodi : Debug Print: CAddonMgr::FindAddons: inputstream.adaptive v2.5.0 installed
10-07 15:54:03.377 11894 11934 V Kodi : Debug Print: CAddonMgr::FindAddons: kodi.binary.global.audioengine v1.0.2 installed
10-07 15:54:03.378 11894 11934 V Kodi : Debug Print: CAddonMgr::FindAddons: kodi.binary.global.filesystem v1.0.3 installed
10-07 15:54:03.378 11894 11934 V Kodi : Debug Print: CAddonMgr::FindAddons: kodi.binary.global.general v1.0.3 installed
10-07 15:54:03.378 11894 11934 V Kodi : Debug Print: CAddonMgr::FindAddons: kodi.binary.global.gui v5.14.0 installed
10-07 15:54:03.379 11894 11934 V Kodi : Debug Print: CAddonMgr::FindAddons: kodi.binary.global.main v1.1.0 installed
10-07 15:54:03.379 11894 11934 V Kodi : Debug Print: CAddonMgr::FindAddons: kodi.binary.global.network v1.0.0 installed
10-07 15:54:03.379 11894 11934 V Kodi : Debug Print: CAddonMgr::FindAddons: kodi.binary.instance.audiodecoder v2.0.0 installed
10-07 15:54:03.380 11894 11934 V Kodi : Debug Print: CAddonMgr::FindAddons: kodi.binary.instance.audioencoder v2.0.0 installed
10-07 15:54:03.380 11894 11934 V Kodi : Debug Print: CAddonMgr::FindAddons: kodi.binary.instance.game v1.1.0 installed
10-07 15:54:03.380 11894 11934 V Kodi : Debug Print: CAddonMgr::FindAddons: kodi.binary.instance.imagedecoder v2.0.0 installed
10-07 15:54:03.381 11894 11934 V Kodi : Debug Print: CAddonMgr::FindAddons: kodi.binary.instance.inputstream v2.0.10 installed
10-07 15:54:03.381 11894 11934 V Kodi : Debug Print: CAddonMgr::FindAddons: kodi.binary.instance.peripheral v1.3.7 installed
10-07 15:54:03.381 11894 11934 V Kodi : Debug Print: CAddonMgr::FindAddons: kodi.binary.instance.pvr v6.1.0 installed
10-07 15:54:03.382 11894 11934 V Kodi : Debug Print: CAddonMgr::FindAddons: kodi.binary.instance.screensaver v2.0.0 installed
10-07 15:54:03.382 11894 11934 V Kodi : Debug Print: CAddonMgr::FindAddons: kodi.binary.instance.vfs v2.2.0 installed
10-07 15:54:03.382 11894 11934 V Kodi : Debug Print: CAddonMgr::FindAddons: kodi.binary.instance.videocodec v1.0.1 installed
10-07 15:54:03.383 11894 11934 V Kodi : Debug Print: CAddonMgr::FindAddons: kodi.binary.instance.visualization v2.0.1 installed
10-07 15:54:03.383 11894 11934 V Kodi : Debug Print: CAddonMgr::FindAddons: kodi.resource v1.0.0 installed
10-07 15:54:03.384 11894 11934 V Kodi : Debug Print: CAddonMgr::FindAddons: metadata.album.universal v3.1.2 installed
10-07 15:54:03.384 11894 11934 V Kodi : Debug Print: CAddonMgr::FindAddons: metadata.artists.universal v4.3.2 installed
10-07 15:54:03.385 11894 11934 V Kodi : Debug Print: CAddonMgr::FindAddons: metadata.common.allmusic.com v3.2.1 installed
10-07 15:54:03.385 11894 11934 V Kodi : Debug Print: CAddonMgr::FindAddons: metadata.common.fanart.tv v3.6.2 installed
10-07 15:54:03.385 11894 11934 V Kodi : Debug Print: CAddonMgr::FindAddons: metadata.common.imdb.com v3.1.4 installed
10-07 15:54:03.386 11894 11934 V Kodi : Debug Print: CAddonMgr::FindAddons: metadata.common.musicbrainz.org v2.2.1 installed
10-07 15:54:03.386 11894 11934 V Kodi : Debug Print: CAddonMgr::FindAddons: metadata.common.theaudiodb.com v2.0.3 installed
10-07 15:54:03.386 11894 11934 V Kodi : Debug Print: CAddonMgr::FindAddons: metadata.common.themoviedb.org v3.1.10 installed
10-07 15:54:03.387 11894 11934 V Kodi : Debug Print: CAddonMgr::FindAddons: metadata.local v1.0.0 installed
10-07 15:54:03.387 11894 11934 V Kodi : Debug Print: CAddonMgr::FindAddons: metadata.themoviedb.org v5.1.9 installed
10-07 15:54:03.388 11894 11934 V Kodi : Debug Print: CAddonMgr::FindAddons: metadata.tvshows.themoviedb.org v3.1.3 installed
10-07 15:54:03.388 11894 11934 V Kodi : Debug Print: CAddonMgr::FindAddons: peripheral.joystick v1.4.8 installed
10-07 15:54:03.388 11894 11934 V Kodi : Debug Print: CAddonMgr::FindAddons: plugin.video.skygo.de v1.13.4 installed
10-07 15:54:03.389 11894 11934 V Kodi : Debug Print: CAddonMgr::FindAddons: repository.kodinerds v6.0.0 installed
10-07 15:54:03.389 11894 11934 V Kodi : Debug Print: CAddonMgr::FindAddons: repository.xbmc.org v3.2.0 installed
10-07 15:54:03.389 11894 11934 V Kodi : Debug Print: CAddonMgr::FindAddons: resource.images.weathericons.default v1.1.8 installed
10-07 15:54:03.390 11894 11934 V Kodi : Debug Print: CAddonMgr::FindAddons: resource.language.de_de v9.0.19 installed
10-07 15:54:03.390 11894 11934 V Kodi : Debug Print: CAddonMgr::FindAddons: resource.language.en_gb v2.0.1 installed
10-07 15:54:03.390 11894 11934 V Kodi : Debug Print: CAddonMgr::FindAddons: resource.uisounds.kodi v1.0.0 installed
10-07 15:54:03.391 11894 11934 V Kodi : Debug Print: CAddonMgr::FindAddons: screensaver.xbmc.builtin.black v1.0.32 installed
10-07 15:54:03.391 11894 11934 V Kodi : Debug Print: CAddonMgr::FindAddons: screensaver.xbmc.builtin.dim v1.0.56 installed
10-07 15:54:03.391 11894 11934 V Kodi : Debug Print: CAddonMgr::FindAddons: script.common.plugin.cache v2.5.10 installed
10-07 15:54:03.392 11894 11934 V Kodi : Debug Print: CAddonMgr::FindAddons: script.module.certifi v2019.9.11 installed
10-07 15:54:03.392 11894 11934 V Kodi : Debug Print: CAddonMgr::FindAddons: script.module.chardet v3.0.4 installed
10-07 15:54:03.392 11894 11934 V Kodi : Debug Print: CAddonMgr::FindAddons: script.module.cryptopy v1.2.6 installed
10-07 15:54:03.393 11894 11934 V Kodi : Debug Print: CAddonMgr::FindAddons: script.module.idna v2.8 installed
10-07 15:54:03.393 11894 11934 V Kodi : Debug Print: CAddonMgr::FindAddons: script.module.inputstreamhelper v0.4.2 installed
10-07 15:54:03.393 11894 11934 V Kodi : Debug Print: CAddonMgr::FindAddons: script.module.kodi-six v0.1.0 installed
10-07 15:54:03.394 11894 11934 V Kodi : Debug Print: CAddonMgr::FindAddons: script.module.pil v1.1.7 installed
10-07 15:54:03.394 11894 11934 V Kodi : Debug Print: CAddonMgr::FindAddons: script.module.pycryptodome v3.4.3 installed
10-07 15:54:03.394 11894 11934 V Kodi : Debug Print: CAddonMgr::FindAddons: script.module.pydes v2.0.1 installed
10-07 15:54:03.395 11894 11934 V Kodi : Debug Print: CAddonMgr::FindAddons: script.module.requests v2.22.0 installed
10-07 15:54:03.395 11894 11934 V Kodi : Debug Print: CAddonMgr::FindAddons: script.module.routing v0.2.3 installed
10-07 15:54:03.396 11894 11934 V Kodi : Debug Print: CAddonMgr::FindAddons: script.module.urllib3 v1.25.3 installed
10-07 15:54:03.396 11894 11934 V Kodi : Debug Print: CAddonMgr::FindAddons: service.xbmc.versioncheck v0.4.6 installed
10-07 15:54:03.396 11894 11934 V Kodi : Debug Print: CAddonMgr::FindAddons: skin.estouchy v2.0.23 installed
10-07 15:54:03.397 11894 11934 V Kodi : Debug Print: CAddonMgr::FindAddons: skin.estuary v2.0.22 installed
10-07 15:54:03.397 11894 11934 V Kodi : Debug Print: CAddonMgr::FindAddons: webinterface.default v18.x-2.4.6 installed
10-07 15:54:03.397 11894 11934 V Kodi : Debug Print: CAddonMgr::FindAddons: xbmc.addon v18.9.701 installed
10-07 15:54:03.398 11894 11934 V Kodi : Debug Print: CAddonMgr::FindAddons: xbmc.core v0.1.0 installed
10-07 15:54:03.398 11894 11934 V Kodi : Debug Print: CAddonMgr::FindAddons: xbmc.gui v5.14.0 installed
10-07 15:54:03.398 11894 11934 V Kodi : Debug Print: CAddonMgr::FindAddons: xbmc.json v10.5.2 installed
10-07 15:54:03.399 11894 11934 V Kodi : Debug Print: CAddonMgr::FindAddons: xbmc.metadata v2.1.0 installed
10-07 15:54:03.399 11894 11934 V Kodi : Debug Print: CAddonMgr::FindAddons: xbmc.python v2.26.0 installed
10-07 15:54:03.400 11894 11934 V Kodi : Debug Print: CAddonMgr::FindAddons: xbmc.webinterface v1.0.0 installed
10-07 15:54:03.406 11894 11934 V Kodi : Debug Print: CFavourites::Load - no system favourites found, skipping
10-07 15:54:03.407 11894 11934 V Kodi : Debug Print: CFavourites::Load - no userdata favourites found, skipping
10-07 15:54:03.408 11894 11944 V Kodi : Debug Print: Thread ActiveAE start, auto delete: false
10-07 15:54:03.408 11894 11945 V Kodi : Debug Print: Thread AESink start, auto delete: false
10-07 15:54:03.411 3125 11468 I APM_AudioPolicyManager: getOutputForAttr() device 0x400, sampling rate 48000, format 0x5, channel mask 0x3, flags 0
10-07 15:54:03.412 3125 11468 D AudioFlinger: Client defaulted notificationFrames to 770 for frameCount 1540
10-07 15:54:03.468 3125 11468 I APM_AudioPolicyManager: getOutputForAttr() device 0x400, sampling rate 48000, format 0x5, channel mask 0x63f, flags 0
10-07 15:54:03.468 3125 11468 D AudioFlinger: Client defaulted notificationFrames to 770 for frameCount 1540
10-07 15:54:03.522 11894 11944 V Kodi : Debug Print: Float is supported
10-07 15:54:03.522 11894 11944 V Kodi : Debug Print: Multi channel Float is supported
10-07 15:54:03.523 11894 11944 V Kodi : Debug Print: AESinkAUDIOTRACK - 32000 supported
10-07 15:54:03.524 11894 11944 V Kodi : Debug Print: AESinkAUDIOTRACK - 44100 supported
10-07 15:54:03.524 11894 11944 V Kodi : Debug Print: AESinkAUDIOTRACK - 48000 supported
10-07 15:54:03.525 11894 11944 V Kodi : Debug Print: AESinkAUDIOTRACK - 88200 supported
10-07 15:54:03.525 11894 11944 V Kodi : Debug Print: AESinkAUDIOTRACK - 96000 supported
10-07 15:54:03.526 11894 11944 V Kodi : Debug Print: AESinkAUDIOTRACK - 176400 supported
10-07 15:54:03.526 11894 11944 V Kodi : Debug Print: AESinkAUDIOTRACK - 192000 supported
10-07 15:54:03.527 3125 4530 I APM_AudioPolicyManager: getOutputForAttr() device 0x400, sampling rate 48000, format 0x9000000, channel mask 0x3, flags 0x1
10-07 15:54:03.528 3125 4530 I AudioFlinger: openOutput() this 0x4b3be000, module 10 Device 0x400, SamplingRate 48000, Format 0x9000000, Channels 0x3, flags 0x1
10-07 15:54:03.528 3089 3461 W DeviceHAL: Error from HAL Device in function open_output_stream: Unknown error -22
10-07 15:54:03.528 3125 4530 I AudioHwDevice: openOutputStream(), HAL returned sampleRate 48000, Format 0x9000000, channelMask 0x3, status -61
10-07 15:54:03.528 3125 4530 I AudioSPDIF: SPDIFEncoder: mBurstBufferSizeBytes = 24576, littleEndian = 1
10-07 15:54:03.528 3125 4530 I AudioFlinger: SpdifStreamOut::open() AudioFlinger requested sampleRate 48000, format 0x9000000, channelMask 0x3
10-07 15:54:03.528 3125 4530 I AudioFlinger: SpdifStreamOut::open() HAL configured for sampleRate 48000, format 0x1, channelMask 0x3
10-07 15:54:03.528 3125 4530 I AudioFlinger: SpdifStreamOut::open() status = 0
10-07 15:54:03.529 3125 4530 I AudioFlinger: HAL output buffer size 4096 frames, normal sink buffer size 4096 frames
10-07 15:54:03.531 3125 11949 I AudioFlinger: AudioFlinger's thread 0x4d8f3000 tid=11949 ready to run
10-07 15:54:03.587 11894 11944 V Kodi : Debug Print: Firmware implements AC3 RAW
10-07 15:54:03.588 3125 11468 I APM_AudioPolicyManager: getOutputForAttr() device 0x400, sampling rate 48000, format 0xa000000, channel mask 0x3, flags 0x1
10-07 15:54:03.588 3125 11468 W APM_AudioPolicyManager: getOutputForDevice() could not find output for stream 3, sampling rate 48000, format 0xa000000, channels 0x3, flags 0x1
10-07 15:54:03.639 3125 11468 I APM_AudioPolicyManager: getOutputForAttr() device 0x400, sampling rate 48000, format 0xa000000, channel mask 0x3, flags 0x1
10-07 15:54:03.639 3125 11468 W APM_AudioPolicyManager: getOutputForDevice() could not find output for stream 3, sampling rate 48000, format 0xa000000, channels 0x3, flags 0x1
10-07 15:54:03.689 3125 11468 I APM_AudioPolicyManager: getOutputForAttr() device 0x400, sampling rate 48000, format 0xa000000, channel mask 0x3, flags 0x1
10-07 15:54:03.689 3125 11468 W APM_AudioPolicyManager: getOutputForDevice() could not find output for stream 3, sampling rate 48000, format 0xa000000, channels 0x3, flags 0x1
10-07 15:54:03.739 3125 11468 I APM_AudioPolicyManager: getOutputForAttr() device 0x400, sampling rate 48000, format 0xa000000, channel mask 0x3, flags 0x1
10-07 15:54:03.739 3125 11468 W APM_AudioPolicyManager: getOutputForDevice() could not find output for stream 3, sampling rate 48000, format 0xa000000, channels 0x3, flags 0x1
10-07 15:54:03.789 3125 11468 I APM_AudioPolicyManager: getOutputForAttr() device 0x400, sampling rate 48000, format 0xa000000, channel mask 0x3, flags 0x1
10-07 15:54:03.789 3125 11468 W APM_AudioPolicyManager: getOutputForDevice() could not find output for stream 3, sampling rate 48000, format 0xa000000, channels 0x3, flags 0x1
10-07 15:54:03.839 3125 11468 I APM_AudioPolicyManager: getOutputForAttr() device 0x400, sampling rate 48000, format 0xa000000, channel mask 0x3, flags 0x1
10-07 15:54:03.839 3125 11468 W APM_AudioPolicyManager: getOutputForDevice() could not find output for stream 3, sampling rate 48000, format 0xa000000, channels 0x3, flags 0x1
10-07 15:54:03.890 3125 11468 I APM_AudioPolicyManager: getOutputForAttr() device 0x400, sampling rate 48000, format 0xa000000, channel mask 0x3, flags 0x1
10-07 15:54:03.890 3125 11468 W APM_AudioPolicyManager: getOutputForDevice() could not find output for stream 3, sampling rate 48000, format 0xa000000, channels 0x3, flags 0x1
10-07 15:54:03.940 3125 11468 I APM_AudioPolicyManager: getOutputForAttr() device 0x400, sampling rate 48000, format 0xa000000, channel mask 0x3, flags 0x1
10-07 15:54:03.940 3125 11468 W APM_AudioPolicyManager: getOutputForDevice() could not find output for stream 3, sampling rate 48000, format 0xa000000, channels 0x3, flags 0x1
10-07 15:54:03.990 3125 11468 I APM_AudioPolicyManager: getOutputForAttr() device 0x400, sampling rate 48000, format 0xa000000, channel mask 0x3, flags 0x1
10-07 15:54:03.990 3125 11468 W APM_AudioPolicyManager: getOutputForDevice() could not find output for stream 3, sampling rate 48000, format 0xa000000, channels 0x3, flags 0x1
10-07 15:54:04.040 3125 11468 I APM_AudioPolicyManager: getOutputForAttr() device 0x400, sampling rate 48000, format 0xa000000, channel mask 0x3, flags 0x1
10-07 15:54:04.040 3125 11468 W APM_AudioPolicyManager: getOutputForDevice() could not find output for stream 3, sampling rate 48000, format 0xa000000, channels 0x3, flags 0x1
10-07 15:54:04.090 3125 11468 I APM_AudioPolicyManager: getOutputForAttr() device 0x400, sampling rate 48000, format 0xa000000, channel mask 0x3, flags 0x1
10-07 15:54:04.090 3125 11468 W APM_AudioPolicyManager: getOutputForDevice() could not find output for stream 3, sampling rate 48000, format 0xa000000, channels 0x3, flags 0x1
10-07 15:54:04.141 3125 11468 I APM_AudioPolicyManager: getOutputForAttr() device 0x400, sampling rate 48000, format 0xa000000, channel mask 0x3, flags 0x1
10-07 15:54:04.141 3125 11468 W APM_AudioPolicyManager: getOutputForDevice() could not find output for stream 3, sampling rate 48000, format 0xa000000, channels 0x3, flags 0x1
10-07 15:54:04.191 3125 11468 I APM_AudioPolicyManager: getOutputForAttr() device 0x400, sampling rate 48000, format 0xa000000, channel mask 0x3, flags 0x1
10-07 15:54:04.191 3125 11468 W APM_AudioPolicyManager: getOutputForDevice() could not find output for stream 3, sampling rate 48000, format 0xa000000, channels 0x3, flags 0x1
10-07 15:54:04.241 3125 11468 I APM_AudioPolicyManager: getOutputForAttr() device 0x400, sampling rate 48000, format 0xa000000, channel mask 0x3, flags 0x1
10-07 15:54:04.241 3125 11468 W APM_AudioPolicyManager: getOutputForDevice() could not find output for stream 3, sampling rate 48000, format 0xa000000, channels 0x3, flags 0x1
10-07 15:54:04.291 3125 11468 I APM_AudioPolicyManager: getOutputForAttr() device 0x400, sampling rate 48000, format 0xa000000, channel mask 0x3, flags 0x1
10-07 15:54:04.291 3125 11468 W APM_AudioPolicyManager: getOutputForDevice() could not find output for stream 3, sampling rate 48000, format 0xa000000, channels 0x3, flags 0x1
10-07 15:54:04.319 4531 5046 I ShieldBluetoothScanPolicy: Scans disallowed due to PACKAGE POLL
10-07 15:54:04.320 4531 5046 D BluetoothAdapter: isLeEnabled(): ON
10-07 15:54:04.326 3728 3848 D AdapterProperties: Discoverable Timeout:-1
10-07 15:54:04.327 3728 3848 D AdapterProperties: Scan Mode:21
10-07 15:54:04.341 3125 11468 I APM_AudioPolicyManager: getOutputForAttr() device 0x400, sampling rate 48000, format 0xa000000, channel mask 0x3, flags 0x1
10-07 15:54:04.341 3125 11468 W APM_AudioPolicyManager: getOutputForDevice() could not find output for stream 3, sampling rate 48000, format 0xa000000, channels 0x3, flags 0x1
10-07 15:54:04.341 3125 11468 E AudioFlinger: createTrack() getOutputForAttr() return error -38 or invalid output handle
10-07 15:54:04.341 11894 11944 E IAudioFlinger: createTrack returned error -38
10-07 15:54:04.342 11894 11944 E AudioTrack: AudioFlinger could not create track, status: -38 output 1683174792
10-07 15:54:04.342 11894 11944 E AudioTrack-JNI: Error -38 initializing AudioTrack
10-07 15:54:04.342 11894 11944 D AudioTrack: no metrics gathered, track status=-38
10-07 15:54:04.342 11894 11944 E android.media.AudioTrack: Error code -20 when initializing AudioTrack.
10-07 15:54:04.342 11894 11944 W System.err: java.lang.IllegalStateException: stop() called on uninitialized AudioTrack.
10-07 15:54:04.343 11894 11944 W System.err: at android.media.AudioTrack.stop(AudioTrack.java:2124)
10-07 15:54:04.395 3125 11468 I APM_AudioPolicyManager: getOutputForAttr() device 0x400, sampling rate 48000, format 0xb000000, channel mask 0x3, flags 0x1
10-07 15:54:04.395 3125 11468 I AudioFlinger: openOutput() this 0x4b3be000, module 10 Device 0x400, SamplingRate 48000, Format 0xb000000, Channels 0x3, flags 0x1
10-07 15:54:04.395 3089 3222 W DeviceHAL: Error from HAL Device in function open_output_stream: Unknown error -22
10-07 15:54:04.396 3125 11468 I AudioHwDevice: openOutputStream(), HAL returned sampleRate 48000, Format 0xb000000, channelMask 0x3, status -61
10-07 15:54:04.396 3125 11468 I AudioSPDIF: SPDIFEncoder: mBurstBufferSizeBytes = 16384, littleEndian = 1
10-07 15:54:04.396 3125 11468 I AudioFlinger: SpdifStreamOut::open() AudioFlinger requested sampleRate 48000, format 0xb000000, channelMask 0x3
10-07 15:54:04.396 3125 11468 I AudioFlinger: SpdifStreamOut::open() HAL configured for sampleRate 48000, format 0x1, channelMask 0x3
10-07 15:54:04.396 3125 11468 I AudioFlinger: SpdifStreamOut::open() status = 0
10-07 15:54:04.397 3125 11468 I AudioFlinger: HAL output buffer size 8192 frames, normal sink buffer size 8192 frames
10-07 15:54:04.397 3125 11953 I AudioFlinger: AudioFlinger's thread 0x4d828000 tid=11953 ready to run
10-07 15:54:04.454 11894 11944 V Kodi : Debug Print: Firmware implements DTS RAW
10-07 15:54:04.456 3125 11468 I APM_AudioPolicyManager: getOutputForAttr() device 0x400, sampling rate 48000, format 0xc000000, channel mask 0x63f, flags 0x1
10-07 15:54:04.456 3125 11468 I APM_AudioPolicyManager: Fallback from DTS-HD to DTS in profile passthrough
10-07 15:54:04.456 3125 11468 I AudioFlinger: openOutput() this 0x4b3be000, module 10 Device 0x400, SamplingRate 48000, Format 0xc000000, Channels 0x63f, flags 0x1
10-07 15:54:04.456 3089 3461 W nvaudio_hw: Sink does not support multichannel: 8 ch
10-07 15:54:04.456 3089 3461 W DeviceHAL: Error from HAL Device in function open_output_stream: Invalid argument
10-07 15:54:04.456 3125 11468 I AudioHwDevice: openOutputStream(), HAL returned sampleRate 48000, Format 0xb000000, channelMask 0x63f, status -22
10-07 15:54:04.456 3125 11468 I AudioHwDevice: format changed from DTS HD to DTS
10-07 15:54:04.456 3125 11468 I AudioSPDIF: SPDIFEncoder: mBurstBufferSizeBytes = 16384, littleEndian = 1
10-07 15:54:04.456 3125 11468 I AudioFlinger: SpdifStreamOut::open() AudioFlinger requested sampleRate 48000, format 0xb000000, channelMask 0x63f
10-07 15:54:04.456 3125 11468 I AudioFlinger: SpdifStreamOut::open() HAL configured for sampleRate 48000, format 0x1, channelMask 0x3
10-07 15:54:04.457 3125 11468 I AudioFlinger: SpdifStreamOut::open() status = 0
10-07 15:54:04.457 3125 11468 I AudioFlinger: HAL output buffer size 32768 frames, normal sink buffer size 32768 frames
10-07 15:54:04.457 3125 11955 I AudioFlinger: AudioFlinger's thread 0x4d82c000 tid=11955 ready to run
10-07 15:54:04.514 11894 11944 V Kodi : Debug Print: Firmware implements DTS-HD RAW
10-07 15:54:04.516 3125 3376 I APM_AudioPolicyManager: getOutputForAttr() device 0x400, sampling rate 48000, format 0xe000000, channel mask 0x63f, flags 0x1
10-07 15:54:04.516 3125 3376 W APM_AudioPolicyManager: getOutputForDevice() could not find output for stream 3, sampling rate 48000, format 0xe000000, channels 0x63f, flags 0x1
10-07 15:54:04.566 3125 3376 I APM_AudioPolicyManager: getOutputForAttr() device 0x400, sampling rate 48000, format 0xe000000, channel mask 0x63f, flags 0x1
10-07 15:54:04.566 3125 3376 W APM_AudioPolicyManager: getOutputForDevice() could not find output for stream 3, sampling rate 48000, format 0xe000000, channels 0x63f, flags 0x1
10-07 15:54:04.616 3125 3376 I APM_AudioPolicyManager: getOutputForAttr() device 0x400, sampling rate 48000, format 0xe000000, channel mask 0x63f, flags 0x1
10-07 15:54:04.616 3125 3376 W APM_AudioPolicyManager: getOutputForDevice() could not find output for stream 3, sampling rate 48000, format 0xe000000, channels 0x63f, flags 0x1
10-07 15:54:04.666 3125 3376 I APM_AudioPolicyManager: getOutputForAttr() device 0x400, sampling rate 48000, format 0xe000000, channel mask 0x63f, flags 0x1
10-07 15:54:04.666 3125 3376 W APM_AudioPolicyManager: getOutputForDevice() could not find output for stream 3, sampling rate 48000, format 0xe000000, channels 0x63f, flags 0x1
10-07 15:54:04.717 3125 3376 I APM_AudioPolicyManager: getOutputForAttr() device 0x400, sampling rate 48000, format 0xe000000, channel mask 0x63f, flags 0x1
10-07 15:54:04.717 3125 3376 W APM_AudioPolicyManager: getOutputForDevice() could not find output for stream 3, sampling rate 48000, format 0xe000000, channels 0x63f, flags 0x1
10-07 15:54:04.767 3125 3376 I APM_AudioPolicyManager: getOutputForAttr() device 0x400, sampling rate 48000, format 0xe000000, channel mask 0x63f, flags 0x1
10-07 15:54:04.767 3125 3376 W APM_AudioPolicyManager: getOutputForDevice() could not find output for stream 3, sampling rate 48000, format 0xe000000, channels 0x63f, flags 0x1
10-07 15:54:04.817 3125 3376 I APM_AudioPolicyManager: getOutputForAttr() device 0x400, sampling rate 48000, format 0xe000000, channel mask 0x63f, flags 0x1
10-07 15:54:04.817 3125 3376 W APM_AudioPolicyManager: getOutputForDevice() could not find output for stream 3, sampling rate 48000, format 0xe000000, channels 0x63f, flags 0x1
10-07 15:54:04.867 3125 3376 I APM_AudioPolicyManager: getOutputForAttr() device 0x400, sampling rate 48000, format 0xe000000, channel mask 0x63f, flags 0x1
10-07 15:54:04.867 3125 3376 W APM_AudioPolicyManager: getOutputForDevice() could not find output for stream 3, sampling rate 48000, format 0xe000000, channels 0x63f, flags 0x1
10-07 15:54:04.917 3125 3376 I APM_AudioPolicyManager: getOutputForAttr() device 0x400, sampling rate 48000, format 0xe000000, channel mask 0x63f, flags 0x1
10-07 15:54:04.917 3125 3376 W APM_AudioPolicyManager: getOutputForDevice() could not find output for stream 3, sampling rate 48000, format 0xe000000, channels 0x63f, flags 0x1
10-07 15:54:04.968 3125 3376 I APM_AudioPolicyManager: getOutputForAttr() device 0x400, sampling rate 48000, format 0xe000000, channel mask 0x63f, flags 0x1
10-07 15:54:04.968 3125 3376 W APM_AudioPolicyManager: getOutputForDevice() could not find output for stream 3, sampling rate 48000, format 0xe000000, channels 0x63f, flags 0x1
10-07 15:54:05.018 3125 3376 I APM_AudioPolicyManager: getOutputForAttr() device 0x400, sampling rate 48000, format 0xe000000, channel mask 0x63f, flags 0x1
10-07 15:54:05.018 3125 3376 W APM_AudioPolicyManager: getOutputForDevice() could not find output for stream 3, sampling rate 48000, format 0xe000000, channels 0x63f, flags 0x1
10-07 15:54:05.068 3125 3376 I APM_AudioPolicyManager: getOutputForAttr() device 0x400, sampling rate 48000, format 0xe000000, channel mask 0x63f, flags 0x1
10-07 15:54:05.068 3125 3376 W APM_AudioPolicyManager: getOutputForDevice() could not find output for stream 3, sampling rate 48000, format 0xe000000, channels 0x63f, flags 0x1
10-07 15:54:05.118 3125 3376 I APM_AudioPolicyManager: getOutputForAttr() device 0x400, sampling rate 48000, format 0xe000000, channel mask 0x63f, flags 0x1
10-07 15:54:05.118 3125 3376 W APM_AudioPolicyManager: getOutputForDevice() could not find output for stream 3, sampling rate 48000, format 0xe000000, channels 0x63f, flags 0x1
10-07 15:54:05.168 3125 3376 I APM_AudioPolicyManager: getOutputForAttr() device 0x400, sampling rate 48000, format 0xe000000, channel mask 0x63f, flags 0x1
10-07 15:54:05.168 3125 3376 W APM_AudioPolicyManager: getOutputForDevice() could not find output for stream 3, sampling rate 48000, format 0xe000000, channels 0x63f, flags 0x1
10-07 15:54:05.219 3125 3376 I APM_AudioPolicyManager: getOutputForAttr() device 0x400, sampling rate 48000, format 0xe000000, channel mask 0x63f, flags 0x1
10-07 15:54:05.219 3125 3376 W APM_AudioPolicyManager: getOutputForDevice() could not find output for stream 3, sampling rate 48000, format 0xe000000, channels 0x63f, flags 0x1
10-07 15:54:05.269 3125 3376 I APM_AudioPolicyManager: getOutputForAttr() device 0x400, sampling rate 48000, format 0xe000000, channel mask 0x63f, flags 0x1
10-07 15:54:05.269 3125 3376 W APM_AudioPolicyManager: getOutputForDevice() could not find output for stream 3, sampling rate 48000, format 0xe000000, channels 0x63f, flags 0x1
10-07 15:54:05.269 3125 3376 E AudioFlinger: createTrack() getOutputForAttr() return error -38 or invalid output handle
10-07 15:54:05.269 11894 11944 E IAudioFlinger: createTrack returned error -38
10-07 15:54:05.269 11894 11944 E AudioTrack: AudioFlinger could not create track, status: -38 output 1683174792
10-07 15:54:05.269 11894 11944 E AudioTrack-JNI: Error -38 initializing AudioTrack
10-07 15:54:05.269 11894 11944 D AudioTrack: no metrics gathered, track status=-38
10-07 15:54:05.269 11894 11944 E android.media.AudioTrack: Error code -20 when initializing AudioTrack.
10-07 15:54:05.270 11894 11944 W System.err: java.lang.IllegalStateException: stop() called on uninitialized AudioTrack.
10-07 15:54:05.270 11894 11944 W System.err: at android.media.AudioTrack.stop(AudioTrack.java:2124)
10-07 15:54:05.322 3125 3376 I APM_AudioPolicyManager: getOutputForAttr() device 0x400, sampling rate 48000, format 0xd000000, channel mask 0x3, flags 0x1
10-07 15:54:05.322 3125 3376 I AudioFlinger: openOutput() this 0x4b3be000, module 10 Device 0x400, SamplingRate 48000, Format 0xd000000, Channels 0x3, flags 0x1
10-07 15:54:05.323 3125 3376 I AudioFlinger: HAL output buffer size 1024 frames, normal sink buffer size 1024 frames
10-07 15:54:05.323 3125 11958 I AudioFlinger: AudioFlinger's thread 0x4c332000 tid=11958 ready to run
10-07 15:54:05.379 11894 11944 V Kodi : Debug Print: AESinkAUDIOTrack: Using IEC PT mode: 13
10-07 15:54:05.382 3125 11468 I APM_AudioPolicyManager: getOutputForAttr() device 0x400, sampling rate 192000, format 0xd000000, channel mask 0x63f, flags 0x1
10-07 15:54:05.382 3125 11468 W APM_AudioPolicyManager: getOutputForDevice() could not find output for stream 3, sampling rate 192000, format 0xd000000, channels 0x63f, flags 0x1
10-07 15:54:05.432 3125 11468 I APM_AudioPolicyManager: getOutputForAttr() device 0x400, sampling rate 192000, format 0xd000000, channel mask 0x63f, flags 0x1
10-07 15:54:05.432 3125 11468 W APM_AudioPolicyManager: getOutputForDevice() could not find output for stream 3, sampling rate 192000, format 0xd000000, channels 0x63f, flags 0x1
10-07 15:54:05.483 3125 11468 I APM_AudioPolicyManager: getOutputForAttr() device 0x400, sampling rate 192000, format 0xd000000, channel mask 0x63f, flags 0x1
10-07 15:54:05.483 3125 11468 W APM_AudioPolicyManager: getOutputForDevice() could not find output for stream 3, sampling rate 192000, format 0xd000000, channels 0x63f, flags 0x1
10-07 15:54:05.533 3125 11468 I APM_AudioPolicyManager: getOutputForAttr() device 0x400, sampling rate 192000, format 0xd000000, channel mask 0x63f, flags 0x1
10-07 15:54:05.533 3125 11468 W APM_AudioPolicyManager: getOutputForDevice() could not find output for stream 3, sampling rate 192000, format 0xd000000, channels 0x63f, flags 0x1
10-07 15:54:05.583 3125 11468 I APM_AudioPolicyManager: getOutputForAttr() device 0x400, sampling rate 192000, format 0xd000000, channel mask 0x63f, flags 0x1
10-07 15:54:05.583 3125 11468 W APM_AudioPolicyManager: getOutputForDevice() could not find output for stream 3, sampling rate 192000, format 0xd000000, channels 0x63f, flags 0x1
10-07 15:54:05.633 3125 11468 I APM_AudioPolicyManager: getOutputForAttr() device 0x400, sampling rate 192000, format 0xd000000, channel mask 0x63f, flags 0x1
10-07 15:54:05.633 3125 11468 W APM_AudioPolicyManager: getOutputForDevice() could not find output for stream 3, sampling rate 192000, format 0xd000000, channels 0x63f, flags 0x1
10-07 15:54:05.677 3089 3089 W nvaudio_hw: stop_output_stream: 1 underruns seen on pcm device hdmi-playback
10-07 15:54:05.683 3125 11468 I APM_AudioPolicyManager: getOutputForAttr() device 0x400, sampling rate 192000, format 0xd000000, channel mask 0x63f, flags 0x1
10-07 15:54:05.683 3125 11468 W APM_AudioPolicyManager: getOutputForDevice() could not find output for stream 3, sampling rate 192000, format 0xd000000, channels 0x63f, flags 0x1
10-07 15:54:05.734 3125 11468 I APM_AudioPolicyManager: getOutputForAttr() device 0x400, sampling rate 192000, format 0xd000000, channel mask 0x63f, flags 0x1
10-07 15:54:05.734 3125 11468 W APM_AudioPolicyManager: getOutputForDevice() could not find output for stream 3, sampling rate 192000, format 0xd000000, channels 0x63f, flags 0x1
10-07 15:54:05.784 3125 11468 I APM_AudioPolicyManager: getOutputForAttr() device 0x400, sampling rate 192000, format 0xd000000, channel mask 0x63f, flags 0x1
10-07 15:54:05.784 3125 11468 W APM_AudioPolicyManager: getOutputForDevice() could not find output for stream 3, sampling rate 192000, format 0xd000000, channels 0x63f, flags 0x1
10-07 15:54:05.834 3125 11468 I APM_AudioPolicyManager: getOutputForAttr() device 0x400, sampling rate 192000, format 0xd000000, channel mask 0x63f, flags 0x1
10-07 15:54:05.834 3125 11468 W APM_AudioPolicyManager: getOutputForDevice() could not find output for stream 3, sampling rate 192000, format 0xd000000, channels 0x63f, flags 0x1
10-07 15:54:05.884 3125 11468 I APM_AudioPolicyManager: getOutputForAttr() device 0x400, sampling rate 192000, format 0xd000000, channel mask 0x63f, flags 0x1
10-07 15:54:05.884 3125 11468 W APM_AudioPolicyManager: getOutputForDevice() could not find output for stream 3, sampling rate 192000, format 0xd000000, channels 0x63f, flags 0x1
10-07 15:54:05.935 3125 11468 I APM_AudioPolicyManager: getOutputForAttr() device 0x400, sampling rate 192000, format 0xd000000, channel mask 0x63f, flags 0x1
10-07 15:54:05.935 3125 11468 W APM_AudioPolicyManager: getOutputForDevice() could not find output for stream 3, sampling rate 192000, format 0xd000000, channels 0x63f, flags 0x1
10-07 15:54:05.985 3125 11468 I APM_AudioPolicyManager: getOutputForAttr() device 0x400, sampling rate 192000, format 0xd000000, channel mask 0x63f, flags 0x1
10-07 15:54:05.985 3125 11468 W APM_AudioPolicyManager: getOutputForDevice() could not find output for stream 3, sampling rate 192000, format 0xd000000, channels 0x63f, flags 0x1
10-07 15:54:06.035 3125 11468 I APM_AudioPolicyManager: getOutputForAttr() device 0x400, sampling rate 192000, format 0xd000000, channel mask 0x63f, flags 0x1
10-07 15:54:06.035 3125 11468 W APM_AudioPolicyManager: getOutputForDevice() could not find output for stream 3, sampling rate 192000, format 0xd000000, channels 0x63f, flags 0x1
10-07 15:54:06.085 3125 11468 I APM_AudioPolicyManager: getOutputForAttr() device 0x400, sampling rate 192000, format 0xd000000, channel mask 0x63f, flags 0x1
10-07 15:54:06.085 3125 11468 W APM_AudioPolicyManager: getOutputForDevice() could not find output for stream 3, sampling rate 192000, format 0xd000000, channels 0x63f, flags 0x1
10-07 15:54:06.135 3125 11468 I APM_AudioPolicyManager: getOutputForAttr() device 0x400, sampling rate 192000, format 0xd000000, channel mask 0x63f, flags 0x1
10-07 15:54:06.135 3125 11468 W APM_AudioPolicyManager: getOutputForDevice() could not find output for stream 3, sampling rate 192000, format 0xd000000, channels 0x63f, flags 0x1
10-07 15:54:06.135 3125 11468 E AudioFlinger: createTrack() getOutputForAttr() return error -38 or invalid output handle
10-07 15:54:06.136 11894 11944 E IAudioFlinger: createTrack returned error -38
10-07 15:54:06.136 11894 11944 E AudioTrack: AudioFlinger could not create track, status: -38 output 1683174792
10-07 15:54:06.136 11894 11944 E AudioTrack-JNI: Error -38 initializing AudioTrack
10-07 15:54:06.136 11894 11944 D AudioTrack: no metrics gathered, track status=-38
10-07 15:54:06.136 11894 11944 E android.media.AudioTrack: Error code -20 when initializing AudioTrack.
10-07 15:54:06.136 11894 11944 W System.err: java.lang.IllegalStateException: stop() called on uninitialized AudioTrack.
10-07 15:54:06.137 11894 11944 W System.err: at android.media.AudioTrack.stop(AudioTrack.java:2124)
10-07 15:54:06.187 11894 11944 V Kodi : Debug Print: Found 1 Lists of Devices
10-07 15:54:06.187 11894 11944 V Kodi : Debug Print: Enumerated AUDIOTRACK devices:
10-07 15:54:06.188 11894 11944 V Kodi : Debug Print: Device 1
10-07 15:54:06.188 11894 11944 V Kodi : Debug Print: m_deviceName : AudioTrack
10-07 15:54:06.188 11894 11944 V Kodi : Debug Print: m_displayName : android
10-07 15:54:06.188 11894 11944 V Kodi : Debug Print: m_displayNameExtra: audiotrack
10-07 15:54:06.188 11894 11944 V Kodi : Debug Print: m_deviceType : AE_DEVTYPE_HDMI
10-07 15:54:06.188 11894 11944 V Kodi : Debug Print: m_channels : FL, FR, FC, LFE, SL, SR, BL, BR, BC, BLOC, BROC
10-07 15:54:06.188 11894 11944 V Kodi : Debug Print: m_sampleRates : 32000,44100,48000,88200,96000,176400,192000
10-07 15:54:06.188 11894 11944 V Kodi : Debug Print: m_dataFormats : AE_FMT_S16LE,AE_FMT_FLOAT,AE_FMT_RAW,AE_FMT_RAW
10-07 15:54:06.189 11894 11944 V Kodi : Debug Print: m_streamTypes : STREAM_TYPE_AC3,STREAM_TYPE_DTSHD_CORE,STREAM_TYPE_DTS_1024,STREAM_TYPE_DTS_2048,STREAM_TYPE_DTS_512,STREAM_TYPE_EAC3
10-07 15:54:06.189 11894 11945 V Kodi : Debug Print: CActiveAESink::OpenSink - initialize sink
10-07 15:54:06.190 11894 11945 V Kodi : Debug Print: CActiveAESink::OpenSink - trying to open device AUDIOTRACK:AudioTrack
10-07 15:54:06.190 11894 11945 V Kodi : Debug Print: CAESinkAUDIOTRACK::Initialize requested: sampleRate 44100; format: AE_FMT_FLOAT; channels: 2
10-07 15:54:06.190 11894 11945 V Kodi : Debug Print: Updated SampleRate: 32000 Distance: 108900
10-07 15:54:06.190 11894 11945 V Kodi : Debug Print: Updated SampleRate: 44100 Distance: 0
10-07 15:54:06.190 11894 11945 V Kodi : Debug Print: Trying to open: samplerate: 44100, channelMask: 12, encoding: 4
10-07 15:54:06.192 11894 11945 V Kodi : Debug Print: Minimum size we need for stream: 11344
10-07 15:54:06.192 11894 11945 V Kodi : Debug Print: Created Audiotrackbuffer with playing time of 64.308390 ms min buffer size: 22688 bytes
10-07 15:54:06.193 3125 11468 I APM_AudioPolicyManager: getOutputForAttr() device 0x400, sampling rate 44100, format 0x5, channel mask 0x3, flags 0
10-07 15:54:06.194 3125 11468 D AudioFlinger: Client defaulted notificationFrames to 945 for frameCount 2836
10-07 15:54:06.196 11894 11945 V Kodi : Debug Print: CAESinkAUDIOTRACK::Initializing with: m_sampleRate: 44100 format: AE_FMT_FLOAT (AE) method: PCM stream-type: PCM-STREAM min_buffer_size: 22688 m_frames: 1418 m_frameSize: 8 channels: 2
10-07 15:54:06.196 11894 11945 V Kodi : Debug Print: CActiveAESink::OpenSink - AUDIOTRACK Initialized:
10-07 15:54:06.196 11894 11945 V Kodi : Debug Print: Output Device : android
10-07 15:54:06.197 11894 11945 V Kodi : Debug Print: Sample Rate : 44100
10-07 15:54:06.197 11894 11945 V Kodi : Debug Print: Sample Format : AE_FMT_FLOAT
10-07 15:54:06.197 11894 11945 V Kodi : Debug Print: Channel Count : 2
10-07 15:54:06.197 11894 11945 V Kodi : Debug Print: Channel Layout: FL, FR
10-07 15:54:06.197 11894 11945 V Kodi : Debug Print: Frames : 1418
10-07 15:54:06.197 11894 11945 V Kodi : Debug Print: Frame Size : 8
10-07 15:54:06.199 3728 4293 E bt_btif : register_notification_rsp: Avrcp device is not connected, handle: 0x0
10-07 15:54:06.199 3728 4293 I chatty : uid=1002(bluetooth) BluetoothAvrcpH identical 4 lines
10-07 15:54:06.199 3728 4293 E bt_btif : register_notification_rsp: Avrcp device is not connected, handle: 0x0
10-07 15:54:06.199 3125 11468 I hash_map_utils: key: 'nv_param_low_latency_active' value: ''
10-07 15:54:06.216 11894 11934 V Kodi : Debug Print: CKeyboardLayoutManager: loading keyboard layouts from special://xbmc/system/keyboardlayouts...
10-07 15:54:06.217 11894 11934 V Kodi : Debug Print: CKeyboardLayoutManager: keyboard layout "Arabic QWERTY" successfully loaded
10-07 15:54:06.218 11894 11934 V Kodi : Debug Print: CKeyboardLayoutManager: keyboard layout "Bulgarian ð»ðÆðòðáðóð¬" successfully loaded
10-07 15:54:06.219 11894 11934 V Kodi : Debug Print: CKeyboardLayoutManager: keyboard layout "Bulgarian ðÉðæðÆ" successfully loaded
10-07 15:54:06.220 11894 11934 V Kodi : Debug Print: CKeyboardLayoutManager: keyboard layout "Chinese BasePY" successfully loaded
10-07 15:54:06.221 11894 11934 V Kodi : Debug Print: CKeyboardLayoutManager: keyboard layout "Chinese BaiduPY" successfully loaded
10-07 15:54:06.222 11894 11934 V Kodi : Debug Print: CKeyboardLayoutManager: keyboard layout "Croatian QWERTY" successfully loaded
10-07 15:54:06.223 11894 11934 V Kodi : Debug Print: CKeyboardLayoutManager: keyboard layout "Czech QWERTZ" successfully loaded
10-07 15:54:06.224 11894 11934 V Kodi : Debug Print: CKeyboardLayoutManager: keyboard layout "Danish QWERTY" successfully loaded
10-07 15:54:06.225 11894 11934 V Kodi : Debug Print: CKeyboardLayoutManager: keyboard layout "English QWERTY" successfully loaded
10-07 15:54:06.226 11894 11934 V Kodi : Debug Print: CKeyboardLayoutManager: keyboard layout "English AZERTY" successfully loaded
10-07 15:54:06.227 11894 11934 V Kodi : Debug Print: CKeyboardLayoutManager: keyboard layout "English ABC" successfully loaded
10-07 15:54:06.228 11894 11934 V Kodi : Debug Print: CKeyboardLayoutManager: keyboard layout "French AZERTY" successfully loaded
10-07 15:54:06.229 11894 11934 V Kodi : Debug Print: CKeyboardLayoutManager: keyboard layout "German QWERTZ" successfully loaded
10-07 15:54:06.230 11894 11934 V Kodi : Debug Print: CKeyboardLayoutManager: keyboard layout "German ABC" successfully loaded
10-07 15:54:06.231 11894 11934 V Kodi : Debug Print: CKeyboardLayoutManager: keyboard layout "Greek QWERTY" successfully loaded
10-07 15:54:06.232 11894 11934 V Kodi : Debug Print: CKeyboardLayoutManager: keyboard layout "Hebrew QWERTY" successfully loaded
10-07 15:54:06.232 11894 11934 V Kodi : Debug Print: CKeyboardLayoutManager: keyboard layout "Hebrew ABC" successfully loaded
10-07 15:54:06.233 11894 11934 V Kodi : Debug Print: CKeyboardLayoutManager: keyboard layout "Hungarian QWERTZ" successfully loaded
10-07 15:54:06.234 11894 11934 V Kodi : Debug Print: CKeyboardLayoutManager: keyboard layout "Icelandic QWERTY" successfully loaded
10-07 15:54:06.235 11894 11934 V Kodi : Debug Print: CKeyboardLayoutManager: keyboard layout "Italian QWERTY" successfully loaded
10-07 15:54:06.236 11894 11934 V Kodi : Debug Print: CKeyboardLayoutManager: keyboard layout "Korean Òä¦Òä¦ÒäÀ" successfully loaded
10-07 15:54:06.238 11894 11934 V Kodi : Debug Print: CKeyboardLayoutManager: keyboard layout "Lithuanian AZERTY" successfully loaded
10-07 15:54:06.238 11894 11934 V Kodi : Debug Print: CKeyboardLayoutManager: keyboard layout "Lithuanian QWERTY" successfully loaded
10-07 15:54:06.239 11894 11934 V Kodi : Debug Print: CKeyboardLayoutManager: keyboard layout "Norwegian QWERTY" successfully loaded
10-07 15:54:06.240 11894 11934 V Kodi : Debug Print: CKeyboardLayoutManager: keyboard layout "Persian QWERTY" successfully loaded
10-07 15:54:06.241 11894 11934 V Kodi : Debug Print: CKeyboardLayoutManager: keyboard layout "Polish QWERTY" successfully loaded
10-07 15:54:06.242 11894 11934 V Kodi : Debug Print: CKeyboardLayoutManager: keyboard layout "Portuguese (Portugal) QWERTY" successfully loaded
10-07 15:54:06.243 11894 11934 V Kodi : Debug Print: CKeyboardLayoutManager: keyboard layout "Romanian QWERTY" successfully loaded
10-07 15:54:06.244 11894 11934 V Kodi : Debug Print: CKeyboardLayoutManager: keyboard layout "Russian ðÖðªðúðÜðòðØ" successfully loaded
10-07 15:54:06.245 11894 11934 V Kodi : Debug Print: CKeyboardLayoutManager: keyboard layout "Russian ðÉðæðÆ" successfully loaded
10-07 15:54:06.246 11894 11934 V Kodi : Debug Print: CKeyboardLayoutManager: keyboard layout "Silesian QWERTY" successfully loaded
10-07 15:54:06.247 11894 11934 V Kodi : Debug Print: CKeyboardLayoutManager: keyboard layout "Slovak QWERTZ" successfully loaded
10-07 15:54:06.248 11894 11934 V Kodi : Debug Print: CKeyboardLayoutManager: keyboard layout "Slovak QWERTY" successfully loaded
10-07 15:54:06.248 11894 11934 V Kodi : Debug Print: CKeyboardLayoutManager: keyboard layout "Slovak ABC" successfully loaded
10-07 15:54:06.249 11894 11934 V Kodi : Debug Print: CKeyboardLayoutManager: keyboard layout "Slovenian QWERTZ" successfully loaded
10-07 15:54:06.250 11894 11934 V Kodi : Debug Print: CKeyboardLayoutManager: keyboard layout "Spanish QWERTY" successfully loaded
10-07 15:54:06.251 11894 11934 V Kodi : Debug Print: CKeyboardLayoutManager: keyboard layout "Swedish QWERTY" successfully loaded
10-07 15:54:06.252 11894 11934 V Kodi : Debug Print: CKeyboardLayoutManager: keyboard layout "Thai Kedmanee" successfully loaded
10-07 15:54:06.253 11894 11934 V Kodi : Debug Print: CKeyboardLayoutManager: keyboard layout "Turkish QWERTY" successfully loaded
10-07 15:54:06.254 11894 11934 V Kodi : Debug Print: CKeyboardLayoutManager: keyboard layout "Ukrainian ðÖðªðúðÜðòðØ" successfully loaded
10-07 15:54:06.255 11894 11934 V Kodi : Debug Print: CKeyboardLayoutManager: keyboard layout "Ukrainian ðÉðæðÆ" successfully loaded
10-07 15:54:06.256 11894 11934 W .xbmc.kodinerd: Accessing hidden method Landroid/os/storage/StorageManager;->getVolumeList()[Landroid/os/storage/StorageVolume; (light greylist, JNI)
10-07 15:54:06.257 11894 11894 V Kodi : CXBMCApp: installing DisplayManager::DisplayListener
10-07 15:54:06.258 11894 11934 V Kodi : Debug Print: CAndroidUtils: current mode: 19: 3840x2160@59.940060
10-07 15:54:06.259 11894 11934 V Kodi : Debug Print: CAndroidUtils: available mode: 1: 3840x2160@23.976025
10-07 15:54:06.259 11894 11934 V Kodi : Debug Print: CAndroidUtils: available mode: 2: 1920x1080@29.970030
10-07 15:54:06.259 11894 11934 V Kodi : Debug Print: CAndroidUtils: available mode: 3: 1920x1080@23.976025
10-07 15:54:06.259 11894 11934 V Kodi : Debug Print: CAndroidUtils: available mode: 4: 1280x720@59.940060
10-07 15:54:06.260 11894 11934 V Kodi : Debug Print: CAndroidUtils: available mode: 5: 1920x1080@59.940060
10-07 15:54:06.260 11894 11934 V Kodi : Debug Print: CAndroidUtils: available mode: 6: 3840x2160@29.970030
10-07 15:54:06.260 11894 11934 V Kodi : Debug Print: CAndroidUtils: available mode: 7: 3840x2160@60.000004
10-07 15:54:06.260 11894 11934 V Kodi : Debug Print: CAndroidUtils: available mode: 8: 3840x2160@50.000000
10-07 15:54:06.260 11894 11934 V Kodi : Debug Print: CAndroidUtils: available mode: 9: 3840x2160@25.000000
10-07 15:54:06.260 11894 11934 V Kodi : Debug Print: CAndroidUtils: available mode: 10: 3840x2160@24.000000
10-07 15:54:06.261 11894 11934 V Kodi : Debug Print: CAndroidUtils: available mode: 11: 1920x1080@30.000000
10-07 15:54:06.261 11894 11934 V Kodi : Debug Print: CAndroidUtils: available mode: 12: 1920x1080@25.000000
10-07 15:54:06.261 11894 11934 V Kodi : Debug Print: CAndroidUtils: available mode: 13: 1920x1080@24.000000
10-07 15:54:06.262 11894 11934 V Kodi : Debug Print: CAndroidUtils: available mode: 14: 1280x720@50.000000
10-07 15:54:06.262 11894 11934 V Kodi : Debug Print: CAndroidUtils: available mode: 15: 1920x1080@50.000000
10-07 15:54:06.262 11894 11934 V Kodi : Debug Print: CAndroidUtils: available mode: 16: 3840x2160@30.000000
10-07 15:54:06.262 11894 11934 V Kodi : Debug Print: CAndroidUtils: available mode: 17: 1280x720@60.000004
10-07 15:54:06.262 11894 11934 V Kodi : Debug Print: CAndroidUtils: available mode: 18: 1920x1080@60.000004
10-07 15:54:06.262 11894 11934 V Kodi : Debug Print: CAndroidUtils: available mode: 19: 3840x2160@59.940060
10-07 15:54:06.263 11894 11934 V Kodi : Debug Print: CAndroidUtils: maximum/current resolution: 3840x2160
10-07 15:54:06.263 11894 11934 V Kodi : Debug Print: CAndroidUtils: selected resolution: 0x0
10-07 15:54:06.263 11894 11934 V Kodi : Debug Print: CDecoderFilter: loading filters from special://masterprofile/decoderfilter.xml
10-07 15:54:06.274 11894 11934 W AudioCapabilities: Unsupported mime audio/mpeg-L2
10-07 15:54:06.280 11894 11934 W AudioCapabilities: Unsupported mime audio/x-ms-wma
10-07 15:54:06.287 11894 11934 W VideoCapabilities: Unsupported mime image/vnd.android.heic
10-07 15:54:06.307 11894 11934 W VideoCapabilities: Unrecognized profile 4 for video/hevc
10-07 15:54:06.310 11894 11934 W VideoCapabilities: Unsupported mime video/mjpeg
10-07 15:54:06.318 11894 11934 W VideoCapabilities: Unsupported mime video/wvc1
10-07 15:54:06.338 11894 11934 I VideoCapabilities: Unsupported profile 4 for video/mp4v-es
10-07 15:54:06.347 11894 11934 V Kodi : Debug Print: Mediacodec decoder: OMX.google.aac.decoder
10-07 15:54:06.348 11894 11934 V Kodi : Debug Print: Mediacodec decoder: OMX.google.amrnb.decoder
10-07 15:54:06.348 11894 11934 V Kodi : Debug Print: Mediacodec decoder: OMX.google.amrwb.decoder
10-07 15:54:06.348 11894 11934 V Kodi : Debug Print: Mediacodec decoder: OMX.google.flac.decoder
10-07 15:54:06.348 11894 11934 V Kodi : Debug Print: Mediacodec decoder: OMX.google.g711.alaw.decoder
10-07 15:54:06.348 11894 11934 V Kodi : Debug Print: Mediacodec decoder: OMX.google.g711.mlaw.decoder
10-07 15:54:06.348 11894 11934 V Kodi : Debug Print: Mediacodec decoder: OMX.Nvidia.mp2.decoder
10-07 15:54:06.349 11894 11934 V Kodi : Debug Print: Mediacodec decoder: OMX.google.mp3.decoder
10-07 15:54:06.349 11894 11934 V Kodi : Debug Print: Mediacodec decoder: OMX.google.opus.decoder
10-07 15:54:06.349 11894 11934 V Kodi : Debug Print: Mediacodec decoder: OMX.google.raw.decoder
10-07 15:54:06.349 11894 11934 V Kodi : Debug Print: Mediacodec decoder: OMX.google.vorbis.decoder
10-07 15:54:06.349 11894 11934 V Kodi : Debug Print: Mediacodec decoder: OMX.Nvidia.wma.decoder
10-07 15:54:06.349 11894 11934 V Kodi : Debug Print: Mediacodec decoder: OMX.Nvidia.h264.decode
10-07 15:54:06.350 11894 11934 V Kodi : Debug Print: Mediacodec decoder: OMX.google.h264.decoder
10-07 15:54:06.350 11894 11934 V Kodi : Debug Print: Mediacodec decoder: OMX.Nvidia.h263.decode
10-07 15:54:06.350 11894 11934 V Kodi : Debug Print: Mediacodec decoder: OMX.google.h263.decoder
10-07 15:54:06.350 11894 11934 V Kodi : Debug Print: Mediacodec decoder: OMX.Nvidia.h265.decode
10-07 15:54:06.350 11894 11934 V Kodi : Debug Print: Mediacodec decoder: OMX.google.hevc.decoder
10-07 15:54:06.350 11894 11934 V Kodi : Debug Print: Mediacodec decoder: OMX.Nvidia.mjpeg.decoder
10-07 15:54:06.350 11894 11934 V Kodi : Debug Print: Mediacodec decoder: OMX.Nvidia.mpeg2v.decode
10-07 15:54:06.350 11894 11934 V Kodi : Debug Print: Mediacodec decoder: OMX.Nvidia.mp4.decode
10-07 15:54:06.350 11894 11934 V Kodi : Debug Print: Mediacodec decoder: OMX.google.mpeg4.decoder
10-07 15:54:06.351 11894 11934 V Kodi : Debug Print: Mediacodec decoder: OMX.Nvidia.vc1.decode
10-07 15:54:06.351 11894 11934 V Kodi : Debug Print: Mediacodec decoder: OMX.Nvidia.vp8.decode
10-07 15:54:06.351 11894 11934 V Kodi : Debug Print: Mediacodec decoder: OMX.google.vp8.decoder
10-07 15:54:06.351 11894 11934 V Kodi : Debug Print: Mediacodec decoder: OMX.Nvidia.vp9.decode
10-07 15:54:06.351 11894 11934 V Kodi : Debug Print: Mediacodec decoder: OMX.google.vp9.decoder
10-07 15:54:06.352 11894 11934 V Kodi : Debug Print: RetroPlayer[PROCESS]: Registering process control for Android
10-07 15:54:06.352 11894 11934 V Kodi : Debug Print: RetroPlayer[RENDER]: Registering renderer factory for OpenGLES
10-07 15:54:06.352 11894 11934 V Kodi : Debug Print: CAndroidUtils: window resolution: 1920x1080
10-07 15:54:06.352 11894 11934 V Kodi : Debug Print: CAndroidUtils: Current resolution: 1920x1080 3840x2160 @ 59.940060 - Full Screen
10-07 15:54:06.352 11894 11934 V Kodi : Debug Print: CAndroidUtils: ProbeResolutions: 1920x1080
10-07 15:54:06.353 11894 11934 V Kodi : Debug Print: CAndroidUtils: Current resolution: 1920x1080 3840x2160 @ 59.940060 - Full Screen
10-07 15:54:06.353 11894 11934 V Kodi : Debug Print: EGL_VERSION = 1.4 Android META-EGL
10-07 15:54:06.353 11894 11934 V Kodi : Debug Print: EGL_VENDOR = Android
