10-07 15:51:50.518 11396 11714 F .xbmc.kodinerd: runtime.cc:558] native: #02 pc 000000000022cd84 /system/lib64/libart.so (art::gc::TaskProcessor::GetTask(art::Thread*)+504)
10-07 15:51:50.518 11396 11714 F .xbmc.kodinerd: runtime.cc:558] native: #03 pc 000000000022d5d8 /system/lib64/libart.so (art::gc::TaskProcessor::RunAllTasks(art::Thread*)+96)
10-07 15:51:50.518 11396 11714 F .xbmc.kodinerd: runtime.cc:558]
at dalvik.system.VMRuntime.runHeapTasks(Native method)
10-07 15:51:50.518 11396 11714 F .xbmc.kodinerd: runtime.cc:558]
at java.lang.Daemons$HeapTaskDaemon.runInternal(Daemons.java:475)
10-07 15:51:50.518 11396 11714 F .xbmc.kodinerd: runtime.cc:558]
at java.lang.Daemons$Daemon.run(Daemons.java:103)
10-07 15:51:50.518 11396 11714 F .xbmc.kodinerd: runtime.cc:558]
at java.lang.Thread.run(Thread.java:764)
10-07 15:51:50.518 11396 11714 F .xbmc.kodinerd: runtime.cc:558]
10-07 15:51:50.518 11396 11714 F .xbmc.kodinerd: runtime.cc:558] "Binder:11396_1" prio=10 tid=9 Native
10-07 15:51:50.518 11396 11714 F .xbmc.kodinerd: runtime.cc:558] | group="" sCount=1 dsCount=0 flags=1 obj=0x12fc05e0 self=0x2f4488f000
10-07 15:51:50.518 11396 11714 F .xbmc.kodinerd: runtime.cc:558] | sysTid=11423 nice=0 cgrp=default sched=0/0 handle=0x2f5d2274f0
10-07 15:51:50.518 11396 11714 F .xbmc.kodinerd: runtime.cc:558] | state=S schedstat=( 15777605 19774635 97 ) utm=0 stm=0 core=2 HZ=100
10-07 15:51:50.518 11396 11714 F .xbmc.kodinerd: runtime.cc:558] | stack=0x2f5d12c000-0x2f5d12e000 stackSize=1009KB
10-07 15:51:50.518 11396 11714 F .xbmc.kodinerd: runtime.cc:558] | held mutexes=
10-07 15:51:50.518 11396 11714 F .xbmc.kodinerd: runtime.cc:558] kernel: (couldn't read /proc/self/task/11423/stack)
10-07 15:51:50.518 11396 11714 F .xbmc.kodinerd: runtime.cc:558] native: #00 pc 000000000006e188 /system/lib64/libc.so (__ioctl+4)
10-07 15:51:50.518 11396 11714 F .xbmc.kodinerd: runtime.cc:558] native: #01 pc 0000000000029110 /system/lib64/libc.so (ioctl+136)
10-07 15:51:50.518 11396 11714 F .xbmc.kodinerd: runtime.cc:558] native: #02 pc 000000000005a5e4 /system/lib64/libbinder.so (android::IPCThreadState::talkWithDriver(bool)+256)
10-07 15:51:50.518 11396 11714 F .xbmc.kodinerd: runtime.cc:558] native: #03 pc 000000000005a7b8 /system/lib64/libbinder.so (android::IPCThreadState::getAndExecuteCommand()+24)
10-07 15:51:50.518 11396 11714 F .xbmc.kodinerd: runtime.cc:558] native: #04 pc 000000000005af04 /system/lib64/libbinder.so (android::IPCThreadState::joinThreadPool(bool)+60)
10-07 15:51:50.518 11396 11714 F .xbmc.kodinerd: runtime.cc:558] native: #05 pc 000000000007b574 /system/lib64/libbinder.so (android::PoolThread::threadLoop()+28)
10-07 15:51:50.518 11396 11714 F .xbmc.kodinerd: runtime.cc:558] native: #06 pc 000000000000f9d8 /system/lib64/libutils.so (android::Thread::_threadLoop(void*)+280)
10-07 15:51:50.518 11396 11714 F .xbmc.kodinerd: runtime.cc:558] native: #07 pc 00000000000b4fa8 /system/lib64/libandroid_runtime.so (android::AndroidRuntime::javaThreadShell(void*)+140)
10-07 15:51:50.518 11396 11714 F .xbmc.kodinerd: runtime.cc:558] native: #08 pc 0000000000081978 /system/lib64/libc.so (__pthread_start(void*)+36)
10-07 15:51:50.518 11396 11714 F .xbmc.kodinerd: runtime.cc:558] native: #09 pc 00000000000234b8 /system/lib64/libc.so (__start_thread+68)
10-07 15:51:50.518 11396 11714 F .xbmc.kodinerd: runtime.cc:558] (no managed stack frames)
10-07 15:51:50.518 11396 11714 F .xbmc.kodinerd: runtime.cc:558]
10-07 15:51:50.518 11396 11714 F .xbmc.kodinerd: runtime.cc:558] "Binder:11396_2" prio=10 tid=10 Native
10-07 15:51:50.518 11396 11714 F .xbmc.kodinerd: runtime.cc:558] | group="" sCount=1 dsCount=0 flags=1 obj=0x12fc0668 self=0x2f4b43f000
10-07 15:51:50.518 11396 11714 F .xbmc.kodinerd: runtime.cc:558] | sysTid=11424 nice=0 cgrp=default sched=0/0 handle=0x2f5d3254f0
10-07 15:51:50.518 11396 11714 F .xbmc.kodinerd: runtime.cc:558] | state=S schedstat=( 18257081 3401251 28 ) utm=0 stm=0 core=2 HZ=100
10-07 15:51:50.518 11396 11714 F .xbmc.kodinerd: runtime.cc:558] | stack=0x2f5d22a000-0x2f5d22c000 stackSize=1009KB
10-07 15:51:50.518 11396 11714 F .xbmc.kodinerd: runtime.cc:558] | held mutexes=
10-07 15:51:50.518 11396 11714 F .xbmc.kodinerd: runtime.cc:558] kernel: (couldn't read /proc/self/task/11424/stack)
10-07 15:51:50.518 11396 11714 F .xbmc.kodinerd: runtime.cc:558] native: #00 pc 000000000006e188 /system/lib64/libc.so (__ioctl+4)
10-07 15:51:50.518 11396 11714 F .xbmc.kodinerd: runtime.cc:558] native: #01 pc 0000000000029110 /system/lib64/libc.so (ioctl+136)
10-07 15:51:50.518 11396 11714 F .xbmc.kodinerd: runtime.cc:558] native: #02 pc 000000000005a5e4 /system/lib64/libbinder.so (android::IPCThreadState::talkWithDriver(bool)+256)
10-07 15:51:50.518 11396 11714 F .xbmc.kodinerd: runtime.cc:558] native: #03 pc 000000000005a7b8 /system/lib64/libbinder.so (android::IPCThreadState::getAndExecuteCommand()+24)
10-07 15:51:50.518 11396 11714 F .xbmc.kodinerd: runtime.cc:558] native: #04 pc 000000000005af04 /system/lib64/libbinder.so (android::IPCThreadState::joinThreadPool(bool)+60)
10-07 15:51:50.518 11396 11714 F .xbmc.kodinerd: runtime.cc:558] native: #05 pc 000000000007b574 /system/lib64/libbinder.so (android::PoolThread::threadLoop()+28)
10-07 15:51:50.518 11396 11714 F .xbmc.kodinerd: runtime.cc:558] native: #06 pc 000000000000f9d8 /system/lib64/libutils.so (android::Thread::_threadLoop(void*)+280)
10-07 15:51:50.518 11396 11714 F .xbmc.kodinerd: runtime.cc:558] native: #07 pc 00000000000b4fa8 /system/lib64/libandroid_runtime.so (android::AndroidRuntime::javaThreadShell(void*)+140)
10-07 15:51:50.518 11396 11714 F .xbmc.kodinerd: runtime.cc:558] native: #08 pc 0000000000081978 /system/lib64/libc.so (__pthread_start(void*)+36)
10-07 15:51:50.518 11396 11714 F .xbmc.kodinerd: runtime.cc:558] native: #09 pc 00000000000234b8 /system/lib64/libc.so (__start_thread+68)
10-07 15:51:50.518 11396 11714 F .xbmc.kodinerd: runtime.cc:558] (no managed stack frames)
10-07 15:51:50.518 11396 11714 F .xbmc.kodinerd: runtime.cc:558]
10-07 15:51:50.518 11396 11714 F .xbmc.kodinerd: runtime.cc:558] "Binder:11396_3" prio=10 tid=11 Native
10-07 15:51:50.518 11396 11714 F .xbmc.kodinerd: runtime.cc:558] | group="" sCount=1 dsCount=0 flags=1 obj=0x12fc06f0 self=0x2f449ae800
10-07 15:51:50.518 11396 11714 F .xbmc.kodinerd: runtime.cc:558] | sysTid=11426 nice=0 cgrp=default sched=0/0 handle=0x2f5d4234f0
10-07 15:51:50.518 11396 11714 F .xbmc.kodinerd: runtime.cc:558] | state=S schedstat=( 4331721 2613229 13 ) utm=0 stm=0 core=3 HZ=100
10-07 15:51:50.518 11396 11714 F .xbmc.kodinerd: runtime.cc:558] | stack=0x2f5d328000-0x2f5d32a000 stackSize=1009KB
10-07 15:51:50.518 11396 11714 F .xbmc.kodinerd: runtime.cc:558] | held mutexes=
10-07 15:51:50.518 11396 11714 F .xbmc.kodinerd: runtime.cc:558] kernel: (couldn't read /proc/self/task/11426/stack)
10-07 15:51:50.518 11396 11714 F .xbmc.kodinerd: runtime.cc:558] native: #00 pc 000000000006e188 /system/lib64/libc.so (__ioctl+4)
10-07 15:51:50.518 11396 11714 F .xbmc.kodinerd: runtime.cc:558] native: #01 pc 0000000000029110 /system/lib64/libc.so (ioctl+136)
10-07 15:51:50.518 11396 11714 F .xbmc.kodinerd: runtime.cc:558] native: #02 pc 000000000005a5e4 /system/lib64/libbinder.so (android::IPCThreadState::talkWithDriver(bool)+256)
10-07 15:51:50.518 11396 11714 F .xbmc.kodinerd: runtime.cc:558] native: #03 pc 000000000005a7b8 /system/lib64/libbinder.so (android::IPCThreadState::getAndExecuteCommand()+24)
10-07 15:51:50.518 11396 11714 F .xbmc.kodinerd: runtime.cc:558] native: #04 pc 000000000005af04 /system/lib64/libbinder.so (android::IPCThreadState::joinThreadPool(bool)+60)
10-07 15:51:50.518 11396 11714 F .xbmc.kodinerd: runtime.cc:558] native: #05 pc 000000000007b574 /system/lib64/libbinder.so (android::PoolThread::threadLoop()+28)
10-07 15:51:50.518 11396 11714 F .xbmc.kodinerd: runtime.cc:558] native: #06 pc 000000000000f9d8 /system/lib64/libutils.so (android::Thread::_threadLoop(void*)+280)
10-07 15:51:50.518 11396 11714 F .xbmc.kodinerd: runtime.cc:558] native: #07 pc 00000000000b4fa8 /system/lib64/libandroid_runtime.so (android::AndroidRuntime::javaThreadShell(void*)+140)
10-07 15:51:50.518 11396 11714 F .xbmc.kodinerd: runtime.cc:558] native: #08 pc 0000000000081978 /system/lib64/libc.so (__pthread_start(void*)+36)
10-07 15:51:50.519 11396 11714 F .xbmc.kodinerd: runtime.cc:558] native: #09 pc 00000000000234b8 /system/lib64/libc.so (__start_thread+68)
10-07 15:51:50.519 11396 11714 F .xbmc.kodinerd: runtime.cc:558] (no managed stack frames)
10-07 15:51:50.519 11396 11714 F .xbmc.kodinerd: runtime.cc:558]
10-07 15:51:50.519 11396 11714 F .xbmc.kodinerd: runtime.cc:558] "Profile Saver" prio=10 tid=12 Native
10-07 15:51:50.519 11396 11714 F .xbmc.kodinerd: runtime.cc:558] | group="" sCount=1 dsCount=0 flags=1 obj=0x12fc0778 self=0x2f4b446800
10-07 15:51:50.519 11396 11714 F .xbmc.kodinerd: runtime.cc:558] | sysTid=11428 nice=9 cgrp=default sched=0/0 handle=0x2f5d65e4f0
10-07 15:51:50.519 11396 11714 F .xbmc.kodinerd: runtime.cc:558] | state=S schedstat=( 6748905 15572 12 ) utm=0 stm=0 core=1 HZ=100
10-07 15:51:50.519 11396 11714 F .xbmc.kodinerd: runtime.cc:558] | stack=0x2f5d563000-0x2f5d565000 stackSize=1009KB
10-07 15:51:50.519 11396 11714 F .xbmc.kodinerd: runtime.cc:558] | held mutexes=
10-07 15:51:50.519 11396 11714 F .xbmc.kodinerd: runtime.cc:558] kernel: (couldn't read /proc/self/task/11428/stack)
10-07 15:51:50.519 11396 11714 F .xbmc.kodinerd: runtime.cc:558] native: #00 pc 000000000001f06c /system/lib64/libc.so (syscall+28)
10-07 15:51:50.519 11396 11714 F .xbmc.kodinerd: runtime.cc:558] native: #01 pc 00000000000d724c /system/lib64/libart.so (art::ConditionVariable::WaitHoldingLocks(art::Thread*)+148)
10-07 15:51:50.519 11396 11714 F .xbmc.kodinerd: runtime.cc:558] native: #02 pc 00000000003221e4 /system/lib64/libart.so (art::ProfileSaver::Run()+384)
10-07 15:51:50.519 11396 11714 F .xbmc.kodinerd: runtime.cc:558] native: #03 pc 00000000003255dc /system/lib64/libart.so (art::ProfileSaver::RunProfileSaverThread(void*)+92)
10-07 15:51:50.519 11396 11714 F .xbmc.kodinerd: runtime.cc:558] native: #04 pc 0000000000081978 /system/lib64/libc.so (__pthread_start(void*)+36)
10-07 15:51:50.519 11396 11714 F .xbmc.kodinerd: runtime.cc:558] native: #05 pc 00000000000234b8 /system/lib64/libc.so (__start_thread+68)
10-07 15:51:50.519 11396 11714 F .xbmc.kodinerd: runtime.cc:558] (no managed stack frames)
10-07 15:51:50.519 11396 11714 F .xbmc.kodinerd: runtime.cc:558]
10-07 15:51:50.519 11396 11714 F .xbmc.kodinerd: runtime.cc:558] "Thread-2" prio=10 tid=13 Native
10-07 15:51:50.519 11396 11714 F .xbmc.kodinerd: runtime.cc:558] | group="" sCount=1 dsCount=0 flags=1 obj=0x12fc0800 self=0x2f4494f800
10-07 15:51:50.519 11396 11714 F .xbmc.kodinerd: runtime.cc:558] | sysTid=11434 nice=-10 cgrp=default sched=0/0 handle=0x2f5d7af4f0
10-07 15:51:50.519 11396 11714 F .xbmc.kodinerd: runtime.cc:558] | state=S schedstat=( 29111511 9624582 189 ) utm=2 stm=0 core=0 HZ=100
10-07 15:51:50.519 11396 11714 F .xbmc.kodinerd: runtime.cc:558] | stack=0x2f5d6b4000-0x2f5d6b6000 stackSize=1009KB
10-07 15:51:50.519 11396 11714 F .xbmc.kodinerd: runtime.cc:558] | held mutexes=
10-07 15:51:50.519 11396 11714 F .xbmc.kodinerd: runtime.cc:558] kernel: (couldn't read /proc/self/task/11434/stack)
10-07 15:51:50.519 11396 11714 F .xbmc.kodinerd: runtime.cc:558] native: #00 pc 000000000006e09c /system/lib64/libc.so (__epoll_pwait+8)
10-07 15:51:50.519 11396 11714 F .xbmc.kodinerd: runtime.cc:558] native: #01 pc 0000000000013efc /system/lib64/libutils.so (android::Looper::pollInner(int)+144)
10-07 15:51:50.519 11396 11714 F .xbmc.kodinerd: runtime.cc:558] native: #02 pc 00000000000146a0 /system/lib64/libutils.so (android::Looper::pollAll(int, int*, int*, void**)+288)
10-07 15:51:50.519 11396 11714 F .xbmc.kodinerd: runtime.cc:558] native: #03 pc 0000000000012738 /system/lib64/libandroid.so (ALooper_pollAll+96)
10-07 15:51:50.519 11396 11714 F .xbmc.kodinerd: runtime.cc:558] native: #04 pc 0000000001dfe9f0 /data/app/org.xbmc.kodinerds-vbrsgimfQ6CBkJOdBTO2Fw==/lib/arm64/libkodi.so (CEventLoop::run(IActivityHandler&, IInputHandler&)+64)
10-07 15:51:50.519 11396 11714 F .xbmc.kodinerd: runtime.cc:558] native: #05 pc 0000000001dfd04c /data/app/org.xbmc.kodinerds-vbrsgimfQ6CBkJOdBTO2Fw==/lib/arm64/libkodi.so (android_main+100)
10-07 15:51:50.519 11396 11714 F .xbmc.kodinerd: runtime.cc:558] native: #06 pc 0000000001e0c09c /data/app/org.xbmc.kodinerds-vbrsgimfQ6CBkJOdBTO2Fw==/lib/arm64/libkodi.so (???)
10-07 15:51:50.519 11396 11714 F .xbmc.kodinerd: runtime.cc:558] native: #07 pc 0000000000081978 /system/lib64/libc.so (__pthread_start(void*)+36)
10-07 15:51:50.519 11396 11714 F .xbmc.kodinerd: runtime.cc:558] native: #08 pc 00000000000234b8 /system/lib64/libc.so (__start_thread+68)
10-07 15:51:50.519 11396 11714 F .xbmc.kodinerd: runtime.cc:558] (no managed stack frames)
10-07 15:51:50.519 11396 11714 F .xbmc.kodinerd: runtime.cc:558]
10-07 15:51:50.519 11396 11714 F .xbmc.kodinerd: runtime.cc:558] "Thread-3" prio=10 tid=14 Native
10-07 15:51:50.519 11396 11714 F .xbmc.kodinerd: runtime.cc:558] | group="" sCount=1 dsCount=0 flags=1 obj=0x12fc0888 self=0x2f4b493000
10-07 15:51:50.519 11396 11714 F .xbmc.kodinerd: runtime.cc:558] | sysTid=11438 nice=-10 cgrp=default sched=0/0 handle=0x2f5d9ab4f0
10-07 15:51:50.519 11396 11714 F .xbmc.kodinerd: runtime.cc:558] | state=S schedstat=( 95205549167 4905995332 67432 ) utm=9121 stm=398 core=3 HZ=100
10-07 15:51:50.519 11396 11714 F .xbmc.kodinerd: runtime.cc:558] | stack=0x2f5d8b0000-0x2f5d8b2000 stackSize=1009KB
10-07 15:51:50.519 11396 11714 F .xbmc.kodinerd: runtime.cc:558] | held mutexes=
10-07 15:51:50.519 11396 11714 F .xbmc.kodinerd: runtime.cc:558] kernel: (couldn't read /proc/self/task/11438/stack)
10-07 15:51:50.519 11396 11714 F .xbmc.kodinerd: runtime.cc:558] native: #00 pc 000000000001f070 /system/lib64/libc.so (syscall+32)
10-07 15:51:50.519 11396 11714 F .xbmc.kodinerd: runtime.cc:558] native: #01 pc 00000000000221bc /system/lib64/libc.so (__futex_wait_ex(void volatile*, bool, int, bool, timespec const*)+140)
10-07 15:51:50.519 11396 11714 F .xbmc.kodinerd: runtime.cc:558] native: #02 pc 0000000000080f60 /system/lib64/libc.so (pthread_cond_timedwait+120)
10-07 15:51:50.519 11396 11714 F .xbmc.kodinerd: runtime.cc:558] native: #03 pc 00000000000532b0 /data/app/org.xbmc.kodinerds-vbrsgimfQ6CBkJOdBTO2Fw==/lib/arm64/libc++_shared.so (_ZNSt6__ndk118condition_variable15__do_timed_waitERNS_11unique_lockINS_5mutexEEENS_6chrono10time_pointINS5_12system_clockENS5_8durationIxNS_5ratioILl1ELl1000000000EEEEEEE+108)
10-07 15:51:50.519 11396 11714 F .xbmc.kodinerd: runtime.cc:558] native: #04 pc 00000000011d06dc /data/app/org.xbmc.kodinerds-vbrsgimfQ6CBkJOdBTO2Fw==/lib/arm64/libkodi.so (???)
10-07 15:51:50.519 11396 11714 F .xbmc.kodinerd: runtime.cc:558] native: #05 pc 00000000011d051c /data/app/org.xbmc.kodinerds-vbrsgimfQ6CBkJOdBTO2Fw==/lib/arm64/libkodi.so (???)
10-07 15:51:50.519 11396 11714 F .xbmc.kodinerd: runtime.cc:558] native: #06 pc 00000000011d0320 /data/app/org.xbmc.kodinerds-vbrsgimfQ6CBkJOdBTO2Fw==/lib/arm64/libkodi.so (???)
10-07 15:51:50.519 11396 11714 F .xbmc.kodinerd: runtime.cc:558] native: #07 pc 00000000011d026c /data/app/org.xbmc.kodinerds-vbrsgimfQ6CBkJOdBTO2Fw==/lib/arm64/libkodi.so (???)
10-07 15:51:50.519 11396 11714 F .xbmc.kodinerd: runtime.cc:558] native: #08 pc 00000000011d0160 /data/app/org.xbmc.kodinerds-vbrsgimfQ6CBkJOdBTO2Fw==/lib/arm64/libkodi.so (XbmcThreads::ConditionVariable::wait(CCriticalSection&, unsigned long)+96)
10-07 15:51:50.519 11396 11714 F .xbmc.kodinerd: runtime.cc:558] native: #09 pc 00000000011d0080 /data/app/org.xbmc.kodinerds-vbrsgimfQ6CBkJOdBTO2Fw==/lib/arm64/libkodi.so (bool XbmcThreads::TightConditionVariable::wait(CCriticalSection&, unsigned long)+132)
10-07 15:51:50.519 11396 11714 F .xbmc.kodinerd: runtime.cc:558] native: #10 pc 00000000011cd45c /data/app/org.xbmc.kodinerds-vbrsgimfQ6CBkJOdBTO2Fw==/lib/arm64/libkodi.so (CEvent::WaitMSec(unsigned int)+80)
10-07 15:51:50.519 11396 11714 F .xbmc.kodinerd: runtime.cc:558] native: #11 pc 0000000001dd6750 /data/app/org.xbmc.kodinerds-vbrsgimfQ6CBkJOdBTO2Fw==/lib/arm64/libkodi.so (CWinSystemAndroidGLESContext::PresentRenderImpl(bool)+96)
10-07 15:51:50.519 11396 11714 F .xbmc.kodinerd: runtime.cc:558] native: #12 pc 0000000001334864 /data/app/org.xbmc.kodinerds-vbrsgimfQ6CBkJOdBTO2Fw==/lib/arm64/libkodi.so (CRenderSystemGLES::PresentRender(bool, bool)+60)
10-07 15:51:50.519 11396 11714 F .xbmc.kodinerd: runtime.cc:558] native: #13 pc 0000000001529718 /data/app/org.xbmc.kodinerds-vbrsgimfQ6CBkJOdBTO2Fw==/lib/arm64/libkodi.so (CGraphicContext::Flip(bool, bool)+48)
10-07 15:51:50.519 11396 11714 F .xbmc.kodinerd: runtime.cc:558] native: #14 pc 00000000018b9934 /data/app/org.xbmc.kodinerds-vbrsgimfQ6CBkJOdBTO2Fw==/lib/arm64/libkodi.so (CApplication::Render()+420)
10-07 15:51:50.519 11396 11714 F .xbmc.kodinerd: runtime.cc:558] native: #15 pc 000000000173f0a4 /data/app/org.xbmc.kodinerds-vbrsgimfQ6CBkJOdBTO2Fw==/lib/arm64/libkodi.so (CGUIWindowManager::ProcessRenderLoop(bool)+132)
10-07 15:51:50.519 11396 11714 F .xbmc.kodinerd: runtime.cc:558] native: #16 pc 000000000176d564 /data/app/org.xbmc.kodinerds-vbrsgimfQ6CBkJOdBTO2Fw==/lib/arm64/libkodi.so (CGUIDialogBusy::WaitOnEvent(CEvent&, unsigned int, bool)+148)
10-07 15:51:50.519 11396 11714 F .xbmc.kodinerd: runtime.cc:558] native: #17 pc 00000000018bfec8 /data/app/org.xbmc.kodinerds-vbrsgimfQ6CBkJOdBTO2Fw==/lib/arm64/libkodi.so (CApplication::OnMessage(CGUIMessage&)+824)
10-07 15:51:50.519 11396 11714 F .xbmc.kodinerd: runtime.cc:558] native: #18 pc 000000000173c3d4 /data/app/org.xbmc.kodinerds-vbrsgimfQ6CBkJOdBTO2Fw==/lib/arm64/libkodi.so (CGUIWindowManager::SendMessage(CGUIMessage&)+112)
10-07 15:51:50.519 11396 11714 F .xbmc.kodinerd: runtime.cc:558] native: #19 pc 000000000173f954 /data/app/org.xbmc.kodinerds-vbrsgimfQ6CBkJOdBTO2Fw==/lib/arm64/libkodi.so (CGUIWindowManager::DispatchThreadMessages()+168)
10-07 15:51:50.519 11396 11714 F .xbmc.kodinerd: runtime.cc:558] native: #20 pc 00000000018c0d08 /data/app/org.xbmc.kodinerds-vbrsgimfQ6CBkJOdBTO2Fw==/lib/arm64/libkodi.so (CApplication::Process()+44)
10-07 15:51:50.519 11396 11714 F .xbmc.kodinerd: runtime.cc:558] native: #21 pc 0000000001947848 /data/app/org.xbmc.kodinerds-vbrsgimfQ6CBkJOdBTO2Fw==/lib/arm64/libkodi.so (CXBApplicationEx::Run(CAppParamParser const&)+160)
10-07 15:51:50.519 11396 11714 F .xbmc.kodinerd: runtime.cc:558] native: #22 pc 0000000001628674 /data/app/org.xbmc.kodinerds-vbrsgimfQ6CBkJOdBTO2Fw==/lib/arm64/libkodi.so (XBMC_Run+108)
10-07 15:51:50.519 11396 11714 F .xbmc.kodinerd: runtime.cc:558] native: #23 pc 00000000011c8c90 /data/app/org.xbmc.kodinerds-vbrsgimfQ6CBkJOdBTO2Fw==/lib/arm64/libkodi.so (CXBMCApp::run()+80)
10-07 15:51:50.519 11396 11714 F .xbmc.kodinerd: runtime.cc:558] native: #24 pc 00000000011ccf90 /data/app/org.xbmc.kodinerds-vbrsgimfQ6CBkJOdBTO2Fw==/lib/arm64/libkodi.so (_Z10thread_runI8CXBMCAppXadL_ZNS0_3runEvEEEPvS1_+8)
10-07 15:51:50.520 11396 11714 F .xbmc.kodinerd: runtime.cc:558] (no managed stack frames)
10-07 15:51:50.520 11396 11714 F .xbmc.kodinerd: runtime.cc:558] "Binder:11396_4" prio=10 tid=17 Native
10-07 15:51:50.520 11396 11714 F .xbmc.kodinerd: runtime.cc:558] | group="" sCount=1 dsCount=0 flags=1 obj=0x12fc0a20 self=0x2f63a84800
10-07 15:51:50.520 11396 11714 F .xbmc.kodinerd: runtime.cc:558] | sysTid=11441 nice=0 cgrp=default sched=0/0 handle=0x2f63dfb4f0
10-07 15:51:50.520 11396 11714 F .xbmc.kodinerd: runtime.cc:558] | held mutexes=
10-07 15:51:50.520 11396 11714 F .xbmc.kodinerd: runtime.cc:558] kernel: (couldn't read /proc/self/task/11441/stack)
10-07 15:51:50.520 11396 11714 F .xbmc.kodinerd: runtime.cc:558] native: #00 pc 000000000006e188 /system/lib64/libc.so (__ioctl+4)
10-07 15:51:50.520 11396 11714 F .xbmc.kodinerd: runtime.cc:558] native: #01 pc 0000000000029110 /system/lib64/libc.so (ioctl+136)
10-07 15:51:50.520 11396 11714 F .xbmc.kodinerd: runtime.cc:558] native: #09 pc 00000000000234b8 /system/lib64/libc.so (__start_thread+68)
10-07 15:51:50.520 11396 11714 F .xbmc.kodinerd: runtime.cc:558] (no managed stack frames)
10-07 15:51:50.520 11396 11714 F .xbmc.kodinerd: runtime.cc:558]
10-07 15:51:50.520 11396 11714 F .xbmc.kodinerd: runtime.cc:558] "queued-work-looper" prio=10 tid=18 Native
10-07 15:51:50.520 11396 11714 F .xbmc.kodinerd: runtime.cc:558] | group="" sCount=1 dsCount=0 flags=1 obj=0x12fc0aa8 self=0x2f449b7c00
10-07 15:51:50.520 11396 11714 F .xbmc.kodinerd: runtime.cc:558] | sysTid=11443 nice=-2 cgrp=default sched=0/0 handle=0x2f63fff4f0
10-07 15:51:50.520 11396 11714 F .xbmc.kodinerd: runtime.cc:558] kernel: (couldn't read /proc/self/task/11443/stack)
10-07 15:51:50.520 11396 11714 F .xbmc.kodinerd: runtime.cc:558] native: #02 pc 0000000000013dd0 /system/lib64/libutils.so (android::Looper::pollOnce(int, int*, int*, void**)+60)
10-07 15:51:50.520 11396 11714 F .xbmc.kodinerd: runtime.cc:558] native: #17 pc 00000000000234b8 /system/lib64/libc.so (__start_thread+68)
10-07 15:51:50.520 11396 11714 F .xbmc.kodinerd: runtime.cc:558] | held mutexes=
10-07 15:51:50.520 11396 11714 F .xbmc.kodinerd: runtime.cc:558] kernel: (couldn't read /proc/self/task/11456/stack)
10-07 15:51:50.520 11396 11714 F .xbmc.kodinerd: runtime.cc:558] native: #00 pc 000000000001f06c /system/lib64/libc.so (syscall+28)
10-07 15:51:50.521 11396 11714 F .xbmc.kodinerd: runtime.cc:558] native: #00 pc 000000000006e09c /system/lib64/libc.so (__epoll_pwait+8)
10-07 15:51:50.521 11396 11714 F .xbmc.kodinerd: runtime.cc:558] native: #01 pc 0000000000013efc /system/lib64/libutils.so (android::Looper::pollInner(int)+144)
10-07 15:51:50.521 11396 11714 F .xbmc.kodinerd: runtime.cc:558] native: #02 pc 0000000000013dd0 /system/lib64/libutils.so (android::Looper::pollOnce(int, int*, int*, void**)+60)
10-07 15:51:50.521 11396 11714 F .xbmc.kodinerd: runtime.cc:558]
at android.os.MessageQueue.next(MessageQueue.java:326)
10-07 15:51:50.521 11396 11714 F .xbmc.kodinerd: runtime.cc:558]
at android.os.Looper.loop(Looper.java:160)
10-07 15:51:50.521 11396 11714 F .xbmc.kodinerd: runtime.cc:558]
10-07 15:51:50.521 11396 11714 F .xbmc.kodinerd: runtime.cc:558] native: #00 pc 000000000006e1d4 /system/lib64/libc.so (__pselect6+8)
10-07 15:51:50.521 11396 11714 F .xbmc.kodinerd: runtime.cc:558] native: #01 pc 000000000002b798 /system/lib64/libc.so (select+100)
10-07 15:51:50.521 11396 11714 F .xbmc.kodinerd: runtime.cc:558] "AudioTrack" prio=10 tid=21 Native
10-07 15:51:50.521 11396 11714 F .xbmc.kodinerd: runtime.cc:558] (no managed stack frames)
10-07 15:51:50.521 11396 11714 F .xbmc.kodinerd: runtime.cc:558] native: #02 pc 000000000005a5e4 /system/lib64/libbinder.so (android::IPCThreadState::talkWithDriver(bool)+256)
10-07 15:51:50.521 11396 11714 F .xbmc.kodinerd: runtime.cc:558] native: #03 pc 000000000005a7b8 /system/lib64/libbinder.so (android::IPCThreadState::getAndExecuteCommand()+24)
10-07 15:51:50.521 11396 11714 F .xbmc.kodinerd: runtime.cc:558] native: #04 pc 000000000005af04 /system/lib64/libbinder.so (android::IPCThreadState::joinThreadPool(bool)+60)
10-07 15:51:50.522 11396 11714 F .xbmc.kodinerd: runtime.cc:558] | stack=0x2f67bd2000-0x2f67bd4000 stackSize=1009KB
10-07 15:51:50.522 11396 11714 F .xbmc.kodinerd: runtime.cc:558] native: #06 pc 00000000011d0320 /data/app/org.xbmc.kodinerds-vbrsgimfQ6CBkJOdBTO2Fw==/lib/arm64/libkodi.so (???)
10-07 15:51:50.522 11396 11714 F .xbmc.kodinerd: runtime.cc:558] native: #07 pc 00000000011d026c /data/app/org.xbmc.kodinerds-vbrsgimfQ6CBkJOdBTO2Fw==/lib/arm64/libkodi.so (???)
10-07 15:51:50.523 11396 11714 F .xbmc.kodinerd: runtime.cc:558] native: #06 pc 00000000011da160 /data/app/org.xbmc.kodinerds-vbrsgimfQ6CBkJOdBTO2Fw==/lib/arm64/libkodi.so (void XbmcThreads::TightConditionVariable::wait(CCriticalSection&)+40)
10-07 15:51:50.523 11396 11714 F .xbmc.kodinerd: runtime.cc:558] native: #14 pc 00000000000234b8 /system/lib64/libc.so (__start_thread+68)
10-07 15:51:50.523 11396 11714 F .xbmc.kodinerd: runtime.cc:558] native: #06 pc 00000000002e5160 /system/lib64/libart.so (art::JavaVMExt::JniAbortV(char const*, char const*, std::__va_list)+116)
10-07 15:51:50.523 11396 11714 F .xbmc.kodinerd: runtime.cc:558] native: #15 pc 00000000000cfe84 /data/app/org.xbmc.kodinerds-vbrsgimfQ6CBkJOdBTO2Fw==/lib/arm64/libinputstream.adaptive.so (CInputStreamAdaptive::Open(INPUTSTREAM&)+1596)
10-07 15:51:50.523 11396 11714 F .xbmc.kodinerd: runtime.cc:558] native: #18 pc 000000000140e7cc /data/app/org.xbmc.kodinerds-vbrsgimfQ6CBkJOdBTO2Fw==/lib/arm64/libkodi.so (CVideoPlayer::Prepare()+292)
10-07 15:51:50.523 11396 11714 F .xbmc.kodinerd: runtime.cc:558] native: #19 pc 000000000140fa00 /data/app/org.xbmc.kodinerds-vbrsgimfQ6CBkJOdBTO2Fw==/lib/arm64/libkodi.so (CVideoPlayer::Process()+72)
10-07 15:51:50.523 11396 11714 F .xbmc.kodinerd: runtime.cc:558] native: #20 pc 0000000001608a94 /data/app/org.xbmc.kodinerds-vbrsgimfQ6CBkJOdBTO2Fw==/lib/arm64/libkodi.so (CThread::Action()+40)
10-07 15:51:50.523 11396 11714 F .xbmc.kodinerd: runtime.cc:558] native: #21 pc 0000000001609038 /data/app/org.xbmc.kodinerds-vbrsgimfQ6CBkJOdBTO2Fw==/lib/arm64/libkodi.so (???)
10-07 15:51:50.523 11396 11714 F .xbmc.kodinerd: runtime.cc:566] JNI DETECTED ERROR IN APPLICATION: JNI GetArrayLength called with pending exception android.media.MediaDrm$MediaDrmStateException: Failed to get property: General DRM error
10-07 15:51:50.523 11396 11714 F .xbmc.kodinerd: runtime.cc:566] at byte[] android.media.MediaDrm.getPropertyByteArray(java.lang.String) (MediaDrm.java:-2)
10-07 15:51:50.523 11396 11714 F .xbmc.kodinerd: runtime.cc:566]
10-07 15:51:50.523 11396 11714 F .xbmc.kodinerd: runtime.cc:566] in call to GetArrayLength
10-07 15:51:50.523 11396 11714 F .xbmc.kodinerd: runtime.cc:566] "Thread-16" prio=10 tid=30 Runnable
10-07 15:51:50.524 11396 11714 F .xbmc.kodinerd: runtime.cc:566] native: #10 pc 0000000000076028 /data/app/org.xbmc.kodinerds-vbrsgimfQ6CBkJOdBTO2Fw==/lib/arm64/libssd_wv.so (WVDecrypter::OpenDRMSystem(char const*, AP4_DataBuffer const&, unsigned char)+68)
10-07 15:51:50.524 11396 11714 F .xbmc.kodinerd: runtime.cc:566] --------- beginning of crash
10-07 15:51:50.524 11396 11714 F libc : Fatal signal 6 (SIGABRT), code -6 (SI_TKILL) in tid 11714 (Thread-16), pid 11396 (.xbmc.kodinerds)
10-07 15:51:50.524 11396 11714 F .xbmc.kodinerd: runtime.cc:566]
10-07 15:51:50.636 11731 11731 I crash_dump64: obtaining output fd from tombstoned, type: kDebuggerdTombstone
10-07 15:51:50.639 3334 3334 I /system/bin/tombstoned: received crash request for pid 11714
10-07 15:51:50.641 11731 11731 I crash_dump64: performing dump of process 11396 (target tid = 11714)
10-07 15:51:50.650 11731 11731 F DEBUG : *** *** *** *** *** *** *** *** *** *** *** *** *** *** *** ***
10-07 15:51:50.650 11731 11731 F DEBUG : Build fingerprint: 'NVIDIA/foster_e_hdd/foster:9/PPR1.180610.011/4086637_1697.8089:user/release-keys'
10-07 15:51:50.650 11731 11731 F DEBUG : Revision: '0'
10-07 15:51:50.650 11731 11731 F DEBUG : ABI: 'arm64'
10-07 15:51:50.650 11731 11731 F DEBUG : pid: 11396, tid: 11714, name: Thread-16 >>> org.xbmc.kodinerds <<<
10-07 15:51:50.650 11731 11731 F DEBUG : signal 6 (SIGABRT), code -6 (SI_TKILL), fault addr --------
10-07 15:51:50.650 11731 11731 F DEBUG : Abort message: 'java_vm_ext.cc:542] JNI DETECTED ERROR IN APPLICATION: JNI GetArrayLength called with pending exception android.media.MediaDrm$MediaDrmStateException: Failed to get property: General DRM error'
10-07 15:51:50.650 11731 11731 F DEBUG : x0 0000000000000000 x1 0000000000002dc2 x2 0000000000000006 x3 0000000000000008
10-07 15:51:50.650 11731 11731 F DEBUG : x4 fefeff2dc3160667 x5 fefeff2dc3160667 x6 fefeff2dc3160667 x7 7f7f7f7fff7f7f7f
10-07 15:51:50.650 11731 11731 F DEBUG : x8 0000000000000083 x9 cd13cd410685cbca x10 0000000000000000 x11 fffffffc7ffffbdf
10-07 15:51:50.650 11731 11731 F DEBUG : x12 0000000000000001 x13 ffffffffffffffff x14 ffffffffff000000 x15 ffffffffffffffff
10-07 15:51:50.650 11731 11731 F DEBUG : x16 0000002ec0d2f2c8 x17 0000002ec0c6d110 x18 0000000000000001 x19 0000000000002c84
10-07 15:51:50.650 11731 11731 F DEBUG : x20 0000000000002dc2 x21 0000002f68d9a6c0 x22 0000000000000011 x23 0000002f4516bc53
10-07 15:51:50.651 11731 11731 F DEBUG : x24 0000002f4516bb07 x25 0000000000000001 x26 0000002f68a416f0 x27 0000000000000043
10-07 15:51:50.651 11731 11731 F DEBUG : x28 0000002f4491b2a0 x29 0000002f68a415a0
10-07 15:51:50.651 11731 11731 F DEBUG : sp 0000002f68a41560 lr 0000002ec0c61c3c pc 0000002ec0c61c64
10-07 15:51:50.685 11731 11731 F DEBUG :
10-07 15:51:50.685 11731 11731 F DEBUG : backtrace:
10-07 15:51:50.685 11731 11731 F DEBUG : #00 pc 0000000000021c64 /system/lib64/libc.so (abort+116)
10-07 15:51:50.685 11731 11731 F DEBUG : #01 pc 0000000000464300 /system/lib64/libart.so (art::Runtime::Abort(char const*)+1196)
10-07 15:51:50.685 11731 11731 F DEBUG : #02 pc 0000000000008cd4 /system/lib64/libbase.so (android::base::LogMessage::~LogMessage()+724)
10-07 15:51:50.685 11731 11731 F DEBUG : #03 pc 00000000002e4ff0 /system/lib64/libart.so (art::JavaVMExt::JniAbort(char const*, char const*)+1640)
10-07 15:51:50.685 11731 11731 F DEBUG : #04 pc 00000000002e5160 /system/lib64/libart.so (art::JavaVMExt::JniAbortV(char const*, char const*, std::__va_list)+116)
10-07 15:51:50.685 11731 11731 F DEBUG : #05 pc 00000000000fcff8 /system/lib64/libart.so (art::(anonymous namespace)::ScopedCheck::AbortF(char const*, ...)+148)
10-07 15:51:50.685 11731 11731 F DEBUG : #06 pc 00000000000fb9d4 /system/lib64/libart.so (art::(anonymous namespace)::ScopedCheck::CheckPossibleHeapValue(art::ScopedObjectAccess&, char, art::(anonymous namespace)::JniValueType)+1152)
10-07 15:51:50.685 11731 11731 F DEBUG : #07 pc 00000000000fad40 /system/lib64/libart.so (art::(anonymous namespace)::ScopedCheck::Check(art::ScopedObjectAccess&, bool, char const*, art::(anonymous namespace)::JniValueType*)+628)
10-07 15:51:50.685 11731 11731 F DEBUG : #08 pc 00000000000f1b34 /system/lib64/libart.so (art::(anonymous namespace)::CheckJNI::GetArrayLength(_JNIEnv*, _jarray*)+688)
10-07 15:51:50.685 11731 11731 F DEBUG : #09 pc 000000000007ccb4 /data/app/org.xbmc.kodinerds-vbrsgimfQ6CBkJOdBTO2Fw==/lib/arm64/libssd_wv.so (jni::CJNIMediaDrm::getPropertyByteArray(std::__ndk1::basic_string, std::__ndk1::allocator> const&) const+128)
10-07 15:51:50.685 11731 11731 F DEBUG : #10 pc 0000000000070098 /data/app/org.xbmc.kodinerds-vbrsgimfQ6CBkJOdBTO2Fw==/lib/arm64/libssd_wv.so (WV_DRM::WV_DRM(WV_KEYSYSTEM, char const*, AP4_DataBuffer const&, jni::CJNIMediaDrmOnEventListener*)+980)
10-07 15:51:50.685 11731 11731 F DEBUG : #11 pc 0000000000076028 /data/app/org.xbmc.kodinerds-vbrsgimfQ6CBkJOdBTO2Fw==/lib/arm64/libssd_wv.so (WVDecrypter::OpenDRMSystem(char const*, AP4_DataBuffer const&, unsigned char)+68)
10-07 15:51:50.685 11731 11731 F DEBUG : #12 pc 00000000000ccd90 /data/app/org.xbmc.kodinerds-vbrsgimfQ6CBkJOdBTO2Fw==/lib/arm64/libinputstream.adaptive.so (Session::initialize(unsigned char, unsigned int)+1196)
10-07 15:51:50.685 11731 11731 F DEBUG : #13 pc 00000000000cfe84 /data/app/org.xbmc.kodinerds-vbrsgimfQ6CBkJOdBTO2Fw==/lib/arm64/libinputstream.adaptive.so (CInputStreamAdaptive::Open(INPUTSTREAM&)+1596)
10-07 15:51:50.685 11731 11731 F DEBUG : #14 pc 0000000001384eb8 /data/app/org.xbmc.kodinerds-vbrsgimfQ6CBkJOdBTO2Fw==/lib/arm64/libkodi.so (CInputStreamAddon::Open()+652)
10-07 15:51:50.685 11731 11731 F DEBUG : #15 pc 000000000140c5f0 /data/app/org.xbmc.kodinerds-vbrsgimfQ6CBkJOdBTO2Fw==/lib/arm64/libkodi.so (CVideoPlayer::OpenInputStream()+384)
10-07 15:51:50.685 11731 11731 F DEBUG : #16 pc 000000000140e7cc /data/app/org.xbmc.kodinerds-vbrsgimfQ6CBkJOdBTO2Fw==/lib/arm64/libkodi.so (CVideoPlayer::Prepare()+292)
10-07 15:51:50.685 11731 11731 F DEBUG : #17 pc 000000000140fa00 /data/app/org.xbmc.kodinerds-vbrsgimfQ6CBkJOdBTO2Fw==/lib/arm64/libkodi.so (CVideoPlayer::Process()+72)
10-07 15:51:50.685 11731 11731 F DEBUG : #18 pc 0000000001608a94 /data/app/org.xbmc.kodinerds-vbrsgimfQ6CBkJOdBTO2Fw==/lib/arm64/libkodi.so (CThread::Action()+40)
10-07 15:51:50.685 11731 11731 F DEBUG : #19 pc 0000000001609038 /data/app/org.xbmc.kodinerds-vbrsgimfQ6CBkJOdBTO2Fw==/lib/arm64/libkodi.so
10-07 15:51:50.685 11731 11731 F DEBUG : #20 pc 0000000001608eec /data/app/org.xbmc.kodinerds-vbrsgimfQ6CBkJOdBTO2Fw==/lib/arm64/libkodi.so
10-07 15:51:50.685 11731 11731 F DEBUG : #21 pc 0000000001608cf8 /data/app/org.xbmc.kodinerds-vbrsgimfQ6CBkJOdBTO2Fw==/lib/arm64/libkodi.so
10-07 15:51:50.685 11731 11731 F DEBUG : #22 pc 0000000000081978 /system/lib64/libc.so (__pthread_start(void*)+36)
10-07 15:51:50.686 11731 11731 F DEBUG : #23 pc 00000000000234b8 /system/lib64/libc.so (__start_thread+68)
10-07 15:51:50.771 5872 5872 D DeviceControlManagerService: onPlaybackStateChanged :PlaybackState {state=3, position=0, buffered position=0, speed=1.0, updated=1104270, actions=-1, custom actions=[], active item id=-1, error=null}
10-07 15:51:50.772 4869 4869 D NowPlayingListener: onPlaybackStateChanged: PlaybackState {state=3, position=0, buffered position=0, speed=1.0, updated=1104270, actions=-1, custom actions=[], active item id=-1, error=null}
10-07 15:51:50.772 4869 4869 D NowPlayingListener: updatePlayback() called with: state = [PlaybackState {state=3, position=0, buffered position=0, speed=1.0, updated=1104270, actions=-1, custom actions=[], active item id=-1, error=null}] and now playing listener: com.google.android.tvrecommendations.NowPlayingManager@ab6ca20
10-07 15:51:50.772 4869 4869 D NowPlayingManager: onClientPlaybackStateUpdate() called with: state = [3], stateChangeTimeMs = [1104270], currentPosMs = [0]
10-07 15:51:50.772 4869 4869 D NowPlayingManager: onClientPlaybackStateUpdate: Skipped update, state: 3 was unchanged
10-07 15:51:50.772 3728 3728 V NewAvrcpMediaPlayerWrapper: onPlaybackStateChanged(): org.xbmc.kodinerds : PlaybackState {state=3, position=0, buffered position=0, speed=1.0, updated=1104270, actions=-1, custom actions=[], active item id=-1, error=null}
10-07 15:51:50.772 3728 3728 W NewAvrcpMediaPlayerWrapper: onPlaybackStateChanged(): org.xbmc.kodinerds tried to update with no new data
10-07 15:51:50.772 4869 4869 D NowPlayingListener: updateMetadata() called with: metadata = [android.media.MediaMetadata@65171a15] and now playing listener: com.google.android.tvrecommendations.NowPlayingManager@ab6ca20
10-07 15:51:50.774 4869 4869 D NowPlayingManager: onMediaDataUpdated() called with: mediaData = [com.google.android.tvrecommendations.NowPlayingData@933a39]
10-07 15:51:50.782 4869 4869 D TVNotifService: onTVNotificationPosted StatusBarNotification(pkg=com.google.android.tvrecommendations user=UserHandle{0} id=4321 tag=Notification.NowPlaying key=0|com.google.android.tvrecommendations|4321|Notification.NowPlaying|10034: Notification(channel=now_playing pri=0 contentView=null vibrate=null sound=null defaults=0x0 flags=0x0 color=0x00000000 vis=PRIVATE)) userId: 0
10-07 15:51:51.023 3728 4249 W bt_btm_pm: Sniff Interval For Device MAC 00:04:20:f5:f5:a8 is 33.750000 msec.
10-07 15:51:51.287 5872 5872 D DeviceControlManagerService: onPlaybackStateChanged :PlaybackState {state=3, position=0, buffered position=0, speed=1.0, updated=1104787, actions=-1, custom actions=[], active item id=-1, error=null}
10-07 15:51:51.287 4869 4869 D NowPlayingListener: onPlaybackStateChanged: PlaybackState {state=3, position=0, buffered position=0, speed=1.0, updated=1104787, actions=-1, custom actions=[], active item id=-1, error=null}
10-07 15:51:51.287 3728 3728 V NewAvrcpMediaPlayerWrapper: onPlaybackStateChanged(): org.xbmc.kodinerds : PlaybackState {state=3, position=0, buffered position=0, speed=1.0, updated=1104787, actions=-1, custom actions=[], active item id=-1, error=null}
10-07 15:51:51.287 4869 4869 D NowPlayingListener: updatePlayback() called with: state = [PlaybackState {state=3, position=0, buffered position=0, speed=1.0, updated=1104787, actions=-1, custom actions=[], active item id=-1, error=null}] and now playing listener: com.google.android.tvrecommendations.NowPlayingManager@ab6ca20
10-07 15:51:51.287 4869 4869 D NowPlayingManager: onClientPlaybackStateUpdate() called with: state = [3], stateChangeTimeMs = [1104787], currentPosMs = [0]
10-07 15:51:51.287 4869 4869 D NowPlayingManager: onClientPlaybackStateUpdate: Skipped update, state: 3 was unchanged
10-07 15:51:51.288 4869 4869 D NowPlayingListener: updateMetadata() called with: metadata = [android.media.MediaMetadata@65171a15] and now playing listener: com.google.android.tvrecommendations.NowPlayingManager@ab6ca20
10-07 15:51:51.288 3728 3728 W NewAvrcpMediaPlayerWrapper: onPlaybackStateChanged(): org.xbmc.kodinerds tried to update with no new data
10-07 15:51:51.290 4869 4869 D NowPlayingManager: onMediaDataUpdated() called with: mediaData = [com.google.android.tvrecommendations.NowPlayingData@b5741df]
10-07 15:51:51.299 4869 4869 D TVNotifService: onTVNotificationPosted StatusBarNotification(pkg=com.google.android.tvrecommendations user=UserHandle{0} id=4321 tag=Notification.NowPlaying key=0|com.google.android.tvrecommendations|4321|Notification.NowPlaying|10034: Notification(channel=now_playing pri=0 contentView=null vibrate=null sound=null defaults=0x0 flags=0x0 color=0x00000000 vis=PRIVATE)) userId: 0
10-07 15:51:51.459 11396 11490 V Kodi : Debug Print: ES: Starting UDP Event server on port 9777
10-07 15:51:51.460 11396 11490 V Kodi : Debug Print: UDP: Listening on port 9777 (ipv6 : false)
10-07 15:51:51.610 3334 3334 E /system/bin/tombstoned: Tombstone written to: /data/tombstones/tombstone_08
10-07 15:51:51.612 3543 11734 W ActivityManager: Force finishing activity org.xbmc.kodinerds/.Main
10-07 15:51:51.614 3543 3585 I BootReceiver: Copying /data/tombstones/tombstone_08 to DropBox (SYSTEM_TOMBSTONE)
10-07 15:51:51.617 11396 11396 V threaded_app: Pause: 0x2f44867dc0
10-07 15:51:51.617 11396 11434 V threaded_app: activityState=13
10-07 15:51:51.617 11396 11434 V Kodi : virtual void CXBMCApp::onPause():
10-07 15:51:51.617 11396 11434 V Kodi : static bool CXBMCApp::EnableWakeLock(bool): false
10-07 15:51:51.626 3543 3577 W BroadcastQueue: Background execution not allowed: receiving Intent { act=android.intent.action.DROPBOX_ENTRY_ADDED flg=0x10 (has extras) } to com.google.android.gms/.stats.service.DropBoxEntryAddedReceiver
10-07 15:51:51.626 3543 3577 W BroadcastQueue: Background execution not allowed: receiving Intent { act=android.intent.action.DROPBOX_ENTRY_ADDED flg=0x10 (has extras) } to com.google.android.gms/.chimera.GmsIntentOperationService$PersistentTrustedReceiver
10-07 15:51:51.626 3543 3577 W BroadcastQueue: Background execution not allowed: receiving Intent { act=android.intent.action.DROPBOX_ENTRY_ADDED flg=0x10 (has extras) } to com.nvidia.stats/.CollectionsReceiver
10-07 15:51:51.648 3543 3577 W BroadcastQueue: Background execution not allowed: receiving Intent { act=android.intent.action.DROPBOX_ENTRY_ADDED flg=0x10 (has extras) } to com.google.android.gms/.stats.service.DropBoxEntryAddedReceiver
10-07 15:51:51.648 3543 3577 W BroadcastQueue: Background execution not allowed: receiving Intent { act=android.intent.action.DROPBOX_ENTRY_ADDED flg=0x10 (has extras) } to com.google.android.gms/.chimera.GmsIntentOperationService$PersistentTrustedReceiver
10-07 15:51:51.648 3543 3577 W BroadcastQueue: Background execution not allowed: receiving Intent { act=android.intent.action.DROPBOX_ENTRY_ADDED flg=0x10 (has extras) } to com.nvidia.stats/.CollectionsReceiver
10-07 15:51:51.719 3543 3644 W InputDispatcher: channel '171aeb2 org.xbmc.kodinerds/org.xbmc.kodinerds.Main (server)' ~ Consumer closed input channel or an error occurred. events=0x9
10-07 15:51:51.719 3543 3644 E InputDispatcher: channel '171aeb2 org.xbmc.kodinerds/org.xbmc.kodinerds.Main (server)' ~ Channel is unrecoverably broken and will be disposed!
10-07 15:51:51.720 3543 4021 D MediaSessionService: Media button session is changed to null
10-07 15:51:51.720 3096 6749 W DxDrmModularPlugin: Unable to convert legacy status: -2, defaulting to UNKNOWN
10-07 15:51:51.721 3096 6749 W DxDrmModularPlugin: Unable to convert legacy status: -2, defaulting to UNKNOWN
10-07 15:51:51.721 3322 3357 E DrmHal : Failed to get vendor from drm plugin: -2000
10-07 15:51:51.721 3096 6749 W DxDrmModularPlugin: Unable to convert legacy status: -2, defaulting to UNKNOWN
10-07 15:51:51.721 3322 3357 E DrmHal : Failed to get description from drm plugin: -2000
10-07 15:51:51.721 4869 4869 D NowPlayingListener: onActiveSessionsChanged() called with: controllers = [[]]
10-07 15:51:51.721 4869 4869 D NowPlayingListener: updateMediaSessionCallback: null
10-07 15:51:51.721 5872 5872 D DeviceControlManagerService: no active session
10-07 15:51:51.722 3543 8947 I WindowManager: WIN DEATH: Window{171aeb2 u0 org.xbmc.kodinerds/org.xbmc.kodinerds.Main}
10-07 15:51:51.722 3543 8947 W InputDispatcher: Attempted to unregister already unregistered input channel '171aeb2 org.xbmc.kodinerds/org.xbmc.kodinerds.Main (server)'
10-07 15:51:51.723 3728 3728 V NewAvrcpMediaPlayerList: onActiveSessionsChanged: number of controllers: 0
10-07 15:51:51.723 3728 3728 V NewAvrcpMediaPlayerList: onActiveSessionsChanged: number of controllers: 0
10-07 15:51:51.723 3728 3728 W NewAvrcpMediaPlayerWrapper: The session was destroyed org.xbmc.kodinerds
10-07 15:51:51.723 4869 4869 D NowPlayingManager: onClientChanged() called with: clearing = [true]
10-07 15:51:51.723 4869 4869 D NowPlayingListener: onActiveSessionsChanged() called with: controllers = [[]]
10-07 15:51:51.723 4869 4869 D NowPlayingListener: updateMediaSessionCallback: null
10-07 15:51:51.723 4869 4869 D NowPlayingManager: onClientChanged() called with: clearing = [true]
10-07 15:51:51.725 3728 4293 E bt_btif : register_notification_rsp: Avrcp device is not connected, handle: 0x0
10-07 15:51:51.725 3082 3082 I Zygote : Process 11396 exited due to signal (6)
10-07 15:51:51.725 3728 4293 E bt_btif : register_notification_rsp: Avrcp device is not connected, handle: 0x0
10-07 15:51:51.725 3728 4293 I chatty : uid=1002(bluetooth) BluetoothAvrcpH identical 3 lines
10-07 15:51:51.725 3728 4293 E bt_btif : register_notification_rsp: Avrcp device is not connected, handle: 0x0
10-07 15:51:51.725 3096 6749 E DxNvGooModularPlugin: setListener
10-07 15:51:51.726 4490 4490 E phs:fs : Unable to open file "/proc/11396/largest_task": No such file or directory
10-07 15:51:51.727 3543 3665 D NsdService: Client disconnected
10-07 15:51:51.727 3543 5856 I MediaFocusControl: AudioFocus removeFocusStackEntryOnDeath(): removing entry for android.os.BinderProxy@a629ca0
10-07 15:51:51.728 5872 5872 D DeviceControlManagerService: no active session
10-07 15:51:51.729 3543 3543 W TelecomManager: Telecom Service not found.
10-07 15:51:51.730 3543 5120 I ActivityManager: Process org.xbmc.kodinerds (pid 11396) has died: vis +99TOP
10-07 15:51:51.730 3543 3665 D NsdService: Terminating client-ID 2 global-ID 4 type 393225
10-07 15:51:51.730 3543 3665 D NsdService: mdnssd [stop-register, 4]
10-07 15:51:51.731 3081 3205 D MDnsDS : polling error: 32
10-07 15:51:51.731 3543 3665 D NsdService: Terminating client-ID 3 global-ID 5 type 393225
10-07 15:51:51.731 3543 3665 D NsdService: mdnssd [stop-register, 5]
10-07 15:51:51.732 3081 3205 D MDnsDS : polling error: 32
10-07 15:51:51.732 3543 3580 W libprocessgroup: kill(-11396, 9) failed: No such process
10-07 15:51:51.732 3543 3580 I libprocessgroup: Successfully killed process cgroup uid 10159 pid 11396 in 5ms
10-07 15:51:51.740 3127 3217 W SurfaceFlinger: Attempting to set client state on removed layer: org.xbmc.kodinerds/org.xbmc.kodinerds.Main#0
10-07 15:51:51.740 3127 3217 W SurfaceFlinger: Attempting to destroy on removed layer: org.xbmc.kodinerds/org.xbmc.kodinerds.Main#0
10-07 15:51:51.750 4869 4869 D TVNotifService: onNotificationRemoved StatusBarNotification(pkg=com.google.android.tvrecommendations user=UserHandle{0} id=4321 tag=Notification.NowPlaying key=0|com.google.android.tvrecommendations|4321|Notification.NowPlaying|10034: Notification(channel=now_playing pri=0 contentView=null vibrate=null sound=null defaults=0x0 flags=0x0 color=0x00000000 vis=PRIVATE)) userId: 0
10-07 15:51:51.753 3543 3588 W ActivityManager: setHasOverlayUi called on unknown pid: 11396
10-07 15:51:51.757 3543 3645 I InputReader: Reconfiguring input devices. changes=0x00000004
10-07 15:51:51.759 4903 4903 I AppLifecycleTracker: App transition to foreground
10-07 15:51:51.759 4692 4729 I android_os_HwBinder: HwBinder: Starting thread pool for default::vendor.nvidia.hardware.power@1.0::IPower
10-07 15:51:51.760 4903 4903 I DataLoader: Failed to register content observer for URI: content://tvlauncher.mic/farfield_mic_status.
10-07 15:51:51.760 4903 4903 I DataLoader: Reason: Failed to find provider tvlauncher.mic for user 0; expected to find a valid ContentProvider for this authority
10-07 15:51:51.761 4903 4903 I PrtnrWidgetInfoLdr: Failed to register content observer for URI: content://tvlauncher.widget/widget.
10-07 15:51:51.761 4903 4903 I PrtnrWidgetInfoLdr: Reason: Failed to find provider tvlauncher.widget for user 0; expected to find a valid ContentProvider for this authority
10-07 15:51:51.762 4903 11748 E ActivityThread: Failed to find provider info for tvlauncher.mic
10-07 15:51:51.763 4903 11749 E ActivityThread: Failed to find provider info for tvlauncher.widget
10-07 15:51:51.765 4869 5562 D TVNotifService: getConnectedInstanceBlocking - block
10-07 15:51:51.765 4869 5562 D TVNotifService: getConnectedInstanceBlockingWithTimeout - done
10-07 15:51:51.765 4869 4945 D TVNotifService: getConnectedInstanceBlocking - block
10-07 15:51:51.765 4869 4945 D TVNotifService: getConnectedInstanceBlockingWithTimeout - done
10-07 15:51:51.776 4490 4490 E phs:fs : Unable to open file "/proc/11396/largest_task": No such file or directory
10-07 15:51:51.791 3125 3228 I hash_map_utils: key: 'nv_param_low_latency_active' value: ''
10-07 15:51:51.797 10796 11751 E org.xbmc.kodi: No implementation found for boolean org.xbmc.kodi.XBMCFile._open(java.lang.String) (tried Java_org_xbmc_kodi_XBMCFile__1open and Java_org_xbmc_kodi_XBMCFile__1open__Ljava_lang_String_2)
10-07 15:51:51.797 10796 11751 E Kodifile: Open: Not available
10-07 15:51:51.798 4869 4869 D NotifInteractonRcvr: Show unseen default level notification toasts
10-07 15:51:51.800 4490 4490 E phs:fs : Unable to open file "/proc/11396/largest_task": No such file or directory
10-07 15:51:51.801 10796 11752 E org.xbmc.kodi: No implementation found for boolean org.xbmc.kodi.XBMCFile._open(java.lang.String) (tried Java_org_xbmc_kodi_XBMCFile__1open and Java_org_xbmc_kodi_XBMCFile__1open__Ljava_lang_String_2)
10-07 15:51:51.801 10796 11752 E Kodifile: Open: Not available
10-07 15:51:51.802 4903 8248 D skia : --- Failed to create image decoder with message 'unimplemented'
10-07 15:51:51.802 4903 8248 D skia : --- Failed to create image decoder with message 'unimplemented'
10-07 15:51:51.802 4869 5562 D TVNotifService: getConnectedInstanceBlocking - block
10-07 15:51:51.802 4869 5562 D TVNotifService: getConnectedInstanceBlockingWithTimeout - done
10-07 15:51:51.803 4903 8230 D skia : --- Failed to create image decoder with message 'unimplemented'
10-07 15:51:51.804 4903 8230 D skia : --- Failed to create image decoder with message 'unimplemented'
10-07 15:51:51.804 4869 4945 D TVNotifService: getConnectedInstanceBlocking - block
10-07 15:51:51.804 4869 4945 D TVNotifService: getConnectedInstanceBlockingWithTimeout - done
10-07 15:51:51.805 3326 8351 E MetadataRetrieverClient: offset (0) bigger than file size (0)
10-07 15:51:51.807 10796 11756 E org.xbmc.kodi: No implementation found for boolean org.xbmc.kodi.XBMCFile._open(java.lang.String) (tried Java_org_xbmc_kodi_XBMCFile__1open and Java_org_xbmc_kodi_XBMCFile__1open__Ljava_lang_String_2)
10-07 15:51:51.807 10796 11756 E Kodifile: Open: Not available
10-07 15:51:51.809 4490 4490 E phs:fs : Unable to open file "/proc/11396/largest_task": No such file or directory
10-07 15:51:51.813 10796 11753 E org.xbmc.kodi: No implementation found for boolean org.xbmc.kodi.XBMCFile._open(java.lang.String) (tried Java_org_xbmc_kodi_XBMCFile__1open and Java_org_xbmc_kodi_XBMCFile__1open__Ljava_lang_String_2)
10-07 15:51:51.814 10796 11753 E Kodifile: Open: Not available
10-07 15:51:51.814 4903 8227 D skia : --- Failed to create image decoder with message 'unimplemented'
10-07 15:51:51.814 4903 8248 E MediaMetadataRetrieverJNI: negative length (-1)
10-07 15:51:51.814 4903 8227 D skia : --- Failed to create image decoder with message 'unimplemented'
10-07 15:51:51.814 3326 8351 E MetadataRetrieverClient: offset (0) bigger than file size (0)
10-07 15:51:51.817 10796 11754 E org.xbmc.kodi: No implementation found for boolean org.xbmc.kodi.XBMCFile._open(java.lang.String) (tried Java_org_xbmc_kodi_XBMCFile__1open and Java_org_xbmc_kodi_XBMCFile__1open__Ljava_lang_String_2)
10-07 15:51:51.817 10796 11757 E org.xbmc.kodi: No implementation found for boolean org.xbmc.kodi.XBMCFile._open(java.lang.String) (tried Java_org_xbmc_kodi_XBMCFile__1open and Java_org_xbmc_kodi_XBMCFile__1open__Ljava_lang_String_2)
10-07 15:51:51.817 10796 11754 E Kodifile: Open: Not available
10-07 15:51:51.817 10796 11757 E Kodifile: Open: Not available
10-07 15:51:51.817 4903 8237 D skia : --- Failed to create image decoder with message 'unimplemented'
10-07 15:51:51.818 4903 8237 D skia : --- Failed to create image decoder with message 'unimplemented'
10-07 15:51:51.820 4903 8230 E MediaMetadataRetrieverJNI: negative length (-1)
10-07 15:51:51.820 10796 11759 E org.xbmc.kodi: No implementation found for boolean org.xbmc.kodi.XBMCFile._open(java.lang.String) (tried Java_org_xbmc_kodi_XBMCFile__1open and Java_org_xbmc_kodi_XBMCFile__1open__Ljava_lang_String_2)
10-07 15:51:51.821 10796 11759 E Kodifile: Open: Not available
