10-07 15:51:51.821 10796 11758 E org.xbmc.kodi: No implementation found for boolean org.xbmc.kodi.XBMCFile._open(java.lang.String) (tried Java_org_xbmc_kodi_XBMCFile__1open and Java_org_xbmc_kodi_XBMCFile__1open__Ljava_lang_String_2)
10-07 15:51:51.821 10796 11758 E Kodifile: Open: Not available
10-07 15:51:51.821 3326 6164 E MetadataRetrieverClient: offset (0) bigger than file size (0)
10-07 15:51:51.822 10796 11760 E org.xbmc.kodi: No implementation found for boolean org.xbmc.kodi.XBMCFile._open(java.lang.String) (tried Java_org_xbmc_kodi_XBMCFile__1open and Java_org_xbmc_kodi_XBMCFile__1open__Ljava_lang_String_2)
10-07 15:51:51.822 10796 11760 E Kodifile: Open: Not available
10-07 15:51:51.823 10796 11762 E org.xbmc.kodi: No implementation found for boolean org.xbmc.kodi.XBMCFile._open(java.lang.String) (tried Java_org_xbmc_kodi_XBMCFile__1open and Java_org_xbmc_kodi_XBMCFile__1open__Ljava_lang_String_2)
10-07 15:51:51.823 3326 6164 E MetadataRetrieverClient: offset (0) bigger than file size (0)
10-07 15:51:51.823 10796 11762 E Kodifile: Open: Not available
10-07 15:51:51.823 4903 8230 D skia : --- Failed to create image decoder with message 'unimplemented'
10-07 15:51:51.824 10796 11763 E org.xbmc.kodi: No implementation found for boolean org.xbmc.kodi.XBMCFile._open(java.lang.String) (tried Java_org_xbmc_kodi_XBMCFile__1open and Java_org_xbmc_kodi_XBMCFile__1open__Ljava_lang_String_2)
10-07 15:51:51.824 10796 11763 E Kodifile: Open: Not available
10-07 15:51:51.824 10796 11764 E org.xbmc.kodi: No implementation found for boolean org.xbmc.kodi.XBMCFile._open(java.lang.String) (tried Java_org_xbmc_kodi_XBMCFile__1open and Java_org_xbmc_kodi_XBMCFile__1open__Ljava_lang_String_2)
10-07 15:51:51.824 4903 8230 D skia : --- Failed to create image decoder with message 'unimplemented'
10-07 15:51:51.824 10796 11764 E Kodifile: Open: Not available
10-07 15:51:51.824 4903 8248 D skia : --- Failed to create image decoder with message 'unimplemented'
10-07 15:51:51.824 4903 8227 E MediaMetadataRetrieverJNI: negative length (-1)
10-07 15:51:51.824 4903 8248 D skia : --- Failed to create image decoder with message 'unimplemented'
10-07 15:51:51.825 10796 11765 E org.xbmc.kodi: No implementation found for boolean org.xbmc.kodi.XBMCFile._open(java.lang.String) (tried Java_org_xbmc_kodi_XBMCFile__1open and Java_org_xbmc_kodi_XBMCFile__1open__Ljava_lang_String_2)
10-07 15:51:51.825 10796 11765 E Kodifile: Open: Not available
10-07 15:51:51.825 3326 6164 E MetadataRetrieverClient: offset (0) bigger than file size (0)
10-07 15:51:51.826 10796 11767 E org.xbmc.kodi: No implementation found for boolean org.xbmc.kodi.XBMCFile._open(java.lang.String) (tried Java_org_xbmc_kodi_XBMCFile__1open and Java_org_xbmc_kodi_XBMCFile__1open__Ljava_lang_String_2)
10-07 15:51:51.826 10796 11767 E Kodifile: Open: Not available
10-07 15:51:51.826 4490 4490 E phs:fs : Unable to open file "/proc/11396/largest_task": No such file or directory
10-07 15:51:51.827 10796 11768 E org.xbmc.kodi: No implementation found for boolean org.xbmc.kodi.XBMCFile._open(java.lang.String) (tried Java_org_xbmc_kodi_XBMCFile__1open and Java_org_xbmc_kodi_XBMCFile__1open__Ljava_lang_String_2)
10-07 15:51:51.827 3326 3961 E MetadataRetrieverClient: offset (0) bigger than file size (0)
10-07 15:51:51.827 10796 11768 E Kodifile: Open: Not available
10-07 15:51:51.827 4903 8237 E MediaMetadataRetrieverJNI: negative length (-1)
10-07 15:51:51.827 10796 11766 E org.xbmc.kodi: No implementation found for boolean org.xbmc.kodi.XBMCFile._open(java.lang.String) (tried Java_org_xbmc_kodi_XBMCFile__1open and Java_org_xbmc_kodi_XBMCFile__1open__Ljava_lang_String_2)
10-07 15:51:51.827 10796 11766 E Kodifile: Open: Not available
10-07 15:51:51.828 10796 11769 E org.xbmc.kodi: No implementation found for boolean org.xbmc.kodi.XBMCFile._open(java.lang.String) (tried Java_org_xbmc_kodi_XBMCFile__1open and Java_org_xbmc_kodi_XBMCFile__1open__Ljava_lang_String_2)
10-07 15:51:51.828 10796 11769 E Kodifile: Open: Not available
10-07 15:51:51.828 4903 8248 E MediaMetadataRetrieverJNI: negative length (-1)
10-07 15:51:51.835 10796 11770 E org.xbmc.kodi: No implementation found for boolean org.xbmc.kodi.XBMCFile._open(java.lang.String) (tried Java_org_xbmc_kodi_XBMCFile__1open and Java_org_xbmc_kodi_XBMCFile__1open__Ljava_lang_String_2)
10-07 15:51:51.835 10796 11770 E Kodifile: Open: Not available
10-07 15:51:51.839 4903 8230 E MediaMetadataRetrieverJNI: negative length (-1)
10-07 15:51:51.847 3127 3217 D SurfaceFlinger: Connected to Power Manager
10-07 15:51:51.869 4903 4903 W Glide : Load failed for content://org.xbmc.kodi.file#image%3A%2F%2Fhttp%253a%252f%252f192.168.1.25%253a8096%252femby%252fItems%252f11351%252fImages%252fPrimary%252f0%253fEnableImageEnhancers%253dTrue%2526Tag%253d5276506e2d5d6ba62364452717b1855b%2F with size [564x306]
10-07 15:51:51.869 4903 4903 W Glide : class com.bumptech.glide.load.engine.GlideException: Failed to load resource
10-07 15:51:51.869 4903 4903 W Glide : There were 2 causes:
10-07 15:51:51.869 4903 4903 W Glide : java.io.IOException(java.lang.RuntimeException: setDataSource failed: status = 0xFFFFFFEA)
10-07 15:51:51.869 4903 4903 W Glide : java.io.IOException(java.lang.IllegalArgumentException)
10-07 15:51:51.869 4903 4903 W Glide : call GlideException#logRootCauses(String) for more detail
10-07 15:51:51.869 4903 4903 W Glide : Cause (1 of 3): class com.bumptech.glide.load.engine.GlideException: Failed LoadPath{AutoCloseInputStream->Object->PaletteBitmapContainer}, LOCAL
10-07 15:51:51.869 4903 4903 W Glide : Cause (1 of 1): class com.bumptech.glide.load.engine.GlideException: Failed DecodePath{AutoCloseInputStream->Bitmap->PaletteBitmapContainer}
10-07 15:51:51.869 4903 4903 W Glide : Cause (2 of 3): class com.bumptech.glide.load.engine.GlideException: Failed LoadPath{ParcelFileDescriptorInner->Object->PaletteBitmapContainer}, LOCAL
10-07 15:51:51.869 4903 4903 W Glide : There was 1 cause:
10-07 15:51:51.869 4903 4903 W Glide : java.io.IOException(java.lang.RuntimeException: setDataSource failed: status = 0xFFFFFFEA)
10-07 15:51:51.869 4903 4903 W Glide : call GlideException#logRootCauses(String) for more detail
10-07 15:51:51.869 4903 4903 W Glide : Cause (1 of 1): class com.bumptech.glide.load.engine.GlideException: Failed DecodePath{ParcelFileDescriptorInner->Bitmap->PaletteBitmapContainer}
10-07 15:51:51.869 4903 4903 W Glide : There was 1 cause:
10-07 15:51:51.869 4903 4903 W Glide : java.io.IOException(java.lang.RuntimeException: setDataSource failed: status = 0xFFFFFFEA)
10-07 15:51:51.869 4903 4903 W Glide : call GlideException#logRootCauses(String) for more detail
10-07 15:51:51.869 4903 4903 W Glide : Cause (1 of 1): class java.io.IOException: java.lang.RuntimeException: setDataSource failed: status = 0xFFFFFFEA
10-07 15:51:51.869 4903 4903 W Glide : Cause (3 of 3): class com.bumptech.glide.load.engine.GlideException: Failed LoadPath{AssetFileDescriptor->Object->PaletteBitmapContainer}, LOCAL
10-07 15:51:51.869 4903 4903 W Glide : There was 1 cause:
10-07 15:51:51.869 4903 4903 W Glide : java.io.IOException(java.lang.IllegalArgumentException)
10-07 15:51:51.869 4903 4903 W Glide : call GlideException#logRootCauses(String) for more detail
10-07 15:51:51.869 4903 4903 W Glide : Cause (1 of 1): class com.bumptech.glide.load.engine.GlideException: Failed DecodePath{AssetFileDescriptor->Bitmap->PaletteBitmapContainer}
10-07 15:51:51.869 4903 4903 W Glide : There was 1 cause:
10-07 15:51:51.869 4903 4903 W Glide : java.io.IOException(java.lang.IllegalArgumentException)
10-07 15:51:51.869 4903 4903 W Glide : call GlideException#logRootCauses(String) for more detail
10-07 15:51:51.869 4903 4903 W Glide : Cause (1 of 1): class java.io.IOException: java.lang.IllegalArgumentException
10-07 15:51:51.869 4903 4903 I Glide : Root cause (1 of 2)
10-07 15:51:51.869 4903 4903 I Glide : java.io.IOException: java.lang.RuntimeException: setDataSource failed: status = 0xFFFFFFEA
10-07 15:51:51.869 4903 4903 I Glide : at com.bumptech.glide.load.resource.bitmap.VideoDecoder.decode(VideoDecoder.java:178)
10-07 15:51:51.869 4903 4903 I Glide : at com.bumptech.glide.load.engine.DecodePath.decodeResourceWithList(DecodePath.java:92)
10-07 15:51:51.869 4903 4903 I Glide : at com.bumptech.glide.load.engine.DecodePath.decodeResource(DecodePath.java:70)
10-07 15:51:51.869 4903 4903 I Glide : at com.bumptech.glide.load.engine.DecodePath.decode(DecodePath.java:59)
10-07 15:51:51.869 4903 4903 I Glide : at com.bumptech.glide.load.engine.LoadPath.loadWithExceptionList(LoadPath.java:76)
10-07 15:51:51.869 4903 4903 I Glide : at com.bumptech.glide.load.engine.LoadPath.load(LoadPath.java:57)
10-07 15:51:51.869 4903 4903 I Glide : at com.bumptech.glide.load.engine.DecodeJob.runLoadPath(DecodeJob.java:524)
10-07 15:51:51.869 4903 4903 I Glide : at com.bumptech.glide.load.engine.DecodeJob.decodeFromFetcher(DecodeJob.java:488)
10-07 15:51:51.869 4903 4903 I Glide : at com.bumptech.glide.load.engine.DecodeJob.decodeFromData(DecodeJob.java:474)
10-07 15:51:51.869 4903 4903 I Glide : at com.bumptech.glide.load.engine.DecodeJob.decodeFromRetrievedData(DecodeJob.java:426)
10-07 15:51:51.869 4903 4903 I Glide : at com.bumptech.glide.load.engine.DecodeJob.onDataFetcherReady(DecodeJob.java:390)
10-07 15:51:51.869 4903 4903 I Glide : at com.bumptech.glide.load.engine.SourceGenerator.onDataReady(SourceGenerator.java:119)
10-07 15:51:51.869 4903 4903 I Glide : at com.bumptech.glide.load.model.MultiModelLoader$MultiFetcher.onDataReady(MultiModelLoader.java:145)
10-07 15:51:51.869 4903 4903 I Glide : at com.bumptech.glide.load.data.LocalUriFetcher.loadData(LocalUriFetcher.java:52)
10-07 15:51:51.869 4903 4903 I Glide : at com.bumptech.glide.load.model.MultiModelLoader$MultiFetcher.loadData(MultiModelLoader.java:100)
10-07 15:51:51.869 4903 4903 I Glide : at com.bumptech.glide.load.engine.SourceGenerator.startNext(SourceGenerator.java:63)
10-07 15:51:51.869 4903 4903 I Glide : at com.bumptech.glide.load.engine.DecodeJob.runGenerators(DecodeJob.java:310)
10-07 15:51:51.869 4903 4903 I Glide : at com.bumptech.glide.load.engine.DecodeJob.decodeFromRetrievedData(DecodeJob.java:434)
10-07 15:51:51.869 4903 4903 I Glide : at com.bumptech.glide.load.engine.DecodeJob.onDataFetcherReady(DecodeJob.java:390)
10-07 15:51:51.869 4903 4903 I Glide : at com.bumptech.glide.load.engine.SourceGenerator.onDataReady(SourceGenerator.java:119)
10-07 15:51:51.869 4903 4903 I Glide : at com.bumptech.glide.load.model.MultiModelLoader$MultiFetcher.onDataReady(MultiModelLoader.java:145)
10-07 15:51:51.869 4903 4903 I Glide : at com.bumptech.glide.load.data.LocalUriFetcher.loadData(LocalUriFetcher.java:52)
10-07 15:51:51.869 4903 4903 I Glide : at com.bumptech.glide.load.model.MultiModelLoader$MultiFetcher.loadData(MultiModelLoader.java:100)
10-07 15:51:51.869 4903 4903 I Glide : at com.bumptech.glide.load.engine.SourceGenerator.startNext(SourceGenerator.java:63)
10-07 15:51:51.869 4903 4903 I Glide : at com.bumptech.glide.load.engine.DecodeJob.runGenerators(DecodeJob.java:310)
10-07 15:51:51.869 4903 4903 I Glide : at com.bumptech.glide.load.engine.DecodeJob.runWrapped(DecodeJob.java:279)
10-07 15:51:51.869 4903 4903 I Glide : at com.bumptech.glide.load.engine.DecodeJob.run(DecodeJob.java:234)
10-07 15:51:51.869 4903 4903 I Glide : at java.util.concurrent.ThreadPoolExecutor.runWorker(ThreadPoolExecutor.java:1167)
10-07 15:51:51.869 4903 4903 I Glide : at java.util.concurrent.ThreadPoolExecutor$Worker.run(ThreadPoolExecutor.java:641)
10-07 15:51:51.869 4903 4903 I Glide : at java.lang.Thread.run(Thread.java:764)
10-07 15:51:51.869 4903 4903 I Glide : at com.bumptech.glide.load.engine.executor.GlideExecutor$DefaultThreadFactory$1.run(GlideExecutor.java:431)
10-07 15:51:51.869 4903 4903 I Glide : Caused by: java.lang.RuntimeException: setDataSource failed: status = 0xFFFFFFEA
10-07 15:51:51.869 4903 4903 I Glide : at android.media.MediaMetadataRetriever.setDataSource(Native Method)
10-07 15:51:51.869 4903 4903 I Glide : at android.media.MediaMetadataRetriever.setDataSource(MediaMetadataRetriever.java:141)
10-07 15:51:51.869 4903 4903 I Glide : at com.bumptech.glide.load.resource.bitmap.VideoDecoder$ParcelFileDescriptorInitializer.initialize(VideoDecoder.java:299)
10-07 15:51:51.869 4903 4903 I Glide : at com.bumptech.glide.load.resource.bitmap.VideoDecoder$ParcelFileDescriptorInitializer.initialize(VideoDecoder.java:294)
10-07 15:51:51.869 4903 4903 I Glide : at com.bumptech.glide.load.resource.bitmap.VideoDecoder.decode(VideoDecoder.java:166)
10-07 15:51:51.869 4903 4903 I Glide : ... 30 more
10-07 15:51:51.869 4903 4903 I Glide : Root cause (2 of 2)
10-07 15:51:51.869 4903 4903 I Glide : java.io.IOException: java.lang.IllegalArgumentException
10-07 15:51:51.869 4903 4903 I Glide : at com.bumptech.glide.load.resource.bitmap.VideoDecoder.decode(VideoDecoder.java:178)
10-07 15:51:51.869 4903 4903 I Glide : at com.bumptech.glide.load.engine.DecodePath.decodeResourceWithList(DecodePath.java:92)
10-07 15:51:51.869 4903 4903 I Glide : at com.bumptech.glide.load.engine.DecodePath.decodeResource(DecodePath.java:70)
10-07 15:51:51.869 4903 4903 I Glide : at com.bumptech.glide.load.engine.DecodePath.decode(DecodePath.java:59)
10-07 15:51:51.869 4903 4903 I Glide : at com.bumptech.glide.load.engine.LoadPath.loadWithExceptionList(LoadPath.java:76)
10-07 15:51:51.869 4903 4903 I Glide : at com.bumptech.glide.load.engine.LoadPath.load(LoadPath.java:57)
10-07 15:51:51.869 4903 4903 I Glide : at com.bumptech.glide.load.engine.DecodeJob.runLoadPath(DecodeJob.java:524)
10-07 15:51:51.869 4903 4903 I Glide : at com.bumptech.glide.load.engine.DecodeJob.decodeFromFetcher(DecodeJob.java:488)
10-07 15:51:51.869 4903 4903 I Glide : at com.bumptech.glide.load.engine.DecodeJob.decodeFromData(DecodeJob.java:474)
10-07 15:51:51.869 4903 4903 I Glide : at com.bumptech.glide.load.engine.DecodeJob.decodeFromRetrievedData(DecodeJob.java:426)
10-07 15:51:51.869 4903 4903 I Glide : at com.bumptech.glide.load.engine.DecodeJob.onDataFetcherReady(DecodeJob.java:390)
10-07 15:51:51.869 4903 4903 I Glide : at com.bumptech.glide.load.engine.SourceGenerator.onDataReady(SourceGenerator.java:119)
10-07 15:51:51.869 4903 4903 I Glide : at com.bumptech.glide.load.data.LocalUriFetcher.loadData(LocalUriFetcher.java:52)
10-07 15:51:51.869 4903 4903 I Glide : at com.bumptech.glide.load.engine.SourceGenerator.startNext(SourceGenerator.java:63)
10-07 15:51:51.869 4903 4903 I Glide : at com.bumptech.glide.load.engine.DecodeJob.runGenerators(DecodeJob.java:310)
10-07 15:51:51.869 4903 4903 I Glide : at com.bumptech.glide.load.engine.DecodeJob.decodeFromRetrievedData(DecodeJob.java:434)
10-07 15:51:51.869 4903 4903 I Glide : at com.bumptech.glide.load.engine.DecodeJob.onDataFetcherReady(DecodeJob.java:390)
10-07 15:51:51.869 4903 4903 I Glide : at com.bumptech.glide.load.engine.SourceGenerator.onDataReady(SourceGenerator.java:119)
10-07 15:51:51.869 4903 4903 I Glide : at com.bumptech.glide.load.model.MultiModelLoader$MultiFetcher.onDataReady(MultiModelLoader.java:145)
10-07 15:51:51.869 4903 4903 I Glide : at com.bumptech.glide.load.data.LocalUriFetcher.loadData(LocalUriFetcher.java:52)
10-07 15:51:51.869 4903 4903 I Glide : at com.bumptech.glide.load.model.MultiModelLoader$MultiFetcher.loadData(MultiModelLoader.java:100)
10-07 15:51:51.869 4903 4903 I Glide : at com.bumptech.glide.load.engine.SourceGenerator.startNext(SourceGenerator.java:63)
10-07 15:51:51.869 4903 4903 I Glide : at com.bumptech.glide.load.engine.DecodeJob.runGenerators(DecodeJob.java:310)
10-07 15:51:51.869 4903 4903 I Glide : at com.bumptech.glide.load.engine.DecodeJob.decodeFromRetrievedData(DecodeJob.java:434)
10-07 15:51:51.869 4903 4903 I Glide : at com.bumptech.glide.load.engine.DecodeJob.onDataFetcherReady(DecodeJob.java:390)
10-07 15:51:51.869 4903 4903 I Glide : at com.bumptech.glide.load.engine.SourceGenerator.onDataReady(SourceGenerator.java:119)
10-07 15:51:51.869 4903 4903 I Glide : at com.bumptech.glide.load.model.MultiModelLoader$MultiFetcher.onDataReady(MultiModelLoader.java:145)
10-07 15:51:51.869 4903 4903 I Glide : at com.bumptech.glide.load.data.LocalUriFetcher.loadData(LocalUriFetcher.java:52)
10-07 15:51:51.869 4903 4903 I Glide : at com.bumptech.glide.load.model.MultiModelLoader$MultiFetcher.loadData(MultiModelLoader.java:100)
10-07 15:51:51.869 4903 4903 I Glide : at com.bumptech.glide.load.engine.SourceGenerator.startNext(SourceGenerator.java:63)
10-07 15:51:51.869 4903 4903 I Glide : at com.bumptech.glide.load.engine.DecodeJob.runGenerators(DecodeJob.java:310)
10-07 15:51:51.869 4903 4903 I Glide : at com.bumptech.glide.load.engine.DecodeJob.runWrapped(DecodeJob.java:279)
10-07 15:51:51.869 4903 4903 I Glide : at com.bumptech.glide.load.engine.DecodeJob.run(DecodeJob.java:234)
10-07 15:51:51.869 4903 4903 I Glide : at java.util.concurrent.ThreadPoolExecutor.runWorker(ThreadPoolExecutor.java:1167)
10-07 15:51:51.869 4903 4903 I Glide : at java.util.concurrent.ThreadPoolExecutor$Worker.run(ThreadPoolExecutor.java:641)
10-07 15:51:51.869 4903 4903 I Glide : at java.lang.Thread.run(Thread.java:764)
10-07 15:51:51.869 4903 4903 I Glide : at com.bumptech.glide.load.engine.executor.GlideExecutor$DefaultThreadFactory$1.run(GlideExecutor.java:431)
10-07 15:51:51.869 4903 4903 I Glide : Caused by: java.lang.IllegalArgumentException
10-07 15:51:51.869 4903 4903 I Glide : at android.media.MediaMetadataRetriever.setDataSource(Native Method)
10-07 15:51:51.869 4903 4903 I Glide : at com.bumptech.glide.load.resource.bitmap.VideoDecoder$AssetFileDescriptorInitializer.initialize(VideoDecoder.java:289)
10-07 15:51:51.869 4903 4903 I Glide : at com.bumptech.glide.load.resource.bitmap.VideoDecoder$AssetFileDescriptorInitializer.initialize(VideoDecoder.java:284)
10-07 15:51:51.869 4903 4903 I Glide : at com.bumptech.glide.load.resource.bitmap.VideoDecoder.decode(VideoDecoder.java:166)
10-07 15:51:51.869 4903 4903 I Glide : ... 36 more
10-07 15:51:51.876 4490 4490 E phs:fs : Unable to open file "/proc/11396/largest_task": No such file or directory
10-07 15:51:51.881 10796 11771 E org.xbmc.kodi: No implementation found for boolean org.xbmc.kodi.XBMCFile._open(java.lang.String) (tried Java_org_xbmc_kodi_XBMCFile__1open and Java_org_xbmc_kodi_XBMCFile__1open__Ljava_lang_String_2)
10-07 15:51:51.881 10796 11771 E Kodifile: Open: Not available
10-07 15:51:51.882 4903 8230 D skia : --- Failed to create image decoder with message 'unimplemented'
10-07 15:51:51.882 4903 8230 D skia : --- Failed to create image decoder with message 'unimplemented'
10-07 15:51:51.883 10796 11772 E org.xbmc.kodi: No implementation found for boolean org.xbmc.kodi.XBMCFile._open(java.lang.String) (tried Java_org_xbmc_kodi_XBMCFile__1open and Java_org_xbmc_kodi_XBMCFile__1open__Ljava_lang_String_2)
10-07 15:51:51.884 10796 11772 E Kodifile: Open: Not available
10-07 15:51:51.884 4903 4903 W Glide : Load failed for content://org.xbmc.kodi.file#image%3A%2F%2Fhttp%253a%252f%252f192.168.1.25%253a8096%252femby%252fItems%252f176%252fImages%252fPrimary%252f0%253fEnableImageEnhancers%253dTrue%2526Tag%253d955c5a85a6b000a2f6f1076b6ed26f56%2F with size [564x306]
10-07 15:51:51.884 4903 4903 W Glide : class com.bumptech.glide.load.engine.GlideException: Failed to load resource
10-07 15:51:51.884 4903 4903 W Glide : There were 2 causes:
10-07 15:51:51.884 4903 4903 W Glide : java.io.IOException(java.lang.RuntimeException: setDataSource failed: status = 0xFFFFFFEA)
10-07 15:51:51.884 4903 4903 W Glide : java.io.IOException(java.lang.IllegalArgumentException)
10-07 15:51:51.884 4903 4903 W Glide : call GlideException#logRootCauses(String) for more detail
10-07 15:51:51.884 4903 4903 W Glide : Cause (1 of 3): class com.bumptech.glide.load.engine.GlideException: Failed LoadPath{AutoCloseInputStream->Object->PaletteBitmapContainer}, LOCAL
10-07 15:51:51.884 4903 4903 W Glide : Cause (1 of 1): class com.bumptech.glide.load.engine.GlideException: Failed DecodePath{AutoCloseInputStream->Bitmap->PaletteBitmapContainer}
10-07 15:51:51.884 4903 4903 W Glide : Cause (2 of 3): class com.bumptech.glide.load.engine.GlideException: Failed LoadPath{ParcelFileDescriptorInner->Object->PaletteBitmapContainer}, LOCAL
10-07 15:51:51.884 4903 4903 W Glide : There was 1 cause:
10-07 15:51:51.884 4903 4903 W Glide : java.io.IOException(java.lang.RuntimeException: setDataSource failed: status = 0xFFFFFFEA)
10-07 15:51:51.884 4903 4903 W Glide : call GlideException#logRootCauses(String) for more detail
10-07 15:51:51.884 4903 4903 W Glide : Cause (1 of 1): class com.bumptech.glide.load.engine.GlideException: Failed DecodePath{ParcelFileDescriptorInner->Bitmap->PaletteBitmapContainer}
10-07 15:51:51.884 4903 4903 W Glide : There was 1 cause:
10-07 15:51:51.884 4903 4903 W Glide : java.io.IOException(java.lang.RuntimeException: setDataSource failed: status = 0xFFFFFFEA)
10-07 15:51:51.884 4903 4903 W Glide : call GlideException#logRootCauses(String) for more detail
10-07 15:51:51.884 4903 4903 W Glide : Cause (1 of 1): class java.io.IOException: java.lang.RuntimeException: setDataSource failed: status = 0xFFFFFFEA
10-07 15:51:51.884 4903 4903 W Glide : Cause (3 of 3): class com.bumptech.glide.load.engine.GlideException: Failed LoadPath{AssetFileDescriptor->Object->PaletteBitmapContainer}, LOCAL
10-07 15:51:51.884 4903 4903 W Glide : There was 1 cause:
10-07 15:51:51.884 4903 4903 W Glide : java.io.IOException(java.lang.IllegalArgumentException)
10-07 15:51:51.884 4903 4903 W Glide : call GlideException#logRootCauses(String) for more detail
10-07 15:51:51.884 4903 4903 W Glide : Cause (1 of 1): class com.bumptech.glide.load.engine.GlideException: Failed DecodePath{AssetFileDescriptor->Bitmap->PaletteBitmapContainer}
10-07 15:51:51.884 4903 4903 W Glide : There was 1 cause:
10-07 15:51:51.884 4903 4903 W Glide : java.io.IOException(java.lang.IllegalArgumentException)
10-07 15:51:51.884 4903 4903 W Glide : call GlideException#logRootCauses(String) for more detail
10-07 15:51:51.884 4903 4903 W Glide : Cause (1 of 1): class java.io.IOException: java.lang.IllegalArgumentException
10-07 15:51:51.885 4903 4903 I Glide : Root cause (1 of 2)
10-07 15:51:51.885 4903 4903 I Glide : java.io.IOException: java.lang.RuntimeException: setDataSource failed: status = 0xFFFFFFEA
10-07 15:51:51.885 4903 4903 I Glide : at com.bumptech.glide.load.resource.bitmap.VideoDecoder.decode(VideoDecoder.java:178)
10-07 15:51:51.885 4903 4903 I Glide : at com.bumptech.glide.load.engine.DecodePath.decodeResourceWithList(DecodePath.java:92)
10-07 15:51:51.885 4903 4903 I Glide : at com.bumptech.glide.load.engine.DecodePath.decodeResource(DecodePath.java:70)
10-07 15:51:51.885 4903 4903 I Glide : at com.bumptech.glide.load.engine.DecodePath.decode(DecodePath.java:59)
10-07 15:51:51.885 4903 4903 I Glide : at com.bumptech.glide.load.engine.LoadPath.loadWithExceptionList(LoadPath.java:76)
10-07 15:51:51.885 4903 4903 I Glide : at com.bumptech.glide.load.engine.LoadPath.load(LoadPath.java:57)
10-07 15:51:51.885 4903 4903 I Glide : at com.bumptech.glide.load.engine.DecodeJob.runLoadPath(DecodeJob.java:524)
10-07 15:51:51.885 4903 4903 I Glide : at com.bumptech.glide.load.engine.DecodeJob.decodeFromFetcher(DecodeJob.java:488)
10-07 15:51:51.885 4903 4903 I Glide : at com.bumptech.glide.load.engine.DecodeJob.decodeFromData(DecodeJob.java:474)
10-07 15:51:51.885 4903 4903 I Glide : at com.bumptech.glide.load.engine.DecodeJob.decodeFromRetrievedData(DecodeJob.java:426)
10-07 15:51:51.885 4903 4903 I Glide : at com.bumptech.glide.load.engine.DecodeJob.onDataFetcherReady(DecodeJob.java:390)
10-07 15:51:51.885 4903 4903 I Glide : at com.bumptech.glide.load.engine.SourceGenerator.onDataReady(SourceGenerator.java:119)
10-07 15:51:51.885 4903 4903 I Glide : at com.bumptech.glide.load.model.MultiModelLoader$MultiFetcher.onDataReady(MultiModelLoader.java:145)
10-07 15:51:51.885 4903 4903 I Glide : at com.bumptech.glide.load.data.LocalUriFetcher.loadData(LocalUriFetcher.java:52)
10-07 15:51:51.885 4903 4903 I Glide : at com.bumptech.glide.load.model.MultiModelLoader$MultiFetcher.loadData(MultiModelLoader.java:100)
10-07 15:51:51.885 4903 4903 I Glide : at com.bumptech.glide.load.engine.SourceGenerator.startNext(SourceGenerator.java:63)
10-07 15:51:51.885 4903 4903 I Glide : at com.bumptech.glide.load.engine.DecodeJob.runGenerators(DecodeJob.java:310)
10-07 15:51:51.885 4903 4903 I Glide : at com.bumptech.glide.load.engine.DecodeJob.decodeFromRetrievedData(DecodeJob.java:434)
10-07 15:51:51.885 4903 4903 I Glide : at com.bumptech.glide.load.engine.DecodeJob.onDataFetcherReady(DecodeJob.java:390)
10-07 15:51:51.885 4903 4903 I Glide : at com.bumptech.glide.load.engine.SourceGenerator.onDataReady(SourceGenerator.java:119)
10-07 15:51:51.885 4903 4903 I Glide : at com.bumptech.glide.load.model.MultiModelLoader$MultiFetcher.onDataReady(MultiModelLoader.java:145)
10-07 15:51:51.885 4903 4903 I Glide : at com.bumptech.glide.load.data.LocalUriFetcher.loadData(LocalUriFetcher.java:52)
10-07 15:51:51.885 4903 4903 I Glide : at com.bumptech.glide.load.model.MultiModelLoader$MultiFetcher.loadData(MultiModelLoader.java:100)
10-07 15:51:51.885 4903 4903 I Glide : at com.bumptech.glide.load.engine.SourceGenerator.startNext(SourceGenerator.java:63)
10-07 15:51:51.885 4903 4903 I Glide : at com.bumptech.glide.load.engine.DecodeJob.runGenerators(DecodeJob.java:310)
10-07 15:51:51.885 4903 4903 I Glide : at com.bumptech.glide.load.engine.DecodeJob.runWrapped(DecodeJob.java:279)
10-07 15:51:51.885 4903 4903 I Glide : at com.bumptech.glide.load.engine.DecodeJob.run(DecodeJob.java:234)
10-07 15:51:51.885 4903 4903 I Glide : at java.util.concurrent.ThreadPoolExecutor.runWorker(ThreadPoolExecutor.java:1167)
10-07 15:51:51.885 4903 4903 I Glide : at java.util.concurrent.ThreadPoolExecutor$Worker.run(ThreadPoolExecutor.java:641)
10-07 15:51:51.885 4903 4903 I Glide : at java.lang.Thread.run(Thread.java:764)
10-07 15:51:51.885 4903 4903 I Glide : at com.bumptech.glide.load.engine.executor.GlideExecutor$DefaultThreadFactory$1.run(GlideExecutor.java:431)
10-07 15:51:51.885 4903 4903 I Glide : Caused by: java.lang.RuntimeException: setDataSource failed: status = 0xFFFFFFEA
10-07 15:51:51.885 4903 4903 I Glide : at android.media.MediaMetadataRetriever.setDataSource(Native Method)
10-07 15:51:51.885 4903 4903 I Glide : at android.media.MediaMetadataRetriever.setDataSource(MediaMetadataRetriever.java:141)
10-07 15:51:51.885 4903 4903 I Glide : at com.bumptech.glide.load.resource.bitmap.VideoDecoder$ParcelFileDescriptorInitializer.initialize(VideoDecoder.java:299)
10-07 15:51:51.885 4903 4903 I Glide : at com.bumptech.glide.load.resource.bitmap.VideoDecoder$ParcelFileDescriptorInitializer.initialize(VideoDecoder.java:294)
10-07 15:51:51.885 4903 4903 I Glide : at com.bumptech.glide.load.resource.bitmap.VideoDecoder.decode(VideoDecoder.java:166)
10-07 15:51:51.885 4903 4903 I Glide : ... 30 more
10-07 15:51:51.885 4903 4903 I Glide : Root cause (2 of 2)
10-07 15:51:51.885 4903 4903 I Glide : java.io.IOException: java.lang.IllegalArgumentException
10-07 15:51:51.885 4903 4903 I Glide : at com.bumptech.glide.load.resource.bitmap.VideoDecoder.decode(VideoDecoder.java:178)
10-07 15:51:51.885 4903 4903 I Glide : at com.bumptech.glide.load.engine.DecodePath.decodeResourceWithList(DecodePath.java:92)
10-07 15:51:51.885 4903 4903 I Glide : at com.bumptech.glide.load.engine.DecodePath.decodeResource(DecodePath.java:70)
10-07 15:51:51.885 4903 4903 I Glide : at com.bumptech.glide.load.engine.DecodePath.decode(DecodePath.java:59)
10-07 15:51:51.885 4903 4903 I Glide : at com.bumptech.glide.load.engine.LoadPath.loadWithExceptionList(LoadPath.java:76)
10-07 15:51:51.885 4903 4903 I Glide : at com.bumptech.glide.load.engine.LoadPath.load(LoadPath.java:57)
10-07 15:51:51.885 4903 4903 I Glide : at com.bumptech.glide.load.engine.DecodeJob.runLoadPath(DecodeJob.java:524)
10-07 15:51:51.885 4903 4903 I Glide : at com.bumptech.glide.load.engine.DecodeJob.decodeFromFetcher(DecodeJob.java:488)
10-07 15:51:51.885 4903 4903 I Glide : at com.bumptech.glide.load.engine.DecodeJob.decodeFromData(DecodeJob.java:474)
10-07 15:51:51.885 4903 4903 I Glide : at com.bumptech.glide.load.engine.DecodeJob.decodeFromRetrievedData(DecodeJob.java:426)
10-07 15:51:51.885 4903 4903 I Glide : at com.bumptech.glide.load.engine.DecodeJob.onDataFetcherReady(DecodeJob.java:390)
10-07 15:51:51.885 4903 4903 I Glide : at com.bumptech.glide.load.engine.SourceGenerator.onDataReady(SourceGenerator.java:119)
10-07 15:51:51.885 4903 4903 I Glide : at com.bumptech.glide.load.data.LocalUriFetcher.loadData(LocalUriFetcher.java:52)
10-07 15:51:51.885 4903 4903 I Glide : at com.bumptech.glide.load.engine.SourceGenerator.startNext(SourceGenerator.java:63)
10-07 15:51:51.885 4903 4903 I Glide : at com.bumptech.glide.load.engine.DecodeJob.runGenerators(DecodeJob.java:310)
10-07 15:51:51.885 4903 4903 I Glide : at com.bumptech.glide.load.engine.DecodeJob.decodeFromRetrievedData(DecodeJob.java:434)
10-07 15:51:51.885 4903 4903 I Glide : at com.bumptech.glide.load.engine.DecodeJob.onDataFetcherReady(DecodeJob.java:390)
10-07 15:51:51.885 4903 4903 I Glide : at com.bumptech.glide.load.engine.SourceGenerator.onDataReady(SourceGenerator.java:119)
10-07 15:51:51.885 4903 4903 I Glide : at com.bumptech.glide.load.model.MultiModelLoader$MultiFetcher.onDataReady(MultiModelLoader.java:145)
10-07 15:51:51.885 4903 4903 I Glide : at com.bumptech.glide.load.data.LocalUriFetcher.loadData(LocalUriFetcher.java:52)
10-07 15:51:51.885 4903 4903 I Glide : at com.bumptech.glide.load.model.MultiModelLoader$MultiFetcher.loadData(MultiModelLoader.java:100)
10-07 15:51:51.885 4903 4903 I Glide : at com.bumptech.glide.load.engine.SourceGenerator.startNext(SourceGenerator.java:63)
10-07 15:51:51.885 4903 4903 I Glide : at com.bumptech.glide.load.engine.DecodeJob.runGenerators(DecodeJob.java:310)
10-07 15:51:51.885 4903 4903 I Glide : at com.bumptech.glide.load.engine.DecodeJob.decodeFromRetrievedData(DecodeJob.java:434)
10-07 15:51:51.885 4903 4903 I Glide : at com.bumptech.glide.load.engine.DecodeJob.onDataFetcherReady(DecodeJob.java:390)
10-07 15:51:51.885 4903 4903 I Glide : at com.bumptech.glide.load.engine.SourceGenerator.onDataReady(SourceGenerator.java:119)
10-07 15:51:51.885 4903 4903 I Glide : at com.bumptech.glide.load.model.MultiModelLoader$MultiFetcher.onDataReady(MultiModelLoader.java:145)
10-07 15:51:51.885 4903 4903 I Glide : at com.bumptech.glide.load.data.LocalUriFetcher.loadData(LocalUriFetcher.java:52)
10-07 15:51:51.885 4903 4903 I Glide : at com.bumptech.glide.load.model.MultiModelLoader$MultiFetcher.loadData(MultiModelLoader.java:100)
10-07 15:51:51.885 4903 4903 I Glide : at com.bumptech.glide.load.engine.SourceGenerator.startNext(SourceGenerator.java:63)
10-07 15:51:51.885 4903 4903 I Glide : at com.bumptech.glide.load.engine.DecodeJob.runGenerators(DecodeJob.java:310)
10-07 15:51:51.885 4903 4903 I Glide : at com.bumptech.glide.load.engine.DecodeJob.runWrapped(DecodeJob.java:279)
10-07 15:51:51.885 4903 4903 I Glide : at com.bumptech.glide.load.engine.DecodeJob.run(DecodeJob.java:234)
10-07 15:51:51.885 4903 4903 I Glide : at java.util.concurrent.ThreadPoolExecutor.runWorker(ThreadPoolExecutor.java:1167)
10-07 15:51:51.885 4903 4903 I Glide : at java.util.concurrent.ThreadPoolExecutor$Worker.run(ThreadPoolExecutor.java:641)
10-07 15:51:51.885 4903 4903 I Glide : at java.lang.Thread.run(Thread.java:764)
10-07 15:51:51.885 4903 4903 I Glide : at com.bumptech.glide.load.engine.executor.GlideExecutor$DefaultThreadFactory$1.run(GlideExecutor.java:431)
10-07 15:51:51.885 4903 4903 I Glide : Caused by: java.lang.IllegalArgumentException
10-07 15:51:51.885 4903 4903 I Glide : at android.media.MediaMetadataRetriever.setDataSource(Native Method)
10-07 15:51:51.885 4903 4903 I Glide : at com.bumptech.glide.load.resource.bitmap.VideoDecoder$AssetFileDescriptorInitializer.initialize(VideoDecoder.java:289)
10-07 15:51:51.885 4903 4903 I Glide : at com.bumptech.glide.load.resource.bitmap.VideoDecoder$AssetFileDescriptorInitializer.initialize(VideoDecoder.java:284)
10-07 15:51:51.885 4903 4903 I Glide : at com.bumptech.glide.load.resource.bitmap.VideoDecoder.decode(VideoDecoder.java:166)
10-07 15:51:51.885 4903 4903 I Glide : ... 36 more
10-07 15:51:51.885 4903 4903 W Glide : Load failed for content://org.xbmc.kodi.file#image%3A%2F%2Fhttp%253a%252f%252f192.168.1.25%253a8096%252femby%252fItems%252f11659%252fImages%252fPrimary%252f0%253fEnableImageEnhancers%253dTrue%2526Tag%253dba6482e28293b0fe915abdfd0572e390%2F with size [564x306]
10-07 15:51:51.885 4903 4903 W Glide : class com.bumptech.glide.load.engine.GlideException: Failed to load resource
10-07 15:51:51.885 4903 4903 W Glide : There were 2 causes:
10-07 15:51:51.885 4903 4903 W Glide : java.io.IOException(java.lang.RuntimeException: setDataSource failed: status = 0xFFFFFFEA)
10-07 15:51:51.885 4903 4903 W Glide : java.io.IOException(java.lang.IllegalArgumentException)
10-07 15:51:51.885 4903 4903 W Glide : call GlideException#logRootCauses(String) for more detail
10-07 15:51:51.885 4903 4903 W Glide : Cause (1 of 3): class com.bumptech.glide.load.engine.GlideException: Failed LoadPath{AutoCloseInputStream->Object->PaletteBitmapContainer}, LOCAL
10-07 15:51:51.885 4903 4903 W Glide : Cause (1 of 1): class com.bumptech.glide.load.engine.GlideException: Failed DecodePath{AutoCloseInputStream->Bitmap->PaletteBitmapContainer}
10-07 15:51:51.885 4903 4903 W Glide : Cause (2 of 3): class com.bumptech.glide.load.engine.GlideException: Failed LoadPath{ParcelFileDescriptorInner->Object->PaletteBitmapContainer}, LOCAL
10-07 15:51:51.885 4903 4903 W Glide : There was 1 cause:
10-07 15:51:51.885 4903 4903 W Glide : java.io.IOException(java.lang.RuntimeException: setDataSource failed: status = 0xFFFFFFEA)
10-07 15:51:51.885 4903 4903 W Glide : call GlideException#logRootCauses(String) for more detail
10-07 15:51:51.885 4903 4903 W Glide : Cause (1 of 1): class com.bumptech.glide.load.engine.GlideException: Failed DecodePath{ParcelFileDescriptorInner->Bitmap->PaletteBitmapContainer}
10-07 15:51:51.885 4903 4903 W Glide : There was 1 cause:
10-07 15:51:51.885 4903 4903 W Glide : java.io.IOException(java.lang.RuntimeException: setDataSource failed: status = 0xFFFFFFEA)
10-07 15:51:51.885 4903 4903 W Glide : call GlideException#logRootCauses(String) for more detail
10-07 15:51:51.885 4903 4903 W Glide : Cause (1 of 1): class java.io.IOException: java.lang.RuntimeException: setDataSource failed: status = 0xFFFFFFEA
10-07 15:51:51.885 4903 4903 W Glide : Cause (3 of 3): class com.bumptech.glide.load.engine.GlideException: Failed LoadPath{AssetFileDescriptor->Object->PaletteBitmapContainer}, LOCAL
10-07 15:51:51.885 4903 4903 W Glide : There was 1 cause:
10-07 15:51:51.885 4903 4903 W Glide : java.io.IOException(java.lang.IllegalArgumentException)
10-07 15:51:51.885 4903 4903 W Glide : call GlideException#logRootCauses(String) for more detail
10-07 15:51:51.885 4903 4903 W Glide : Cause (1 of 1): class com.bumptech.glide.load.engine.GlideException: Failed DecodePath{AssetFileDescriptor->Bitmap->PaletteBitmapContainer}
10-07 15:51:51.885 4903 4903 W Glide : There was 1 cause:
10-07 15:51:51.885 4903 4903 W Glide : java.io.IOException(java.lang.IllegalArgumentException)
10-07 15:51:51.885 4903 4903 W Glide : call GlideException#logRootCauses(String) for more detail
10-07 15:51:51.885 4903 4903 W Glide : Cause (1 of 1): class java.io.IOException: java.lang.IllegalArgumentException
10-07 15:51:51.886 4903 4903 I Glide : Root cause (1 of 2)
10-07 15:51:51.886 4903 4903 I Glide : java.io.IOException: java.lang.RuntimeException: setDataSource failed: status = 0xFFFFFFEA
10-07 15:51:51.886 4903 4903 I Glide : at com.bumptech.glide.load.resource.bitmap.VideoDecoder.decode(VideoDecoder.java:178)
10-07 15:51:51.886 4903 4903 I Glide : at com.bumptech.glide.load.engine.DecodePath.decodeResourceWithList(DecodePath.java:92)
10-07 15:51:51.886 4903 4903 I Glide : at com.bumptech.glide.load.engine.DecodePath.decodeResource(DecodePath.java:70)
10-07 15:51:51.886 4903 4903 I Glide : at com.bumptech.glide.load.engine.DecodePath.decode(DecodePath.java:59)
10-07 15:51:51.886 4903 4903 I Glide : at com.bumptech.glide.load.engine.LoadPath.loadWithExceptionList(LoadPath.java:76)
10-07 15:51:51.886 4903 4903 I Glide : at com.bumptech.glide.load.engine.LoadPath.load(LoadPath.java:57)
10-07 15:51:51.886 4903 4903 I Glide : at com.bumptech.glide.load.engine.DecodeJob.runLoadPath(DecodeJob.java:524)
10-07 15:51:51.886 4903 4903 I Glide : at com.bumptech.glide.load.engine.DecodeJob.decodeFromFetcher(DecodeJob.java:488)
10-07 15:51:51.886 4903 4903 I Glide : at com.bumptech.glide.load.engine.DecodeJob.decodeFromData(DecodeJob.java:474)
10-07 15:51:51.886 4903 4903 I Glide : at com.bumptech.glide.load.engine.DecodeJob.decodeFromRetrievedData(DecodeJob.java:426)
10-07 15:51:51.886 4903 4903 I Glide : at com.bumptech.glide.load.engine.DecodeJob.onDataFetcherReady(DecodeJob.java:390)
10-07 15:51:51.886 4903 4903 I Glide : at com.bumptech.glide.load.engine.SourceGenerator.onDataReady(SourceGenerator.java:119)
10-07 15:51:51.886 4903 4903 I Glide : at com.bumptech.glide.load.model.MultiModelLoader$MultiFetcher.onDataReady(MultiModelLoader.java:145)
10-07 15:51:51.886 4903 4903 I Glide : at com.bumptech.glide.load.data.LocalUriFetcher.loadData(LocalUriFetcher.java:52)
10-07 15:51:51.886 4903 4903 I Glide : at com.bumptech.glide.load.model.MultiModelLoader$MultiFetcher.loadData(MultiModelLoader.java:100)
10-07 15:51:51.886 4903 4903 I Glide : at com.bumptech.glide.load.engine.SourceGenerator.startNext(SourceGenerator.java:63)
10-07 15:51:51.886 4903 4903 I Glide : at com.bumptech.glide.load.engine.DecodeJob.runGenerators(DecodeJob.java:310)
10-07 15:51:51.886 4903 4903 I Glide : at com.bumptech.glide.load.engine.DecodeJob.decodeFromRetrievedData(DecodeJob.java:434)
10-07 15:51:51.886 4903 4903 I Glide : at com.bumptech.glide.load.engine.DecodeJob.onDataFetcherReady(DecodeJob.java:390)
10-07 15:51:51.886 4903 4903 I Glide : at com.bumptech.glide.load.engine.SourceGenerator.onDataReady(SourceGenerator.java:119)
10-07 15:51:51.886 4903 4903 I Glide : at com.bumptech.glide.load.model.MultiModelLoader$MultiFetcher.onDataReady(MultiModelLoader.java:145)
10-07 15:51:51.886 4903 4903 I Glide : at com.bumptech.glide.load.data.LocalUriFetcher.loadData(LocalUriFetcher.java:52)
10-07 15:51:51.886 4903 4903 I Glide : at com.bumptech.glide.load.model.MultiModelLoader$MultiFetcher.loadData(MultiModelLoader.java:100)
10-07 15:51:51.886 4903 4903 I Glide : at com.bumptech.glide.load.engine.SourceGenerator.startNext(SourceGenerator.java:63)
10-07 15:51:51.886 4903 4903 I Glide : at com.bumptech.glide.load.engine.DecodeJob.runGenerators(DecodeJob.java:310)
10-07 15:51:51.886 4903 4903 I Glide : at com.bumptech.glide.load.engine.DecodeJob.runWrapped(DecodeJob.java:279)
10-07 15:51:51.886 4903 4903 I Glide : at com.bumptech.glide.load.engine.DecodeJob.run(DecodeJob.java:234)
10-07 15:51:51.886 4903 4903 I Glide : at java.util.concurrent.ThreadPoolExecutor.runWorker(ThreadPoolExecutor.java:1167)
10-07 15:51:51.886 4903 4903 I Glide : at java.util.concurrent.ThreadPoolExecutor$Worker.run(ThreadPoolExecutor.java:641)
10-07 15:51:51.886 4903 4903 I Glide : at java.lang.Thread.run(Thread.java:764)
10-07 15:51:51.886 4903 4903 I Glide : at com.bumptech.glide.load.engine.executor.GlideExecutor$DefaultThreadFactory$1.run(GlideExecutor.java:431)
10-07 15:51:51.886 4903 4903 I Glide : Caused by: java.lang.RuntimeException: setDataSource failed: status = 0xFFFFFFEA
10-07 15:51:51.886 4903 4903 I Glide : at android.media.MediaMetadataRetriever.setDataSource(Native Method)
10-07 15:51:51.886 4903 4903 I Glide : at android.media.MediaMetadataRetriever.setDataSource(MediaMetadataRetriever.java:141)
10-07 15:51:51.886 4903 4903 I Glide : at com.bumptech.glide.load.resource.bitmap.VideoDecoder$ParcelFileDescriptorInitializer.initialize(VideoDecoder.java:299)
10-07 15:51:51.886 4903 4903 I Glide : at com.bumptech.glide.load.resource.bitmap.VideoDecoder$ParcelFileDescriptorInitializer.initialize(VideoDecoder.java:294)
10-07 15:51:51.886 4903 4903 I Glide : at com.bumptech.glide.load.resource.bitmap.VideoDecoder.decode(VideoDecoder.java:166)
10-07 15:51:51.886 4903 4903 I Glide : ... 30 more
10-07 15:51:51.886 4903 4903 I Glide : Root cause (2 of 2)
10-07 15:51:51.886 4903 4903 I Glide : java.io.IOException: java.lang.IllegalArgumentException
10-07 15:51:51.886 4903 4903 I Glide : at com.bumptech.glide.load.resource.bitmap.VideoDecoder.decode(VideoDecoder.java:178)
10-07 15:51:51.886 4903 4903 I Glide : at com.bumptech.glide.load.engine.DecodePath.decodeResourceWithList(DecodePath.java:92)
10-07 15:51:51.886 4903 4903 I Glide : at com.bumptech.glide.load.engine.DecodePath.decodeResource(DecodePath.java:70)
10-07 15:51:51.886 4903 4903 I Glide : at com.bumptech.glide.load.engine.DecodePath.decode(DecodePath.java:59)
10-07 15:51:51.886 4903 4903 I Glide : at com.bumptech.glide.load.engine.LoadPath.loadWithExceptionList(LoadPath.java:76)
10-07 15:51:51.886 4903 4903 I Glide : at com.bumptech.glide.load.engine.LoadPath.load(LoadPath.java:57)
10-07 15:51:51.886 4903 4903 I Glide : at com.bumptech.glide.load.engine.DecodeJob.runLoadPath(DecodeJob.java:524)
10-07 15:51:51.886 4903 4903 I Glide : at com.bumptech.glide.load.engine.DecodeJob.decodeFromFetcher(DecodeJob.java:488)
10-07 15:51:51.886 4903 4903 I Glide : at com.bumptech.glide.load.engine.DecodeJob.decodeFromData(DecodeJob.java:474)
10-07 15:51:51.886 4903 4903 I Glide : at com.bumptech.glide.load.engine.DecodeJob.decodeFromRetrievedData(DecodeJob.java:426)
10-07 15:51:51.886 4903 4903 I Glide : at com.bumptech.glide.load.engine.DecodeJob.onDataFetcherReady(DecodeJob.java:390)
10-07 15:51:51.886 4903 4903 I Glide : at com.bumptech.glide.load.engine.SourceGenerator.onDataReady(SourceGenerator.java:119)
10-07 15:51:51.886 4903 4903 I Glide : at com.bumptech.glide.load.data.LocalUriFetcher.loadData(LocalUriFetcher.java:52)
10-07 15:51:51.886 4903 4903 I Glide : at com.bumptech.glide.load.engine.SourceGenerator.startNext(SourceGenerator.java:63)
10-07 15:51:51.886 4903 4903 I Glide : at com.bumptech.glide.load.engine.DecodeJob.runGenerators(DecodeJob.java:310)
10-07 15:51:51.886 4903 4903 I Glide : at com.bumptech.glide.load.engine.DecodeJob.decodeFromRetrievedData(DecodeJob.java:434)
10-07 15:51:51.886 4903 4903 I Glide : at com.bumptech.glide.load.engine.DecodeJob.onDataFetcherReady(DecodeJob.java:390)
10-07 15:51:51.886 4903 4903 I Glide : at com.bumptech.glide.load.engine.SourceGenerator.onDataReady(SourceGenerator.java:119)
10-07 15:51:51.886 4903 4903 I Glide : at com.bumptech.glide.load.model.MultiModelLoader$MultiFetcher.onDataReady(MultiModelLoader.java:145)
10-07 15:51:51.886 4903 4903 I Glide : at com.bumptech.glide.load.data.LocalUriFetcher.loadData(LocalUriFetcher.java:52)
10-07 15:51:51.886 4903 4903 I Glide : at com.bumptech.glide.load.model.MultiModelLoader$MultiFetcher.loadData(MultiModelLoader.java:100)
10-07 15:51:51.886 4903 4903 I Glide : at com.bumptech.glide.load.engine.SourceGenerator.startNext(SourceGenerator.java:63)
10-07 15:51:51.886 4903 4903 I Glide : at com.bumptech.glide.load.engine.DecodeJob.runGenerators(DecodeJob.java:310)
10-07 15:51:51.886 4903 4903 I Glide : at com.bumptech.glide.load.engine.DecodeJob.decodeFromRetrievedData(DecodeJob.java:434)
10-07 15:51:51.886 4903 4903 I Glide : at com.bumptech.glide.load.engine.DecodeJob.onDataFetcherReady(DecodeJob.java:390)
10-07 15:51:51.886 4903 4903 I Glide : at com.bumptech.glide.load.engine.SourceGenerator.onDataReady(SourceGenerator.java:119)
10-07 15:51:51.886 4903 4903 I Glide : at com.bumptech.glide.load.model.MultiModelLoader$MultiFetcher.onDataReady(MultiModelLoader.java:145)
10-07 15:51:51.886 4903 4903 I Glide : at com.bumptech.glide.load.data.LocalUriFetcher.loadData(LocalUriFetcher.java:52)
10-07 15:51:51.886 4903 4903 I Glide : at com.bumptech.glide.load.model.MultiModelLoader$MultiFetcher.loadData(MultiModelLoader.java:100)
10-07 15:51:51.886 4903 4903 I Glide : at com.bumptech.glide.load.engine.SourceGenerator.startNext(SourceGenerator.java:63)
10-07 15:51:51.886 4903 4903 I Glide : at com.bumptech.glide.load.engine.DecodeJob.runGenerators(DecodeJob.java:310)
10-07 15:51:51.886 4903 4903 I Glide : at com.bumptech.glide.load.engine.DecodeJob.runWrapped(DecodeJob.java:279)
10-07 15:51:51.886 4903 4903 I Glide : at com.bumptech.glide.load.engine.DecodeJob.run(DecodeJob.java:234)
10-07 15:51:51.886 4903 4903 I Glide : at java.util.concurrent.ThreadPoolExecutor.runWorker(ThreadPoolExecutor.java:1167)
10-07 15:51:51.886 4903 4903 I Glide : at java.util.concurrent.ThreadPoolExecutor$Worker.run(ThreadPoolExecutor.java:641)
10-07 15:51:51.886 4903 4903 I Glide : at java.lang.Thread.run(Thread.java:764)
10-07 15:51:51.886 4903 4903 I Glide : at com.bumptech.glide.load.engine.executor.GlideExecutor$DefaultThreadFactory$1.run(GlideExecutor.java:431)
10-07 15:51:51.886 4903 4903 I Glide : Caused by: java.lang.IllegalArgumentException
10-07 15:51:51.886 4903 4903 I Glide : at android.media.MediaMetadataRetriever.setDataSource(Native Method)
10-07 15:51:51.886 4903 4903 I Glide : at com.bumptech.glide.load.resource.bitmap.VideoDecoder$AssetFileDescriptorInitializer.initialize(VideoDecoder.java:289)
10-07 15:51:51.886 4903 4903 I Glide : at com.bumptech.glide.load.resource.bitmap.VideoDecoder$AssetFileDescriptorInitializer.initialize(VideoDecoder.java:284)
10-07 15:51:51.886 4903 4903 I Glide : at com.bumptech.glide.load.resource.bitmap.VideoDecoder.decode(VideoDecoder.java:166)
10-07 15:51:51.886 4903 4903 I Glide : ... 36 more
10-07 15:51:51.887 4903 4903 W Glide : Load failed for content://org.xbmc.kodi.file#image%3A%2F%2Fhttp%253a%252f%252f192.168.1.25%253a8096%252femby%252fItems%252f9365%252fImages%252fPrimary%252f0%253fEnableImageEnhancers%253dTrue%2526Tag%253d4bc196b18fbffa16283f9eb171dd2fd4%2F with size [564x306]
10-07 15:51:51.887 4903 4903 W Glide : class com.bumptech.glide.load.engine.GlideException: Failed to load resource
10-07 15:51:51.887 4903 4903 W Glide : There were 2 causes:
10-07 15:51:51.887 4903 4903 W Glide : java.io.IOException(java.lang.RuntimeException: setDataSource failed: status = 0xFFFFFFEA)
10-07 15:51:51.887 4903 4903 W Glide : java.io.IOException(java.lang.IllegalArgumentException)
10-07 15:51:51.887 4903 4903 W Glide : call GlideException#logRootCauses(String) for more detail
10-07 15:51:51.887 4903 4903 W Glide : Cause (1 of 3): class com.bumptech.glide.load.engine.GlideException: Failed LoadPath{AutoCloseInputStream->Object->PaletteBitmapContainer}, LOCAL
10-07 15:51:51.887 4903 4903 W Glide : Cause (1 of 1): class com.bumptech.glide.load.engine.GlideException: Failed DecodePath{AutoCloseInputStream->Bitmap->PaletteBitmapContainer}
10-07 15:51:51.887 4903 4903 W Glide : Cause (2 of 3): class com.bumptech.glide.load.engine.GlideException: Failed LoadPath{ParcelFileDescriptorInner->Object->PaletteBitmapContainer}, LOCAL
10-07 15:51:51.887 4903 4903 W Glide : There was 1 cause:
10-07 15:51:51.887 4903 4903 W Glide : java.io.IOException(java.lang.RuntimeException: setDataSource failed: status = 0xFFFFFFEA)
10-07 15:51:51.887 4903 4903 W Glide : call GlideException#logRootCauses(String) for more detail
10-07 15:51:51.887 4903 4903 W Glide : Cause (1 of 1): class com.bumptech.glide.load.engine.GlideException: Failed DecodePath{ParcelFileDescriptorInner->Bitmap->PaletteBitmapContainer}
10-07 15:51:51.887 4903 4903 W Glide : There was 1 cause:
10-07 15:51:51.887 4903 4903 W Glide : java.io.IOException(java.lang.RuntimeException: setDataSource failed: status = 0xFFFFFFEA)
10-07 15:51:51.887 4903 4903 W Glide : call GlideException#logRootCauses(String) for more detail
10-07 15:51:51.887 4903 4903 W Glide : Cause (1 of 1): class java.io.IOException: java.lang.RuntimeException: setDataSource failed: status = 0xFFFFFFEA
10-07 15:51:51.887 4903 4903 W Glide : Cause (3 of 3): class com.bumptech.glide.load.engine.GlideException: Failed LoadPath{AssetFileDescriptor->Object->PaletteBitmapContainer}, LOCAL
10-07 15:51:51.887 4903 4903 W Glide : There was 1 cause:
10-07 15:51:51.887 4903 4903 W Glide : java.io.IOException(java.lang.IllegalArgumentException)
10-07 15:51:51.887 4903 4903 W Glide : call GlideException#logRootCauses(String) for more detail
10-07 15:51:51.887 4903 4903 W Glide : Cause (1 of 1): class com.bumptech.glide.load.engine.GlideException: Failed DecodePath{AssetFileDescriptor->Bitmap->PaletteBitmapContainer}
10-07 15:51:51.887 4903 4903 W Glide : There was 1 cause:
10-07 15:51:51.887 4903 4903 W Glide : java.io.IOException(java.lang.IllegalArgumentException)
10-07 15:51:51.887 4903 4903 W Glide : call GlideException#logRootCauses(String) for more detail
10-07 15:51:51.887 4903 4903 W Glide : Cause (1 of 1): class java.io.IOException: java.lang.IllegalArgumentException
10-07 15:51:51.887 4903 4903 I Glide : Root cause (1 of 2)
10-07 15:51:51.887 4903 4903 I Glide : java.io.IOException: java.lang.RuntimeException: setDataSource failed: status = 0xFFFFFFEA
10-07 15:51:51.887 4903 4903 I Glide : at com.bumptech.glide.load.resource.bitmap.VideoDecoder.decode(VideoDecoder.java:178)
10-07 15:51:51.887 4903 4903 I Glide : at com.bumptech.glide.load.engine.DecodePath.decodeResourceWithList(DecodePath.java:92)
10-07 15:51:51.887 4903 4903 I Glide : at com.bumptech.glide.load.engine.DecodePath.decodeResource(DecodePath.java:70)
10-07 15:51:51.887 4903 4903 I Glide : at com.bumptech.glide.load.engine.DecodePath.decode(DecodePath.java:59)
10-07 15:51:51.887 4903 4903 I Glide : at com.bumptech.glide.load.engine.LoadPath.loadWithExceptionList(LoadPath.java:76)
10-07 15:51:51.887 4903 4903 I Glide : at com.bumptech.glide.load.engine.LoadPath.load(LoadPath.java:57)
