10-07 15:54:06.353 11894 11934 V Kodi : Debug Print: EGL_EXTENSIONS = EGL_KHR_get_all_proc_addresses EGL_ANDROID_presentation_time EGL_KHR_swap_buffers_with_damage EGL_ANDROID_get_native_client_buffer EGL_ANDROID_front_buffer_auto_refresh EGL_ANDROID_get_frame_timestamps EGL_EXT_surface_SMPTE2086_metadata EGL_EXT_surface_CTA861_3_metadata EGL_EXT_gl_colorspace_scrgb EGL_EXT_gl_colorspace_scrgb_linear EGL_EXT_gl_colorspace_display_p3_linear EGL_EXT_gl_colorspace_display_p3 EGL_EXT_gl_colorspace_bt2020_linear EGL_EXT_gl_colorspace_bt2020_pq EGL_KHR_image EGL_KHR_image_base EGL_KHR_gl_colorspace EGL_KHR_gl_texture_2D_image EGL_KHR_gl_texture_3D_image EGL_KHR_gl_texture_cubemap_image EGL_KHR_gl_renderbuffer_image EGL_KHR_reusable_sync EGL_KHR_fence_sync EGL_KHR_create_context EGL_KHR_config_attribs EGL_KHR_surfaceless_context EGL_KHR_stream EGL_KHR_stream_fifo EGL_KHR_stream_producer_eglsurface EGL_KHR_stream_consumer_gltexture EGL_KHR_stream_cross_process_fd EGL_EXT_create_context_robustness EGL_NV_system_time EGL_NV_stream_sync EGL_ANDROID_image_nat
10-07 15:54:06.353 11894 11934 V Kodi : Debug Print: EGL_CLIENT_EXTENSIONS = NULL
10-07 15:54:06.353 11894 11934 V Kodi : Debug Print: EGL Config Attributes:
10-07 15:54:06.353 11894 11934 V Kodi : Debug Print: EGL_BUFFER_SIZE: 32
10-07 15:54:06.354 11894 11934 V Kodi : Debug Print: EGL_ALPHA_SIZE: 8
10-07 15:54:06.354 11894 11934 V Kodi : Debug Print: EGL_BLUE_SIZE: 8
10-07 15:54:06.354 11894 11934 V Kodi : Debug Print: EGL_GREEN_SIZE: 8
10-07 15:54:06.354 11894 11934 V Kodi : Debug Print: EGL_RED_SIZE: 8
10-07 15:54:06.354 11894 11934 V Kodi : Debug Print: EGL_DEPTH_SIZE: 24
10-07 15:54:06.354 11894 11934 V Kodi : Debug Print: EGL_STENCIL_SIZE: 0
10-07 15:54:06.354 11894 11934 V Kodi : Debug Print: EGL_CONFIG_CAVEAT: 0x3038
10-07 15:54:06.354 11894 11934 V Kodi : Debug Print: EGL_CONFIG_ID: 2
10-07 15:54:06.354 11894 11934 V Kodi : Debug Print: EGL_LEVEL: 0
10-07 15:54:06.354 11894 11934 V Kodi : Debug Print: EGL_MAX_PBUFFER_HEIGHT: 16384
10-07 15:54:06.354 11894 11934 V Kodi : Debug Print: EGL_MAX_PBUFFER_PIXELS: 268435456
10-07 15:54:06.355 11894 11934 V Kodi : Debug Print: EGL_MAX_PBUFFER_WIDTH: 16384
10-07 15:54:06.355 11894 11934 V Kodi : Debug Print: EGL_NATIVE_RENDERABLE: 0
10-07 15:54:06.355 11894 11934 V Kodi : Debug Print: EGL_NATIVE_VISUAL_ID: 1
10-07 15:54:06.355 11894 11934 V Kodi : Debug Print: EGL_NATIVE_VISUAL_TYPE: -1
10-07 15:54:06.355 11894 11934 V Kodi : Debug Print: EGL_SAMPLES: 0
10-07 15:54:06.355 11894 11934 V Kodi : Debug Print: EGL_SAMPLE_BUFFERS: 0
10-07 15:54:06.355 11894 11934 V Kodi : Debug Print: EGL_SURFACE_TYPE: 6151
10-07 15:54:06.355 11894 11934 V Kodi : Debug Print: EGL_TRANSPARENT_TYPE: 0x3038
10-07 15:54:06.355 11894 11934 V Kodi : Debug Print: EGL_TRANSPARENT_BLUE_VALUE: 0
10-07 15:54:06.355 11894 11934 V Kodi : Debug Print: EGL_TRANSPARENT_GREEN_VALUE: 0
10-07 15:54:06.355 11894 11934 V Kodi : Debug Print: EGL_TRANSPARENT_RED_VALUE: 0
10-07 15:54:06.355 11894 11934 V Kodi : Debug Print: EGL_BIND_TO_TEXTURE_RGB: 0
10-07 15:54:06.356 11894 11934 V Kodi : Debug Print: EGL_BIND_TO_TEXTURE_RGBA: 0
10-07 15:54:06.356 11894 11934 V Kodi : Debug Print: EGL_MIN_SWAP_INTERVAL: 0
10-07 15:54:06.356 11894 11934 V Kodi : Debug Print: EGL_MAX_SWAP_INTERVAL: 60
10-07 15:54:06.356 11894 11934 V Kodi : Debug Print: EGL_LUMINANCE_SIZE: 0
10-07 15:54:06.356 11894 11934 V Kodi : Debug Print: EGL_ALPHA_MASK_SIZE: 0
10-07 15:54:06.356 11894 11934 V Kodi : Debug Print: EGL_COLOR_BUFFER_TYPE: 0x308e
10-07 15:54:06.356 11894 11934 V Kodi : Debug Print: EGL_RENDERABLE_TYPE: 77
10-07 15:54:06.356 11894 11934 V Kodi : Debug Print: EGL_CONFORMANT: 77
10-07 15:54:06.356 11894 11934 V Kodi : Debug Print: EGL HDR Config Attributes:
10-07 15:54:06.356 11894 11934 V Kodi : Debug Print: EGL_BUFFER_SIZE: 64
10-07 15:54:06.356 11894 11934 V Kodi : Debug Print: EGL_ALPHA_SIZE: 16
10-07 15:54:06.356 11894 11934 V Kodi : Debug Print: EGL_BLUE_SIZE: 16
10-07 15:54:06.357 11894 11934 V Kodi : Debug Print: EGL_GREEN_SIZE: 16
10-07 15:54:06.357 11894 11934 V Kodi : Debug Print: EGL_RED_SIZE: 16
10-07 15:54:06.357 11894 11934 V Kodi : Debug Print: EGL_DEPTH_SIZE: 24
10-07 15:54:06.357 11894 11934 V Kodi : Debug Print: EGL_STENCIL_SIZE: 0
10-07 15:54:06.357 11894 11934 V Kodi : Debug Print: EGL_CONFIG_CAVEAT: 0x3038
10-07 15:54:06.357 11894 11934 V Kodi : Debug Print: EGL_CONFIG_ID: 54
10-07 15:54:06.357 11894 11934 V Kodi : Debug Print: EGL_LEVEL: 0
10-07 15:54:06.357 11894 11934 V Kodi : Debug Print: EGL_MAX_PBUFFER_HEIGHT: 16384
10-07 15:54:06.357 11894 11934 V Kodi : Debug Print: EGL_MAX_PBUFFER_PIXELS: 268435456
10-07 15:54:06.357 11894 11934 V Kodi : Debug Print: EGL_MAX_PBUFFER_WIDTH: 16384
10-07 15:54:06.357 11894 11934 V Kodi : Debug Print: EGL_NATIVE_RENDERABLE: 0
10-07 15:54:06.357 11894 11934 V Kodi : Debug Print: EGL_NATIVE_VISUAL_ID: 22
10-07 15:54:06.358 11894 11934 V Kodi : Debug Print: EGL_NATIVE_VISUAL_TYPE: -1
10-07 15:54:06.358 11894 11934 V Kodi : Debug Print: EGL_SAMPLES: 0
10-07 15:54:06.358 11894 11934 V Kodi : Debug Print: EGL_SAMPLE_BUFFERS: 0
10-07 15:54:06.358 11894 11934 V Kodi : Debug Print: EGL_SURFACE_TYPE: 6151
10-07 15:54:06.358 11894 11934 V Kodi : Debug Print: EGL_TRANSPARENT_TYPE: 0x3038
10-07 15:54:06.358 11894 11934 V Kodi : Debug Print: EGL_TRANSPARENT_BLUE_VALUE: 0
10-07 15:54:06.358 11894 11934 V Kodi : Debug Print: EGL_TRANSPARENT_GREEN_VALUE: 0
10-07 15:54:06.358 11894 11934 V Kodi : Debug Print: EGL_TRANSPARENT_RED_VALUE: 0
10-07 15:54:06.358 11894 11934 V Kodi : Debug Print: EGL_BIND_TO_TEXTURE_RGB: 0
10-07 15:54:06.358 11894 11934 V Kodi : Debug Print: EGL_BIND_TO_TEXTURE_RGBA: 0
10-07 15:54:06.359 11894 11934 V Kodi : Debug Print: EGL_MIN_SWAP_INTERVAL: 0
10-07 15:54:06.359 11894 11934 V Kodi : Debug Print: EGL_MAX_SWAP_INTERVAL: 60
10-07 15:54:06.359 11894 11934 V Kodi : Debug Print: EGL_LUMINANCE_SIZE: 0
10-07 15:54:06.359 11894 11934 V Kodi : Debug Print: EGL_ALPHA_MASK_SIZE: 0
10-07 15:54:06.359 11894 11934 V Kodi : Debug Print: EGL_COLOR_BUFFER_TYPE: 0x308e
10-07 15:54:06.359 11894 11934 V Kodi : Debug Print: EGL_RENDERABLE_TYPE: 76
10-07 15:54:06.359 11894 11934 V Kodi : Debug Print: EGL_CONFORMANT: 77
10-07 15:54:06.360 11894 11934 V Kodi : Debug Print: CWinSystemAndroidGLESContext::InitWindowSystem: HDRConfig: 1, HDRExtensions: 1
10-07 15:54:06.361 11894 11934 V Kodi : Debug Print: Checking resolution 16
10-07 15:54:06.361 11894 11934 V Kodi : Debug Print: CAndroidUtils: SetNativeResolution: 19: 1920x1080 3840x2160@59.940060
10-07 15:54:06.363 2975 2975 E SELinux : avc: denied { find } for interface=vendor.nvidia.hardware.cpl.service::INvCplHalService sid=u:r:untrusted_app:s0:c159,c256,c512,c768 pid=11894 scontext=u:r:untrusted_app:s0:c159,c256,c512,c768 tcontext=u:object_r:hal_cplservice_hwservice:s0 tclass=hwservice_manager permissive=0
10-07 15:54:06.363 11894 11934 E libnvcpl_vendor: NvCplGetAppProfileSettingInt failed to get INvCplHalService
10-07 15:54:06.363 2975 2975 E SELinux : avc: denied { find } for interface=vendor.nvidia.hardware.cpl.service::INvCplHalService sid=u:r:untrusted_app:s0:c159,c256,c512,c768 pid=11894 scontext=u:r:untrusted_app:s0:c159,c256,c512,c768 tcontext=u:object_r:hal_cplservice_hwservice:s0 tclass=hwservice_manager permissive=0
10-07 15:54:06.363 11894 11934 E libnvcpl_vendor: NvCplGetAppProfileSettingInt failed to get INvCplHalService
10-07 15:54:06.372 3543 3645 I InputReader: Reconfiguring input devices. changes=0x00000004
10-07 15:54:06.394 11894 11934 V Kodi : Debug Print: GL_VENDOR = NVIDIA Corporation
10-07 15:54:06.394 11894 11934 V Kodi : Debug Print: GL_RENDERER = NVIDIA Tegra
10-07 15:54:06.394 11894 11934 V Kodi : Debug Print: GL_VERSION = OpenGL ES 3.2 NVIDIA 418.00
10-07 15:54:06.395 11894 11934 V Kodi : Debug Print: GL_SHADING_LANGUAGE_VERSION = OpenGL ES GLSL ES 3.20
10-07 15:54:06.395 11894 11934 V Kodi : Debug Print: GL_EXTENSIONS = GL_EXT_debug_marker GL_EXT_base_instance GL_EXT_blend_func_extended GL_EXT_blend_minmax GL_EXT_buffer_storage GL_EXT_clear_texture GL_EXT_clip_control GL_EXT_clip_cull_distance GL_EXT_color_buffer_float GL_EXT_color_buffer_half_float GL_EXT_conservative_depth GL_EXT_copy_image GL_EXT_debug_label GL_EXT_discard_framebuffer GL_EXT_disjoint_timer_query GL_EXT_draw_buffers_indexed GL_EXT_draw_elements_base_vertex GL_EXT_EGL_image_array GL_EXT_EGL_image_storage GL_EXT_EGL_image_external_wrap_modes GL_EXT_external_buffer GL_EXT_float_blend GL_EXT_frag_depth GL_EXT_geometry_point_size GL_EXT_geometry_shader GL_EXT_gpu_shader5 GL_EXT_map_buffer_range GL_EXT_multi_draw_indirect GL_EXT_multisample_compatibility GL_EXT_occlusion_query_boolean GL_EXT_polygon_offset_clamp GL_EXT_post_depth_coverage GL_EXT_primitive_bounding_box GL_EXT_protected_textures GL_EXT_raster_multisample GL_EXT_render_snorm GL_EXT_robustness GL_EXT_separate_shader_objects GL_EXT_shader_group_vote GL_EXT_shader_implici
10-07 15:54:06.408 11894 11934 V Kodi : Debug Print: CAndroidUtils: SetNativeResolution: 19: 1920x1080 3840x2160@59.940060
10-07 15:54:06.409 2975 2975 E SELinux : avc: denied { find } for interface=vendor.nvidia.hardware.cpl.service::INvCplHalService sid=u:r:untrusted_app:s0:c159,c256,c512,c768 pid=11894 scontext=u:r:untrusted_app:s0:c159,c256,c512,c768 tcontext=u:object_r:hal_cplservice_hwservice:s0 tclass=hwservice_manager permissive=0
10-07 15:54:06.409 11894 11934 E libnvcpl_vendor: NvCplGetAppProfileSettingInt failed to get INvCplHalService
10-07 15:54:06.409 2975 2975 E SELinux : avc: denied { find } for interface=vendor.nvidia.hardware.cpl.service::INvCplHalService sid=u:r:untrusted_app:s0:c159,c256,c512,c768 pid=11894 scontext=u:r:untrusted_app:s0:c159,c256,c512,c768 tcontext=u:object_r:hal_cplservice_hwservice:s0 tclass=hwservice_manager permissive=0
10-07 15:54:06.409 11894 11934 E libnvcpl_vendor: NvCplGetAppProfileSettingInt failed to get INvCplHalService
10-07 15:54:06.424 11894 11934 V Kodi : Debug Print: GLES: Maximum texture width: 16384
10-07 15:54:06.424 11894 11934 V Kodi : Debug Print: guilib: Fill viewport on change for solving rendering passes
10-07 15:54:06.547 11894 11934 V Kodi : Debug Print: GLES: Enabling VSYNC
10-07 15:54:06.549 3127 4079 D SurfaceFlinger: Connected to Power Manager
10-07 15:54:06.549 11894 11934 V Kodi : Debug Print: load keymapping
10-07 15:54:06.556 11894 11934 V Kodi : Debug Print: Loading special://xbmc/system/keymaps/appcommand.xml
10-07 15:54:06.557 11894 11934 V Kodi : Debug Print: Loading special://xbmc/system/keymaps/customcontroller.AppleRemote.xml
10-07 15:54:06.560 11894 11934 V Kodi : Debug Print: Loading special://xbmc/system/keymaps/customcontroller.Harmony.xml
10-07 15:54:06.563 11894 11934 V Kodi : Debug Print: Loading special://xbmc/system/keymaps/gamepad.xml
10-07 15:54:06.567 11894 11934 V Kodi : Debug Print: Loading special://xbmc/system/keymaps/joystick.xml
10-07 15:54:06.572 11894 11934 V Kodi : Debug Print: Loading special://xbmc/system/keymaps/keyboard.xml
10-07 15:54:06.583 11894 11934 V Kodi : Debug Print: Loading special://xbmc/system/keymaps/mouse.xml
10-07 15:54:06.584 11894 11934 V Kodi : Debug Print: Loading special://xbmc/system/keymaps/remote.xml
10-07 15:54:06.590 11894 11934 V Kodi : Debug Print: Loading special://xbmc/system/keymaps/touchscreen.xml
10-07 15:54:06.595 11894 11934 V Kodi : Debug Print: GUI format 1920x1080, Display 3840x2160 @ 59.940060 - Full Screen
10-07 15:54:06.596 11894 11934 V Kodi : Debug Print: CLangInfo: loading resource.language.de_de language information...
10-07 15:54:06.597 11894 11934 V Kodi : Debug Print: trying to set locale to de_DE.UTF-8
10-07 15:54:06.598 11894 11934 V Kodi : Debug Print: global locale set to C
10-07 15:54:06.598 11894 11934 V Kodi : Debug Print: CLangInfo: loading resource.language.de_de language strings...
10-07 15:54:06.652 11894 11934 V Kodi : Debug Print: LocalizeStrings: loaded 4014 strings from file resource://resource.language.de_de/strings.po
10-07 15:54:06.667 11894 11934 V Kodi : Debug Print: POParser: id:19063 was recently re-used in the English string file, which is not yet changed in the translated file. Using the English string instead
10-07 15:54:06.668 11894 11934 V Kodi : Debug Print: POParser: id:19064 was recently re-used in the English string file, which is not yet changed in the translated file. Using the English string instead
10-07 15:54:06.668 11894 11934 V Kodi : Debug Print: POParser: id:19070 was recently re-used in the English string file, which is not yet changed in the translated file. Using the English string instead
10-07 15:54:06.668 11894 11934 V Kodi : Debug Print: POParser: id:19072 was recently re-used in the English string file, which is not yet changed in the translated file. Using the English string instead
10-07 15:54:06.668 11894 11934 V Kodi : Debug Print: POParser: id:19094 was recently re-used in the English string file, which is not yet changed in the translated file. Using the English string instead
10-07 15:54:06.668 11894 11934 V Kodi : Debug Print: POParser: id:19095 was recently re-used in the English string file, which is not yet changed in the translated file. Using the English string instead
10-07 15:54:06.668 11894 11934 V Kodi : Debug Print: POParser: id:19106 was recently re-used in the English string file, which is not yet changed in the translated file. Using the English string instead
10-07 15:54:06.669 11894 11934 V Kodi : Debug Print: POParser: id:19186 was recently re-used in the English string file, which is not yet changed in the translated file. Using the English string instead
10-07 15:54:06.669 11894 11934 V Kodi : Debug Print: POParser: id:19215 was recently re-used in the English string file, which is not yet changed in the translated file. Using the English string instead
10-07 15:54:06.670 11894 11934 V Kodi : Debug Print: POParser: id:19288 was recently re-used in the English string file, which is not yet changed in the translated file. Using the English string instead
10-07 15:54:06.680 11894 11934 V Kodi : Debug Print: POParser: id:36205 was recently re-used in the English string file, which is not yet changed in the translated file. Using the English string instead
10-07 15:54:06.680 11894 11934 V Kodi : Debug Print: POParser: id:36206 was recently re-used in the English string file, which is not yet changed in the translated file. Using the English string instead
10-07 15:54:06.681 11894 11934 V Kodi : Debug Print: POParser: id:36223 was recently re-used in the English string file, which is not yet changed in the translated file. Using the English string instead
10-07 15:54:06.681 11894 11934 V Kodi : Debug Print: POParser: id:36233 was recently re-used in the English string file, which is not yet changed in the translated file. Using the English string instead
10-07 15:54:06.682 11894 11934 V Kodi : Debug Print: POParser: id:36334 was recently re-used in the English string file, which is not yet changed in the translated file. Using the English string instead
10-07 15:54:06.687 11894 11934 V Kodi : Debug Print: LocalizeStrings: loaded 58 strings from file resource://resource.language.en_gb/strings.po
10-07 15:54:06.692 11894 11934 V Kodi : Debug Print: LocalizeStrings: loaded 1 strings from file /data/user/0/org.xbmc.kodinerds/cache/apk/assets/addons/audioencoder.kodi.builtin.aac/resources/language/English/strings.po
10-07 15:54:06.694 11894 11934 V Kodi : Debug Print: LocalizeStrings: loaded 1 strings from file /data/user/0/org.xbmc.kodinerds/cache/apk/assets/addons/audioencoder.kodi.builtin.wma/resources/language/English/strings.po
10-07 15:54:06.696 11894 11934 V Kodi : Debug Print: LocalizeStrings: loaded 18 strings from file /data/user/0/org.xbmc.kodinerds/cache/apk/assets/addons/game.controller.default/resources/language/resource.language.en_gb/strings.po
10-07 15:54:06.698 11894 11934 V Kodi : Debug Print: LocalizeStrings: loaded 13 strings from file /data/user/0/org.xbmc.kodinerds/cache/apk/assets/addons/game.controller.snes/resources/language/resource.language.en_gb/strings.po
10-07 15:54:06.699 11894 11934 V Kodi : Debug Print: LocalizeStrings: loaded 22 strings from file /data/user/0/org.xbmc.kodinerds/cache/apk/assets/addons/inputstream.adaptive/resources/language/resource.language.en_gb/strings.po
10-07 15:54:06.700 11894 11934 V Kodi : Debug Print: LocalizeStrings: loaded 11 strings from file /storage/emulated/0/Android/data/org.xbmc.kodinerds/files/.kodi/addons/metadata.album.universal/resources/language/resource.language.de_de/strings.po
10-07 15:54:06.701 11894 11934 V Kodi : Debug Print: LocalizeStrings: loaded 6 strings from file /storage/emulated/0/Android/data/org.xbmc.kodinerds/files/.kodi/addons/metadata.album.universal/resources/language/resource.language.en_gb/strings.po
10-07 15:54:06.702 11894 11934 V Kodi : Debug Print: LocalizeStrings: loaded 23 strings from file /storage/emulated/0/Android/data/org.xbmc.kodinerds/files/.kodi/addons/metadata.artists.universal/resources/language/resource.language.de_de/strings.po
10-07 15:54:06.703 11894 11934 V Kodi : Debug Print: LocalizeStrings: loaded 9 strings from file /storage/emulated/0/Android/data/org.xbmc.kodinerds/files/.kodi/addons/metadata.artists.universal/resources/language/resource.language.en_gb/strings.po
10-07 15:54:06.722 11894 11934 V Kodi : Debug Print: LocalizeStrings: loaded 7 strings from file /storage/emulated/0/Android/data/org.xbmc.kodinerds/files/.kodi/addons/metadata.themoviedb.org/resources/language/resource.language.de_de/strings.po
10-07 15:54:06.723 11894 11934 V Kodi : Debug Print: POParser: id:30003 was recently re-used in the English string file, which is not yet changed in the translated file. Using the English string instead
10-07 15:54:06.724 11894 11934 V Kodi : Debug Print: LocalizeStrings: loaded 2 strings from file /storage/emulated/0/Android/data/org.xbmc.kodinerds/files/.kodi/addons/metadata.themoviedb.org/resources/language/resource.language.en_gb/strings.po
10-07 15:54:06.724 11894 11934 V Kodi : Debug Print: LocalizeStrings: loaded 3 strings from file /storage/emulated/0/Android/data/org.xbmc.kodinerds/files/.kodi/addons/metadata.tvshows.themoviedb.org/resources/language/resource.language.de_de/strings.po
10-07 15:54:06.725 11894 11934 V Kodi : Debug Print: LocalizeStrings: loaded 2 strings from file /storage/emulated/0/Android/data/org.xbmc.kodinerds/files/.kodi/addons/metadata.tvshows.themoviedb.org/resources/language/resource.language.en_gb/strings.po
10-07 15:54:06.727 11894 11934 V Kodi : Debug Print: LocalizeStrings: loaded 9 strings from file /data/user/0/org.xbmc.kodinerds/cache/apk/assets/addons/peripheral.joystick/resources/language/resource.language.en_gb/strings.po
10-07 15:54:06.747 11894 11934 V Kodi : Debug Print: LocalizeStrings: loaded 1 strings from file /data/user/0/org.xbmc.kodinerds/cache/apk/assets/addons/screensaver.xbmc.builtin.dim/resources/language/resource.language.de_de/strings.po
10-07 15:54:06.747 11894 11934 V Kodi : Debug Print: LocalizeStrings: loaded 0 strings from file /data/user/0/org.xbmc.kodinerds/cache/apk/assets/addons/screensaver.xbmc.builtin.dim/resources/language/resource.language.en_gb/strings.po
10-07 15:54:06.764 11894 11934 V Kodi : Debug Print: LocalizeStrings: loaded 57 strings from file /storage/emulated/0/Android/data/org.xbmc.kodinerds/files/.kodi/addons/script.module.inputstreamhelper/resources/language/resource.language.de_de/strings.po
10-07 15:54:06.766 11894 11934 V Kodi : Debug Print: POParser: id:30904 was recently re-used in the English string file, which is not yet changed in the translated file. Using the English string instead
10-07 15:54:06.766 11894 11934 V Kodi : Debug Print: LocalizeStrings: loaded 14 strings from file /storage/emulated/0/Android/data/org.xbmc.kodinerds/files/.kodi/addons/script.module.inputstreamhelper/resources/language/resource.language.en_gb/strings.po
10-07 15:54:06.787 11894 11934 V Kodi : Debug Print: LocalizeStrings: loaded 21 strings from file /data/user/0/org.xbmc.kodinerds/cache/apk/assets/addons/service.xbmc.versioncheck/resources/language/German/strings.po
10-07 15:54:06.789 11894 11934 V Kodi : Debug Print: LocalizeStrings: loaded 3 strings from file /data/user/0/org.xbmc.kodinerds/cache/apk/assets/addons/service.xbmc.versioncheck/resources/language/English/strings.po
10-07 15:54:06.797 11894 11964 V Kodi : Debug Print: Thread JobWorker start, auto delete: true
10-07 15:54:06.797 11894 11964 V Kodi : Debug Print: Initialize, updating databases...
10-07 15:54:06.799 11894 11964 V Kodi : Debug Print: Running database version Addons27
10-07 15:54:06.800 11894 11964 V Kodi : Debug Print: Running database version ViewModes6
10-07 15:54:06.802 11894 11964 V Kodi : Debug Print: Running database version Textures13
10-07 15:54:06.805 11894 11964 V Kodi : Debug Print: Running database version MyMusic72
10-07 15:54:06.810 11894 11964 V Kodi : Debug Print: Running database version MyVideos116
10-07 15:54:06.812 11894 11964 V Kodi : Debug Print: Running database version TV36
10-07 15:54:06.814 11894 11964 V Kodi : Debug Print: Running database version Epg12
10-07 15:54:06.814 11894 11964 V Kodi : Debug Print: Initialize, updating databases... DONE
10-07 15:54:06.874 11894 11934 V Kodi : Debug Print: Unloading old skin ...
10-07 15:54:06.876 11894 11934 V Kodi : Debug Print: load skin from: /data/user/0/org.xbmc.kodinerds/cache/apk/assets/addons/skin.estuary/ (version: 2.0.22)
10-07 15:54:06.876 11894 11934 V Kodi : Debug Print: load fonts for skin...
10-07 15:54:06.880 11894 11934 V Kodi : Debug Print: Loading skin includes from /data/user/0/org.xbmc.kodinerds/cache/apk/assets/addons/skin.estuary/xml/Includes.xml
10-07 15:54:06.952 11894 11934 V Kodi : Debug Print: Loading fonts from /data/user/0/org.xbmc.kodinerds/cache/apk/assets/addons/skin.estuary/xml/Font.xml
10-07 15:54:06.993 11894 11934 V Kodi : Debug Print: LocalizeStrings: loaded 139 strings from file /data/user/0/org.xbmc.kodinerds/cache/apk/assets/addons/skin.estuary/language/resource.language.de_de/strings.po
10-07 15:54:06.995 11894 11934 V Kodi : Debug Print: LocalizeStrings: loaded 1 strings from file /data/user/0/org.xbmc.kodinerds/cache/apk/assets/addons/skin.estuary/language/resource.language.en_gb/strings.po
10-07 15:54:06.995 11894 11934 V Kodi : Debug Print: load new skin...
10-07 15:54:06.996 11894 11934 V Kodi : Debug Print: Loading custom window XMLs from skin path /data/user/0/org.xbmc.kodinerds/cache/apk/assets/addons/skin.estuary/xml
10-07 15:54:07.013 11894 11934 V Kodi : Debug Print: Load Skin XML: 17.78ms
10-07 15:54:07.013 11894 11934 V Kodi : Debug Print: initialize new skin...
10-07 15:54:07.014 11894 11934 V Kodi : Debug Print: guilib: Fill viewport on change for solving rendering passes
10-07 15:54:07.014 11894 11934 V Kodi : Debug Print: Alloc resources: 0.01ms (0.01 ms skin load)
10-07 15:54:07.014 11894 11934 V Kodi : Debug Print: Loading skin file: DialogBusy.xml, load type: LOAD_ON_GUI_INIT
10-07 15:54:07.017 11894 11934 V Kodi : Debug Print: Skin file /data/user/0/org.xbmc.kodinerds/cache/apk/assets/addons/skin.estuary/xml/DialogBusy.xml loaded in 3.55ms
10-07 15:54:07.024 11894 11934 V Kodi : Debug Print: OpenBundle - Opened bundle /data/user/0/org.xbmc.kodinerds/cache/apk/assets/addons/skin.estuary/media/Textures.xbt
10-07 15:54:07.025 11894 11934 V Kodi : Debug Print: Alloc resources: 11.02ms (3.77 ms skin load)
10-07 15:54:07.025 11894 11934 V Kodi : Debug Print: Loading skin file: DialogBusy.xml, load type: LOAD_ON_GUI_INIT
10-07 15:54:07.029 11894 11934 V Kodi : Debug Print: Skin file /data/user/0/org.xbmc.kodinerds/cache/apk/assets/addons/skin.estuary/xml/DialogBusy.xml loaded in 3.58ms
10-07 15:54:07.029 11894 11934 V Kodi : Debug Print: Alloc resources: 3.83ms (3.78 ms skin load)
10-07 15:54:07.029 11894 11934 V Kodi : Debug Print: Loading skin file: DialogNotification.xml, load type: LOAD_ON_GUI_INIT
10-07 15:54:07.032 11894 11934 V Kodi : Debug Print: Skin file /data/user/0/org.xbmc.kodinerds/cache/apk/assets/addons/skin.estuary/xml/DialogNotification.xml loaded in 2.88ms
10-07 15:54:07.032 11894 11934 V Kodi : Debug Print: Alloc resources: 3.10ms (3.10 ms skin load)
10-07 15:54:07.032 11894 11934 V Kodi : Debug Print: Loading skin file: DialogVolumeBar.xml, load type: LOAD_ON_GUI_INIT
10-07 15:54:07.036 11894 11934 V Kodi : Debug Print: Skin file /data/user/0/org.xbmc.kodinerds/cache/apk/assets/addons/skin.estuary/xml/DialogVolumeBar.xml loaded in 3.70ms
10-07 15:54:07.036 11894 11934 V Kodi : Debug Print: Alloc resources: 4.04ms (3.91 ms skin load)
10-07 15:54:07.036 11894 11934 V Kodi : Debug Print: Loading skin file: DialogExtendedProgressBar.xml, load type: LOAD_ON_GUI_INIT
10-07 15:54:07.042 11894 11934 V Kodi : Debug Print: Skin file /data/user/0/org.xbmc.kodinerds/cache/apk/assets/addons/skin.estuary/xml/DialogExtendedProgressBar.xml loaded in 5.08ms
10-07 15:54:07.042 11894 11934 V Kodi : Debug Print: Alloc resources: 5.33ms (5.28 ms skin load)
10-07 15:54:07.042 11894 11934 V Kodi : Debug Print: Loading skin file: Pointer.xml, load type: LOAD_ON_GUI_INIT
10-07 15:54:07.044 11894 11934 V Kodi : Debug Print: Skin file /data/user/0/org.xbmc.kodinerds/cache/apk/assets/addons/skin.estuary/xml/Pointer.xml loaded in 1.60ms
10-07 15:54:07.044 11894 11934 V Kodi : Debug Print: Alloc resources: 2.14ms (1.79 ms skin load)
10-07 15:54:07.044 11894 11934 V Kodi : Debug Print: Loading skin file: DialogSeekBar.xml, load type: LOAD_ON_GUI_INIT
10-07 15:54:07.083 11894 11934 V Kodi : Debug Print: Skin file /data/user/0/org.xbmc.kodinerds/cache/apk/assets/addons/skin.estuary/xml/DialogSeekBar.xml loaded in 39.20ms
10-07 15:54:07.085 11894 11934 V Kodi : Debug Print: Alloc resources: 40.31ms (39.44 ms skin load)
10-07 15:54:07.085 11894 11934 V Kodi : Debug Print: Loading skin file: Custom_1109_TopBarOverlay.xml, load type: LOAD_ON_GUI_INIT
10-07 15:54:07.094 11894 11934 V Kodi : Debug Print: Skin file /data/user/0/org.xbmc.kodinerds/cache/apk/assets/addons/skin.estuary/xml/Custom_1109_TopBarOverlay.xml loaded in 8.75ms
10-07 15:54:07.094 11894 11934 V Kodi : Debug Print: Alloc resources: 9.00ms (8.99 ms skin load)
10-07 15:54:07.096 11894 11934 V Kodi : Debug Print: Loading resource://resource.uisounds.kodi/sounds.xml
10-07 15:54:07.124 11894 11934 V Kodi : Debug Print: skin loaded...
10-07 15:54:07.124 11894 11934 V Kodi : Debug Print: Activating window ID: 12997
10-07 15:54:07.124 11894 11934 V Kodi : Debug Print: ------ Window Init () ------
10-07 15:54:07.124 11894 11934 V Kodi : Debug Print: Alloc resources: 0.01ms (0.00 ms skin load)
10-07 15:54:07.125 11894 11934 V Kodi : Debug Print: Activating window ID: 12999
10-07 15:54:07.126 11894 11934 V Kodi : Debug Print: ------ Window Init (Startup.xml) ------
10-07 15:54:07.126 11894 11934 V Kodi : Debug Print: Loading skin file: Startup.xml, load type: LOAD_EVERY_TIME
10-07 15:54:07.126 11894 11934 V Kodi : Debug Print: Skin file /data/user/0/org.xbmc.kodinerds/cache/apk/assets/addons/skin.estuary/xml/Startup.xml loaded in 0.53ms
10-07 15:54:07.126 11894 11934 V Kodi : Debug Print: Alloc resources: 0.68ms (0.68 ms skin load)
10-07 15:54:07.127 11894 11934 V Kodi : Debug Print: Activating window ID: 10000
10-07 15:54:07.127 11894 11934 V Kodi : Debug Print: ------ Window Deinit (Startup.xml) ------
10-07 15:54:07.127 11894 11934 V Kodi : Debug Print: ------ Window Init (Home.xml) ------
10-07 15:54:07.127 11894 11934 V Kodi : Debug Print: Loading skin file: Home.xml, load type: KEEP_IN_MEMORY
10-07 15:54:07.339 11894 11934 V Kodi : Debug Print: Skin file /data/user/0/org.xbmc.kodinerds/cache/apk/assets/addons/skin.estuary/xml/Home.xml loaded in 211.31ms
10-07 15:54:07.339 11894 11934 V Kodi : Debug Print: CDirectoryProvider[addons://]: refreshing..
10-07 15:54:07.340 11894 11934 V Kodi : Debug Print: CDirectoryProvider[addons://sources/video/]: refreshing..
10-07 15:54:07.340 11894 11965 V Kodi : Debug Print: Thread JobWorker start, auto delete: true
10-07 15:54:07.340 11894 11934 V Kodi : Debug Print: CDirectoryProvider[addons://sources/audio/]: refreshing..
10-07 15:54:07.341 11894 11966 V Kodi : Debug Print: Thread JobWorker start, auto delete: true
10-07 15:54:07.341 11894 11964 V Kodi : Debug Print: CAddonDatabase: SELECT repo.id FROM repo .. took 1 ms
10-07 15:54:07.341 11894 11934 V Kodi : Debug Print: CDirectoryProvider[addons://sources/game/]: refreshing..
10-07 15:54:07.341 11894 11934 V Kodi : Debug Print: CDirectoryProvider[addons://sources/executable/]: refreshing..
10-07 15:54:07.342 11894 11934 V Kodi : Debug Print: CDirectoryProvider[androidapp://sources/apps/]: refreshing..
10-07 15:54:07.342 11894 11934 V Kodi : Debug Print: CDirectoryProvider[addons://sources/image/]: refreshing..
10-07 15:54:07.342 11894 11934 V Kodi : Debug Print: CDirectoryProvider[library://video/]: refreshing..
10-07 15:54:07.342 11894 11934 V Kodi : Debug Print: CDirectoryProvider[sources://video/]: refreshing..
10-07 15:54:07.342 11894 11934 V Kodi : Debug Print: CDirectoryProvider[special://videoplaylists/]: refreshing..
10-07 15:54:07.343 11894 11934 V Kodi : Debug Print: CDirectoryProvider[favourites://]: refreshing..
10-07 15:54:07.343 11894 11934 V Kodi : Debug Print: CDirectoryProvider[sources://pictures/]: refreshing..
10-07 15:54:07.343 11894 11934 V Kodi : Debug Print: CDirectoryProvider[addons://sources/game/]: refreshing..
10-07 15:54:07.346 11894 11934 V Kodi : Debug Print: Alloc resources: 218.83ms (211.63 ms skin load)
10-07 15:54:07.361 11894 11964 V Kodi : Debug Print: CAddonDatabase: query SELECT * FROM addons JOIN addonlinkrepo ON addons.id=addonlinkrepo.idAddon WHERE addonlinkrepo.idRepo IN (1,2) ORDER BY addons.addonID returned 1353 rows in 19 ms
10-07 15:54:07.931 11894 11964 V Kodi : Debug Print: CAddonDatabase::GetAddons took 591 ms
10-07 15:54:07.945 11894 11964 V Kodi : Debug Print: CAddonMgr::GetAvailableUpdates took 605 ms
10-07 15:54:07.961 11894 11965 V Kodi : Debug Print: CAndroidAppDirectory::GetDirectory: apps
10-07 15:54:07.968 11894 11964 V Kodi : Debug Print: CMultiPathDirectory::GetDirectory(multipath://special%3a%2f%2fprofile%2fplaylists%2fvideo/special%3a%2f%2fprofile%2fplaylists%2fmixed/)
10-07 15:54:07.969 11894 11964 V Kodi : Debug Print: Getting Directory (special://profile/playlists/video)
10-07 15:54:07.970 11894 11964 V Kodi : Debug Print: Getting Directory (special://profile/playlists/mixed)
10-07 15:54:07.971 11894 11964 V Kodi : Debug Print: CMultiPathDirectory::MergeItems, items = 0
10-07 15:54:07.976 11894 11964 V Kodi : Debug Print: CRecentlyAddedJob::UpdateMusic() - Running RecentlyAdded home screen update
10-07 15:54:07.983 11894 11964 V Kodi : Debug Print: GetRecentlyAddedAlbumSongs() query: SELECT songview.*, songartistview.* FROM (SELECT idAlbum FROM album ORDER BY idAlbum DESC LIMIT 10) AS recentalbums JOIN songview ON songview.idAlbum = recentalbums.idAlbum JOIN songartistview ON songview.idSong = songartistview.idSong ORDER BY songview.idAlbum DESC, songview.idSong, songartistview.idRole, songartistview.iOrder
10-07 15:54:07.985 11894 11964 V Kodi : Debug Print: GetRecentlyAddedAlbums query: SELECT albumview.*, albumartistview.* FROM (SELECT idAlbum FROM album WHERE strAlbum != '' ORDER BY idAlbum DESC LIMIT 10) AS recentalbums JOIN albumview ON albumview.idAlbum = recentalbums.idAlbum JOIN albumartistview ON albumview.idAlbum = albumartistview.idAlbum ORDER BY albumview.idAlbum desc, albumartistview.iOrder
10-07 15:54:07.988 11894 11964 V Kodi : Debug Print: CRecentlyAddedJob::UpdateVideos() - Running RecentlyAdded home screen update
10-07 15:54:08.004 11894 11964 V Kodi : Debug Print: CRecentlyAddedJob::UpdateTotal() - Running RecentlyAdded home screen update
10-07 15:54:08.008 11894 11964 V Kodi : Debug Print: GetArtistsByWhere query: SELECT COUNT(DISTINCT artistview.idArtist) FROM artistview WHERE (EXISTS (SELECT 1 FROM song_artist WHERE song_artist.idArtist = artistview.idArtist AND song_artist.idRole = 1) OR EXISTS (SELECT 1 FROM album_artist WHERE album_artist.idArtist = artistview.idArtist)) AND (artistview.strArtist != '')
10-07 15:54:08.021 11894 11934 V Kodi : Debug Print: JSONRPC: JSON schema type definition references an unknown type Setting.Details.Setting
10-07 15:54:08.021 11894 11934 V Kodi : Debug Print: JSONRPC: Could not parse type "Setting.Details.SettingList"
10-07 15:54:08.021 11894 11934 V Kodi : Debug Print: JSONRPC: Adding type "Setting.Details.SettingList" to list of incomplete definitions (waiting for "Setting.Details.Setting")
10-07 15:54:08.022 11894 11934 V Kodi : Debug Print: JSONRPC: Resolving incomplete types/methods referencing Setting.Details.Setting
10-07 15:54:08.115 11894 11934 V Kodi : Debug Print: JSONRPC v10.5.2: Successfully initialized
10-07 15:54:08.117 11894 11934 V Kodi : Debug Print: LoadMappings - loaded node "Motorola Nyxboard Hybrid"
10-07 15:54:08.118 11894 11934 V Kodi : Debug Print: LoadMappings - loaded node "CEC Adapter"
10-07 15:54:08.119 11894 11934 V Kodi : Debug Print: LoadMappings - loaded node "Pulse-Eight CEC Adapter"
10-07 15:54:08.119 11894 11934 V Kodi : Debug Print: LoadMappings - loaded node "iMON HID device"
10-07 15:54:08.119 11894 11934 V Kodi : Debug Print: LoadMappings - loaded node "WETEK Play remote"
10-07 15:54:08.119 11894 11934 V Kodi : Debug Print: LoadMappings - loaded node ""
10-07 15:54:08.120 11894 11934 V Kodi : Debug Print: Add-on bus: Registering add-on peripheral.joystick
10-07 15:54:08.121 11894 11934 V Kodi : Debug Print: PERIPHERAL - CreateAddon - creating peripheral add-on instance 'Joystick Support'
10-07 15:54:08.121 11894 11934 V Kodi : Debug Print: ADDON: Dll Initializing - Joystick Support
10-07 15:54:08.121 11894 11934 V Kodi : Debug Print: SECTION:LoadDLL(/data/app/org.xbmc.kodinerds-vbrsgimfQ6CBkJOdBTO2Fw==/lib/arm64/libperipheral.joystick.so)
10-07 15:54:08.121 11894 11934 V Kodi : Debug Print: Loading: /data/app/org.xbmc.kodinerds-vbrsgimfQ6CBkJOdBTO2Fw==/lib/arm64/libperipheral.joystick.so
10-07 15:54:08.125 11894 11934 V Kodi : Debug Print: AddOnLog: Joystick Support: No joystick APIs in use
10-07 15:54:08.126 11894 11934 V Kodi : Debug Print: AddOnLog: Joystick Support: Loaded 14 joystick families with 97 total joysticks
10-07 15:54:08.127 11894 11934 V Kodi : Debug Print: Calling TransferSettings for: Joystick Support
10-07 15:54:08.127 11894 11934 V Kodi : Debug Print: CAddonSettings[peripheral.joystick]: loading setting definitions
10-07 15:54:08.128 11894 11934 V Kodi : Debug Print: CPeripheralBusAndroid: scanning for input devices...
10-07 15:54:08.130 11894 11934 V Kodi : Debug Print: CPeripheralBusAndroid: Device discovered:
10-07 15:54:08.130 11894 11934 V Kodi : Debug Print: Name: "NVIDIA Virtual Mouse"
10-07 15:54:08.130 11894 11934 V Kodi : Debug Print: ID: -3
10-07 15:54:08.130 11894 11934 V Kodi : Debug Print: Controller number: 0
10-07 15:54:08.130 11894 11934 V Kodi : Debug Print: Descriptor: "5345c6da1d26dd..."
10-07 15:54:08.130 11894 11934 V Kodi : Debug Print: Product ID: 0000
10-07 15:54:08.130 11894 11934 V Kodi : Debug Print: Vendor ID: 0000
10-07 15:54:08.131 11894 11934 V Kodi : Debug Print: Has microphone: false
10-07 15:54:08.131 11894 11934 V Kodi : Debug Print: Is virtual: true
10-07 15:54:08.131 11894 11934 V Kodi : Debug Print: Source flags: 0x00002103
10-07 15:54:08.131 11894 11934 V Kodi : Debug Print: Has source: SOURCE_KEYBOARD (0x00000101)
10-07 15:54:08.131 11894 11934 V Kodi : Debug Print: Has source: SOURCE_MOUSE (0x00002002)
10-07 15:54:08.133 11894 11934 V Kodi : Debug Print: Has key: AKEYCODE_HOME (3)
10-07 15:54:08.133 11894 11934 V Kodi : Debug Print: Has key: AKEYCODE_BACK (4)
10-07 15:54:08.133 11894 11934 V Kodi : Debug Print: Has key: AKEYCODE_CALL (5)
10-07 15:54:08.134 11894 11934 V Kodi : Debug Print: Has key: AKEYCODE_0 (7)
10-07 15:54:08.134 11894 11934 V Kodi : Debug Print: Has key: AKEYCODE_1 (8)
10-07 15:54:08.134 11894 11934 V Kodi : Debug Print: Has key: AKEYCODE_2 (9)
10-07 15:54:08.134 11894 11934 V Kodi : Debug Print: Has key: AKEYCODE_3 (10)
10-07 15:54:08.134 11894 11934 V Kodi : Debug Print: Has key: AKEYCODE_4 (11)
10-07 15:54:08.134 11894 11934 V Kodi : Debug Print: Has key: AKEYCODE_5 (12)
10-07 15:54:08.134 11894 11934 V Kodi : Debug Print: Has key: AKEYCODE_6 (13)
10-07 15:54:08.134 11894 11934 V Kodi : Debug Print: Has key: AKEYCODE_7 (14)
10-07 15:54:08.134 11894 11934 V Kodi : Debug Print: Has key: AKEYCODE_8 (15)
10-07 15:54:08.134 11894 11934 V Kodi : Debug Print: Has key: AKEYCODE_9 (16)
10-07 15:54:08.134 11894 11934 V Kodi : Debug Print: Has key: AKEYCODE_DPAD_UP (19)
10-07 15:54:08.134 11894 11934 V Kodi : Debug Print: Has key: AKEYCODE_DPAD_DOWN (20)
10-07 15:54:08.135 11894 11934 V Kodi : Debug Print: Has key: AKEYCODE_DPAD_LEFT (21)
10-07 15:54:08.135 11894 11934 V Kodi : Debug Print: Has key: AKEYCODE_DPAD_RIGHT (22)
10-07 15:54:08.135 11894 11934 V Kodi : Debug Print: Has key: AKEYCODE_DPAD_CENTER (23)
10-07 15:54:08.135 11894 11934 V Kodi : Debug Print: Has key: AKEYCODE_VOLUME_UP (24)
10-07 15:54:08.135 11894 11934 V Kodi : Debug Print: Has key: AKEYCODE_VOLUME_DOWN (25)
10-07 15:54:08.135 11894 11934 V Kodi : Debug Print: Has key: AKEYCODE_POWER (26)
10-07 15:54:08.135 11894 11934 V Kodi : Debug Print: Has key: AKEYCODE_CAMERA (27)
10-07 15:54:08.135 11894 11934 V Kodi : Debug Print: Has key: AKEYCODE_A (29)
10-07 15:54:08.135 11894 11934 V Kodi : Debug Print: Has key: AKEYCODE_B (30)
10-07 15:54:08.135 11894 11934 V Kodi : Debug Print: Has key: AKEYCODE_C (31)
10-07 15:54:08.135 11894 11934 V Kodi : Debug Print: Has key: AKEYCODE_D (32)
10-07 15:54:08.136 11894 11934 V Kodi : Debug Print: Has key: AKEYCODE_E (33)
10-07 15:54:08.136 11894 11934 V Kodi : Debug Print: Has key: AKEYCODE_F (34)
10-07 15:54:08.136 11894 11934 V Kodi : Debug Print: Has key: AKEYCODE_G (35)
10-07 15:54:08.136 11894 11934 V Kodi : Debug Print: Has key: AKEYCODE_H (36)
10-07 15:54:08.136 11894 11934 V Kodi : Debug Print: Has key: AKEYCODE_I (37)
10-07 15:54:08.136 11894 11934 V Kodi : Debug Print: Has key: AKEYCODE_J (38)
10-07 15:54:08.136 11894 11934 V Kodi : Debug Print: Has key: AKEYCODE_K (39)
10-07 15:54:08.136 11894 11934 V Kodi : Debug Print: Has key: AKEYCODE_L (40)
10-07 15:54:08.136 11894 11934 V Kodi : Debug Print: Has key: AKEYCODE_M (41)
10-07 15:54:08.136 11894 11934 V Kodi : Debug Print: Has key: AKEYCODE_N (42)
10-07 15:54:08.137 11894 11934 V Kodi : Debug Print: Has key: AKEYCODE_O (43)
10-07 15:54:08.137 11894 11934 V Kodi : Debug Print: Has key: AKEYCODE_P (44)
10-07 15:54:08.137 11894 11934 V Kodi : Debug Print: Has key: AKEYCODE_Q (45)
10-07 15:54:08.137 11894 11934 V Kodi : Debug Print: Has key: AKEYCODE_R (46)
10-07 15:54:08.137 11894 11934 V Kodi : Debug Print: Has key: AKEYCODE_S (47)
10-07 15:54:08.137 11894 11934 V Kodi : Debug Print: Has key: AKEYCODE_T (48)
10-07 15:54:08.137 11894 11934 V Kodi : Debug Print: Has key: AKEYCODE_U (49)
10-07 15:54:08.137 11894 11934 V Kodi : Debug Print: Has key: AKEYCODE_V (50)
10-07 15:54:08.137 11894 11934 V Kodi : Debug Print: Has key: AKEYCODE_W (51)
10-07 15:54:08.138 11894 11934 V Kodi : Debug Print: Has key: AKEYCODE_X (52)
10-07 15:54:08.138 11894 11934 V Kodi : Debug Print: Has key: AKEYCODE_Y (53)
10-07 15:54:08.138 11894 11934 V Kodi : Debug Print: Has key: AKEYCODE_Z (54)
10-07 15:54:08.138 11894 11934 V Kodi : Debug Print: Has key: AKEYCODE_COMMA (55)
10-07 15:54:08.138 11894 11934 V Kodi : Debug Print: Has key: AKEYCODE_PERIOD (56)
10-07 15:54:08.138 11894 11934 V Kodi : Debug Print: Has key: AKEYCODE_ALT_LEFT (57)
10-07 15:54:08.138 11894 11934 V Kodi : Debug Print: Has key: AKEYCODE_ALT_RIGHT (58)
10-07 15:54:08.138 11894 11934 V Kodi : Debug Print: Has key: AKEYCODE_SHIFT_LEFT (59)
10-07 15:54:08.138 11894 11934 V Kodi : Debug Print: Has key: AKEYCODE_SHIFT_RIGHT (60)
10-07 15:54:08.138 11894 11934 V Kodi : Debug Print: Has key: AKEYCODE_TAB (61)
10-07 15:54:08.138 11894 11934 V Kodi : Debug Print: Has key: AKEYCODE_SPACE (62)
10-07 15:54:08.139 11894 11934 V Kodi : Debug Print: Has key: AKEYCODE_EXPLORER (64)
10-07 15:54:08.139 11894 11934 V Kodi : Debug Print: Has key: AKEYCODE_ENVELOPE (65)
10-07 15:54:08.139 11894 11934 V Kodi : Debug Print: Has key: AKEYCODE_ENTER (66)
10-07 15:54:08.139 11894 11934 V Kodi : Debug Print: Has key: AKEYCODE_DEL (67)
10-07 15:54:08.139 11894 11934 V Kodi : Debug Print: Has key: AKEYCODE_GRAVE (68)
10-07 15:54:08.139 11894 11934 V Kodi : Debug Print: Has key: AKEYCODE_MINUS (69)
10-07 15:54:08.139 11894 11934 V Kodi : Debug Print: Has key: AKEYCODE_EQUALS (70)
10-07 15:54:08.139 11894 11934 V Kodi : Debug Print: Has key: AKEYCODE_LEFT_BRACKET (71)
10-07 15:54:08.139 11894 11934 V Kodi : Debug Print: Has key: AKEYCODE_RIGHT_BRACKET (72)
10-07 15:54:08.140 11894 11934 V Kodi : Debug Print: Has key: AKEYCODE_BACKSLASH (73)
10-07 15:54:08.140 11894 11934 V Kodi : Debug Print: Has key: AKEYCODE_SEMICOLON (74)
10-07 15:54:08.140 11894 11934 V Kodi : Debug Print: Has key: AKEYCODE_APOSTROPHE (75)
10-07 15:54:08.140 11894 11934 V Kodi : Debug Print: Has key: AKEYCODE_SLASH (76)
10-07 15:54:08.140 11894 11934 V Kodi : Debug Print: Has key: AKEYCODE_MENU (82)
10-07 15:54:08.140 11894 11934 V Kodi : Debug Print: Has key: AKEYCODE_MEDIA_PLAY_PAUSE (85)
10-07 15:54:08.140 11894 11934 V Kodi : Debug Print: Has key: AKEYCODE_MEDIA_STOP (86)
10-07 15:54:08.140 11894 11934 V Kodi : Debug Print: Has key: AKEYCODE_MEDIA_NEXT (87)
10-07 15:54:08.140 11894 11934 V Kodi : Debug Print: Has key: AKEYCODE_MEDIA_PREVIOUS (88)
10-07 15:54:08.140 11894 11934 V Kodi : Debug Print: Has key: AKEYCODE_MEDIA_REWIND (89)
10-07 15:54:08.140 11894 11934 V Kodi : Debug Print: Has key: AKEYCODE_MEDIA_FAST_FORWARD (90)
10-07 15:54:08.140 11894 11934 V Kodi : Debug Print: Has key: AKEYCODE_PAGE_UP (92)
10-07 15:54:08.141 11894 11934 V Kodi : Debug Print: Has key: AKEYCODE_PAGE_DOWN (93)
10-07 15:54:08.141 11894 11934 V Kodi : Debug Print: Has key: AKEYCODE_ESCAPE (111)
10-07 15:54:08.141 11894 11934 V Kodi : Debug Print: Has key: AKEYCODE_FORWARD_DEL (112)
10-07 15:54:08.141 11894 11934 V Kodi : Debug Print: Has key: AKEYCODE_CTRL_LEFT (113)
10-07 15:54:08.141 11894 11934 V Kodi : Debug Print: Has key: AKEYCODE_CTRL_RIGHT (114)
10-07 15:54:08.141 11894 11934 V Kodi : Debug Print: Has key: AKEYCODE_CAPS_LOCK (115)
10-07 15:54:08.141 11894 11934 V Kodi : Debug Print: Has key: AKEYCODE_SCROLL_LOCK (116)
10-07 15:54:08.141 11894 11934 V Kodi : Debug Print: Has key: AKEYCODE_META_LEFT (117)
10-07 15:54:08.141 11894 11934 V Kodi : Debug Print: Has key: AKEYCODE_META_RIGHT (118)
10-07 15:54:08.141 11894 11934 V Kodi : Debug Print: Has key: AKEYCODE_FUNCTION (119)
10-07 15:54:08.141 11894 11934 V Kodi : Debug Print: Has key: AKEYCODE_SYSRQ (120)
10-07 15:54:08.141 11894 11934 V Kodi : Debug Print: Has key: AKEYCODE_BREAK (121)
10-07 15:54:08.141 11894 11934 V Kodi : Debug Print: Has key: AKEYCODE_MOVE_HOME (122)
10-07 15:54:08.142 11894 11934 V Kodi : Debug Print: Has key: AKEYCODE_MOVE_END (123)
10-07 15:54:08.142 11894 11934 V Kodi : Debug Print: Has key: AKEYCODE_INSERT (124)
10-07 15:54:08.142 11894 11934 V Kodi : Debug Print: Has key: AKEYCODE_FORWARD (125)
10-07 15:54:08.142 11894 11934 V Kodi : Debug Print: Has key: AKEYCODE_MEDIA_PLAY (126)
10-07 15:54:08.142 11894 11934 V Kodi : Debug Print: Has key: AKEYCODE_MEDIA_PAUSE (127)
10-07 15:54:08.142 11894 11934 V Kodi : Debug Print: Has key: AKEYCODE_MEDIA_CLOSE (128)
10-07 15:54:08.142 11894 11934 V Kodi : Debug Print: Has key: AKEYCODE_MEDIA_EJECT (129)
10-07 15:54:08.142 11894 11934 V Kodi : Debug Print: Has key: AKEYCODE_MEDIA_RECORD (130)
10-07 15:54:08.142 11894 11934 V Kodi : Debug Print: Has key: AKEYCODE_F1 (131)
10-07 15:54:08.142 11894 11934 V Kodi : Debug Print: Has key: AKEYCODE_F2 (132)
10-07 15:54:08.142 11894 11934 V Kodi : Debug Print: Has key: AKEYCODE_F3 (133)
10-07 15:54:08.142 11894 11934 V Kodi : Debug Print: Has key: AKEYCODE_F4 (134)
10-07 15:54:08.142 11894 11934 V Kodi : Debug Print: Has key: AKEYCODE_F5 (135)
10-07 15:54:08.143 11894 11934 V Kodi : Debug Print: Has key: AKEYCODE_F6 (136)
10-07 15:54:08.143 11894 11934 V Kodi : Debug Print: Has key: AKEYCODE_F7 (137)
10-07 15:54:08.143 11894 11934 V Kodi : Debug Print: Has key: AKEYCODE_F8 (138)
10-07 15:54:08.143 11894 11934 V Kodi : Debug Print: Has key: AKEYCODE_F9 (139)
10-07 15:54:08.143 11894 11934 V Kodi : Debug Print: Has key: AKEYCODE_F10 (140)
10-07 15:54:08.143 11894 11934 V Kodi : Debug Print: Has key: AKEYCODE_F11 (141)
10-07 15:54:08.143 11894 11934 V Kodi : Debug Print: Has key: AKEYCODE_F12 (142)
10-07 15:54:08.143 11894 11934 V Kodi : Debug Print: Has key: AKEYCODE_NUM_LOCK (143)
10-07 15:54:08.143 11894 11934 V Kodi : Debug Print: Has key: AKEYCODE_NUMPAD_0 (144)
10-07 15:54:08.143 11894 11934 V Kodi : Debug Print: Has key: AKEYCODE_NUMPAD_1 (145)
10-07 15:54:08.143 11894 11934 V Kodi : Debug Print: Has key: AKEYCODE_NUMPAD_2 (146)
10-07 15:54:08.143 11894 11934 V Kodi : Debug Print: Has key: AKEYCODE_NUMPAD_3 (147)
10-07 15:54:08.144 11894 11934 V Kodi : Debug Print: Has key: AKEYCODE_NUMPAD_4 (148)
10-07 15:54:08.144 11894 11934 V Kodi : Debug Print: Has key: AKEYCODE_NUMPAD_5 (149)
10-07 15:54:08.144 11894 11934 V Kodi : Debug Print: Has key: AKEYCODE_NUMPAD_6 (150)
10-07 15:54:08.144 11894 11934 V Kodi : Debug Print: Has key: AKEYCODE_NUMPAD_7 (151)
10-07 15:54:08.144 11894 11934 V Kodi : Debug Print: Has key: AKEYCODE_NUMPAD_8 (152)
10-07 15:54:08.144 11894 11934 V Kodi : Debug Print: Has key: AKEYCODE_NUMPAD_9 (153)
10-07 15:54:08.144 11894 11934 V Kodi : Debug Print: Has key: AKEYCODE_NUMPAD_DIVIDE (154)
10-07 15:54:08.144 11894 11934 V Kodi : Debug Print: Has key: AKEYCODE_NUMPAD_MULTIPLY (155)
10-07 15:54:08.145 11894 11934 V Kodi : Debug Print: Has key: AKEYCODE_NUMPAD_SUBTRACT (156)
10-07 15:54:08.145 11894 11934 V Kodi : Debug Print: Has key: AKEYCODE_NUMPAD_ADD (157)
10-07 15:54:08.145 11894 11934 V Kodi : Debug Print: Has key: AKEYCODE_NUMPAD_DOT (158)
10-07 15:54:08.145 11894 11934 V Kodi : Debug Print: Has key: AKEYCODE_NUMPAD_COMMA (159)
10-07 15:54:08.145 11894 11934 V Kodi : Debug Print: Has key: AKEYCODE_NUMPAD_ENTER (160)
10-07 15:54:08.145 11894 11934 V Kodi : Debug Print: Has key: AKEYCODE_NUMPAD_EQUALS (161)
10-07 15:54:08.145 11894 11934 V Kodi : Debug Print: Has key: AKEYCODE_NUMPAD_LEFT_PAREN (162)
10-07 15:54:08.145 11894 11934 V Kodi : Debug Print: Has key: AKEYCODE_NUMPAD_RIGHT_PAREN (163)
10-07 15:54:08.145 11894 11934 V Kodi : Debug Print: Has key: AKEYCODE_VOLUME_MUTE (164)
10-07 15:54:08.145 11894 11934 V Kodi : Debug Print: Has key: AKEYCODE_CHANNEL_UP (166)
10-07 15:54:08.145 11894 11934 V Kodi : Debug Print: Has key: AKEYCODE_CHANNEL_DOWN (167)
10-07 15:54:08.145 11894 11934 V Kodi : Debug Print: Has key: AKEYCODE_TV (170)
10-07 15:54:08.145 11894 11934 V Kodi : Debug Print: Has key: AKEYCODE_GUIDE (172)
10-07 15:54:08.146 11894 11934 V Kodi : Debug Print: Has key: AKEYCODE_DVR (173)
10-07 15:54:08.146 11894 11934 V Kodi : Debug Print: Has key: AKEYCODE_BOOKMARK (174)
10-07 15:54:08.146 11894 11934 V Kodi : Debug Print: Has key: AKEYCODE_STB_POWER (179)
10-07 15:54:08.146 11894 11934 V Kodi : Debug Print: Has key: AKEYCODE_APP_SWITCH (187)
10-07 15:54:08.146 11894 11934 V Kodi : Debug Print: Has key: AKEYCODE_BUTTON_1 (188)
10-07 15:54:08.146 11894 11934 V Kodi : Debug Print: Has key: AKEYCODE_BUTTON_2 (189)
10-07 15:54:08.146 11894 11934 V Kodi : Debug Print: Has key: AKEYCODE_BUTTON_3 (190)
10-07 15:54:08.146 11894 11934 V Kodi : Debug Print: Has key: AKEYCODE_BUTTON_4 (191)
10-07 15:54:08.146 11894 11934 V Kodi : Debug Print: Has key: AKEYCODE_BUTTON_5 (192)
10-07 15:54:08.146 11894 11934 V Kodi : Debug Print: Has key: AKEYCODE_BUTTON_6 (193)
10-07 15:54:08.146 11894 11934 V Kodi : Debug Print: Has key: AKEYCODE_BUTTON_7 (194)
10-07 15:54:08.146 11894 11934 V Kodi : Debug Print: Has key: AKEYCODE_BUTTON_8 (195)
10-07 15:54:08.146 11894 11934 V Kodi : Debug Print: Has key: AKEYCODE_BUTTON_11 (198)
10-07 15:54:08.147 11894 11934 V Kodi : Debug Print: Has key: AKEYCODE_BUTTON_12 (199)
10-07 15:54:08.147 11894 11934 V Kodi : Debug Print: Has key: AKEYCODE_BUTTON_14 (201)
10-07 15:54:08.147 11894 11934 V Kodi : Debug Print: Has key: AKEYCODE_BUTTON_16 (203)
10-07 15:54:08.147 11894 11934 V Kodi : Debug Print: Has key: AKEYCODE_CONTACTS (207)
10-07 15:54:08.147 11894 11934 V Kodi : Debug Print: Has key: AKEYCODE_CALENDAR (208)
10-07 15:54:08.147 11894 11934 V Kodi : Debug Print: Has key: AKEYCODE_MUSIC (209)
10-07 15:54:08.147 11894 11934 V Kodi : Debug Print: Has key: AKEYCODE_CALCULATOR (210)
10-07 15:54:08.147 11894 11934 V Kodi : Debug Print: Has key: AKEYCODE_ZENKAKU_HANKAKU (211)
10-07 15:54:08.147 11894 11934 V Kodi : Debug Print: Has key: AKEYCODE_EISU (212)
10-07 15:54:08.147 11894 11934 V Kodi : Debug Print: Has key: AKEYCODE_MUHENKAN (213)
10-07 15:54:08.147 11894 11934 V Kodi : Debug Print: Has key: AKEYCODE_HENKAN (214)
10-07 15:54:08.147 11894 11934 V Kodi : Debug Print: Has key: AKEYCODE_KATAKANA_HIRAGANA (215)
10-07 15:54:08.147 11894 11934 V Kodi : Debug Print: Has key: AKEYCODE_YEN (216)
10-07 15:54:08.148 11894 11934 V Kodi : Debug Print: Has key: AKEYCODE_RO (217)
10-07 15:54:08.148 11894 11934 V Kodi : Debug Print: Has key: AKEYCODE_KANA (218)
10-07 15:54:08.148 11894 11934 V Kodi : Debug Print: Has key: AKEYCODE_ASSIST (219)
10-07 15:54:08.148 11894 11934 V Kodi : Debug Print: Has key: AKEYCODE_BRIGHTNESS_DOWN (220)
10-07 15:54:08.148 11894 11934 V Kodi : Debug Print: Has key: AKEYCODE_BRIGHTNESS_UP (221)
10-07 15:54:08.148 11894 11934 V Kodi : Debug Print: Has key: AKEYCODE_SLEEP (223)
10-07 15:54:08.148 11894 11934 V Kodi : Debug Print: Has key: AKEYCODE_WAKEUP (224)
10-07 15:54:08.148 11894 11934 V Kodi : Debug Print: Has key: AKEYCODE_VOICE_ASSIST (231)
10-07 15:54:08.148 11894 11934 V Kodi : Debug Print: Has axis: AMOTION_EVENT_AXIS_X (0)
10-07 15:54:08.148 11894 11934 V Kodi : Debug Print: Endpoints: [0.000000, 1919.000000]
