10-07 15:51:36.044 3543 3645 D WindowManager: handleComboKeys keyCode: 20, keyAction: 1
10-07 15:51:36.048 11396 11434 V Kodi : CAndroidKey: key up (dev:4; src:769; code: 20; repeat: 0; flags: 0x8; alt: no; shift: no; sym: no)
10-07 15:51:36.094 11396 11438 V Kodi : Debug Print: Keyboard: scancode: 0x14, sym: 0x0112, unicode: 0x0000, modifier: 0x0
10-07 15:51:36.141 6692 6692 I chromium: [6692:6692:INFO:metrics_recorder.cc(89)] Metrics stat: total=3
10-07 15:51:36.141 6692 6692 I chromium: Cast.Discovery.Mdns.Query.Cast.Count=1
10-07 15:51:36.141 6692 6692 I chromium: Cast.Discovery.Mdns.Request.In=1
10-07 15:51:36.141 6692 6692 I chromium: Cast.Discovery.Mdns.Response.Out=1
10-07 15:51:36.590 6692 7068 I chromium: [6692:7068:INFO:mdns_app_filter.cc(2631)] Mdns cast queries recently sent: queries=1
10-07 15:51:38.278 3543 3645 D WindowManager: handleComboKeys keyCode: 66, keyAction: 0
10-07 15:51:38.282 11396 11434 V Kodi : CAndroidKey: key down (dev:4; src:769; code: 66; repeat: 0; flags: 0x8; alt: no; shift: no; sym: no)
10-07 15:51:38.288 11396 11438 V Kodi : Debug Print: Keyboard: scancode: 0x42, sym: 0x000d, unicode: 0x000a, modifier: 0x0
10-07 15:51:38.446 3543 3645 D WindowManager: handleComboKeys keyCode: 66, keyAction: 1
10-07 15:51:38.449 11396 11434 V Kodi : CAndroidKey: key up (dev:4; src:769; code: 66; repeat: 0; flags: 0x8; alt: no; shift: no; sym: no)
10-07 15:51:38.456 11396 11438 V Kodi : Debug Print: Previous line repeats 1 times.
10-07 15:51:38.457 11396 11438 V Kodi : Debug Print: HandleKey: return (0xf00d) pressed, action is Select
10-07 15:51:38.460 11396 11438 V Kodi : Debug Print: CGUIMediaWindow::GetDirectory (plugin://plugin.video.skygo.de/?action=listPage&path=%2fst%2fmultiplatform%2fipad%2fjson%2flandingpage%2f31.json&zz)
10-07 15:51:38.460 11396 11438 V Kodi : Debug Print: ParentPath = [plugin://plugin.video.skygo.de/?action=listPage&id=2&zz]
10-07 15:51:38.462 11396 11676 V Kodi : Debug Print: Thread waiting start, auto delete: false
10-07 15:51:38.464 11396 11654 V Kodi : Debug Print: CAddonDatabase::SetLastUsed[plugin.video.skygo.de] took 4 ms
10-07 15:51:38.465 11396 11676 V Kodi : Debug Print: StartScript - calling plugin Sky Go('plugin://plugin.video.skygo.de/','1','?action=listPage&path=%2fst%2fmultiplatform%2fipad%2fjson%2flandingpage%2f31.json&zz','resume:false')
10-07 15:51:38.465 11396 11676 V Kodi : Debug Print: GetLanguageInvoker - Reusing LanguageInvokerThread 2 for script /storage/emulated/0/Android/data/org.xbmc.kodinerds/files/.kodi/addons/plugin.video.skygo.de/default.py
10-07 15:51:38.465 11396 11655 V Kodi : Debug Print: initializing python engine.
10-07 15:51:38.466 11396 11655 V Kodi : Debug Print: CPythonInvoker(2, /storage/emulated/0/Android/data/org.xbmc.kodinerds/files/.kodi/addons/plugin.video.skygo.de/default.py): start processing
10-07 15:51:38.466 11396 11655 V Kodi : Debug Print: CPythonInvoker(2, /storage/emulated/0/Android/data/org.xbmc.kodinerds/files/.kodi/addons/plugin.video.skygo.de/default.py): entering source directory /storage/emulated/0/Android/data/org.xbmc.kodinerds/files/.kodi/addons/plugin.video.skygo.de
10-07 15:51:38.466 11396 11655 V Kodi : Debug Print: CPythonInvoker(2, /storage/emulated/0/Android/data/org.xbmc.kodinerds/files/.kodi/addons/plugin.video.skygo.de/default.py): instantiating addon using automatically obtained id of "plugin.video.skygo.de" dependent on version 2.1.0 of the xbmc.python api
10-07 15:51:38.472 11396 11655 V Kodi : Debug Print: [Sky Go] params = {'action': 'listPage', 'path': '/st/multiplatform/ipad/json/landingpage/31.json'}
10-07 15:51:38.563 11396 11438 V Kodi : Debug Print: ------ Window Init (DialogBusy.xml) ------
10-07 15:51:38.563 11396 11438 V Kodi : Debug Print: Window DialogBusy.xml was already loaded
10-07 15:51:38.563 11396 11438 V Kodi : Debug Print: Alloc resources: 0.06ms
10-07 15:51:39.550 11396 11655 V Kodi : Debug Print: Using iconImage in ListItem constructor results in NOP. Use setArt.
10-07 15:51:39.764 11396 11655 V Kodi : Debug Print: Previous line repeats 15 times.
10-07 15:51:39.764 11396 11655 V Kodi : Debug Print: Attempt to use invalid handle 1
10-07 15:51:39.764 11396 11655 V Kodi : Debug Print: CPythonInvoker(2, /storage/emulated/0/Android/data/org.xbmc.kodinerds/files/.kodi/addons/plugin.video.skygo.de/default.py): script successfully run
10-07 15:51:39.817 11396 11676 V Kodi : Debug Print: Thread waiting 203608061168 terminating
10-07 15:51:39.823 11396 11438 V Kodi : Debug Print: ------ Window Deinit (DialogBusy.xml) ------
10-07 15:51:39.824 11396 11438 V Kodi : Debug Print: Saving fileitems [plugin://plugin.video.skygo.de/?action=listPage&path=%2fst%2fmultiplatform%2fipad%2fjson%2flandingpage%2f31.json&zz]
10-07 15:51:39.826 11396 11438 V Kodi : Debug Print: -- items: 16, sort method: 0, ascending: false
10-07 15:51:39.860 11396 11679 V Kodi : Debug Print: Thread BackgroundLoader start, auto delete: false
10-07 15:51:39.914 11396 11679 V Kodi : Debug Print: Thread BackgroundLoader 203601319152 terminating
10-07 15:51:40.898 3543 3645 D WindowManager: handleComboKeys keyCode: 20, keyAction: 0
10-07 15:51:40.901 11396 11434 V Kodi : CAndroidKey: key down (dev:4; src:769; code: 20; repeat: 0; flags: 0x8; alt: no; shift: no; sym: no)
10-07 15:51:40.944 11396 11438 V Kodi : Debug Print: Keyboard: scancode: 0x14, sym: 0x0112, unicode: 0x0000, modifier: 0x0
10-07 15:51:40.944 11396 11438 V Kodi : Debug Print: HandleKey: down (0xf081) pressed, action is Down
10-07 15:51:40.952 11396 11651 V Kodi : Debug Print: easy_acquire - Created session to https://skyticket.sky.de
10-07 15:51:41.052 3543 3645 D WindowManager: handleComboKeys keyCode: 20, keyAction: 1
10-07 15:51:41.057 11396 11434 V Kodi : CAndroidKey: key up (dev:4; src:769; code: 20; repeat: 0; flags: 0x8; alt: no; shift: no; sym: no)
10-07 15:51:41.077 11396 11438 V Kodi : Debug Print: Previous line repeats 1 times.
10-07 15:51:41.077 11396 11438 V Kodi : Debug Print: Keyboard: scancode: 0x14, sym: 0x0112, unicode: 0x0000, modifier: 0x0
10-07 15:51:41.242 3543 3645 D WindowManager: handleComboKeys keyCode: 20, keyAction: 0
10-07 15:51:41.246 11396 11434 V Kodi : CAndroidKey: key down (dev:4; src:769; code: 20; repeat: 0; flags: 0x8; alt: no; shift: no; sym: no)
10-07 15:51:41.275 11396 11438 V Kodi : Debug Print: Previous line repeats 1 times.
10-07 15:51:41.275 11396 11438 V Kodi : Debug Print: HandleKey: down (0xf081) pressed, action is Down
10-07 15:51:41.277 11396 11686 V Kodi : Debug Print: Thread JobWorker start, auto delete: true
10-07 15:51:41.283 11396 11686 V Kodi : Debug Print: Previous line repeats 1 times.
10-07 15:51:41.283 11396 11686 V Kodi : Debug Print: easy_acquire - Created session to https://skyticket.sky.de
10-07 15:51:41.401 3543 3645 D WindowManager: handleComboKeys keyCode: 20, keyAction: 1
10-07 15:51:41.405 11396 11434 V Kodi : CAndroidKey: key up (dev:4; src:769; code: 20; repeat: 0; flags: 0x8; alt: no; shift: no; sym: no)
10-07 15:51:41.425 11396 11438 V Kodi : Debug Print: Previous line repeats 1 times.
10-07 15:51:41.425 11396 11438 V Kodi : Debug Print: Keyboard: scancode: 0x14, sym: 0x0112, unicode: 0x0000, modifier: 0x0
10-07 15:51:41.553 11396 11654 V Kodi : Debug Print: CCurlFile::GetMimeType - https://skyticket.sky.de/st/bin/Asset/web/dvd_cover_820381.jpg|User-Agent=Mozilla/5.0 (Windows NT 10.0; Win64; x64) AppleWebKit/537.36 (KHTML, like Gecko) Chrome/70.0.3538.110 Safari/537.36 -> image/jpeg
10-07 15:51:41.555 11396 11651 V Kodi : Debug Print: CCurlFile::GetMimeType - https://skyticket.sky.de/bin/Picture/199/C_1_Picture_282646_hero_img.jpg|User-Agent=Mozilla/5.0 (Windows NT 10.0; Win64; x64) AppleWebKit/537.36 (KHTML, like Gecko) Chrome/70.0.3538.110 Safari/537.36 -> image/jpeg
10-07 15:51:41.556 11396 11654 V Kodi : Debug Print: CurlFile::Open(0x2f6de12800) https://skyticket.sky.de/st/bin/Asset/web/dvd_cover_820381.jpg
10-07 15:51:41.558 11396 11651 V Kodi : Debug Print: CurlFile::Open(0x2f6e55f700) https://skyticket.sky.de/bin/Picture/199/C_1_Picture_282646_hero_img.jpg
10-07 15:51:41.576 3543 3645 D WindowManager: handleComboKeys keyCode: 20, keyAction: 0
10-07 15:51:41.580 11396 11434 V Kodi : CAndroidKey: key down (dev:4; src:769; code: 20; repeat: 0; flags: 0x8; alt: no; shift: no; sym: no)
10-07 15:51:41.592 11396 11438 V Kodi : Debug Print: Keyboard: scancode: 0x14, sym: 0x0112, unicode: 0x0000, modifier: 0x0
10-07 15:51:41.594 11396 11438 V Kodi : Debug Print: HandleKey: down (0xf081) pressed, action is Down
10-07 15:51:41.721 3543 3645 D WindowManager: handleComboKeys keyCode: 20, keyAction: 1
10-07 15:51:41.724 11396 11434 V Kodi : CAndroidKey: key up (dev:4; src:769; code: 20; repeat: 0; flags: 0x8; alt: no; shift: no; sym: no)
10-07 15:51:41.742 11396 11438 V Kodi : Debug Print: Keyboard: scancode: 0x14, sym: 0x0112, unicode: 0x0000, modifier: 0x0
10-07 15:51:41.898 3543 3645 D WindowManager: handleComboKeys keyCode: 20, keyAction: 0
10-07 15:51:41.901 11396 11434 V Kodi : CAndroidKey: key down (dev:4; src:769; code: 20; repeat: 0; flags: 0x8; alt: no; shift: no; sym: no)
10-07 15:51:41.901 11396 11686 V Kodi : Debug Print: CCurlFile::GetMimeType - https://skyticket.sky.de/bin/Picture/126/C_1_Picture_311303_hero_img.jpg|User-Agent=Mozilla/5.0 (Windows NT 10.0; Win64; x64) AppleWebKit/537.36 (KHTML, like Gecko) Chrome/70.0.3538.110 Safari/537.36 -> image/jpeg
10-07 15:51:41.904 11396 11686 V Kodi : Debug Print: CurlFile::Open(0x2f6de11680) https://skyticket.sky.de/bin/Picture/126/C_1_Picture_311303_hero_img.jpg
10-07 15:51:41.925 11396 11438 V Kodi : Debug Print: Keyboard: scancode: 0x14, sym: 0x0112, unicode: 0x0000, modifier: 0x0
10-07 15:51:41.926 11396 11438 V Kodi : Debug Print: HandleKey: down (0xf081) pressed, action is Down
10-07 15:51:42.057 3543 3645 D WindowManager: handleComboKeys keyCode: 20, keyAction: 1
10-07 15:51:42.060 11396 11434 V Kodi : CAndroidKey: key up (dev:4; src:769; code: 20; repeat: 0; flags: 0x8; alt: no; shift: no; sym: no)
10-07 15:51:42.067 11396 11654 V Kodi : Debug Print: Caching image 'https://skyticket.sky.de/st/bin/Asset/web/dvd_cover_820381.jpg|User-Agent=Mozilla/5.0 (Windows NT 10.0; Win64; x64) AppleWebKit/537.36 (KHTML, like Gecko) Chrome/70.0.3538.110 Safari/537.36' to '4/438a332d.jpg':
10-07 15:51:42.068 11396 11654 V Kodi : Debug Print: cached image 'special://masterprofile/Thumbnails/4/438a332d.jpg' size 126x187
10-07 15:51:42.076 11396 11438 V Kodi : Debug Print: Keyboard: scancode: 0x14, sym: 0x0112, unicode: 0x0000, modifier: 0x0
10-07 15:51:42.080 11396 11687 V Kodi : Debug Print: CCurlFile::GetMimeType - https://skyticket.sky.de/st/bin/Asset/web/dvd_cover_136861.jpg|User-Agent=Mozilla/5.0 (Windows NT 10.0; Win64; x64) AppleWebKit/537.36 (KHTML, like Gecko) Chrome/70.0.3538.110 Safari/537.36 -> image/jpeg
10-07 15:51:42.083 11396 11687 V Kodi : Debug Print: CurlFile::Open(0x2f6e560600) https://skyticket.sky.de/st/bin/Asset/web/dvd_cover_136861.jpg
10-07 15:51:42.190 11396 11687 V Kodi : Debug Print: Caching image 'https://skyticket.sky.de/st/bin/Asset/web/dvd_cover_136861.jpg|User-Agent=Mozilla/5.0 (Windows NT 10.0; Win64; x64) AppleWebKit/537.36 (KHTML, like Gecko) Chrome/70.0.3538.110 Safari/537.36' to '4/4a429980.jpg':
10-07 15:51:42.191 11396 11687 V Kodi : Debug Print: cached image 'special://masterprofile/Thumbnails/4/4a429980.jpg' size 126x187
10-07 15:51:42.467 11396 11654 V Kodi : Debug Print: CCurlFile::GetMimeType - https://skyticket.sky.de/bin/Picture/646/C_1_Picture_290514_hero_img.jpg|User-Agent=Mozilla/5.0 (Windows NT 10.0; Win64; x64) AppleWebKit/537.36 (KHTML, like Gecko) Chrome/70.0.3538.110 Safari/537.36 -> image/jpeg
10-07 15:51:42.472 11396 11654 V Kodi : Debug Print: CurlFile::Open(0x2f6825c100) https://skyticket.sky.de/bin/Picture/646/C_1_Picture_290514_hero_img.jpg
10-07 15:51:42.569 11396 11687 V Kodi : Debug Print: CCurlFile::GetMimeType - https://skyticket.sky.de/st/bin/Asset/web/dvd_cover_822959.jpg|User-Agent=Mozilla/5.0 (Windows NT 10.0; Win64; x64) AppleWebKit/537.36 (KHTML, like Gecko) Chrome/70.0.3538.110 Safari/537.36 -> image/jpeg
10-07 15:51:42.572 11396 11687 V Kodi : Debug Print: CurlFile::Open(0x2f6eac1600) https://skyticket.sky.de/st/bin/Asset/web/dvd_cover_822959.jpg
10-07 15:51:42.688 11396 11651 V Kodi : Debug Print: Caching image 'https://skyticket.sky.de/bin/Picture/199/C_1_Picture_282646_hero_img.jpg|User-Agent=Mozilla/5.0 (Windows NT 10.0; Win64; x64) AppleWebKit/537.36 (KHTML, like Gecko) Chrome/70.0.3538.110 Safari/537.36' to '9/93063220.jpg':
10-07 15:51:42.716 11396 11687 V Kodi : Debug Print: Caching image 'https://skyticket.sky.de/st/bin/Asset/web/dvd_cover_822959.jpg|User-Agent=Mozilla/5.0 (Windows NT 10.0; Win64; x64) AppleWebKit/537.36 (KHTML, like Gecko) Chrome/70.0.3538.110 Safari/537.36' to '6/6193ed85.jpg':
10-07 15:51:42.716 11396 11687 V Kodi : Debug Print: cached image 'special://masterprofile/Thumbnails/6/6193ed85.jpg' size 126x187
10-07 15:51:43.044 11396 11651 V Kodi : Debug Print: cached image 'special://masterprofile/Thumbnails/9/93063220.jpg' size 1920x1080
10-07 15:51:43.116 3543 3645 D WindowManager: handleComboKeys keyCode: 20, keyAction: 0
10-07 15:51:43.121 11396 11434 V Kodi : CAndroidKey: key down (dev:4; src:769; code: 20; repeat: 0; flags: 0x8; alt: no; shift: no; sym: no)
10-07 15:51:43.144 11396 11438 V Kodi : Debug Print: Keyboard: scancode: 0x14, sym: 0x0112, unicode: 0x0000, modifier: 0x0
10-07 15:51:43.144 11396 11438 V Kodi : Debug Print: HandleKey: down (0xf081) pressed, action is Down
10-07 15:51:43.241 11396 11686 V Kodi : Debug Print: Caching image 'https://skyticket.sky.de/bin/Picture/126/C_1_Picture_311303_hero_img.jpg|User-Agent=Mozilla/5.0 (Windows NT 10.0; Win64; x64) AppleWebKit/537.36 (KHTML, like Gecko) Chrome/70.0.3538.110 Safari/537.36' to 'c/c16b2e9a.jpg':
10-07 15:51:43.363 3543 3645 D WindowManager: handleComboKeys keyCode: 20, keyAction: 1
10-07 15:51:43.369 11396 11434 V Kodi : CAndroidKey: key up (dev:4; src:769; code: 20; repeat: 0; flags: 0x8; alt: no; shift: no; sym: no)
10-07 15:51:43.393 11396 11438 V Kodi : Debug Print: Keyboard: scancode: 0x14, sym: 0x0112, unicode: 0x0000, modifier: 0x0
10-07 15:51:43.424 11396 11687 V Kodi : Debug Print: CCurlFile::GetMimeType - https://skyticket.sky.de/bin/Picture/894/C_1_Picture_312539_hero_img.jpg|User-Agent=Mozilla/5.0 (Windows NT 10.0; Win64; x64) AppleWebKit/537.36 (KHTML, like Gecko) Chrome/70.0.3538.110 Safari/537.36 -> image/jpeg
10-07 15:51:43.432 11396 11687 V Kodi : Debug Print: CurlFile::Open(0x2f6eb4f000) https://skyticket.sky.de/bin/Picture/894/C_1_Picture_312539_hero_img.jpg
10-07 15:51:43.441 11396 11651 V Kodi : Debug Print: CCurlFile::GetMimeType - https://skyticket.sky.de/st/bin/Asset/web/dvd_cover_835766.jpg|User-Agent=Mozilla/5.0 (Windows NT 10.0; Win64; x64) AppleWebKit/537.36 (KHTML, like Gecko) Chrome/70.0.3538.110 Safari/537.36 -> image/jpeg
10-07 15:51:43.447 11396 11651 V Kodi : Debug Print: CurlFile::Open(0x2f68eb5900) https://skyticket.sky.de/st/bin/Asset/web/dvd_cover_835766.jpg
10-07 15:51:43.490 11396 11654 V Kodi : Debug Print: Caching image 'https://skyticket.sky.de/bin/Picture/646/C_1_Picture_290514_hero_img.jpg|User-Agent=Mozilla/5.0 (Windows NT 10.0; Win64; x64) AppleWebKit/537.36 (KHTML, like Gecko) Chrome/70.0.3538.110 Safari/537.36' to 'd/d33e34c1.jpg':
10-07 15:51:43.506 11396 11651 V Kodi : Debug Print: Caching image 'https://skyticket.sky.de/st/bin/Asset/web/dvd_cover_835766.jpg|User-Agent=Mozilla/5.0 (Windows NT 10.0; Win64; x64) AppleWebKit/537.36 (KHTML, like Gecko) Chrome/70.0.3538.110 Safari/537.36' to '8/8301d2d2.jpg':
10-07 15:51:43.506 11396 11651 V Kodi : Debug Print: cached image 'special://masterprofile/Thumbnails/8/8301d2d2.jpg' size 126x187
10-07 15:51:43.563 3543 3645 D WindowManager: handleComboKeys keyCode: 20, keyAction: 0
10-07 15:51:43.568 11396 11434 V Kodi : CAndroidKey: key down (dev:4; src:769; code: 20; repeat: 0; flags: 0x8; alt: no; shift: no; sym: no)
10-07 15:51:43.594 11396 11438 V Kodi : Debug Print: Keyboard: scancode: 0x14, sym: 0x0112, unicode: 0x0000, modifier: 0x0
10-07 15:51:43.595 11396 11438 V Kodi : Debug Print: HandleKey: down (0xf081) pressed, action is Down
10-07 15:51:43.606 11396 11686 V Kodi : Debug Print: cached image 'special://masterprofile/Thumbnails/c/c16b2e9a.jpg' size 1920x1080
10-07 15:51:43.709 3543 3645 D WindowManager: handleComboKeys keyCode: 20, keyAction: 1
10-07 15:51:43.715 11396 11434 V Kodi : CAndroidKey: key up (dev:4; src:769; code: 20; repeat: 0; flags: 0x8; alt: no; shift: no; sym: no)
10-07 15:51:43.728 11396 11438 V Kodi : Debug Print: Keyboard: scancode: 0x14, sym: 0x0112, unicode: 0x0000, modifier: 0x0
10-07 15:51:43.869 11396 11651 V Kodi : Debug Print: CCurlFile::GetMimeType - https://skyticket.sky.de/bin/Picture/338/C_1_Picture_281574_hero_img.jpg|User-Agent=Mozilla/5.0 (Windows NT 10.0; Win64; x64) AppleWebKit/537.36 (KHTML, like Gecko) Chrome/70.0.3538.110 Safari/537.36 -> image/jpeg
10-07 15:51:43.875 11396 11651 V Kodi : Debug Print: CurlFile::Open(0x2f68eb6300) https://skyticket.sky.de/bin/Picture/338/C_1_Picture_281574_hero_img.jpg
10-07 15:51:44.075 11396 11654 V Kodi : Debug Print: cached image 'special://masterprofile/Thumbnails/d/d33e34c1.jpg' size 1920x1080
10-07 15:51:44.171 11396 11687 V Kodi : Debug Print: Caching image 'https://skyticket.sky.de/bin/Picture/894/C_1_Picture_312539_hero_img.jpg|User-Agent=Mozilla/5.0 (Windows NT 10.0; Win64; x64) AppleWebKit/537.36 (KHTML, like Gecko) Chrome/70.0.3538.110 Safari/537.36' to 'b/ba35088a.jpg':
10-07 15:51:44.272 11396 11686 V Kodi : Debug Print: CCurlFile::GetMimeType - https://skyticket.sky.de/st/bin/Asset/web/dvd_cover_820440.jpg|User-Agent=Mozilla/5.0 (Windows NT 10.0; Win64; x64) AppleWebKit/537.36 (KHTML, like Gecko) Chrome/70.0.3538.110 Safari/537.36 -> image/jpeg
10-07 15:51:44.276 11396 11686 V Kodi : Debug Print: CurlFile::Open(0x2f6eb4f500) https://skyticket.sky.de/st/bin/Asset/web/dvd_cover_820440.jpg
10-07 15:51:44.360 11396 11686 V Kodi : Debug Print: Caching image 'https://skyticket.sky.de/st/bin/Asset/web/dvd_cover_820440.jpg|User-Agent=Mozilla/5.0 (Windows NT 10.0; Win64; x64) AppleWebKit/537.36 (KHTML, like Gecko) Chrome/70.0.3538.110 Safari/537.36' to 'b/bc4b7138.jpg':
10-07 15:51:44.360 11396 11686 V Kodi : Debug Print: cached image 'special://masterprofile/Thumbnails/b/bc4b7138.jpg' size 126x187
10-07 15:51:44.395 3543 3645 D WindowManager: handleComboKeys keyCode: 19, keyAction: 0
10-07 15:51:44.400 11396 11434 V Kodi : CAndroidKey: key down (dev:4; src:769; code: 19; repeat: 0; flags: 0x8; alt: no; shift: no; sym: no)
10-07 15:51:44.428 11396 11438 V Kodi : Debug Print: Keyboard: scancode: 0x13, sym: 0x0111, unicode: 0x0000, modifier: 0x0
10-07 15:51:44.429 11396 11438 V Kodi : Debug Print: HandleKey: up (0xf080) pressed, action is Up
10-07 15:51:44.460 11396 11651 V Kodi : Debug Print: ffmpeg[0x2f66584980X]: [swscaler] No accelerated colorspace conversion found from yuv420p to bgra.
10-07 15:51:44.466 11396 11651 V Kodi : Debug Print: Caching image 'https://skyticket.sky.de/bin/Picture/338/C_1_Picture_281574_hero_img.jpg|User-Agent=Mozilla/5.0 (Windows NT 10.0; Win64; x64) AppleWebKit/537.36 (KHTML, like Gecko) Chrome/70.0.3538.110 Safari/537.36' to '0/01be53cb.jpg':
10-07 15:51:44.532 3543 3645 D WindowManager: handleComboKeys keyCode: 19, keyAction: 1
10-07 15:51:44.536 11396 11434 V Kodi : CAndroidKey: key up (dev:4; src:769; code: 19; repeat: 0; flags: 0x8; alt: no; shift: no; sym: no)
10-07 15:51:44.541 11396 11687 V Kodi : Debug Print: cached image 'special://masterprofile/Thumbnails/b/ba35088a.jpg' size 1920x1080
10-07 15:51:44.552 11396 11438 V Kodi : Debug Print: Keyboard: scancode: 0x13, sym: 0x0111, unicode: 0x0000, modifier: 0x0
10-07 15:51:44.914 11396 11651 V Kodi : Debug Print: cached image 'special://masterprofile/Thumbnails/0/01be53cb.jpg' size 1920x1080
10-07 15:51:45.033 3543 3645 D WindowManager: handleComboKeys keyCode: 66, keyAction: 0
10-07 15:51:45.036 11396 11434 V Kodi : CAndroidKey: key down (dev:4; src:769; code: 66; repeat: 0; flags: 0x8; alt: no; shift: no; sym: no)
10-07 15:51:45.062 11396 11438 V Kodi : Debug Print: Keyboard: scancode: 0x42, sym: 0x000d, unicode: 0x000a, modifier: 0x0
10-07 15:51:45.197 3543 3645 D WindowManager: handleComboKeys keyCode: 66, keyAction: 1
10-07 15:51:45.201 11396 11434 V Kodi : CAndroidKey: key up (dev:4; src:769; code: 66; repeat: 0; flags: 0x8; alt: no; shift: no; sym: no)
10-07 15:51:45.230 11396 11438 V Kodi : Debug Print: Previous line repeats 1 times.
10-07 15:51:45.230 11396 11438 V Kodi : Debug Print: HandleKey: return (0xf00d) pressed, action is Select
10-07 15:51:45.241 11396 11438 V Kodi : Debug Print: OnPlayMedia plugin://plugin.video.skygo.de/?parental_rating=12&vod_id=835766&art=%7B%27fanart%27%3A+u%27https%3A%2F%2Fskyticket.sky.de%2Fbin%2FPicture%2F894%2FC_1_Picture_312539_hero_img.jpg%7CUser-Agent%3DMozilla%2F5.0+%28Windows+NT+10.0%3B+Win64%3B+x64%29+AppleWebKit%2F537.36+%28KHTML%2C+like+Gecko%29+Chrome%2F70.0.3538.110+Safari%2F537.36%27%2C+%27poster%27%3A+u%27https%3A%2F%2Fskyticket.sky.de%2Fst%2Fbin%2FAsset%2Fweb%2Fdvd_cover_835766.jpg%7CUser-Agent%3DMozilla%2F5.0+%28Windows+NT+10.0%3B+Win64%3B+x64%29+AppleWebKit%2F537.36+%28KHTML%2C+like+Gecko%29+Chrome%2F70.0.3538.110+Safari%2F537.36%27%7D&zz=&action=playVod&infolabels=%7B%27plot%27%3A+u%27Verf%5Cxfcgbar+bis+15.10.2019%5Cn%5CnDer+Film+zur+preisgekr%5Cxf6nten+Westernserie%3A+Ex-Sheriff+Seth+Bullock%2C+Saloon-Boss+Al+Swearengen+und+ihre+Zeitgenossen+treffen+in+der+ehemaligen+gesetzlosen+Goldrauschstadt+ein+letztes+Mal+aufeinander.%27%2C+%27title%27%3A+u%27Deadwood+-+Der+Film%27%2C+%27mediatype%27%3A+%27movie%27%2C+%27originaltitle%27%3A
10-07 15:51:45.247 11396 11438 V Kodi : Debug Print: StartScript - calling plugin Sky Go('plugin://plugin.video.skygo.de/','1','?parental_rating=12&vod_id=835766&art=%7B%27fanart%27%3A+u%27https%3A%2F%2Fskyticket.sky.de%2Fbin%2FPicture%2F894%2FC_1_Picture_312539_hero_img.jpg%7CUser-Agent%3DMozilla%2F5.0+%28Windows+NT+10.0%3B+Win64%3B+x64%29+AppleWebKit%2F537.36+%28KHTML%2C+like+Gecko%29+Chrome%2F70.0.3538.110+Safari%2F537.36%27%2C+%27poster%27%3A+u%27https%3A%2F%2Fskyticket.sky.de%2Fst%2Fbin%2FAsset%2Fweb%2Fdvd_cover_835766.jpg%7CUser-Agent%3DMozilla%2F5.0+%28Windows+NT+10.0%3B+Win64%3B+x64%29+AppleWebKit%2F537.36+%28KHTML%2C+like+Gecko%29+Chrome%2F70.0.3538.110+Safari%2F537.36%27%7D&zz=&action=playVod&infolabels=%7B%27plot%27%3A+u%27Verf%5Cxfcgbar+bis+15.10.2019%5Cn%5CnDer+Film+zur+preisgekr%5Cxf6nten+Westernserie%3A+Ex-Sheriff+Seth+Bullock%2C+Saloon-Boss+Al+Swearengen+und+ihre+Zeitgenossen+treffen+in+der+ehemaligen+gesetzlosen+Goldrauschstadt+ein+letztes+Mal+aufeinander.%27%2C+%27title%27%3A+u%27Deadwood+-+Der+Film%27%2C+%27mediatype%27%3A+%27mo
10-07 15:51:45.248 11396 11438 V Kodi : Debug Print: GetLanguageInvoker - Reusing LanguageInvokerThread 2 for script /storage/emulated/0/Android/data/org.xbmc.kodinerds/files/.kodi/addons/plugin.video.skygo.de/default.py
10-07 15:51:45.248 11396 11655 V Kodi : Debug Print: initializing python engine.
10-07 15:51:45.248 11396 11655 V Kodi : Debug Print: CPythonInvoker(2, /storage/emulated/0/Android/data/org.xbmc.kodinerds/files/.kodi/addons/plugin.video.skygo.de/default.py): start processing
10-07 15:51:45.248 11396 11655 V Kodi : Debug Print: CPythonInvoker(2, /storage/emulated/0/Android/data/org.xbmc.kodinerds/files/.kodi/addons/plugin.video.skygo.de/default.py): entering source directory /storage/emulated/0/Android/data/org.xbmc.kodinerds/files/.kodi/addons/plugin.video.skygo.de
10-07 15:51:45.248 11396 11655 V Kodi : Debug Print: CPythonInvoker(2, /storage/emulated/0/Android/data/org.xbmc.kodinerds/files/.kodi/addons/plugin.video.skygo.de/default.py): instantiating addon using automatically obtained id of "plugin.video.skygo.de" dependent on version 2.1.0 of the xbmc.python api
10-07 15:51:45.258 11396 11655 V Kodi : Debug Print: [Sky Go] params = {'action': 'playVod', 'parental_rating': '12', 'vod_id': '835766', 'art': "{'fanart': u'https://skyticket.sky.de/bin/Picture/894/C_1_Picture_312539_hero_img.jpg|User-Agent=Mozilla/5.0 (Windows NT 10.0; Win64; x64) AppleWebKit/537.36 (KHTML, like Gecko) Chrome/70.0.3538.110 Safari/537.36', 'poster': u'https://skyticket.sky.de/st/bin/Asset/web/dvd_cover_835766.jpg|User-Agent=Mozilla/5.0 (Windows NT 10.0; Win64; x64) AppleWebKit/537.36 (KHTML, like Gecko) Chrome/70.0.3538.110 Safari/537.36'}", 'infolabels': "{'plot': u'Verf\\xfcgbar bis 15.10.2019\\n\\nDer Film zur preisgekr\\xf6nten Westernserie: Ex-Sheriff Seth Bullock, Saloon-Boss Al Swearengen und ihre Zeitgenossen treffen in der ehemaligen gesetzlosen Goldrauschstadt ein letztes Mal aufeinander.', 'title': u'Deadwood - Der Film', 'mediatype': 'movie', 'originaltitle': u'Deadwood - The Movie', 'cast': [], 'year': 2019, 'duration': 0, 'genre': ''}"}
10-07 15:51:45.268 11396 11708 V Kodi : Debug Print: Thread scriptobs start, auto delete: false
10-07 15:51:45.469 11396 11438 V Kodi : Debug Print: ------ Window Init (DialogBusy.xml) ------
10-07 15:51:45.469 11396 11438 V Kodi : Debug Print: Window DialogBusy.xml was already loaded
10-07 15:51:45.469 11396 11438 V Kodi : Debug Print: Alloc resources: 0.07ms
10-07 15:51:45.473 11396 11655 V Kodi : Debug Print: CAddonSettings[script.common.plugin.cache]: loading setting definitions
10-07 15:51:45.473 11396 11655 V Kodi : Debug Print: CAddonSettings[script.common.plugin.cache]: trying to load setting definitions from old format...
10-07 15:51:46.085 11396 11655 V Kodi : Debug Print: [script.module.inputstreamhelper-0.4.2]: Platform information: ('Linux', 'localhost', '4.9.140-tegra-g68283f0ff762', '#6 SMP PREEMPT Wed Sep 25 22:55:53 PDT 2019', 'aarch64', '')
10-07 15:51:46.088 11396 11655 V Kodi : Debug Print: CAddonSettings[script.module.inputstreamhelper]: loading setting definitions
10-07 15:51:46.088 11396 11655 V Kodi : Debug Print: CAddonSettings[script.module.inputstreamhelper]: trying to load setting definitions from old format...
10-07 15:51:46.099 11396 11655 V Kodi : Debug Print: [script.module.inputstreamhelper-0.4.2]: jsonrpc payload: {u'params': {u'addonid': u'inputstream.adaptive'}, u'jsonrpc': u'2.0', u'id': 1, u'method': u'Addons.GetAddonDetails'}
10-07 15:51:46.101 11396 11655 V Kodi : Debug Print: [script.module.inputstreamhelper-0.4.2]: jsonrpc response: {"id":1,"jsonrpc":"2.0","result":{"addon":{"addonid":"inputstream.adaptive","type":"kodi.inputstream"}}}
10-07 15:51:46.101 11396 11655 V Kodi : Debug Print: [script.module.inputstreamhelper-0.4.2]: inputstream.adaptive is installed.
10-07 15:51:46.101 11396 11655 V Kodi : Debug Print: [script.module.inputstreamhelper-0.4.2]: jsonrpc payload: {u'params': {u'properties': [u'enabled'], u'addonid': u'inputstream.adaptive'}, u'jsonrpc': u'2.0', u'id': 1, u'method': u'Addons.GetAddonDetails'}
10-07 15:51:46.103 11396 11655 V Kodi : Debug Print: [script.module.inputstreamhelper-0.4.2]: jsonrpc response: {"id":1,"jsonrpc":"2.0","result":{"addon":{"addonid":"inputstream.adaptive","enabled":true,"type":"kodi.inputstream"}}}
10-07 15:51:46.103 11396 11655 V Kodi : Debug Print: [script.module.inputstreamhelper-0.4.2]: inputstream.adaptive 2.5.0 is enabled.
10-07 15:51:46.104 11396 11655 V Kodi : Debug Print: [script.module.inputstreamhelper-0.4.2]: inputstream.adaptive 2.5.0 is installed and enabled.
10-07 15:51:46.505 11396 11655 V Kodi : Debug Print: [Sky Go] User not logged in or Session on other device
10-07 15:51:46.505 11396 11655 V Kodi : Debug Print: [Sky Go] Session invalid - Customer Code not found in SilkCache
10-07 15:51:46.822 11396 11655 V Kodi : Debug Print: [Sky Go] User still logged in
10-07 15:51:46.850 11396 11655 V Kodi : Debug Print: CPythonInvoker(2, /storage/emulated/0/Android/data/org.xbmc.kodinerds/files/.kodi/addons/plugin.video.skygo.de/default.py): script successfully run
10-07 15:51:46.864 11396 11438 V Kodi : Debug Print: ------ Window Deinit (DialogBusy.xml) ------
10-07 15:51:46.864 11396 11708 V Kodi : Debug Print: Thread scriptobs 203619054832 terminating
10-07 15:51:46.873 11396 11438 V Kodi : Debug Print: CPlayerCoreFactory::GetPlayers(http://skywebvod-s.akamaihd.net/ondemand/Production/de_at/movies/F30056935____100332001/F30056935____100332001.ism/Manifest)
10-07 15:51:46.874 11396 11438 V Kodi : Debug Print: CPlayerSelectionRule::GetPlayers: considering rule: system rules
10-07 15:51:46.874 11396 11438 V Kodi : Debug Print: CPlayerSelectionRule::GetPlayers: matches rule: system rules
10-07 15:51:46.874 11396 11438 V Kodi : Debug Print: CPlayerSelectionRule::GetPlayers: considering rule: mms/udp
10-07 15:51:46.874 11396 11438 V Kodi : Debug Print: CPlayerSelectionRule::GetPlayers: considering rule: lastfm/shout
10-07 15:51:46.874 11396 11438 V Kodi : Debug Print: CPlayerSelectionRule::GetPlayers: considering rule: rtmp
10-07 15:51:46.874 11396 11438 V Kodi : Debug Print: CPlayerSelectionRule::GetPlayers: considering rule: rtsp
10-07 15:51:46.874 11396 11438 V Kodi : Debug Print: CPlayerSelectionRule::GetPlayers: considering rule: streams
10-07 15:51:46.874 11396 11438 V Kodi : Debug Print: CPlayerSelectionRule::GetPlayers: matches rule: streams
10-07 15:51:46.875 11396 11438 V Kodi : Debug Print: CPlayerSelectionRule::GetPlayers: considering rule: aacp/sdp
10-07 15:51:46.875 11396 11438 V Kodi : Debug Print: CPlayerSelectionRule::GetPlayers: considering rule: mp2
10-07 15:51:46.875 11396 11438 V Kodi : Debug Print: CPlayerSelectionRule::GetPlayers: considering rule: dvd
10-07 15:51:46.875 11396 11438 V Kodi : Debug Print: CPlayerSelectionRule::GetPlayers: considering rule: dvdimage
10-07 15:51:46.875 11396 11438 V Kodi : Debug Print: CPlayerSelectionRule::GetPlayers: considering rule: sdp/asf
10-07 15:51:46.875 11396 11438 V Kodi : Debug Print: CPlayerSelectionRule::GetPlayers: considering rule: nsv
10-07 15:51:46.876 11396 11438 V Kodi : Debug Print: CPlayerSelectionRule::GetPlayers: considering rule: radio
10-07 15:51:46.876 11396 11438 V Kodi : Debug Print: CPlayerCoreFactory::GetPlayers: matched 0 rules with players
10-07 15:51:46.876 11396 11438 V Kodi : Debug Print: CPlayerCoreFactory::GetPlayers: adding videodefaultplayer (VideoPlayer)
10-07 15:51:46.876 11396 11438 V Kodi : Debug Print: CPlayerCoreFactory::GetPlayers: for video=1, audio=0
10-07 15:51:46.876 11396 11438 V Kodi : Debug Print: CPlayerCoreFactory::GetPlayers: for video=1, audio=1
10-07 15:51:46.876 11396 11438 V Kodi : Debug Print: CPlayerCoreFactory::GetPlayers: added 1 players
10-07 15:51:46.879 11396 11438 V Kodi : Debug Print: Radio UECP (RDS) Processor - new CDVDRadioRDSData
10-07 15:51:46.880 11396 11438 V Kodi : Debug Print: VideoPlayer::OpenFile: plugin://plugin.video.skygo.de/?parental_rating=12&vod_id=835766&art=%7B%27fanart%27%3A+u%27https%3A%2F%2Fskyticket.sky.de%2Fbin%2FPicture%2F894%2FC_1_Picture_312539_hero_img.jpg%7CUser-Agent%3DMozilla%2F5.0+%28Windows+NT+10.0%3B+Win64%3B+x64%29+AppleWebKit%2F537.36+%28KHTML%2C+like+Gecko%29+Chrome%2F70.0.3538.110+Safari%2F537.36%27%2C+%27poster%27%3A+u%27https%3A%2F%2Fskyticket.sky.de%2Fst%2Fbin%2FAsset%2Fweb%2Fdvd_cover_835766.jpg%7CUser-Agent%3DMozilla%2F5.0+%28Windows+NT+10.0%3B+Win64%3B+x64%29+AppleWebKit%2F537.36+%28KHTML%2C+like+Gecko%29+Chrome%2F70.0.3538.110+Safari%2F537.36%27%7D&zz=&action=playVod&infolabels=%7B%27plot%27%3A+u%27Verf%5Cxfcgbar+bis+15.10.2019%5Cn%5CnDer+Film+zur+preisgekr%5Cxf6nten+Westernserie%3A+Ex-Sheriff+Seth+Bullock%2C+Saloon-Boss+Al+Swearengen+und+ihre+Zeitgenossen+treffen+in+der+ehemaligen+gesetzlosen+Goldrauschstadt+ein+letztes+Mal+aufeinander.%27%2C+%27title%27%3A+u%27Deadwood+-+Der+Film%27%2C+%27mediatype%27%3A+%27movie%27%2C+%27original
10-07 15:51:46.882 11396 11438 V Kodi : Debug Print: easy_acquire - Created session to http://skywebvod-s.akamaihd.net
10-07 15:51:47.579 11396 11438 V Kodi : Debug Print: CCurlFile::GetMimeType - http://skywebvod-s.akamaihd.net/ondemand/Production/de_at/movies/F30056935____100332001/F30056935____100332001.ism/Manifest -> text/xml
10-07 15:51:47.579 11396 11714 V Kodi : Debug Print: Thread VideoPlayer start, auto delete: false
10-07 15:51:47.579 11396 11438 V Kodi : Debug Print: OnPlayBackStarted: CApplication::OnPlayBackStarted
10-07 15:51:47.581 11396 11715 V Kodi : Debug Print: Thread BackgroundLoader start, auto delete: false
10-07 15:51:47.581 11396 11714 V Kodi : Debug Print: Creating InputStream
10-07 15:51:47.582 11396 11714 V Kodi : Debug Print: ADDON: Dll Initializing - InputStream Adaptive
10-07 15:51:47.583 11396 11714 V Kodi : Debug Print: SECTION:LoadDLL(/data/app/org.xbmc.kodinerds-vbrsgimfQ6CBkJOdBTO2Fw==/lib/arm64/libinputstream.adaptive.so)
10-07 15:51:47.583 11396 11714 V Kodi : Debug Print: Loading: /data/app/org.xbmc.kodinerds-vbrsgimfQ6CBkJOdBTO2Fw==/lib/arm64/libinputstream.adaptive.so
10-07 15:51:47.586 11396 11686 V Kodi : Debug Print: Loading settings for plugin://plugin.video.skygo.de/?parental_rating=12&vod_id=835766&art=%7B%27fanart%27%3A+u%27https%3A%2F%2Fskyticket.sky.de%2Fbin%2FPicture%2F894%2FC_1_Picture_312539_hero_img.jpg%7CUser-Agent%3DMozilla%2F5.0+%28Windows+NT+10.0%3B+Win64%3B+x64%29+AppleWebKit%2F537.36+%28KHTML%2C+like+Gecko%29+Chrome%2F70.0.3538.110+Safari%2F537.36%27%2C+%27poster%27%3A+u%27https%3A%2F%2Fskyticket.sky.de%2Fst%2Fbin%2FAsset%2Fweb%2Fdvd_cover_835766.jpg%7CUser-Agent%3DMozilla%2F5.0+%28Windows+NT+10.0%3B+Win64%3B+x64%29+AppleWebKit%2F537.36+%28KHTML%2C+like+Gecko%29+Chrome%2F70.0.3538.110+Safari%2F537.36%27%7D&zz=&action=playVod&infolabels=%7B%27plot%27%3A+u%27Verf%5Cxfcgbar+bis+15.10.2019%5Cn%5CnDer+Film+zur+preisgekr%5Cxf6nten+Westernserie%3A+Ex-Sheriff+Seth+Bullock%2C+Saloon-Boss+Al+Swearengen+und+ihre+Zeitgenossen+treffen+in+der+ehemaligen+gesetzlosen+Goldrauschstadt+ein+letztes+Mal+aufeinander.%27%2C+%27title%27%3A+u%27Deadwood+-+Der+Film%27%2C+%27mediatype%27%3A+%27movie%27%2C+%27originalti
10-07 15:51:47.600 11396 11438 V Kodi : Debug Print: CVideoGUIInfo::InitCurrentItem(plugin://plugin.video.skygo.de/?parental_rating=12&vod_id=835766&art=%7B%27fanart%27%3A+u%27https%3A%2F%2Fskyticket.sky.de%2Fbin%2FPicture%2F894%2FC_1_Picture_312539_hero_img.jpg%7CUser-Agent%3DMozilla%2F5.0+%28Windows+NT+10.0%3B+Win64%3B+x64%29+AppleWebKit%2F537.36+%28KHTML%2C+like+Gecko%29+Chrome%2F70.0.3538.110+Safari%2F537.36%27%2C+%27poster%27%3A+u%27https%3A%2F%2Fskyticket.sky.de%2Fst%2Fbin%2FAsset%2Fweb%2Fdvd_cover_835766.jpg%7CUser-Agent%3DMozilla%2F5.0+%28Windows+NT+10.0%3B+Win64%3B+x64%29+AppleWebKit%2F537.36+%28KHTML%2C+like+Gecko%29+Chrome%2F70.0.3538.110+Safari%2F537.36%27%7D&zz=&action=playVod&infolabels=%7B%27plot%27%3A+u%27Verf%5Cxfcgbar+bis+15.10.2019%5Cn%5CnDer+Film+zur+preisgekr%5Cxf6nten+Westernserie%3A+Ex-Sheriff+Seth+Bullock%2C+Saloon-Boss+Al+Swearengen+und+ihre+Zeitgenossen+treffen+in+der+ehemaligen+gesetzlosen+Goldrauschstadt+ein+letztes+Mal+aufeinander.%27%2C+%27title%27%3A+u%27Deadwood+-+Der+Film%27%2C+%27mediatype%27%3A+%27movie%27%2C+%27
10-07 15:51:47.601 11396 11438 V Kodi : Debug Print: CPlayerGUIInfo::InitCurrentItem(plugin://plugin.video.skygo.de/?parental_rating=12&vod_id=835766&art=%7B%27fanart%27%3A+u%27https%3A%2F%2Fskyticket.sky.de%2Fbin%2FPicture%2F894%2FC_1_Picture_312539_hero_img.jpg%7CUser-Agent%3DMozilla%2F5.0+%28Windows+NT+10.0%3B+Win64%3B+x64%29+AppleWebKit%2F537.36+%28KHTML%2C+like+Gecko%29+Chrome%2F70.0.3538.110+Safari%2F537.36%27%2C+%27poster%27%3A+u%27https%3A%2F%2Fskyticket.sky.de%2Fst%2Fbin%2FAsset%2Fweb%2Fdvd_cover_835766.jpg%7CUser-Agent%3DMozilla%2F5.0+%28Windows+NT+10.0%3B+Win64%3B+x64%29+AppleWebKit%2F537.36+%28KHTML%2C+like+Gecko%29+Chrome%2F70.0.3538.110+Safari%2F537.36%27%7D&zz=&action=playVod&infolabels=%7B%27plot%27%3A+u%27Verf%5Cxfcgbar+bis+15.10.2019%5Cn%5CnDer+Film+zur+preisgekr%5Cxf6nten+Westernserie%3A+Ex-Sheriff+Seth+Bullock%2C+Saloon-Boss+Al+Swearengen+und+ihre+Zeitgenossen+treffen+in+der+ehemaligen+gesetzlosen+Goldrauschstadt+ein+letztes+Mal+aufeinander.%27%2C+%27title%27%3A+u%27Deadwood+-+Der+Film%27%2C+%27mediatype%27%3A+%27movie%27%2C+%2
10-07 15:51:47.604 11396 11714 V Kodi : Debug Print: AddOnLog: InputStream Adaptive: SetVideoResolution (1920 x 1080)
10-07 15:51:47.604 11396 11714 V Kodi : Debug Print: AddOnLog: InputStream Adaptive: Open()
10-07 15:51:47.605 11396 11714 V Kodi : Debug Print: AddOnLog: InputStream Adaptive: found inputstream.adaptive.license_data: [not shown]
10-07 15:51:47.605 11396 11714 V Kodi : Debug Print: AddOnLog: InputStream Adaptive: found inputstream.adaptive.license_flags: persistent_storage
10-07 15:51:47.605 11396 11714 V Kodi : Debug Print: AddOnLog: InputStream Adaptive: found inputstream.adaptive.license_key: [not shown]
10-07 15:51:47.605 11396 11714 V Kodi : Debug Print: AddOnLog: InputStream Adaptive: found inputstream.adaptive.license_type: com.microsoft.playready
10-07 15:51:47.605 11396 11714 V Kodi : Debug Print: AddOnLog: InputStream Adaptive: found inputstream.adaptive.manifest_type: ism
10-07 15:51:47.606 11396 11714 V Kodi : Debug Print: AddOnLog: InputStream Adaptive: Initial bandwidth: 4000000
10-07 15:51:47.607 3728 3728 D NewAvrcpMediaPlayerWrapper: org.xbmc.kodinerds: isReady(): PlaybackState is null
10-07 15:51:47.607 3728 3728 V NewAvrcpMediaPlayerWrapper: onMetadataChanged(): org.xbmc.kodinerds tried to update with no queue
10-07 15:51:47.608 11396 11714 V Kodi : Debug Print: CAddonSettings[inputstream.adaptive]: loading setting definitions
10-07 15:51:47.610 11396 11714 V Kodi : Debug Print: CAddonSettings[inputstream.adaptive]: loading setting values
10-07 15:51:47.611 11396 11714 V Kodi : Debug Print: AddOnLog: InputStream Adaptive: MAXRESOLUTION selected: 0
10-07 15:51:47.612 11396 11714 V Kodi : Debug Print: CAddonSettings[inputstream.adaptive]: loading setting definitions
10-07 15:51:47.613 11396 11714 V Kodi : Debug Print: CAddonSettings[inputstream.adaptive]: loading setting values
10-07 15:51:47.614 11396 11714 V Kodi : Debug Print: AddOnLog: InputStream Adaptive: MAXRESOLUTIONSECURE selected: 0
10-07 15:51:47.615 11396 11714 V Kodi : Debug Print: CAddonSettings[inputstream.adaptive]: loading setting definitions
10-07 15:51:47.619 11396 11714 V Kodi : Debug Print: CAddonSettings[inputstream.adaptive]: loading setting values
10-07 15:51:47.619 11396 11714 V Kodi : Debug Print: AddOnLog: InputStream Adaptive: STREAMSELECTION selected: 0
10-07 15:51:47.620 11396 11714 V Kodi : Debug Print: CAddonSettings[inputstream.adaptive]: loading setting definitions
10-07 15:51:47.622 11396 11442 V Kodi : Debug Print: void CXBMCApp::OnPlayBackStarted()
10-07 15:51:47.622 11396 11714 V Kodi : Debug Print: CAddonSettings[inputstream.adaptive]: loading setting values
10-07 15:51:47.623 11396 11714 V Kodi : Debug Print: CAddonSettings[inputstream.adaptive]: loading setting definitions
10-07 15:51:47.625 11396 11714 V Kodi : Debug Print: CAddonSettings[inputstream.adaptive]: loading setting values
10-07 15:51:47.626 4869 4869 D NowPlayingListener: onActiveSessionsChanged() called with: controllers = [[android.media.session.MediaController@cb0c7f7]]
10-07 15:51:47.626 4869 4869 D NowPlayingListener: updateMediaSessionCallback: android.media.session.MediaController@cb0c7f7
10-07 15:51:47.627 3728 3728 V NewAvrcpMediaPlayerList: onActiveSessionsChanged: number of controllers: 1
10-07 15:51:47.627 11396 11714 V Kodi : Debug Print: CAddonSettings[inputstream.adaptive]: loading setting definitions
10-07 15:51:47.629 11396 11714 V Kodi : Debug Print: CAddonSettings[inputstream.adaptive]: loading setting values
10-07 15:51:47.630 11396 11714 V Kodi : Debug Print: CAddonSettings[inputstream.adaptive]: loading setting definitions
10-07 15:51:47.630 5872 5872 D DeviceControlManagerService: active session:org.xbmc.kodinerds
10-07 15:51:47.631 11396 11715 V Kodi : Debug Print: Thread BackgroundLoader 203601319152 terminating
10-07 15:51:47.631 3728 3728 D NewAvrcpMediaPlayerList: onActiveSessionsChanged: controller: org.xbmc.kodinerds
10-07 15:51:47.631 3728 3728 D NewAvrcpMediaPlayerList: Already have a controller for the player: org.xbmc.kodinerds, updating instead
10-07 15:51:47.632 11396 11442 W AudioManager: Use of stream types is deprecated for operations other than volume control
10-07 15:51:47.632 11396 11442 W AudioManager: See the documentation of requestAudioFocus() for what to use instead with android.media.AudioAttributes to qualify your playback use case
10-07 15:51:47.632 11396 11714 V Kodi : Debug Print: CAddonSettings[inputstream.adaptive]: loading setting values
10-07 15:51:47.633 3728 3728 D NewAvrcpMediaPlayerWrapper: org.xbmc.kodinerds: Controller for org.xbmc.kodinerds was updated.
10-07 15:51:47.633 3543 5114 I MediaFocusControl: requestAudioFocus() from uid/pid 10159/11396 clientId=android.media.AudioManager@7a27c7corg.xbmc.kodinerds.interfaces.XBMCAudioManagerOnAudioFocusChangeListener@604f905 callingPack=org.xbmc.kodinerds req=1 flags=0x0 sdk=28
10-07 15:51:47.633 11396 11714 V Kodi : Debug Print: AddOnLog: InputStream Adaptive: Searching for decrypters in: /data/app/org.xbmc.kodinerds-vbrsgimfQ6CBkJOdBTO2Fw==/lib/arm64
10-07 15:51:47.637 11396 11442 V Kodi : Debug Print: Visible Behind request: false
10-07 15:51:47.638 4869 4869 D NowPlayingManager: onClientChanged() called with: clearing = [false]
10-07 15:51:47.639 3728 3728 D NewAvrcpMediaPlayerList: sendMediaUpdate
10-07 15:51:47.639 3728 3728 I NewAvrcpMediaPlayerList: sendMediaUpdate: Creating a one item queue for a player with no queue
10-07 15:51:47.639 3728 3728 D NewAvrcpTargetService: onMediaUpdated: track_changed=true state=true queue=true
10-07 15:51:47.639 3728 3728 D NewAvrcpNativeInterface: sendMediaUpdate: metadata=true playStatus=true queue=true
10-07 15:51:47.639 3728 3728 D NewAvrcpTargetJni: sendMediaUpdateNative
10-07 15:51:47.639 3728 3728 I bt_stack: [INFO:avrcp_service.cc(342)] virtual void bluetooth::avrcp::AvrcpService::SendMediaUpdate(bool, bool, bool) track_changed=1 : play_state=1 : queue=1
10-07 15:51:47.639 4869 4869 D NowPlayingListener: updateMetadata() called with: metadata = [android.media.MediaMetadata@65171a15] and now playing listener: com.google.android.tvrecommendations.NowPlayingManager@ab6ca20
10-07 15:51:47.640 3728 4293 E bt_btif : register_notification_rsp: Avrcp device is not connected, handle: 0x0
10-07 15:51:47.640 3728 4293 I chatty : uid=1002(bluetooth) BluetoothAvrcpH identical 1 line
10-07 15:51:47.640 3728 4293 E bt_btif : register_notification_rsp: Avrcp device is not connected, handle: 0x0
10-07 15:51:47.640 3728 3728 V NewAvrcpMediaPlayerWrapper: onPlaybackStateChanged(): org.xbmc.kodinerds : PlaybackState {state=3, position=0, buffered position=0, speed=1.0, updated=1101125, actions=-1, custom actions=[], active item id=-1, error=null}
10-07 15:51:47.640 3728 4293 E bt_btif : register_notification_rsp: Avrcp device is not connected, handle: 0x0
10-07 15:51:47.640 3728 4293 I chatty : uid=1002(bluetooth) BluetoothAvrcpH identical 1 line
10-07 15:51:47.640 3728 4293 E bt_btif : register_notification_rsp: Avrcp device is not connected, handle: 0x0
10-07 15:51:47.640 3728 3728 W NewAvrcpMediaPlayerWrapper: onPlaybackStateChanged(): org.xbmc.kodinerds tried to update with no new data
10-07 15:51:47.652 11396 11714 V Kodi : Debug Print: AddOnLog: InputStream Adaptive: WVDecrypter JNI, SDK version: 28, class: org/xbmc/kodinerds
10-07 15:51:47.655 11396 11714 W .xbmc.kodinerd: ClassLoaderContext size mismatch. expected=1, actual=2 (PCL[] | PCL[];PCL[])
10-07 15:51:47.657 11396 11714 V Kodi : Debug Print: AddOnLog: InputStream Adaptive: WVDecrypter constructed
10-07 15:51:47.657 11396 11714 V Kodi : Debug Print: AddOnLog: InputStream Adaptive: Key system request: com.microsoft.playready
10-07 15:51:47.657 11396 11714 V Kodi : Debug Print: AddOnLog: InputStream Adaptive: Found decrypter: /data/app/org.xbmc.kodinerds-vbrsgimfQ6CBkJOdBTO2Fw==/lib/arm64/libssd_wv.so
10-07 15:51:47.657 11396 11714 V Kodi : Debug Print: AddOnLog: InputStream Adaptive: Supported URN: urn:uuid:9A04F079-9840-4286-AB92-E65BE0885F95
10-07 15:51:47.703 11396 11438 V Kodi : Debug Print: ------ Window Init (DialogBusy.xml) ------
10-07 15:51:47.704 11396 11438 V Kodi : Debug Print: Window DialogBusy.xml was already loaded
10-07 15:51:47.704 11396 11438 V Kodi : Debug Print: Alloc resources: 0.06ms
10-07 15:51:47.707 3728 3728 V NewAvrcpMediaPlayerWrapper: onPlaybackStateChanged(): org.xbmc.kodinerds : PlaybackState {state=3, position=0, buffered position=0, speed=1.0, updated=1101206, actions=-1, custom actions=[], active item id=-1, error=null}
10-07 15:51:47.707 3728 3728 W NewAvrcpMediaPlayerWrapper: onPlaybackStateChanged(): org.xbmc.kodinerds tried to update with no new data
10-07 15:51:47.913 5872 5872 D DeviceControlManagerService: onPlaybackStateChanged :PlaybackState {state=3, position=0, buffered position=0, speed=1.0, updated=1101206, actions=-1, custom actions=[], active item id=-1, error=null}
10-07 15:51:47.916 11396 11714 V Kodi : Debug Print: CurlFile::Open(0x2f68d1a400) http://skywebvod-s.akamaihd.net/ondemand/Production/de_at/movies/F30056935____100332001/F30056935____100332001.ism/Manifest
10-07 15:51:47.930 4869 4869 D NowPlayingManager: onMediaDataUpdated() called with: mediaData = [com.google.android.tvrecommendations.NowPlayingData@8f6b0cd]
10-07 15:51:47.930 4869 4869 D NowPlayingListener: updatePlayback() called with: state = [PlaybackState {state=3, position=0, buffered position=0, speed=1.0, updated=1101431, actions=-1, custom actions=[], active item id=-1, error=null}] and now playing listener: com.google.android.tvrecommendations.NowPlayingManager@ab6ca20
10-07 15:51:47.930 4869 4869 D NowPlayingManager: onClientPlaybackStateUpdate() called with: state = [3], stateChangeTimeMs = [1101431], currentPosMs = [0]
10-07 15:51:47.933 4869 4869 D NowPlayingListener: updateMetadata() called with: metadata = [android.media.MediaMetadata@65171a15] and now playing listener: com.google.android.tvrecommendations.NowPlayingManager@ab6ca20
10-07 15:51:47.936 4869 4869 D NowPlayingManager: onMediaDataUpdated() called with: mediaData = [com.google.android.tvrecommendations.NowPlayingData@675ed82]
10-07 15:51:47.945 4869 4869 D NowPlayingListener: onPlaybackStateChanged: PlaybackState {state=3, position=0, buffered position=0, speed=1.0, updated=1101125, actions=-1, custom actions=[], active item id=-1, error=null}
10-07 15:51:47.945 4869 4869 D NowPlayingListener: updatePlayback() called with: state = [PlaybackState {state=3, position=0, buffered position=0, speed=1.0, updated=1101125, actions=-1, custom actions=[], active item id=-1, error=null}] and now playing listener: com.google.android.tvrecommendations.NowPlayingManager@ab6ca20
10-07 15:51:47.945 4869 4869 D NowPlayingManager: onClientPlaybackStateUpdate() called with: state = [3], stateChangeTimeMs = [1101125], currentPosMs = [0]
10-07 15:51:47.945 4869 4869 D NowPlayingManager: onClientPlaybackStateUpdate: Skipped update, state: 3 was unchanged
10-07 15:51:47.946 4869 4869 D NowPlayingListener: updateMetadata() called with: metadata = [android.media.MediaMetadata@65171a15] and now playing listener: com.google.android.tvrecommendations.NowPlayingManager@ab6ca20
10-07 15:51:47.953 4869 4869 D NowPlayingManager: onMediaDataUpdated() called with: mediaData = [com.google.android.tvrecommendations.NowPlayingData@2195fce]
10-07 15:51:47.958 4869 4869 D NowPlayingListener: onPlaybackStateChanged: PlaybackState {state=3, position=0, buffered position=0, speed=1.0, updated=1101206, actions=-1, custom actions=[], active item id=-1, error=null}
10-07 15:51:47.958 4869 4869 D NowPlayingListener: updatePlayback() called with: state = [PlaybackState {state=3, position=0, buffered position=0, speed=1.0, updated=1101206, actions=-1, custom actions=[], active item id=-1, error=null}] and now playing listener: com.google.android.tvrecommendations.NowPlayingManager@ab6ca20
10-07 15:51:47.958 4869 4869 D NowPlayingManager: onClientPlaybackStateUpdate() called with: state = [3], stateChangeTimeMs = [1101206], currentPosMs = [0]
10-07 15:51:47.958 4869 4869 D NowPlayingManager: onClientPlaybackStateUpdate: Skipped update, state: 3 was unchanged
10-07 15:51:47.959 4869 4869 D NowPlayingListener: updateMetadata() called with: metadata = [android.media.MediaMetadata@65171a15] and now playing listener: com.google.android.tvrecommendations.NowPlayingManager@ab6ca20
10-07 15:51:47.961 4869 4869 D NowPlayingManager: onMediaDataUpdated() called with: mediaData = [com.google.android.tvrecommendations.NowPlayingData@424dfc]
10-07 15:51:47.972 4869 4869 D TVNotifService: onTVNotificationPosted StatusBarNotification(pkg=com.google.android.tvrecommendations user=UserHandle{0} id=4321 tag=Notification.NowPlaying key=0|com.google.android.tvrecommendations|4321|Notification.NowPlaying|10034: Notification(channel=now_playing pri=0 contentView=null vibrate=null sound=null defaults=0x0 flags=0x0 color=0x00000000 vis=PRIVATE)) userId: 0
10-07 15:51:47.974 4869 4869 I chatty : uid=10034(com.google.android.tvrecommendations) identical 1 line
10-07 15:51:47.975 4869 4869 D TVNotifService: onTVNotificationPosted StatusBarNotification(pkg=com.google.android.tvrecommendations user=UserHandle{0} id=4321 tag=Notification.NowPlaying key=0|com.google.android.tvrecommendations|4321|Notification.NowPlaying|10034: Notification(channel=now_playing pri=0 contentView=null vibrate=null sound=null defaults=0x0 flags=0x0 color=0x00000000 vis=PRIVATE)) userId: 0
10-07 15:51:48.184 11396 11714 V Kodi : Debug Print: AddOnLog: InputStream Adaptive: Effective URL http://skywebvod-s.akamaihd.net/ondemand/Production/de_at/movies/F30056935____100332001/F30056935____100332001.ism/Manifest
10-07 15:51:48.217 5872 5872 D DeviceControlManagerService: onPlaybackStateChanged :PlaybackState {state=3, position=0, buffered position=0, speed=1.0, updated=1101717, actions=-1, custom actions=[], active item id=-1, error=null}
