10-07 15:51:48.218 4869 4869 D NowPlayingListener: onPlaybackStateChanged: PlaybackState {state=3, position=0, buffered position=0, speed=1.0, updated=1101717, actions=-1, custom actions=[], active item id=-1, error=null}
10-07 15:51:48.218 4869 4869 D NowPlayingListener: updatePlayback() called with: state = [PlaybackState {state=3, position=0, buffered position=0, speed=1.0, updated=1101717, actions=-1, custom actions=[], active item id=-1, error=null}] and now playing listener: com.google.android.tvrecommendations.NowPlayingManager@ab6ca20
10-07 15:51:48.218 4869 4869 D NowPlayingManager: onClientPlaybackStateUpdate() called with: state = [3], stateChangeTimeMs = [1101717], currentPosMs = [0]
10-07 15:51:48.218 4869 4869 D NowPlayingManager: onClientPlaybackStateUpdate: Skipped update, state: 3 was unchanged
10-07 15:51:48.218 4869 4869 D NowPlayingListener: updateMetadata() called with: metadata = [android.media.MediaMetadata@65171a15] and now playing listener: com.google.android.tvrecommendations.NowPlayingManager@ab6ca20
10-07 15:51:48.219 3728 3728 V NewAvrcpMediaPlayerWrapper: onPlaybackStateChanged(): org.xbmc.kodinerds : PlaybackState {state=3, position=0, buffered position=0, speed=1.0, updated=1101717, actions=-1, custom actions=[], active item id=-1, error=null}
10-07 15:51:48.219 3728 3728 W NewAvrcpMediaPlayerWrapper: onPlaybackStateChanged(): org.xbmc.kodinerds tried to update with no new data
10-07 15:51:48.221 4869 4869 D NowPlayingManager: onMediaDataUpdated() called with: mediaData = [com.google.android.tvrecommendations.NowPlayingData@36faada]
10-07 15:51:48.230 4869 4869 D TVNotifService: onTVNotificationPosted StatusBarNotification(pkg=com.google.android.tvrecommendations user=UserHandle{0} id=4321 tag=Notification.NowPlaying key=0|com.google.android.tvrecommendations|4321|Notification.NowPlaying|10034: Notification(channel=now_playing pri=0 contentView=null vibrate=null sound=null defaults=0x0 flags=0x0 color=0x00000000 vis=PRIVATE)) userId: 0
10-07 15:51:48.360 11396 11714 V Kodi : Debug Print: AddOnLog: InputStream Adaptive: Download http://skywebvod-s.akamaihd.net/ondemand/Production/de_at/movies/F30056935____100332001/F30056935____100332001.ism/Manifest finished
10-07 15:51:48.361 11396 11714 V Kodi : Debug Print: AddOnLog: InputStream Adaptive: Successfully parsed .mpd file. #Streams: 3 Type: VOD, Download speed: 0.0000 Bytes/s
10-07 15:51:48.362 11396 11714 V Kodi : Debug Print: CAddonSettings[inputstream.adaptive]: loading setting definitions
10-07 15:51:48.364 11396 11714 V Kodi : Debug Print: CAddonSettings[inputstream.adaptive]: loading setting values
10-07 15:51:48.367 11396 11714 V Kodi : Debug Print: CAddonSettings[inputstream.adaptive]: loading setting definitions
10-07 15:51:48.369 11396 11714 V Kodi : Debug Print: CAddonSettings[inputstream.adaptive]: loading setting values
10-07 15:51:48.369 11396 11714 V Kodi : Debug Print: AddOnLog: InputStream Adaptive: Entering encryption section
10-07 15:51:48.420 3322 3357 D DrmHal : found drm@1.0 IDrmFactory clearkey
10-07 15:51:48.423 3322 3357 D DrmHal : found drm@1.0 IDrmFactory default
10-07 15:51:48.426 3322 3357 D DrmHal : found drm@1.0 IDrmFactory playready
10-07 15:51:48.427 3322 3357 D DrmHal : found drm@1.0 IDrmFactory widevine
10-07 15:51:48.431 3322 3357 D DrmHal : found drm@1.1 IDrmFactory clearkey
10-07 15:51:48.432 3322 3357 D DrmHal : found drm@1.1 IDrmFactory playready
10-07 15:51:48.434 3322 3357 D DrmHal : found drm@1.1 IDrmFactory widevine
10-07 15:51:48.485 3096 6749 E DxDrmModularPlugin: initClient_and_lock, failed to load config file a000000
10-07 15:51:48.489 3096 6749 I DxModule_0x80000000: Initializing DRM BlackBox
at external/DxDrm/MultiScheme/BlackBox/../../MultiScheme/BlackBox/DxDrmBlackBox.c(26)
10-07 15:51:48.491 3096 6749 I DxModule_0x80000000: Renewal table XML not found at: DxRenewalTable.xml
at external/DxDrm/MultiScheme/BlackBox/../../MultiScheme/BlackBox/DxSecureAssetsRenewal.cpp(44)
10-07 15:51:48.683 3096 6749 I DxModule_0x80000000: Authenticator opened successfully.
at external/DxDrm/MultiScheme/Server/../../DxInfra/DB/CDxSecureDB.cpp(824)
10-07 15:51:48.683 3096 6749 I DxModule_0x80000000: g_DxLastTimeSaved is 0
at external/DxDrm/PlatformUtils/Server/DxSecureTime.cpp(645)
10-07 15:51:48.684 3096 6749 I DxModule_0x80000000: GetLastSavedTime return 1570007904
at external/DxDrm/PlatformUtils/Server/DxSecureTime.cpp(657)
10-07 15:51:48.685 3096 6749 I DxModule_0x80000000: Base clock delta: 0
at external/DxDrm/PlatformUtils/Server/DxSecureTime.cpp(159)
10-07 15:51:48.685 3096 6749 I DxModule_0x80000000: Secure-Time toolkit initialized successfully.
at external/DxDrm/PlatformUtils/Server/DxSecureTime.cpp(163)
10-07 15:51:48.685 3096 6749 I DxModule_0x80000000: Initializing PlayReady server
at external/DxDrm/PlayReady/Server/DxPrdyServer.cpp(83)
10-07 15:51:48.687 3096 6749 I DxModule_0x80000000: Auto-Provisioning
at external/DxDrm/PlayReady/Server/DxPrdyAutoProvision.cpp(580)
10-07 15:51:48.688 3096 6749 E DxModule_0x80000000: Returning Error Code: (0x02000009)
at external/DxDrm/PlayReady/Server/DxPrdyProvisioning.cpp(112)
10-07 15:51:48.691 3096 6749 I chatty : uid=1013(media) HwBinder:3096_1 identical 1 line
10-07 15:51:48.694 3096 6749 E DxModule_0x80000000: Returning Error Code: (0x02000009)
at external/DxDrm/PlayReady/Server/DxPrdyProvisioning.cpp(112)
10-07 15:51:48.694 3096 6749 I DxModule_0x80000000: Trying to initialize application context
at external/DxDrm/PlayReady/Server/DxPrdyProvisioning.cpp(404)
10-07 15:51:48.694 3096 6749 E DxModule_0x80000000: Call PlayReady_Initialize
at external/DxDrm/PlayReady/Server/DxPrdyProvisioning.cpp(409)
10-07 15:51:48.718 4869 4869 D NowPlayingListener: onPlaybackStateChanged: PlaybackState {state=3, position=0, buffered position=0, speed=1.0, updated=1102218, actions=-1, custom actions=[], active item id=-1, error=null}
10-07 15:51:48.718 4869 4869 D NowPlayingListener: updatePlayback() called with: state = [PlaybackState {state=3, position=0, buffered position=0, speed=1.0, updated=1102218, actions=-1, custom actions=[], active item id=-1, error=null}] and now playing listener: com.google.android.tvrecommendations.NowPlayingManager@ab6ca20
10-07 15:51:48.718 4869 4869 D NowPlayingManager: onClientPlaybackStateUpdate() called with: state = [3], stateChangeTimeMs = [1102218], currentPosMs = [0]
10-07 15:51:48.718 4869 4869 D NowPlayingManager: onClientPlaybackStateUpdate: Skipped update, state: 3 was unchanged
10-07 15:51:48.718 5872 5872 D DeviceControlManagerService: onPlaybackStateChanged :PlaybackState {state=3, position=0, buffered position=0, speed=1.0, updated=1102218, actions=-1, custom actions=[], active item id=-1, error=null}
10-07 15:51:48.719 4869 4869 D NowPlayingListener: updateMetadata() called with: metadata = [android.media.MediaMetadata@65171a15] and now playing listener: com.google.android.tvrecommendations.NowPlayingManager@ab6ca20
10-07 15:51:48.720 3728 3728 V NewAvrcpMediaPlayerWrapper: onPlaybackStateChanged(): org.xbmc.kodinerds : PlaybackState {state=3, position=0, buffered position=0, speed=1.0, updated=1102218, actions=-1, custom actions=[], active item id=-1, error=null}
10-07 15:51:48.721 3728 3728 W NewAvrcpMediaPlayerWrapper: onPlaybackStateChanged(): org.xbmc.kodinerds tried to update with no new data
10-07 15:51:48.723 4869 4869 D NowPlayingManager: onMediaDataUpdated() called with: mediaData = [com.google.android.tvrecommendations.NowPlayingData@b644de8]
10-07 15:51:48.733 4869 4869 D TVNotifService: onTVNotificationPosted StatusBarNotification(pkg=com.google.android.tvrecommendations user=UserHandle{0} id=4321 tag=Notification.NowPlaying key=0|com.google.android.tvrecommendations|4321|Notification.NowPlaying|10034: Notification(channel=now_playing pri=0 contentView=null vibrate=null sound=null defaults=0x0 flags=0x0 color=0x00000000 vis=PRIVATE)) userId: 0
10-07 15:51:48.819 3096 6749 I DxModule_0x80000000: g_DxLastElapsedTime=1102320 g_DxLastTime=0 g_DxLastTimeSaved=1570456308
at external/DxDrm/PlatformUtils/Server/DxSecureTime.cpp(387)
10-07 15:51:48.891 3096 6749 I DxModule_0x80000000: DRM_RVK_VerifyRevocationInfo Cache init
at external/DxDrm/PlayReady/ServerSDK/../Device_PK_1.2/Source/core/drmrevocation.c(2491)
10-07 15:51:48.975 3096 6749 I DxModule_0x80000000: Initialized PlayReady DRM context: 0x48B832C8
at external/DxDrm/PlayReady/Server/DxPrdyServerSdkApi.cpp(172)
10-07 15:51:48.975 3096 6749 I DxModule_0x80000000: PlayReady provisioning verified successfully
at external/DxDrm/PlayReady/Server/DxPrdyProvisioning.cpp(417)
10-07 15:51:48.978 3096 6749 I DxModule_0x80000000: DRM Server was initialized successfully.
at external/DxDrm/MultiScheme/Server/DxDrmServer.cpp(170)
10-07 15:51:48.978 3096 6749 I DxModule_0x80000000: DxDrmClient_Init DxLock_Create - res=0
at external/DxDrm/AdaptationLayer/CDxDrmClient.cpp(97)
10-07 15:51:48.978 3096 6749 I DxModule_0x80000000: DxDrmClient_Init end OK
at external/DxDrm/AdaptationLayer/CDxDrmClient.cpp(99)
10-07 15:51:49.039 3096 6749 I DxModule_0x80000000: Initialized PlayReady DRM context: 0x48B83608
at external/DxDrm/PlayReady/Server/DxPrdyServerSdkApi.cpp(172)
10-07 15:51:49.039 3096 6749 I DxModule_0x80000000: Creating petition request
at external/DxDrm/PlayReady/Client/CDxPrdyClockSyncIS.cpp(94)
10-07 15:51:49.043 3096 6749 E DxModule_0x80000000: Returning Error Code: DX_HTTP_REQUEST_IS_AVAILABLE (0x00000020)
at external/DxDrm/PlayReady/Client/CDxPrdyClockSyncIS.cpp(100)
10-07 15:51:49.062 3096 6749 I LIBDXEXT_CURL: Initializing Lib
10-07 15:51:49.235 5872 5872 D DeviceControlManagerService: onPlaybackStateChanged :PlaybackState {state=3, position=0, buffered position=0, speed=1.0, updated=1102735, actions=-1, custom actions=[], active item id=-1, error=null}
10-07 15:51:49.235 4869 4869 D NowPlayingListener: onPlaybackStateChanged: PlaybackState {state=3, position=0, buffered position=0, speed=1.0, updated=1102735, actions=-1, custom actions=[], active item id=-1, error=null}
10-07 15:51:49.235 4869 4869 D NowPlayingListener: updatePlayback() called with: state = [PlaybackState {state=3, position=0, buffered position=0, speed=1.0, updated=1102735, actions=-1, custom actions=[], active item id=-1, error=null}] and now playing listener: com.google.android.tvrecommendations.NowPlayingManager@ab6ca20
10-07 15:51:49.235 4869 4869 D NowPlayingManager: onClientPlaybackStateUpdate() called with: state = [3], stateChangeTimeMs = [1102735], currentPosMs = [0]
10-07 15:51:49.235 4869 4869 D NowPlayingManager: onClientPlaybackStateUpdate: Skipped update, state: 3 was unchanged
10-07 15:51:49.236 4869 4869 D NowPlayingListener: updateMetadata() called with: metadata = [android.media.MediaMetadata@65171a15] and now playing listener: com.google.android.tvrecommendations.NowPlayingManager@ab6ca20
10-07 15:51:49.236 3728 3728 V NewAvrcpMediaPlayerWrapper: onPlaybackStateChanged(): org.xbmc.kodinerds : PlaybackState {state=3, position=0, buffered position=0, speed=1.0, updated=1102735, actions=-1, custom actions=[], active item id=-1, error=null}
10-07 15:51:49.236 3728 3728 W NewAvrcpMediaPlayerWrapper: onPlaybackStateChanged(): org.xbmc.kodinerds tried to update with no new data
10-07 15:51:49.239 4869 4869 D NowPlayingManager: onMediaDataUpdated() called with: mediaData = [com.google.android.tvrecommendations.NowPlayingData@3ad9aa6]
10-07 15:51:49.249 4869 4869 D TVNotifService: onTVNotificationPosted StatusBarNotification(pkg=com.google.android.tvrecommendations user=UserHandle{0} id=4321 tag=Notification.NowPlaying key=0|com.google.android.tvrecommendations|4321|Notification.NowPlaying|10034: Notification(channel=now_playing pri=0 contentView=null vibrate=null sound=null defaults=0x0 flags=0x0 color=0x00000000 vis=PRIVATE)) userId: 0
10-07 15:51:49.753 5872 5872 D DeviceControlManagerService: onPlaybackStateChanged :PlaybackState {state=3, position=0, buffered position=0, speed=1.0, updated=1103252, actions=-1, custom actions=[], active item id=-1, error=null}
10-07 15:51:49.753 4869 4869 D NowPlayingListener: onPlaybackStateChanged: PlaybackState {state=3, position=0, buffered position=0, speed=1.0, updated=1103252, actions=-1, custom actions=[], active item id=-1, error=null}
10-07 15:51:49.753 4869 4869 D NowPlayingListener: updatePlayback() called with: state = [PlaybackState {state=3, position=0, buffered position=0, speed=1.0, updated=1103252, actions=-1, custom actions=[], active item id=-1, error=null}] and now playing listener: com.google.android.tvrecommendations.NowPlayingManager@ab6ca20
10-07 15:51:49.753 4869 4869 D NowPlayingManager: onClientPlaybackStateUpdate() called with: state = [3], stateChangeTimeMs = [1103252], currentPosMs = [0]
10-07 15:51:49.753 4869 4869 D NowPlayingManager: onClientPlaybackStateUpdate: Skipped update, state: 3 was unchanged
10-07 15:51:49.753 4869 4869 D NowPlayingListener: updateMetadata() called with: metadata = [android.media.MediaMetadata@65171a15] and now playing listener: com.google.android.tvrecommendations.NowPlayingManager@ab6ca20
10-07 15:51:49.753 3728 3728 V NewAvrcpMediaPlayerWrapper: onPlaybackStateChanged(): org.xbmc.kodinerds : PlaybackState {state=3, position=0, buffered position=0, speed=1.0, updated=1103252, actions=-1, custom actions=[], active item id=-1, error=null}
10-07 15:51:49.754 3728 3728 W NewAvrcpMediaPlayerWrapper: onPlaybackStateChanged(): org.xbmc.kodinerds tried to update with no new data
10-07 15:51:49.758 4869 4869 D NowPlayingManager: onMediaDataUpdated() called with: mediaData = [com.google.android.tvrecommendations.NowPlayingData@162673d]
10-07 15:51:49.767 4869 4869 D TVNotifService: onTVNotificationPosted StatusBarNotification(pkg=com.google.android.tvrecommendations user=UserHandle{0} id=4321 tag=Notification.NowPlaying key=0|com.google.android.tvrecommendations|4321|Notification.NowPlaying|10034: Notification(channel=now_playing pri=0 contentView=null vibrate=null sound=null defaults=0x0 flags=0x0 color=0x00000000 vis=PRIVATE)) userId: 0
10-07 15:51:49.938 3096 6749 I DxModule_0x80000000: Processing petition response to retrieve challenge URL
at external/DxDrm/PlayReady/Client/CDxPrdyClockSyncIS.cpp(105)
10-07 15:51:49.938 3096 6749 I DxModule_0x80000000: Generating secure clock challenge request.
at external/DxDrm/PlayReady/Client/CDxPrdyClockSyncIS.cpp(115)
10-07 15:51:49.938 3096 6749 E DxModule_0x80000000: Returning Error Code: DX_HTTP_REQUEST_IS_AVAILABLE (0x00000020)
at external/DxDrm/PlayReady/Client/CDxPrdyClockSyncIS.cpp(121)
10-07 15:51:50.124 3096 6749 I DxModule_0x80000000: Processing secure clock challenge response.
at external/DxDrm/PlayReady/Client/CDxPrdyClockSyncIS.cpp(126)
10-07 15:51:50.189 3096 6749 I DxModule_0x80000000: Clock synchronization successful
at external/DxDrm/PlayReady/Client/CDxPrdyClockSyncIS.cpp(138)
10-07 15:51:50.192 3096 6749 D DxDrmModularPlugin: Android Release = 9
10-07 15:51:50.192 3096 6749 D DxDrmModularPlugin: ++++++++++++ DxDrmModularPlugin version: _KK_HWA_PR_1.0.0.0 CORE: DX10_NvidiaTLK_PLAYREADY_RC_06_00_16_30416 ++++++++++++
10-07 15:51:50.204 3096 6749 E DxNvGooModularPlugin: setListener
10-07 15:51:50.205 3096 6749 D DxDrmModularPlugin: DxModularDrmPluginBase::getPropertyByteArray - name = deviceUniqueId value = (null)
10-07 15:51:50.205 3096 6749 W DxDrmModularPlugin: Unable to convert legacy status: -2, defaulting to UNKNOWN
10-07 15:51:50.205 11396 11714 E MediaDrm-JNI: Illegal state exception: Failed to get property: General DRM error (-2000)
10-07 15:51:50.259 6692 11256 I chromium: [6692:11256:INFO:ssdp_device.c(101)] SSDP packets sent for 30 seconds = 27
10-07 15:51:50.270 5872 5872 D DeviceControlManagerService: onPlaybackStateChanged :PlaybackState {state=3, position=0, buffered position=0, speed=1.0, updated=1103770, actions=-1, custom actions=[], active item id=-1, error=null}
10-07 15:51:50.270 4869 4869 D NowPlayingListener: onPlaybackStateChanged: PlaybackState {state=3, position=0, buffered position=0, speed=1.0, updated=1103770, actions=-1, custom actions=[], active item id=-1, error=null}
10-07 15:51:50.270 4869 4869 D NowPlayingListener: updatePlayback() called with: state = [PlaybackState {state=3, position=0, buffered position=0, speed=1.0, updated=1103770, actions=-1, custom actions=[], active item id=-1, error=null}] and now playing listener: com.google.android.tvrecommendations.NowPlayingManager@ab6ca20
10-07 15:51:50.270 4869 4869 D NowPlayingManager: onClientPlaybackStateUpdate() called with: state = [3], stateChangeTimeMs = [1103770], currentPosMs = [0]
10-07 15:51:50.271 4869 4869 D NowPlayingManager: onClientPlaybackStateUpdate: Skipped update, state: 3 was unchanged
10-07 15:51:50.271 4869 4869 D NowPlayingListener: updateMetadata() called with: metadata = [android.media.MediaMetadata@65171a15] and now playing listener: com.google.android.tvrecommendations.NowPlayingManager@ab6ca20
10-07 15:51:50.271 3728 3728 V NewAvrcpMediaPlayerWrapper: onPlaybackStateChanged(): org.xbmc.kodinerds : PlaybackState {state=3, position=0, buffered position=0, speed=1.0, updated=1103770, actions=-1, custom actions=[], active item id=-1, error=null}
10-07 15:51:50.271 3728 3728 W NewAvrcpMediaPlayerWrapper: onPlaybackStateChanged(): org.xbmc.kodinerds tried to update with no new data
10-07 15:51:50.275 4869 4869 D NowPlayingManager: onMediaDataUpdated() called with: mediaData = [com.google.android.tvrecommendations.NowPlayingData@5ed2083]
10-07 15:51:50.284 4869 4869 D TVNotifService: onTVNotificationPosted StatusBarNotification(pkg=com.google.android.tvrecommendations user=UserHandle{0} id=4321 tag=Notification.NowPlaying key=0|com.google.android.tvrecommendations|4321|Notification.NowPlaying|10034: Notification(channel=now_playing pri=0 contentView=null vibrate=null sound=null defaults=0x0 flags=0x0 color=0x00000000 vis=PRIVATE)) userId: 0
10-07 15:51:50.313 11396 11714 F .xbmc.kodinerd: java_vm_ext.cc:542] JNI DETECTED ERROR IN APPLICATION: JNI GetArrayLength called with pending exception android.media.MediaDrm$MediaDrmStateException: Failed to get property: General DRM error
10-07 15:51:50.314 11396 11714 F .xbmc.kodinerd: java_vm_ext.cc:542] at byte[] android.media.MediaDrm.getPropertyByteArray(java.lang.String) (MediaDrm.java:-2)
10-07 15:51:50.314 11396 11714 F .xbmc.kodinerd: java_vm_ext.cc:542]
10-07 15:51:50.314 11396 11714 F .xbmc.kodinerd: java_vm_ext.cc:542] in call to GetArrayLength
10-07 15:51:50.314 11396 11714 F .xbmc.kodinerd: java_vm_ext.cc:542] "Thread-16" prio=10 tid=30 Runnable
10-07 15:51:50.314 11396 11714 F .xbmc.kodinerd: java_vm_ext.cc:542] | group="main" sCount=0 dsCount=0 flags=0 obj=0x12d00000 self=0x2f449b9400
10-07 15:51:50.314 11396 11714 F .xbmc.kodinerd: java_vm_ext.cc:542] | sysTid=11714 nice=-10 cgrp=default sched=0/0 handle=0x2f68a434f0
10-07 15:51:50.314 11396 11714 F .xbmc.kodinerd: java_vm_ext.cc:542] | state=R schedstat=( 83904318 18731512 177 ) utm=6 stm=1 core=3 HZ=100
10-07 15:51:50.314 11396 11714 F .xbmc.kodinerd: java_vm_ext.cc:542] | stack=0x2f68948000-0x2f6894a000 stackSize=1009KB
10-07 15:51:50.314 11396 11714 F .xbmc.kodinerd: java_vm_ext.cc:542] | held mutexes= "mutator lock"(shared held)
10-07 15:51:50.314 11396 11714 F .xbmc.kodinerd: java_vm_ext.cc:542] native: #00 pc 00000000003c1870 /system/lib64/libart.so (art::DumpNativeStack(std::__1::basic_ostream>&, int, BacktraceMap*, char const*, art::ArtMethod*, void*, bool)+220)
10-07 15:51:50.314 11396 11714 F .xbmc.kodinerd: java_vm_ext.cc:542] native: #01 pc 000000000048ee2c /system/lib64/libart.so (art::Thread::DumpStack(std::__1::basic_ostream>&, bool, BacktraceMap*, bool) const+352)
10-07 15:51:50.314 11396 11714 F .xbmc.kodinerd: java_vm_ext.cc:542] native: #02 pc 00000000002e4d50 /system/lib64/libart.so (art::JavaVMExt::JniAbort(char const*, char const*)+968)
10-07 15:51:50.314 11396 11714 F .xbmc.kodinerd: java_vm_ext.cc:542] native: #03 pc 00000000002e5160 /system/lib64/libart.so (art::JavaVMExt::JniAbortV(char const*, char const*, std::__va_list)+116)
10-07 15:51:50.314 11396 11714 F .xbmc.kodinerd: java_vm_ext.cc:542] native: #04 pc 00000000000fcff8 /system/lib64/libart.so (art::(anonymous namespace)::ScopedCheck::AbortF(char const*, ...)+148)
10-07 15:51:50.314 11396 11714 F .xbmc.kodinerd: java_vm_ext.cc:542] native: #05 pc 00000000000fb9d4 /system/lib64/libart.so (art::(anonymous namespace)::ScopedCheck::CheckPossibleHeapValue(art::ScopedObjectAccess&, char, art::(anonymous namespace)::JniValueType)+1152)
10-07 15:51:50.314 11396 11714 F .xbmc.kodinerd: java_vm_ext.cc:542] native: #06 pc 00000000000fad40 /system/lib64/libart.so (art::(anonymous namespace)::ScopedCheck::Check(art::ScopedObjectAccess&, bool, char const*, art::(anonymous namespace)::JniValueType*)+628)
10-07 15:51:50.314 11396 11714 F .xbmc.kodinerd: java_vm_ext.cc:542] native: #07 pc 00000000000f1b34 /system/lib64/libart.so (art::(anonymous namespace)::CheckJNI::GetArrayLength(_JNIEnv*, _jarray*)+688)
10-07 15:51:50.314 11396 11714 F .xbmc.kodinerd: java_vm_ext.cc:542] native: #08 pc 000000000007ccb4 /data/app/org.xbmc.kodinerds-vbrsgimfQ6CBkJOdBTO2Fw==/lib/arm64/libssd_wv.so (jni::CJNIMediaDrm::getPropertyByteArray(std::__ndk1::basic_string, std::__ndk1::allocator> const&) const+128)
10-07 15:51:50.314 11396 11714 F .xbmc.kodinerd: java_vm_ext.cc:542] native: #09 pc 0000000000070098 /data/app/org.xbmc.kodinerds-vbrsgimfQ6CBkJOdBTO2Fw==/lib/arm64/libssd_wv.so (WV_DRM::WV_DRM(WV_KEYSYSTEM, char const*, AP4_DataBuffer const&, jni::CJNIMediaDrmOnEventListener*)+980)
10-07 15:51:50.314 11396 11714 F .xbmc.kodinerd: java_vm_ext.cc:542] native: #10 pc 0000000000076028 /data/app/org.xbmc.kodinerds-vbrsgimfQ6CBkJOdBTO2Fw==/lib/arm64/libssd_wv.so (WVDecrypter::OpenDRMSystem(char const*, AP4_DataBuffer const&, unsigned char)+68)
10-07 15:51:50.314 11396 11714 F .xbmc.kodinerd: java_vm_ext.cc:542] native: #11 pc 00000000000ccd90 /data/app/org.xbmc.kodinerds-vbrsgimfQ6CBkJOdBTO2Fw==/lib/arm64/libinputstream.adaptive.so (Session::initialize(unsigned char, unsigned int)+1196)
10-07 15:51:50.314 11396 11714 F .xbmc.kodinerd: java_vm_ext.cc:542] native: #12 pc 00000000000cfe84 /data/app/org.xbmc.kodinerds-vbrsgimfQ6CBkJOdBTO2Fw==/lib/arm64/libinputstream.adaptive.so (CInputStreamAdaptive::Open(INPUTSTREAM&)+1596)
10-07 15:51:50.314 11396 11714 F .xbmc.kodinerd: java_vm_ext.cc:542] native: #13 pc 0000000001384eb8 /data/app/org.xbmc.kodinerds-vbrsgimfQ6CBkJOdBTO2Fw==/lib/arm64/libkodi.so (CInputStreamAddon::Open()+652)
10-07 15:51:50.314 11396 11714 F .xbmc.kodinerd: java_vm_ext.cc:542] native: #14 pc 000000000140c5f0 /data/app/org.xbmc.kodinerds-vbrsgimfQ6CBkJOdBTO2Fw==/lib/arm64/libkodi.so (CVideoPlayer::OpenInputStream()+384)
10-07 15:51:50.314 11396 11714 F .xbmc.kodinerd: java_vm_ext.cc:542] native: #15 pc 000000000140e7cc /data/app/org.xbmc.kodinerds-vbrsgimfQ6CBkJOdBTO2Fw==/lib/arm64/libkodi.so (CVideoPlayer::Prepare()+292)
10-07 15:51:50.314 11396 11714 F .xbmc.kodinerd: java_vm_ext.cc:542] native: #16 pc 000000000140fa00 /data/app/org.xbmc.kodinerds-vbrsgimfQ6CBkJOdBTO2Fw==/lib/arm64/libkodi.so (CVideoPlayer::Process()+72)
10-07 15:51:50.314 11396 11714 F .xbmc.kodinerd: java_vm_ext.cc:542] native: #17 pc 0000000001608a94 /data/app/org.xbmc.kodinerds-vbrsgimfQ6CBkJOdBTO2Fw==/lib/arm64/libkodi.so (CThread::Action()+40)
10-07 15:51:50.314 11396 11714 F .xbmc.kodinerd: java_vm_ext.cc:542] native: #18 pc 0000000001609038 /data/app/org.xbmc.kodinerds-vbrsgimfQ6CBkJOdBTO2Fw==/lib/arm64/libkodi.so (???)
10-07 15:51:50.314 11396 11714 F .xbmc.kodinerd: java_vm_ext.cc:542] native: #19 pc 0000000001608eec /data/app/org.xbmc.kodinerds-vbrsgimfQ6CBkJOdBTO2Fw==/lib/arm64/libkodi.so (???)
10-07 15:51:50.314 11396 11714 F .xbmc.kodinerd: java_vm_ext.cc:542] native: #20 pc 0000000001608cf8 /data/app/org.xbmc.kodinerds-vbrsgimfQ6CBkJOdBTO2Fw==/lib/arm64/libkodi.so (???)
10-07 15:51:50.314 11396 11714 F .xbmc.kodinerd: java_vm_ext.cc:542] native: #21 pc 0000000000081978 /system/lib64/libc.so (__pthread_start(void*)+36)
10-07 15:51:50.314 11396 11714 F .xbmc.kodinerd: java_vm_ext.cc:542] native: #22 pc 00000000000234b8 /system/lib64/libc.so (__start_thread+68)
10-07 15:51:50.314 11396 11714 F .xbmc.kodinerd: java_vm_ext.cc:542] (no managed stack frames)
10-07 15:51:50.314 11396 11714 F .xbmc.kodinerd: java_vm_ext.cc:542]
10-07 15:51:50.457 11396 11490 V Kodi : Debug Print: SOCK: Error selecting socket(s)
10-07 15:51:50.459 11396 11490 V Kodi : Debug Print: ES: Exception caught while listening for socket
10-07 15:51:50.459 11396 11490 V Kodi : Debug Print: ES: UDP Event server stopped
10-07 15:51:50.516 11396 11714 F .xbmc.kodinerd: runtime.cc:558] Runtime aborting...
10-07 15:51:50.516 11396 11714 F .xbmc.kodinerd: runtime.cc:558] Dumping all threads without appropriate locks held: thread list lock mutator lock
10-07 15:51:50.516 11396 11714 F .xbmc.kodinerd: runtime.cc:558] All threads:
10-07 15:51:50.516 11396 11714 F .xbmc.kodinerd: runtime.cc:558] DALVIK THREADS (30):
10-07 15:51:50.516 11396 11714 F .xbmc.kodinerd: runtime.cc:558] "Thread-16" prio=10 tid=30 Runnable
10-07 15:51:50.516 11396 11714 F .xbmc.kodinerd: runtime.cc:558] | group="" sCount=0 dsCount=0 flags=0 obj=0x12d00000 self=0x2f449b9400
10-07 15:51:50.516 11396 11714 F .xbmc.kodinerd: runtime.cc:558] | sysTid=11714 nice=-10 cgrp=default sched=0/0 handle=0x2f68a434f0
10-07 15:51:50.516 11396 11714 F .xbmc.kodinerd: runtime.cc:558] | state=R schedstat=( 142618695 24623701 239 ) utm=10 stm=3 core=1 HZ=100
10-07 15:51:50.516 11396 11714 F .xbmc.kodinerd: runtime.cc:558] | stack=0x2f68948000-0x2f6894a000 stackSize=1009KB
10-07 15:51:50.516 11396 11714 F .xbmc.kodinerd: runtime.cc:558] | held mutexes= "abort lock" "mutator lock"(shared held)
10-07 15:51:50.516 11396 11714 F .xbmc.kodinerd: runtime.cc:558] native: #00 pc 00000000003c1870 /system/lib64/libart.so (art::DumpNativeStack(std::__1::basic_ostream>&, int, BacktraceMap*, char const*, art::ArtMethod*, void*, bool)+220)
10-07 15:51:50.516 11396 11714 F .xbmc.kodinerd: runtime.cc:558] native: #01 pc 000000000048ee2c /system/lib64/libart.so (art::Thread::DumpStack(std::__1::basic_ostream>&, bool, BacktraceMap*, bool) const+352)
10-07 15:51:50.516 11396 11714 F .xbmc.kodinerd: runtime.cc:558] native: #02 pc 00000000004a89b8 /system/lib64/libart.so (art::DumpCheckpoint::Run(art::Thread*)+844)
10-07 15:51:50.516 11396 11714 F .xbmc.kodinerd: runtime.cc:558] native: #03 pc 00000000004a17c4 /system/lib64/libart.so (art::ThreadList::RunCheckpoint(art::Closure*, art::Closure*)+484)
10-07 15:51:50.516 11396 11714 F .xbmc.kodinerd: runtime.cc:558] native: #04 pc 00000000004a0c54 /system/lib64/libart.so (art::ThreadList::Dump(std::__1::basic_ostream>&, bool)+1036)
10-07 15:51:50.516 11396 11714 F .xbmc.kodinerd: runtime.cc:558] native: #05 pc 0000000000463fd8 /system/lib64/libart.so (art::Runtime::Abort(char const*)+388)
10-07 15:51:50.516 11396 11714 F .xbmc.kodinerd: runtime.cc:558] native: #06 pc 0000000000008cd4 /system/lib64/libbase.so (android::base::LogMessage::~LogMessage()+724)
10-07 15:51:50.516 11396 11714 F .xbmc.kodinerd: runtime.cc:558] native: #07 pc 00000000002e4ff0 /system/lib64/libart.so (art::JavaVMExt::JniAbort(char const*, char const*)+1640)
10-07 15:51:50.516 11396 11714 F .xbmc.kodinerd: runtime.cc:558] native: #08 pc 00000000002e5160 /system/lib64/libart.so (art::JavaVMExt::JniAbortV(char const*, char const*, std::__va_list)+116)
10-07 15:51:50.516 11396 11714 F .xbmc.kodinerd: runtime.cc:558] native: #09 pc 00000000000fcff8 /system/lib64/libart.so (art::(anonymous namespace)::ScopedCheck::AbortF(char const*, ...)+148)
10-07 15:51:50.516 11396 11714 F .xbmc.kodinerd: runtime.cc:558] native: #10 pc 00000000000fb9d4 /system/lib64/libart.so (art::(anonymous namespace)::ScopedCheck::CheckPossibleHeapValue(art::ScopedObjectAccess&, char, art::(anonymous namespace)::JniValueType)+1152)
10-07 15:51:50.516 11396 11714 F .xbmc.kodinerd: runtime.cc:558] native: #11 pc 00000000000fad40 /system/lib64/libart.so (art::(anonymous namespace)::ScopedCheck::Check(art::ScopedObjectAccess&, bool, char const*, art::(anonymous namespace)::JniValueType*)+628)
10-07 15:51:50.516 11396 11714 F .xbmc.kodinerd: runtime.cc:558] native: #12 pc 00000000000f1b34 /system/lib64/libart.so (art::(anonymous namespace)::CheckJNI::GetArrayLength(_JNIEnv*, _jarray*)+688)
10-07 15:51:50.516 11396 11714 F .xbmc.kodinerd: runtime.cc:558] native: #13 pc 000000000007ccb4 /data/app/org.xbmc.kodinerds-vbrsgimfQ6CBkJOdBTO2Fw==/lib/arm64/libssd_wv.so (jni::CJNIMediaDrm::getPropertyByteArray(std::__ndk1::basic_string, std::__ndk1::allocator> const&) const+128)
10-07 15:51:50.516 11396 11714 F .xbmc.kodinerd: runtime.cc:558] native: #14 pc 0000000000070098 /data/app/org.xbmc.kodinerds-vbrsgimfQ6CBkJOdBTO2Fw==/lib/arm64/libssd_wv.so (WV_DRM::WV_DRM(WV_KEYSYSTEM, char const*, AP4_DataBuffer const&, jni::CJNIMediaDrmOnEventListener*)+980)
10-07 15:51:50.516 11396 11714 F .xbmc.kodinerd: runtime.cc:558] native: #15 pc 0000000000076028 /data/app/org.xbmc.kodinerds-vbrsgimfQ6CBkJOdBTO2Fw==/lib/arm64/libssd_wv.so (WVDecrypter::OpenDRMSystem(char const*, AP4_DataBuffer const&, unsigned char)+68)
10-07 15:51:50.516 11396 11714 F .xbmc.kodinerd: runtime.cc:558] native: #16 pc 00000000000ccd90 /data/app/org.xbmc.kodinerds-vbrsgimfQ6CBkJOdBTO2Fw==/lib/arm64/libinputstream.adaptive.so (Session::initialize(unsigned char, unsigned int)+1196)
10-07 15:51:50.516 11396 11714 F .xbmc.kodinerd: runtime.cc:558] native: #17 pc 00000000000cfe84 /data/app/org.xbmc.kodinerds-vbrsgimfQ6CBkJOdBTO2Fw==/lib/arm64/libinputstream.adaptive.so (CInputStreamAdaptive::Open(INPUTSTREAM&)+1596)
10-07 15:51:50.516 11396 11714 F .xbmc.kodinerd: runtime.cc:558] native: #18 pc 0000000001384eb8 /data/app/org.xbmc.kodinerds-vbrsgimfQ6CBkJOdBTO2Fw==/lib/arm64/libkodi.so (CInputStreamAddon::Open()+652)
10-07 15:51:50.516 11396 11714 F .xbmc.kodinerd: runtime.cc:558] native: #19 pc 000000000140c5f0 /data/app/org.xbmc.kodinerds-vbrsgimfQ6CBkJOdBTO2Fw==/lib/arm64/libkodi.so (CVideoPlayer::OpenInputStream()+384)
10-07 15:51:50.516 11396 11714 F .xbmc.kodinerd: runtime.cc:558] native: #20 pc 000000000140e7cc /data/app/org.xbmc.kodinerds-vbrsgimfQ6CBkJOdBTO2Fw==/lib/arm64/libkodi.so (CVideoPlayer::Prepare()+292)
10-07 15:51:50.516 11396 11714 F .xbmc.kodinerd: runtime.cc:558] native: #21 pc 000000000140fa00 /data/app/org.xbmc.kodinerds-vbrsgimfQ6CBkJOdBTO2Fw==/lib/arm64/libkodi.so (CVideoPlayer::Process()+72)
10-07 15:51:50.516 11396 11714 F .xbmc.kodinerd: runtime.cc:558] native: #22 pc 0000000001608a94 /data/app/org.xbmc.kodinerds-vbrsgimfQ6CBkJOdBTO2Fw==/lib/arm64/libkodi.so (CThread::Action()+40)
10-07 15:51:50.516 11396 11714 F .xbmc.kodinerd: runtime.cc:558] native: #23 pc 0000000001609038 /data/app/org.xbmc.kodinerds-vbrsgimfQ6CBkJOdBTO2Fw==/lib/arm64/libkodi.so (???)
10-07 15:51:50.516 11396 11714 F .xbmc.kodinerd: runtime.cc:558] native: #24 pc 0000000001608eec /data/app/org.xbmc.kodinerds-vbrsgimfQ6CBkJOdBTO2Fw==/lib/arm64/libkodi.so (???)
10-07 15:51:50.516 11396 11714 F .xbmc.kodinerd: runtime.cc:558] native: #25 pc 0000000001608cf8 /data/app/org.xbmc.kodinerds-vbrsgimfQ6CBkJOdBTO2Fw==/lib/arm64/libkodi.so (???)
10-07 15:51:50.516 11396 11714 F .xbmc.kodinerd: runtime.cc:558] native: #26 pc 0000000000081978 /system/lib64/libc.so (__pthread_start(void*)+36)
10-07 15:51:50.516 11396 11714 F .xbmc.kodinerd: runtime.cc:558] native: #27 pc 00000000000234b8 /system/lib64/libc.so (__start_thread+68)
10-07 15:51:50.516 11396 11714 F .xbmc.kodinerd: runtime.cc:558] (no managed stack frames)
10-07 15:51:50.516 11396 11714 F .xbmc.kodinerd: runtime.cc:558]
10-07 15:51:50.516 11396 11714 F .xbmc.kodinerd: runtime.cc:558] "main" prio=10 tid=1 Native
10-07 15:51:50.516 11396 11714 F .xbmc.kodinerd: runtime.cc:558] | group="" sCount=1 dsCount=0 flags=1 obj=0x75b30770 self=0x2f44821c00
10-07 15:51:50.516 11396 11714 F .xbmc.kodinerd: runtime.cc:558] | sysTid=11396 nice=-10 cgrp=default sched=0/0 handle=0x2ebedec548
10-07 15:51:50.516 11396 11714 F .xbmc.kodinerd: runtime.cc:558] | state=S schedstat=( 3064878616 1152863719 15890 ) utm=197 stm=109 core=3 HZ=100
10-07 15:51:50.517 11396 11714 F .xbmc.kodinerd: runtime.cc:558] | stack=0x7fc9dd2000-0x7fc9dd4000 stackSize=8MB
10-07 15:51:50.517 11396 11714 F .xbmc.kodinerd: runtime.cc:558] | held mutexes=
10-07 15:51:50.517 11396 11714 F .xbmc.kodinerd: runtime.cc:558] kernel: (couldn't read /proc/self/task/11396/stack)
10-07 15:51:50.517 11396 11714 F .xbmc.kodinerd: runtime.cc:558] native: #00 pc 000000000001f06c /system/lib64/libc.so (syscall+28)
10-07 15:51:50.517 11396 11714 F .xbmc.kodinerd: runtime.cc:558] native: #01 pc 00000000000d724c /system/lib64/libart.so (art::ConditionVariable::WaitHoldingLocks(art::Thread*)+148)
10-07 15:51:50.517 11396 11714 F .xbmc.kodinerd: runtime.cc:558] native: #02 pc 00000000000ff530 /system/lib64/libart.so (art::(anonymous namespace)::CheckJNI::CallMethodV(char const*, _JNIEnv*, _jobject*, _jclass*, _jmethodID*, std::__va_list, art::Primitive::Type, art::InvokeType)+500)
10-07 15:51:50.517 11396 11714 F .xbmc.kodinerd: runtime.cc:558] native: #03 pc 00000000000ec2cc /system/lib64/libart.so (art::(anonymous namespace)::CheckJNI::CallObjectMethod(_JNIEnv*, _jobject*, _jmethodID*, ...)+156)
10-07 15:51:50.517 11396 11714 F .xbmc.kodinerd: runtime.cc:558] native: #04 pc 00000000000f4398 /system/lib64/libandroid_runtime.so (android::NativeDisplayEventReceiver::dispatchVsync(long, int, unsigned int)+48)
10-07 15:51:50.517 11396 11714 F .xbmc.kodinerd: runtime.cc:558] native: #05 pc 000000000004403c /system/lib64/libandroidfw.so (android::DisplayEventDispatcher::handleEvent(int, int, void*)+164)
10-07 15:51:50.517 11396 11714 F .xbmc.kodinerd: runtime.cc:558] native: #06 pc 00000000000141c4 /system/lib64/libutils.so (android::Looper::pollInner(int)+856)
10-07 15:51:50.517 11396 11714 F .xbmc.kodinerd: runtime.cc:558] native: #07 pc 0000000000013dd0 /system/lib64/libutils.so (android::Looper::pollOnce(int, int*, int*, void**)+60)
10-07 15:51:50.517 11396 11714 F .xbmc.kodinerd: runtime.cc:558] native: #08 pc 0000000000120bec /system/lib64/libandroid_runtime.so (android::android_os_MessageQueue_nativePollOnce(_JNIEnv*, _jobject*, long, int)+44)
10-07 15:51:50.517 11396 11714 F .xbmc.kodinerd: runtime.cc:558]
at android.os.MessageQueue.nativePollOnce(Native method)
10-07 15:51:50.517 11396 11714 F .xbmc.kodinerd: runtime.cc:558]
at android.os.MessageQueue.next(MessageQueue.java:326)
10-07 15:51:50.517 11396 11714 F .xbmc.kodinerd: runtime.cc:558]
at android.os.Looper.loop(Looper.java:160)
10-07 15:51:50.517 11396 11714 F .xbmc.kodinerd: runtime.cc:558]
at android.app.ActivityThread.main(ActivityThread.java:6720)
10-07 15:51:50.517 11396 11714 F .xbmc.kodinerd: runtime.cc:558]
at java.lang.reflect.Method.invoke(Native method)
10-07 15:51:50.517 11396 11714 F .xbmc.kodinerd: runtime.cc:558]
at com.android.internal.os.RuntimeInit$MethodAndArgsCaller.run(RuntimeInit.java:493)
10-07 15:51:50.517 11396 11714 F .xbmc.kodinerd: runtime.cc:558]
at com.android.internal.os.ZygoteInit.main(ZygoteInit.java:858)
10-07 15:51:50.517 11396 11714 F .xbmc.kodinerd: runtime.cc:558]
10-07 15:51:50.517 11396 11714 F .xbmc.kodinerd: runtime.cc:558] "Jit thread pool worker thread 0" prio=10 tid=2 Native
10-07 15:51:50.517 11396 11714 F .xbmc.kodinerd: runtime.cc:558] | group="" sCount=1 dsCount=0 flags=1 obj=0x12fc02a8 self=0x2f4b427000
10-07 15:51:50.517 11396 11714 F .xbmc.kodinerd: runtime.cc:558] | sysTid=11415 nice=9 cgrp=default sched=0/0 handle=0x2f4b1184f0
10-07 15:51:50.517 11396 11714 F .xbmc.kodinerd: runtime.cc:558] | state=S schedstat=( 122336398 91813077 255 ) utm=10 stm=1 core=3 HZ=100
10-07 15:51:50.517 11396 11714 F .xbmc.kodinerd: runtime.cc:558] | stack=0x2f4b01a000-0x2f4b01c000 stackSize=1021KB
10-07 15:51:50.517 11396 11714 F .xbmc.kodinerd: runtime.cc:558] | held mutexes=
10-07 15:51:50.517 11396 11714 F .xbmc.kodinerd: runtime.cc:558] kernel: (couldn't read /proc/self/task/11415/stack)
10-07 15:51:50.517 11396 11714 F .xbmc.kodinerd: runtime.cc:558] native: #00 pc 000000000001f06c /system/lib64/libc.so (syscall+28)
10-07 15:51:50.517 11396 11714 F .xbmc.kodinerd: runtime.cc:558] native: #01 pc 00000000000d724c /system/lib64/libart.so (art::ConditionVariable::WaitHoldingLocks(art::Thread*)+148)
10-07 15:51:50.517 11396 11714 F .xbmc.kodinerd: runtime.cc:558] native: #02 pc 00000000004aa1fc /system/lib64/libart.so (art::ThreadPool::GetTask(art::Thread*)+260)
10-07 15:51:50.517 11396 11714 F .xbmc.kodinerd: runtime.cc:558] native: #03 pc 00000000004a9764 /system/lib64/libart.so (art::ThreadPoolWorker::Run()+124)
10-07 15:51:50.517 11396 11714 F .xbmc.kodinerd: runtime.cc:558] native: #04 pc 00000000004a9224 /system/lib64/libart.so (art::ThreadPoolWorker::Callback(void*)+148)
10-07 15:51:50.517 11396 11714 F .xbmc.kodinerd: runtime.cc:558] native: #05 pc 0000000000081978 /system/lib64/libc.so (__pthread_start(void*)+36)
10-07 15:51:50.517 11396 11714 F .xbmc.kodinerd: runtime.cc:558] native: #06 pc 00000000000234b8 /system/lib64/libc.so (__start_thread+68)
10-07 15:51:50.517 11396 11714 F .xbmc.kodinerd: runtime.cc:558] (no managed stack frames)
10-07 15:51:50.517 11396 11714 F .xbmc.kodinerd: runtime.cc:558]
10-07 15:51:50.517 11396 11714 F .xbmc.kodinerd: runtime.cc:558] "Signal Catcher" prio=10 tid=3 WaitingInMainSignalCatcherLoop
10-07 15:51:50.517 11396 11714 F .xbmc.kodinerd: runtime.cc:558] | group="" sCount=1 dsCount=0 flags=1 obj=0x12fc0330 self=0x2f44823400
10-07 15:51:50.517 11396 11714 F .xbmc.kodinerd: runtime.cc:558] | sysTid=11416 nice=0 cgrp=default sched=0/0 handle=0x2f4b2164f0
10-07 15:51:50.517 11396 11714 F .xbmc.kodinerd: runtime.cc:558] | state=S schedstat=( 279375 0 1 ) utm=0 stm=0 core=1 HZ=100
10-07 15:51:50.517 11396 11714 F .xbmc.kodinerd: runtime.cc:558] | stack=0x2f4b11b000-0x2f4b11d000 stackSize=1009KB
10-07 15:51:50.517 11396 11714 F .xbmc.kodinerd: runtime.cc:558] | held mutexes=
10-07 15:51:50.517 11396 11714 F .xbmc.kodinerd: runtime.cc:558] kernel: (couldn't read /proc/self/task/11416/stack)
10-07 15:51:50.517 11396 11714 F .xbmc.kodinerd: runtime.cc:558] native: #00 pc 000000000006e27c /system/lib64/libc.so (__rt_sigtimedwait+8)
10-07 15:51:50.517 11396 11714 F .xbmc.kodinerd: runtime.cc:558] native: #01 pc 000000000002d90c /system/lib64/libc.so (sigwait+64)
10-07 15:51:50.517 11396 11714 F .xbmc.kodinerd: runtime.cc:558] native: #02 pc 000000000047cc98 /system/lib64/libart.so (art::SignalCatcher::WaitForSignal(art::Thread*, art::SignalSet&)+388)
10-07 15:51:50.517 11396 11714 F .xbmc.kodinerd: runtime.cc:558] native: #03 pc 000000000047b640 /system/lib64/libart.so (art::SignalCatcher::Run(void*)+272)
10-07 15:51:50.517 11396 11714 F .xbmc.kodinerd: runtime.cc:558] native: #04 pc 0000000000081978 /system/lib64/libc.so (__pthread_start(void*)+36)
10-07 15:51:50.517 11396 11714 F .xbmc.kodinerd: runtime.cc:558] native: #05 pc 00000000000234b8 /system/lib64/libc.so (__start_thread+68)
10-07 15:51:50.517 11396 11714 F .xbmc.kodinerd: runtime.cc:558] (no managed stack frames)
10-07 15:51:50.517 11396 11714 F .xbmc.kodinerd: runtime.cc:558]
10-07 15:51:50.517 11396 11714 F .xbmc.kodinerd: runtime.cc:558] "ADB-JDWP Connection Control Thread" prio=10 tid=4 WaitingInMainDebuggerLoop
10-07 15:51:50.517 11396 11714 F .xbmc.kodinerd: runtime.cc:558] | group="" sCount=1 dsCount=0 flags=1 obj=0x12fc03b8 self=0x2f4b41f800
10-07 15:51:50.517 11396 11714 F .xbmc.kodinerd: runtime.cc:558] | sysTid=11417 nice=0 cgrp=default sched=0/0 handle=0x2f5cc134f0
10-07 15:51:50.517 11396 11714 F .xbmc.kodinerd: runtime.cc:558] | state=S schedstat=( 313751 0 6 ) utm=0 stm=0 core=1 HZ=100
10-07 15:51:50.517 11396 11714 F .xbmc.kodinerd: runtime.cc:558] | stack=0x2f5cb18000-0x2f5cb1a000 stackSize=1009KB
10-07 15:51:50.517 11396 11714 F .xbmc.kodinerd: runtime.cc:558] | held mutexes=
10-07 15:51:50.517 11396 11714 F .xbmc.kodinerd: runtime.cc:558] kernel: (couldn't read /proc/self/task/11417/stack)
10-07 15:51:50.517 11396 11714 F .xbmc.kodinerd: runtime.cc:558] native: #00 pc 000000000006e1bc /system/lib64/libc.so (__ppoll+8)
10-07 15:51:50.517 11396 11714 F .xbmc.kodinerd: runtime.cc:558] native: #01 pc 000000000002b5ec /system/lib64/libc.so (poll+88)
10-07 15:51:50.517 11396 11714 F .xbmc.kodinerd: runtime.cc:558] native: #02 pc 0000000000006c50 /system/lib64/libadbconnection.so (adbconnection::AdbConnectionState::RunPollLoop(art::Thread*)+836)
10-07 15:51:50.517 11396 11714 F .xbmc.kodinerd: runtime.cc:558] native: #03 pc 0000000000005218 /system/lib64/libadbconnection.so (adbconnection::CallbackFunction(void*)+1060)
10-07 15:51:50.517 11396 11714 F .xbmc.kodinerd: runtime.cc:558] native: #04 pc 0000000000081978 /system/lib64/libc.so (__pthread_start(void*)+36)
10-07 15:51:50.517 11396 11714 F .xbmc.kodinerd: runtime.cc:558] native: #05 pc 00000000000234b8 /system/lib64/libc.so (__start_thread+68)
10-07 15:51:50.517 11396 11714 F .xbmc.kodinerd: runtime.cc:558] (no managed stack frames)
10-07 15:51:50.517 11396 11714 F .xbmc.kodinerd: runtime.cc:558]
10-07 15:51:50.517 11396 11714 F .xbmc.kodinerd: runtime.cc:558] "ReferenceQueueDaemon" prio=10 tid=5 Waiting
10-07 15:51:50.517 11396 11714 F .xbmc.kodinerd: runtime.cc:558] | group="" sCount=1 dsCount=0 flags=1 obj=0x12fc0440 self=0x2f44b5b400
10-07 15:51:50.517 11396 11714 F .xbmc.kodinerd: runtime.cc:558] | sysTid=11418 nice=4 cgrp=default sched=0/0 handle=0x2f5cd194f0
10-07 15:51:50.517 11396 11714 F .xbmc.kodinerd: runtime.cc:558] | state=S schedstat=( 5089322 180885 39 ) utm=0 stm=0 core=3 HZ=100
10-07 15:51:50.517 11396 11714 F .xbmc.kodinerd: runtime.cc:558] | stack=0x2f5cc16000-0x2f5cc18000 stackSize=1041KB
10-07 15:51:50.517 11396 11714 F .xbmc.kodinerd: runtime.cc:558] | held mutexes=
10-07 15:51:50.517 11396 11714 F .xbmc.kodinerd: runtime.cc:558] kernel: (couldn't read /proc/self/task/11418/stack)
10-07 15:51:50.517 11396 11714 F .xbmc.kodinerd: runtime.cc:558] native: #00 pc 000000000001f06c /system/lib64/libc.so (syscall+28)
10-07 15:51:50.517 11396 11714 F .xbmc.kodinerd: runtime.cc:558] native: #01 pc 00000000000d724c /system/lib64/libart.so (art::ConditionVariable::WaitHoldingLocks(art::Thread*)+148)
10-07 15:51:50.517 11396 11714 F .xbmc.kodinerd: runtime.cc:558] native: #02 pc 00000000003bce14 /system/lib64/libart.so (art::Monitor::Wait(art::Thread*, long, int, bool, art::ThreadState)+636)
10-07 15:51:50.517 11396 11714 F .xbmc.kodinerd: runtime.cc:558] native: #03 pc 00000000003be8d0 /system/lib64/libart.so (art::Monitor::Wait(art::Thread*, art::mirror::Object*, long, int, bool, art::ThreadState)+424)
10-07 15:51:50.517 11396 11714 F .xbmc.kodinerd: runtime.cc:558]
at java.lang.Object.wait(Native method)
10-07 15:51:50.517 11396 11714 F .xbmc.kodinerd: runtime.cc:558] - waiting on <0x02dbbd5a> (a java.lang.Class)
10-07 15:51:50.517 11396 11714 F .xbmc.kodinerd: runtime.cc:558]
at java.lang.Daemons$ReferenceQueueDaemon.runInternal(Daemons.java:178)
10-07 15:51:50.517 11396 11714 F .xbmc.kodinerd: runtime.cc:558] - locked <0x02dbbd5a> (a java.lang.Class)
10-07 15:51:50.517 11396 11714 F .xbmc.kodinerd: runtime.cc:558]
at java.lang.Daemons$Daemon.run(Daemons.java:103)
10-07 15:51:50.517 11396 11714 F .xbmc.kodinerd: runtime.cc:558]
at java.lang.Thread.run(Thread.java:764)
10-07 15:51:50.517 11396 11714 F .xbmc.kodinerd: runtime.cc:558]
10-07 15:51:50.517 11396 11714 F .xbmc.kodinerd: runtime.cc:558] "FinalizerDaemon" prio=10 tid=6 Waiting
10-07 15:51:50.518 11396 11714 F .xbmc.kodinerd: runtime.cc:558] | group="" sCount=1 dsCount=0 flags=1 obj=0x12fc04c8 self=0x2f44b60800
10-07 15:51:50.518 11396 11714 F .xbmc.kodinerd: runtime.cc:558] | sysTid=11419 nice=4 cgrp=default sched=0/0 handle=0x2f5ce1f4f0
10-07 15:51:50.518 11396 11714 F .xbmc.kodinerd: runtime.cc:558] | state=S schedstat=( 13326821 424951 43 ) utm=0 stm=0 core=1 HZ=100
10-07 15:51:50.518 11396 11714 F .xbmc.kodinerd: runtime.cc:558] | stack=0x2f5cd1c000-0x2f5cd1e000 stackSize=1041KB
10-07 15:51:50.518 11396 11714 F .xbmc.kodinerd: runtime.cc:558] | held mutexes=
10-07 15:51:50.518 11396 11714 F .xbmc.kodinerd: runtime.cc:558] kernel: (couldn't read /proc/self/task/11419/stack)
10-07 15:51:50.518 11396 11714 F .xbmc.kodinerd: runtime.cc:558] native: #00 pc 000000000001f06c /system/lib64/libc.so (syscall+28)
10-07 15:51:50.518 11396 11714 F .xbmc.kodinerd: runtime.cc:558] native: #01 pc 00000000000d724c /system/lib64/libart.so (art::ConditionVariable::WaitHoldingLocks(art::Thread*)+148)
10-07 15:51:50.518 11396 11714 F .xbmc.kodinerd: runtime.cc:558] native: #02 pc 00000000003bce14 /system/lib64/libart.so (art::Monitor::Wait(art::Thread*, long, int, bool, art::ThreadState)+636)
10-07 15:51:50.518 11396 11714 F .xbmc.kodinerd: runtime.cc:558] native: #03 pc 00000000003be8d0 /system/lib64/libart.so (art::Monitor::Wait(art::Thread*, art::mirror::Object*, long, int, bool, art::ThreadState)+424)
10-07 15:51:50.518 11396 11714 F .xbmc.kodinerd: runtime.cc:558]
at java.lang.Object.wait(Native method)
10-07 15:51:50.518 11396 11714 F .xbmc.kodinerd: runtime.cc:558] - waiting on <0x08dd3b8b> (a java.lang.Object)
10-07 15:51:50.518 11396 11714 F .xbmc.kodinerd: runtime.cc:558]
at java.lang.Object.wait(Object.java:422)
10-07 15:51:50.518 11396 11714 F .xbmc.kodinerd: runtime.cc:558]
at java.lang.ref.ReferenceQueue.remove(ReferenceQueue.java:188)
10-07 15:51:50.518 11396 11714 F .xbmc.kodinerd: runtime.cc:558] - locked <0x08dd3b8b> (a java.lang.Object)
10-07 15:51:50.518 11396 11714 F .xbmc.kodinerd: runtime.cc:558]
at java.lang.ref.ReferenceQueue.remove(ReferenceQueue.java:209)
10-07 15:51:50.518 11396 11714 F .xbmc.kodinerd: runtime.cc:558]
at java.lang.Daemons$FinalizerDaemon.runInternal(Daemons.java:232)
10-07 15:51:50.518 11396 11714 F .xbmc.kodinerd: runtime.cc:558]
at java.lang.Daemons$Daemon.run(Daemons.java:103)
10-07 15:51:50.518 11396 11714 F .xbmc.kodinerd: runtime.cc:558]
at java.lang.Thread.run(Thread.java:764)
10-07 15:51:50.518 11396 11714 F .xbmc.kodinerd: runtime.cc:558]
10-07 15:51:50.518 11396 11714 F .xbmc.kodinerd: runtime.cc:558] "FinalizerWatchdogDaemon" prio=10 tid=7 Sleeping
10-07 15:51:50.518 11396 11714 F .xbmc.kodinerd: runtime.cc:558] | group="" sCount=1 dsCount=0 flags=1 obj=0x12fc0550 self=0x2f44895000
10-07 15:51:50.518 11396 11714 F .xbmc.kodinerd: runtime.cc:558] | sysTid=11420 nice=4 cgrp=default sched=0/0 handle=0x2f5cf254f0
10-07 15:51:50.518 11396 11714 F .xbmc.kodinerd: runtime.cc:558] | state=S schedstat=( 1301714 30260 21 ) utm=0 stm=0 core=3 HZ=100
10-07 15:51:50.518 11396 11714 F .xbmc.kodinerd: runtime.cc:558] | stack=0x2f5ce22000-0x2f5ce24000 stackSize=1041KB
10-07 15:51:50.518 11396 11714 F .xbmc.kodinerd: runtime.cc:558] | held mutexes=
10-07 15:51:50.518 11396 11714 F .xbmc.kodinerd: runtime.cc:558] kernel: (couldn't read /proc/self/task/11420/stack)
10-07 15:51:50.518 11396 11714 F .xbmc.kodinerd: runtime.cc:558] native: #00 pc 000000000001f070 /system/lib64/libc.so (syscall+32)
10-07 15:51:50.518 11396 11714 F .xbmc.kodinerd: runtime.cc:558] native: #01 pc 00000000000d7678 /system/lib64/libart.so (art::ConditionVariable::TimedWait(art::Thread*, long, int)+168)
10-07 15:51:50.518 11396 11714 F .xbmc.kodinerd: runtime.cc:558] native: #02 pc 00000000003bce28 /system/lib64/libart.so (art::Monitor::Wait(art::Thread*, long, int, bool, art::ThreadState)+656)
10-07 15:51:50.518 11396 11714 F .xbmc.kodinerd: runtime.cc:558] native: #03 pc 00000000003be8d0 /system/lib64/libart.so (art::Monitor::Wait(art::Thread*, art::mirror::Object*, long, int, bool, art::ThreadState)+424)
10-07 15:51:50.518 11396 11714 F .xbmc.kodinerd: runtime.cc:558]
at java.lang.Thread.sleep(Native method)
10-07 15:51:50.518 11396 11714 F .xbmc.kodinerd: runtime.cc:558] - sleeping on <0x06d8e468> (a java.lang.Object)
10-07 15:51:50.518 11396 11714 F .xbmc.kodinerd: runtime.cc:558]
at java.lang.Thread.sleep(Thread.java:373)
10-07 15:51:50.518 11396 11714 F .xbmc.kodinerd: runtime.cc:558] - locked <0x06d8e468> (a java.lang.Object)
10-07 15:51:50.518 11396 11714 F .xbmc.kodinerd: runtime.cc:558]
at java.lang.Thread.sleep(Thread.java:314)
10-07 15:51:50.518 11396 11714 F .xbmc.kodinerd: runtime.cc:558]
at java.lang.Daemons$FinalizerWatchdogDaemon.sleepFor(Daemons.java:342)
10-07 15:51:50.518 11396 11714 F .xbmc.kodinerd: runtime.cc:558]
at java.lang.Daemons$FinalizerWatchdogDaemon.waitForFinalization(Daemons.java:364)
10-07 15:51:50.518 11396 11714 F .xbmc.kodinerd: runtime.cc:558]
at java.lang.Daemons$FinalizerWatchdogDaemon.runInternal(Daemons.java:281)
10-07 15:51:50.518 11396 11714 F .xbmc.kodinerd: runtime.cc:558]
at java.lang.Daemons$Daemon.run(Daemons.java:103)
10-07 15:51:50.518 11396 11714 F .xbmc.kodinerd: runtime.cc:558]
at java.lang.Thread.run(Thread.java:764)
10-07 15:51:50.518 11396 11714 F .xbmc.kodinerd: runtime.cc:558]
10-07 15:51:50.518 11396 11714 F .xbmc.kodinerd: runtime.cc:558] "HeapTaskDaemon" prio=10 tid=8 WaitingForTaskProcessor
10-07 15:51:50.518 11396 11714 F .xbmc.kodinerd: runtime.cc:558] | group="" sCount=1 dsCount=0 flags=1 obj=0x12fc3c38 self=0x2f44895c00
10-07 15:51:50.518 11396 11714 F .xbmc.kodinerd: runtime.cc:558] | sysTid=11421 nice=4 cgrp=default sched=0/0 handle=0x2f5d02b4f0
10-07 15:51:50.518 11396 11714 F .xbmc.kodinerd: runtime.cc:558] | state=S schedstat=( 248766352 52147917 262 ) utm=23 stm=1 core=1 HZ=100
10-07 15:51:50.518 11396 11714 F .xbmc.kodinerd: runtime.cc:558] | stack=0x2f5cf28000-0x2f5cf2a000 stackSize=1041KB
10-07 15:51:50.518 11396 11714 F .xbmc.kodinerd: runtime.cc:558] | held mutexes=
10-07 15:51:50.518 11396 11714 F .xbmc.kodinerd: runtime.cc:558] kernel: (couldn't read /proc/self/task/11421/stack)
10-07 15:51:50.518 11396 11714 F .xbmc.kodinerd: runtime.cc:558] native: #00 pc 000000000001f070 /system/lib64/libc.so (syscall+32)
10-07 15:51:50.518 11396 11714 F .xbmc.kodinerd: runtime.cc:558] native: #01 pc 00000000000d7678 /system/lib64/libart.so (art::ConditionVariable::TimedWait(art::Thread*, long, int)+168)
