10-07 15:54:33.774 11894 11934 V Kodi : Debug Print: CVideoGUIInfo::InitCurrentItem(plugin://plugin.video.skygo.de/?parental_rating=12&vod_id=837475&art=%7B%27fanart%27%3A+u%27https%3A%2F%2Fskyticket.sky.de%2Fbin%2FPicture%2F524%2FC_1_Picture_315000_hero_img.jpg%7CUser-Agent%3DMozilla%2F5.0+%28Windows+NT+10.0%3B+Win64%3B+x64%29+AppleWebKit%2F537.36+%28KHTML%2C+like+Gecko%29+Chrome%2F70.0.3538.110+Safari%2F537.36%27%2C+%27poster%27%3A+u%27https%3A%2F%2Fskyticket.sky.de%2Fst%2Fbin%2FAsset%2Fweb%2Fdvd_cover_837475.jpg%7CUser-Agent%3DMozilla%2F5.0+%28Windows+NT+10.0%3B+Win64%3B+x64%29+AppleWebKit%2F537.36+%28KHTML%2C+like+Gecko%29+Chrome%2F70.0.3538.110+Safari%2F537.36%27%7D&zz=&action=playVod&infolabels=%7B%27plot%27%3A+u%27Verf%5Cxfcgbar+bis+30.09.2020%5Cn%5CnBer%5Cxfchrender+Abenteuerfilm+mit+einem+intensiven+Auftritt+von+Emile+Hirsch+inmitten+einer+%5Cxfcberw%5Cxe4ltigenden+Natur.+-+Chris+McCandless+%28Emile+Hirsch%29+z%5Cxe4hlt+bei+seinem+Uni-Abschluss+zu+den+Besten+und+blickt+einer+erfolgreichen+Zukunft+entgegen.+Da+beschlie%5Cxdft+er%2C+ein+neu
10-07 15:54:33.775 11894 11934 V Kodi : Debug Print: CPlayerGUIInfo::InitCurrentItem(plugin://plugin.video.skygo.de/?parental_rating=12&vod_id=837475&art=%7B%27fanart%27%3A+u%27https%3A%2F%2Fskyticket.sky.de%2Fbin%2FPicture%2F524%2FC_1_Picture_315000_hero_img.jpg%7CUser-Agent%3DMozilla%2F5.0+%28Windows+NT+10.0%3B+Win64%3B+x64%29+AppleWebKit%2F537.36+%28KHTML%2C+like+Gecko%29+Chrome%2F70.0.3538.110+Safari%2F537.36%27%2C+%27poster%27%3A+u%27https%3A%2F%2Fskyticket.sky.de%2Fst%2Fbin%2FAsset%2Fweb%2Fdvd_cover_837475.jpg%7CUser-Agent%3DMozilla%2F5.0+%28Windows+NT+10.0%3B+Win64%3B+x64%29+AppleWebKit%2F537.36+%28KHTML%2C+like+Gecko%29+Chrome%2F70.0.3538.110+Safari%2F537.36%27%7D&zz=&action=playVod&infolabels=%7B%27plot%27%3A+u%27Verf%5Cxfcgbar+bis+30.09.2020%5Cn%5CnBer%5Cxfchrender+Abenteuerfilm+mit+einem+intensiven+Auftritt+von+Emile+Hirsch+inmitten+einer+%5Cxfcberw%5Cxe4ltigenden+Natur.+-+Chris+McCandless+%28Emile+Hirsch%29+z%5Cxe4hlt+bei+seinem+Uni-Abschluss+zu+den+Besten+und+blickt+einer+erfolgreichen+Zukunft+entgegen.+Da+beschlie%5Cxdft+er%2C+ein+ne
10-07 15:54:33.776 11894 12028 V Kodi : Debug Print: CAddonSettings[inputstream.adaptive]: loading setting values
10-07 15:54:33.777 11894 12028 V Kodi : Debug Print: CAddonSettings[inputstream.adaptive]: loading setting definitions
10-07 15:54:33.779 11894 12028 V Kodi : Debug Print: CAddonSettings[inputstream.adaptive]: loading setting values
10-07 15:54:33.782 11894 12028 V Kodi : Debug Print: CAddonSettings[inputstream.adaptive]: loading setting definitions
10-07 15:54:33.784 11894 12028 V Kodi : Debug Print: CAddonSettings[inputstream.adaptive]: loading setting values
10-07 15:54:33.785 11894 12028 V Kodi : Debug Print: CAddonSettings[inputstream.adaptive]: loading setting definitions
10-07 15:54:33.787 11894 12028 V Kodi : Debug Print: CAddonSettings[inputstream.adaptive]: loading setting values
10-07 15:54:33.787 11894 12028 V Kodi : Debug Print: AddOnLog: InputStream Adaptive: Searching for decrypters in: /data/app/org.xbmc.kodinerds-vbrsgimfQ6CBkJOdBTO2Fw==/lib/arm64
10-07 15:54:33.791 11894 11937 V Kodi : Debug Print: void CXBMCApp::OnPlayBackStarted()
10-07 15:54:33.796 4869 4869 D NowPlayingListener: onActiveSessionsChanged() called with: controllers = [[android.media.session.MediaController@46b16c4]]
10-07 15:54:33.796 4869 4869 D NowPlayingListener: updateMediaSessionCallback: android.media.session.MediaController@46b16c4
10-07 15:54:33.796 3728 3728 V NewAvrcpMediaPlayerList: onActiveSessionsChanged: number of controllers: 1
10-07 15:54:33.796 3728 4293 W Avrcp : playState object null, sending STOPPED
10-07 15:54:33.797 5872 5872 D DeviceControlManagerService: active session:org.xbmc.kodinerds
10-07 15:54:33.797 3728 3728 D NewAvrcpMediaPlayerList: onActiveSessionsChanged: controller: org.xbmc.kodinerds
10-07 15:54:33.798 3728 3728 D NewAvrcpMediaPlayerList: Already have a controller for the player: org.xbmc.kodinerds, updating instead
10-07 15:54:33.801 4869 4869 D NowPlayingManager: onClientChanged() called with: clearing = [true]
10-07 15:54:33.801 3728 3728 D NewAvrcpMediaPlayerWrapper: org.xbmc.kodinerds: Controller for org.xbmc.kodinerds was updated.
10-07 15:54:33.803 11894 12028 V Kodi : Debug Print: AddOnLog: InputStream Adaptive: WVDecrypter JNI, SDK version: 28, class: org/xbmc/kodinerds
10-07 15:54:33.806 11894 12028 W .xbmc.kodinerd: ClassLoaderContext size mismatch. expected=1, actual=2 (PCL[] | PCL[];PCL[])
10-07 15:54:33.807 11894 11937 W AudioManager: Use of stream types is deprecated for operations other than volume control
10-07 15:54:33.807 11894 11937 W AudioManager: See the documentation of requestAudioFocus() for what to use instead with android.media.AudioAttributes to qualify your playback use case
10-07 15:54:33.808 11894 12028 V Kodi : Debug Print: AddOnLog: InputStream Adaptive: WVDecrypter constructed
10-07 15:54:33.808 3543 5120 I MediaFocusControl: requestAudioFocus() from uid/pid 10159/11894 clientId=android.media.AudioManager@d7d3d13org.xbmc.kodinerds.interfaces.XBMCAudioManagerOnAudioFocusChangeListener@6a0fb50 callingPack=org.xbmc.kodinerds req=1 flags=0x0 sdk=28
10-07 15:54:33.809 11894 12028 V Kodi : Debug Print: AddOnLog: InputStream Adaptive: Key system request: com.microsoft.playready
10-07 15:54:33.809 11894 12028 V Kodi : Debug Print: AddOnLog: InputStream Adaptive: Found decrypter: /data/app/org.xbmc.kodinerds-vbrsgimfQ6CBkJOdBTO2Fw==/lib/arm64/libssd_wv.so
10-07 15:54:33.809 11894 12028 V Kodi : Debug Print: AddOnLog: InputStream Adaptive: Supported URN: urn:uuid:9A04F079-9840-4286-AB92-E65BE0885F95
10-07 15:54:33.809 11894 11937 V Kodi : Debug Print: Visible Behind request: false
10-07 15:54:33.809 5872 5872 D DeviceControlManagerService: onPlaybackStateChanged :PlaybackState {state=3, position=0, buffered position=0, speed=1.0, updated=1267302, actions=-1, custom actions=[], active item id=-1, error=null}
10-07 15:54:33.810 4869 4869 D NowPlayingListener: onPlaybackStateChanged: PlaybackState {state=3, position=0, buffered position=0, speed=1.0, updated=1267302, actions=-1, custom actions=[], active item id=-1, error=null}
10-07 15:54:33.810 4869 4869 D NowPlayingListener: updatePlayback() called with: state = [PlaybackState {state=3, position=0, buffered position=0, speed=1.0, updated=1267302, actions=-1, custom actions=[], active item id=-1, error=null}] and now playing listener: com.google.android.tvrecommendations.NowPlayingManager@ab6ca20
10-07 15:54:33.810 4869 4869 D NowPlayingManager: onClientPlaybackStateUpdate() called with: state = [3], stateChangeTimeMs = [1267302], currentPosMs = [0]
10-07 15:54:33.810 4869 4869 D NowPlayingManager: onClientPlaybackStateUpdate: Skipped update, state: 3 was unchanged
10-07 15:54:33.811 3728 3728 D NewAvrcpMediaPlayerList: sendMediaUpdate
10-07 15:54:33.811 3728 3728 I NewAvrcpMediaPlayerList: sendMediaUpdate: Creating a one item queue for a player with no queue
10-07 15:54:33.811 3728 3728 D NewAvrcpTargetService: onMediaUpdated: track_changed=true state=false queue=true
10-07 15:54:33.811 3728 3728 D NewAvrcpNativeInterface: sendMediaUpdate: metadata=true playStatus=false queue=true
10-07 15:54:33.811 3728 3728 D NewAvrcpTargetJni: sendMediaUpdateNative
10-07 15:54:33.811 3728 3728 I bt_stack: [INFO:avrcp_service.cc(342)] virtual void bluetooth::avrcp::AvrcpService::SendMediaUpdate(bool, bool, bool) track_changed=1 : play_state=0 : queue=1
10-07 15:54:33.812 4869 4869 D NowPlayingListener: updateMetadata() called with: metadata = [android.media.MediaMetadata@2c6e2695] and now playing listener: com.google.android.tvrecommendations.NowPlayingManager@ab6ca20
10-07 15:54:33.812 3728 3728 V NewAvrcpMediaPlayerWrapper: onPlaybackStateChanged(): org.xbmc.kodinerds : PlaybackState {state=3, position=0, buffered position=0, speed=1.0, updated=1267302, actions=-1, custom actions=[], active item id=-1, error=null}
10-07 15:54:33.812 11894 12028 V Kodi : Debug Print: CurlFile::Open(0x2f6e85f880) http://skywebvod-s.akamaihd.net/ondemand/Production/de_at/movies/F30043621____100332004/F30043621____100332004.ism/Manifest
10-07 15:54:33.815 3728 3728 V NewAvrcpMediaPlayerWrapper: trySendMediaUpdate(): Metadata has been updated for org.xbmc.kodinerds
10-07 15:54:33.815 3728 3728 D NewAvrcpMediaPlayerList: sendMediaUpdate
10-07 15:54:33.815 3728 3728 I NewAvrcpMediaPlayerList: sendMediaUpdate: Creating a one item queue for a player with no queue
10-07 15:54:33.815 3728 3728 D NewAvrcpTargetService: onMediaUpdated: track_changed=false state=false queue=false
10-07 15:54:33.815 3728 3728 D NewAvrcpNativeInterface: sendMediaUpdate: metadata=false playStatus=false queue=false
10-07 15:54:33.816 3728 3728 D NewAvrcpTargetJni: sendMediaUpdateNative
10-07 15:54:33.816 3728 3728 I bt_stack: [INFO:avrcp_service.cc(342)] virtual void bluetooth::avrcp::AvrcpService::SendMediaUpdate(bool, bool, bool) track_changed=0 : play_state=0 : queue=0
10-07 15:54:33.817 4869 4869 D NowPlayingManager: onMediaDataUpdated() called with: mediaData = [com.google.android.tvrecommendations.NowPlayingData@f8254e2]
10-07 15:54:33.827 4869 4869 D TVNotifService: onTVNotificationPosted StatusBarNotification(pkg=com.google.android.tvrecommendations user=UserHandle{0} id=4321 tag=Notification.NowPlaying key=0|com.google.android.tvrecommendations|4321|Notification.NowPlaying|10034: Notification(channel=now_playing pri=0 contentView=null vibrate=null sound=null defaults=0x0 flags=0x0 color=0x00000000 vis=PRIVATE)) userId: 0
10-07 15:54:33.902 11894 11934 V Kodi : Debug Print: ------ Window Init (DialogBusy.xml) ------
10-07 15:54:33.902 11894 11934 V Kodi : Debug Print: Window DialogBusy.xml was already loaded
10-07 15:54:33.902 11894 11934 V Kodi : Debug Print: Alloc resources: 0.06ms
10-07 15:54:33.906 5872 5872 D DeviceControlManagerService: onPlaybackStateChanged :PlaybackState {state=3, position=0, buffered position=0, speed=1.0, updated=1267405, actions=-1, custom actions=[], active item id=-1, error=null}
10-07 15:54:33.906 3728 3728 V NewAvrcpMediaPlayerWrapper: onPlaybackStateChanged(): org.xbmc.kodinerds : PlaybackState {state=3, position=0, buffered position=0, speed=1.0, updated=1267405, actions=-1, custom actions=[], active item id=-1, error=null}
10-07 15:54:33.907 3728 3728 W NewAvrcpMediaPlayerWrapper: onPlaybackStateChanged(): org.xbmc.kodinerds tried to update with no new data
10-07 15:54:33.907 4869 4869 D NowPlayingListener: onPlaybackStateChanged: PlaybackState {state=3, position=0, buffered position=0, speed=1.0, updated=1267405, actions=-1, custom actions=[], active item id=-1, error=null}
10-07 15:54:33.907 4869 4869 D NowPlayingListener: updatePlayback() called with: state = [PlaybackState {state=3, position=0, buffered position=0, speed=1.0, updated=1267405, actions=-1, custom actions=[], active item id=-1, error=null}] and now playing listener: com.google.android.tvrecommendations.NowPlayingManager@ab6ca20
10-07 15:54:33.907 4869 4869 D NowPlayingManager: onClientPlaybackStateUpdate() called with: state = [3], stateChangeTimeMs = [1267405], currentPosMs = [0]
10-07 15:54:33.907 4869 4869 D NowPlayingManager: onClientPlaybackStateUpdate: Skipped update, state: 3 was unchanged
10-07 15:54:33.907 11894 12029 V Kodi : Debug Print: Thread BackgroundLoader 203602015472 terminating
10-07 15:54:33.907 4869 4869 D NowPlayingListener: updateMetadata() called with: metadata = [android.media.MediaMetadata@2c6e2695] and now playing listener: com.google.android.tvrecommendations.NowPlayingManager@ab6ca20
10-07 15:54:33.910 4869 4869 D NowPlayingManager: onMediaDataUpdated() called with: mediaData = [com.google.android.tvrecommendations.NowPlayingData@264db30]
10-07 15:54:33.920 4869 4869 D TVNotifService: onTVNotificationPosted StatusBarNotification(pkg=com.google.android.tvrecommendations user=UserHandle{0} id=4321 tag=Notification.NowPlaying key=0|com.google.android.tvrecommendations|4321|Notification.NowPlaying|10034: Notification(channel=now_playing pri=0 contentView=null vibrate=null sound=null defaults=0x0 flags=0x0 color=0x00000000 vis=PRIVATE)) userId: 0
10-07 15:54:34.080 11894 12028 V Kodi : Debug Print: AddOnLog: InputStream Adaptive: Effective URL http://skywebvod-s.akamaihd.net/ondemand/Production/de_at/movies/F30043621____100332004/F30043621____100332004.ism/Manifest
10-07 15:54:34.312 11894 12028 V Kodi : Debug Print: AddOnLog: InputStream Adaptive: Download http://skywebvod-s.akamaihd.net/ondemand/Production/de_at/movies/F30043621____100332004/F30043621____100332004.ism/Manifest finished
10-07 15:54:34.314 11894 12028 V Kodi : Debug Print: AddOnLog: InputStream Adaptive: Successfully parsed .mpd file. #Streams: 2 Type: VOD, Download speed: 0.0000 Bytes/s
10-07 15:54:34.317 11894 12028 V Kodi : Debug Print: CAddonSettings[inputstream.adaptive]: loading setting definitions
10-07 15:54:34.319 11894 12028 V Kodi : Debug Print: CAddonSettings[inputstream.adaptive]: loading setting values
10-07 15:54:34.320 11894 12028 V Kodi : Debug Print: CAddonSettings[inputstream.adaptive]: loading setting definitions
10-07 15:54:34.322 11894 12028 V Kodi : Debug Print: CAddonSettings[inputstream.adaptive]: loading setting values
10-07 15:54:34.323 11894 12028 V Kodi : Debug Print: AddOnLog: InputStream Adaptive: Entering encryption section
10-07 15:54:34.326 3322 3357 D DrmHal : found drm@1.0 IDrmFactory clearkey
10-07 15:54:34.327 3322 3357 D DrmHal : found drm@1.0 IDrmFactory default
10-07 15:54:34.328 3322 3357 D DrmHal : found drm@1.0 IDrmFactory playready
10-07 15:54:34.329 3322 3357 D DrmHal : found drm@1.0 IDrmFactory widevine
10-07 15:54:34.331 3322 3357 D DrmHal : found drm@1.1 IDrmFactory clearkey
10-07 15:54:34.333 3322 3357 D DrmHal : found drm@1.1 IDrmFactory playready
10-07 15:54:34.335 3322 3357 D DrmHal : found drm@1.1 IDrmFactory widevine
10-07 15:54:34.337 3096 3096 E DxNvGooModularPlugin: setListener
10-07 15:54:34.338 3096 12033 D DxDrmModularPlugin: DxModularDrmPluginBase::getPropertyByteArray - name = deviceUniqueId value = (null)
10-07 15:54:34.338 3096 12033 W DxDrmModularPlugin: Unable to convert legacy status: -2, defaulting to UNKNOWN
10-07 15:54:34.338 11894 12028 E MediaDrm-JNI: Illegal state exception: Failed to get property: General DRM error (-2000)
10-07 15:54:34.391 11894 12028 F .xbmc.kodinerd: java_vm_ext.cc:542] JNI DETECTED ERROR IN APPLICATION: JNI GetArrayLength called with pending exception android.media.MediaDrm$MediaDrmStateException: Failed to get property: General DRM error
10-07 15:54:34.391 11894 12028 F .xbmc.kodinerd: java_vm_ext.cc:542] at byte[] android.media.MediaDrm.getPropertyByteArray(java.lang.String) (MediaDrm.java:-2)
10-07 15:54:34.391 11894 12028 F .xbmc.kodinerd: java_vm_ext.cc:542]
10-07 15:54:34.391 11894 12028 F .xbmc.kodinerd: java_vm_ext.cc:542] in call to GetArrayLength
10-07 15:54:34.391 11894 12028 F .xbmc.kodinerd: java_vm_ext.cc:542] "Thread-12" prio=10 tid=29 Runnable
10-07 15:54:34.392 11894 12028 F .xbmc.kodinerd: java_vm_ext.cc:542] | group="main" sCount=0 dsCount=0 flags=0 obj=0x12d00000 self=0x2f6e6cc400
10-07 15:54:34.392 11894 12028 F .xbmc.kodinerd: java_vm_ext.cc:542] | sysTid=12028 nice=-10 cgrp=default sched=0/0 handle=0x2f67ff74f0
10-07 15:54:34.392 11894 12028 F .xbmc.kodinerd: java_vm_ext.cc:542] | state=R schedstat=( 76456401 14805206 126 ) utm=7 stm=0 core=1 HZ=100
10-07 15:54:34.392 11894 12028 F .xbmc.kodinerd: java_vm_ext.cc:542] | stack=0x2f67efc000-0x2f67efe000 stackSize=1009KB
10-07 15:54:34.392 11894 12028 F .xbmc.kodinerd: java_vm_ext.cc:542] | held mutexes= "mutator lock"(shared held)
10-07 15:54:34.392 11894 12028 F .xbmc.kodinerd: java_vm_ext.cc:542] native: #00 pc 00000000003c1870 /system/lib64/libart.so (art::DumpNativeStack(std::__1::basic_ostream>&, int, BacktraceMap*, char const*, art::ArtMethod*, void*, bool)+220)
10-07 15:54:34.392 11894 12028 F .xbmc.kodinerd: java_vm_ext.cc:542] native: #01 pc 000000000048ee2c /system/lib64/libart.so (art::Thread::DumpStack(std::__1::basic_ostream>&, bool, BacktraceMap*, bool) const+352)
10-07 15:54:34.392 11894 12028 F .xbmc.kodinerd: java_vm_ext.cc:542] native: #02 pc 00000000002e4d50 /system/lib64/libart.so (art::JavaVMExt::JniAbort(char const*, char const*)+968)
10-07 15:54:34.392 11894 12028 F .xbmc.kodinerd: java_vm_ext.cc:542] native: #03 pc 00000000002e5160 /system/lib64/libart.so (art::JavaVMExt::JniAbortV(char const*, char const*, std::__va_list)+116)
10-07 15:54:34.392 11894 12028 F .xbmc.kodinerd: java_vm_ext.cc:542] native: #04 pc 00000000000fcff8 /system/lib64/libart.so (art::(anonymous namespace)::ScopedCheck::AbortF(char const*, ...)+148)
10-07 15:54:34.392 11894 12028 F .xbmc.kodinerd: java_vm_ext.cc:542] native: #05 pc 00000000000fb9d4 /system/lib64/libart.so (art::(anonymous namespace)::ScopedCheck::CheckPossibleHeapValue(art::ScopedObjectAccess&, char, art::(anonymous namespace)::JniValueType)+1152)
10-07 15:54:34.392 11894 12028 F .xbmc.kodinerd: java_vm_ext.cc:542] native: #06 pc 00000000000fad40 /system/lib64/libart.so (art::(anonymous namespace)::ScopedCheck::Check(art::ScopedObjectAccess&, bool, char const*, art::(anonymous namespace)::JniValueType*)+628)
10-07 15:54:34.392 11894 12028 F .xbmc.kodinerd: java_vm_ext.cc:542] native: #07 pc 00000000000f1b34 /system/lib64/libart.so (art::(anonymous namespace)::CheckJNI::GetArrayLength(_JNIEnv*, _jarray*)+688)
10-07 15:54:34.392 11894 12028 F .xbmc.kodinerd: java_vm_ext.cc:542] native: #08 pc 000000000007ccb4 /data/app/org.xbmc.kodinerds-vbrsgimfQ6CBkJOdBTO2Fw==/lib/arm64/libssd_wv.so (jni::CJNIMediaDrm::getPropertyByteArray(std::__ndk1::basic_string, std::__ndk1::allocator> const&) const+128)
10-07 15:54:34.392 11894 12028 F .xbmc.kodinerd: java_vm_ext.cc:542] native: #09 pc 0000000000070098 /data/app/org.xbmc.kodinerds-vbrsgimfQ6CBkJOdBTO2Fw==/lib/arm64/libssd_wv.so (WV_DRM::WV_DRM(WV_KEYSYSTEM, char const*, AP4_DataBuffer const&, jni::CJNIMediaDrmOnEventListener*)+980)
10-07 15:54:34.392 11894 12028 F .xbmc.kodinerd: java_vm_ext.cc:542] native: #10 pc 0000000000076028 /data/app/org.xbmc.kodinerds-vbrsgimfQ6CBkJOdBTO2Fw==/lib/arm64/libssd_wv.so (WVDecrypter::OpenDRMSystem(char const*, AP4_DataBuffer const&, unsigned char)+68)
10-07 15:54:34.392 11894 12028 F .xbmc.kodinerd: java_vm_ext.cc:542] native: #11 pc 00000000000ccd90 /data/app/org.xbmc.kodinerds-vbrsgimfQ6CBkJOdBTO2Fw==/lib/arm64/libinputstream.adaptive.so (Session::initialize(unsigned char, unsigned int)+1196)
10-07 15:54:34.392 11894 12028 F .xbmc.kodinerd: java_vm_ext.cc:542] native: #12 pc 00000000000cfe84 /data/app/org.xbmc.kodinerds-vbrsgimfQ6CBkJOdBTO2Fw==/lib/arm64/libinputstream.adaptive.so (CInputStreamAdaptive::Open(INPUTSTREAM&)+1596)
10-07 15:54:34.392 11894 12028 F .xbmc.kodinerd: java_vm_ext.cc:542] native: #13 pc 0000000001384eb8 /data/app/org.xbmc.kodinerds-vbrsgimfQ6CBkJOdBTO2Fw==/lib/arm64/libkodi.so (CInputStreamAddon::Open()+652)
10-07 15:54:34.392 11894 12028 F .xbmc.kodinerd: java_vm_ext.cc:542] native: #14 pc 000000000140c5f0 /data/app/org.xbmc.kodinerds-vbrsgimfQ6CBkJOdBTO2Fw==/lib/arm64/libkodi.so (CVideoPlayer::OpenInputStream()+384)
10-07 15:54:34.392 11894 12028 F .xbmc.kodinerd: java_vm_ext.cc:542] native: #15 pc 000000000140e7cc /data/app/org.xbmc.kodinerds-vbrsgimfQ6CBkJOdBTO2Fw==/lib/arm64/libkodi.so (CVideoPlayer::Prepare()+292)
10-07 15:54:34.392 11894 12028 F .xbmc.kodinerd: java_vm_ext.cc:542] native: #16 pc 000000000140fa00 /data/app/org.xbmc.kodinerds-vbrsgimfQ6CBkJOdBTO2Fw==/lib/arm64/libkodi.so (CVideoPlayer::Process()+72)
10-07 15:54:34.392 11894 12028 F .xbmc.kodinerd: java_vm_ext.cc:542] native: #17 pc 0000000001608a94 /data/app/org.xbmc.kodinerds-vbrsgimfQ6CBkJOdBTO2Fw==/lib/arm64/libkodi.so (CThread::Action()+40)
10-07 15:54:34.392 11894 12028 F .xbmc.kodinerd: java_vm_ext.cc:542] native: #18 pc 0000000001609038 /data/app/org.xbmc.kodinerds-vbrsgimfQ6CBkJOdBTO2Fw==/lib/arm64/libkodi.so (???)
10-07 15:54:34.392 11894 12028 F .xbmc.kodinerd: java_vm_ext.cc:542] native: #19 pc 0000000001608eec /data/app/org.xbmc.kodinerds-vbrsgimfQ6CBkJOdBTO2Fw==/lib/arm64/libkodi.so (???)
10-07 15:54:34.392 11894 12028 F .xbmc.kodinerd: java_vm_ext.cc:542] native: #20 pc 0000000001608cf8 /data/app/org.xbmc.kodinerds-vbrsgimfQ6CBkJOdBTO2Fw==/lib/arm64/libkodi.so (???)
10-07 15:54:34.392 11894 12028 F .xbmc.kodinerd: java_vm_ext.cc:542] native: #21 pc 0000000000081978 /system/lib64/libc.so (__pthread_start(void*)+36)
10-07 15:54:34.392 11894 12028 F .xbmc.kodinerd: java_vm_ext.cc:542] native: #22 pc 00000000000234b8 /system/lib64/libc.so (__start_thread+68)
10-07 15:54:34.392 11894 12028 F .xbmc.kodinerd: java_vm_ext.cc:542] (no managed stack frames)
10-07 15:54:34.392 11894 12028 F .xbmc.kodinerd: java_vm_ext.cc:542]
10-07 15:54:34.505 11894 11975 V Kodi : Debug Print: SOCK: Error selecting socket(s)
10-07 15:54:34.506 11894 11975 V Kodi : Debug Print: ES: Exception caught while listening for socket
10-07 15:54:34.506 11894 11975 V Kodi : Debug Print: ES: UDP Event server stopped
10-07 15:54:34.520 5872 5872 D DeviceControlManagerService: onPlaybackStateChanged :PlaybackState {state=3, position=0, buffered position=0, speed=1.0, updated=1268020, actions=-1, custom actions=[], active item id=-1, error=null}
10-07 15:54:34.520 4869 4869 D NowPlayingListener: onPlaybackStateChanged: PlaybackState {state=3, position=0, buffered position=0, speed=1.0, updated=1268020, actions=-1, custom actions=[], active item id=-1, error=null}
10-07 15:54:34.520 4869 4869 D NowPlayingListener: updatePlayback() called with: state = [PlaybackState {state=3, position=0, buffered position=0, speed=1.0, updated=1268020, actions=-1, custom actions=[], active item id=-1, error=null}] and now playing listener: com.google.android.tvrecommendations.NowPlayingManager@ab6ca20
10-07 15:54:34.520 4869 4869 D NowPlayingManager: onClientPlaybackStateUpdate() called with: state = [3], stateChangeTimeMs = [1268020], currentPosMs = [0]
10-07 15:54:34.520 4869 4869 D NowPlayingManager: onClientPlaybackStateUpdate: Skipped update, state: 3 was unchanged
10-07 15:54:34.521 4869 4869 D NowPlayingListener: updateMetadata() called with: metadata = [android.media.MediaMetadata@2c6e2695] and now playing listener: com.google.android.tvrecommendations.NowPlayingManager@ab6ca20
10-07 15:54:34.521 3728 3728 V NewAvrcpMediaPlayerWrapper: onPlaybackStateChanged(): org.xbmc.kodinerds : PlaybackState {state=3, position=0, buffered position=0, speed=1.0, updated=1268020, actions=-1, custom actions=[], active item id=-1, error=null}
10-07 15:54:34.521 3728 3728 W NewAvrcpMediaPlayerWrapper: onPlaybackStateChanged(): org.xbmc.kodinerds tried to update with no new data
10-07 15:54:34.524 4869 4869 D NowPlayingManager: onMediaDataUpdated() called with: mediaData = [com.google.android.tvrecommendations.NowPlayingData@f74dd2e]
10-07 15:54:34.546 4869 4869 D TVNotifService: onTVNotificationPosted StatusBarNotification(pkg=com.google.android.tvrecommendations user=UserHandle{0} id=4321 tag=Notification.NowPlaying key=0|com.google.android.tvrecommendations|4321|Notification.NowPlaying|10034: Notification(channel=now_playing pri=0 contentView=null vibrate=null sound=null defaults=0x0 flags=0x0 color=0x00000000 vis=PRIVATE)) userId: 0
10-07 15:54:34.557 11894 12028 F .xbmc.kodinerd: runtime.cc:558] Runtime aborting...
10-07 15:54:34.558 11894 12028 F .xbmc.kodinerd: runtime.cc:558] Dumping all threads without appropriate locks held: thread list lock mutator lock
10-07 15:54:34.558 11894 12028 F .xbmc.kodinerd: runtime.cc:558] All threads:
10-07 15:54:34.558 11894 12028 F .xbmc.kodinerd: runtime.cc:558] DALVIK THREADS (29):
10-07 15:54:34.558 11894 12028 F .xbmc.kodinerd: runtime.cc:558] "Thread-12" prio=10 tid=29 Runnable
10-07 15:54:34.558 11894 12028 F .xbmc.kodinerd: runtime.cc:558] | group="" sCount=0 dsCount=0 flags=0 obj=0x12d00000 self=0x2f6e6cc400
10-07 15:54:34.558 11894 12028 F .xbmc.kodinerd: runtime.cc:558] | sysTid=12028 nice=-10 cgrp=default sched=0/0 handle=0x2f67ff74f0
10-07 15:54:34.558 11894 12028 F .xbmc.kodinerd: runtime.cc:558] | state=R schedstat=( 130733067 22485776 197 ) utm=10 stm=2 core=1 HZ=100
10-07 15:54:34.558 11894 12028 F .xbmc.kodinerd: runtime.cc:558] | stack=0x2f67efc000-0x2f67efe000 stackSize=1009KB
10-07 15:54:34.558 11894 12028 F .xbmc.kodinerd: runtime.cc:558] | held mutexes= "abort lock" "mutator lock"(shared held)
10-07 15:54:34.558 11894 12028 F .xbmc.kodinerd: runtime.cc:558] native: #00 pc 00000000003c1870 /system/lib64/libart.so (art::DumpNativeStack(std::__1::basic_ostream>&, int, BacktraceMap*, char const*, art::ArtMethod*, void*, bool)+220)
10-07 15:54:34.558 11894 12028 F .xbmc.kodinerd: runtime.cc:558] native: #01 pc 000000000048ee2c /system/lib64/libart.so (art::Thread::DumpStack(std::__1::basic_ostream>&, bool, BacktraceMap*, bool) const+352)
10-07 15:54:34.558 11894 12028 F .xbmc.kodinerd: runtime.cc:558] native: #02 pc 00000000004a89b8 /system/lib64/libart.so (art::DumpCheckpoint::Run(art::Thread*)+844)
10-07 15:54:34.558 11894 12028 F .xbmc.kodinerd: runtime.cc:558] native: #03 pc 00000000004a17c4 /system/lib64/libart.so (art::ThreadList::RunCheckpoint(art::Closure*, art::Closure*)+484)
10-07 15:54:34.558 11894 12028 F .xbmc.kodinerd: runtime.cc:558] native: #04 pc 00000000004a0c54 /system/lib64/libart.so (art::ThreadList::Dump(std::__1::basic_ostream>&, bool)+1036)
10-07 15:54:34.558 11894 12028 F .xbmc.kodinerd: runtime.cc:558] native: #05 pc 0000000000463fd8 /system/lib64/libart.so (art::Runtime::Abort(char const*)+388)
10-07 15:54:34.558 11894 12028 F .xbmc.kodinerd: runtime.cc:558] native: #06 pc 0000000000008cd4 /system/lib64/libbase.so (android::base::LogMessage::~LogMessage()+724)
10-07 15:54:34.558 11894 12028 F .xbmc.kodinerd: runtime.cc:558] native: #07 pc 00000000002e4ff0 /system/lib64/libart.so (art::JavaVMExt::JniAbort(char const*, char const*)+1640)
10-07 15:54:34.558 11894 12028 F .xbmc.kodinerd: runtime.cc:558] native: #08 pc 00000000002e5160 /system/lib64/libart.so (art::JavaVMExt::JniAbortV(char const*, char const*, std::__va_list)+116)
10-07 15:54:34.558 11894 12028 F .xbmc.kodinerd: runtime.cc:558] native: #09 pc 00000000000fcff8 /system/lib64/libart.so (art::(anonymous namespace)::ScopedCheck::AbortF(char const*, ...)+148)
10-07 15:54:34.558 11894 12028 F .xbmc.kodinerd: runtime.cc:558] native: #10 pc 00000000000fb9d4 /system/lib64/libart.so (art::(anonymous namespace)::ScopedCheck::CheckPossibleHeapValue(art::ScopedObjectAccess&, char, art::(anonymous namespace)::JniValueType)+1152)
10-07 15:54:34.558 11894 12028 F .xbmc.kodinerd: runtime.cc:558] native: #11 pc 00000000000fad40 /system/lib64/libart.so (art::(anonymous namespace)::ScopedCheck::Check(art::ScopedObjectAccess&, bool, char const*, art::(anonymous namespace)::JniValueType*)+628)
10-07 15:54:34.558 11894 12028 F .xbmc.kodinerd: runtime.cc:558] native: #12 pc 00000000000f1b34 /system/lib64/libart.so (art::(anonymous namespace)::CheckJNI::GetArrayLength(_JNIEnv*, _jarray*)+688)
10-07 15:54:34.558 11894 12028 F .xbmc.kodinerd: runtime.cc:558] native: #13 pc 000000000007ccb4 /data/app/org.xbmc.kodinerds-vbrsgimfQ6CBkJOdBTO2Fw==/lib/arm64/libssd_wv.so (jni::CJNIMediaDrm::getPropertyByteArray(std::__ndk1::basic_string, std::__ndk1::allocator> const&) const+128)
10-07 15:54:34.558 11894 12028 F .xbmc.kodinerd: runtime.cc:558] native: #14 pc 0000000000070098 /data/app/org.xbmc.kodinerds-vbrsgimfQ6CBkJOdBTO2Fw==/lib/arm64/libssd_wv.so (WV_DRM::WV_DRM(WV_KEYSYSTEM, char const*, AP4_DataBuffer const&, jni::CJNIMediaDrmOnEventListener*)+980)
10-07 15:54:34.558 11894 12028 F .xbmc.kodinerd: runtime.cc:558] native: #15 pc 0000000000076028 /data/app/org.xbmc.kodinerds-vbrsgimfQ6CBkJOdBTO2Fw==/lib/arm64/libssd_wv.so (WVDecrypter::OpenDRMSystem(char const*, AP4_DataBuffer const&, unsigned char)+68)
10-07 15:54:34.558 11894 12028 F .xbmc.kodinerd: runtime.cc:558] native: #16 pc 00000000000ccd90 /data/app/org.xbmc.kodinerds-vbrsgimfQ6CBkJOdBTO2Fw==/lib/arm64/libinputstream.adaptive.so (Session::initialize(unsigned char, unsigned int)+1196)
10-07 15:54:34.558 11894 12028 F .xbmc.kodinerd: runtime.cc:558] native: #17 pc 00000000000cfe84 /data/app/org.xbmc.kodinerds-vbrsgimfQ6CBkJOdBTO2Fw==/lib/arm64/libinputstream.adaptive.so (CInputStreamAdaptive::Open(INPUTSTREAM&)+1596)
10-07 15:54:34.558 11894 12028 F .xbmc.kodinerd: runtime.cc:558] native: #18 pc 0000000001384eb8 /data/app/org.xbmc.kodinerds-vbrsgimfQ6CBkJOdBTO2Fw==/lib/arm64/libkodi.so (CInputStreamAddon::Open()+652)
10-07 15:54:34.558 11894 12028 F .xbmc.kodinerd: runtime.cc:558] native: #19 pc 000000000140c5f0 /data/app/org.xbmc.kodinerds-vbrsgimfQ6CBkJOdBTO2Fw==/lib/arm64/libkodi.so (CVideoPlayer::OpenInputStream()+384)
10-07 15:54:34.558 11894 12028 F .xbmc.kodinerd: runtime.cc:558] native: #20 pc 000000000140e7cc /data/app/org.xbmc.kodinerds-vbrsgimfQ6CBkJOdBTO2Fw==/lib/arm64/libkodi.so (CVideoPlayer::Prepare()+292)
10-07 15:54:34.558 11894 12028 F .xbmc.kodinerd: runtime.cc:558] native: #21 pc 000000000140fa00 /data/app/org.xbmc.kodinerds-vbrsgimfQ6CBkJOdBTO2Fw==/lib/arm64/libkodi.so (CVideoPlayer::Process()+72)
10-07 15:54:34.558 11894 12028 F .xbmc.kodinerd: runtime.cc:558] native: #22 pc 0000000001608a94 /data/app/org.xbmc.kodinerds-vbrsgimfQ6CBkJOdBTO2Fw==/lib/arm64/libkodi.so (CThread::Action()+40)
10-07 15:54:34.558 11894 12028 F .xbmc.kodinerd: runtime.cc:558] native: #23 pc 0000000001609038 /data/app/org.xbmc.kodinerds-vbrsgimfQ6CBkJOdBTO2Fw==/lib/arm64/libkodi.so (???)
10-07 15:54:34.558 11894 12028 F .xbmc.kodinerd: runtime.cc:558] native: #24 pc 0000000001608eec /data/app/org.xbmc.kodinerds-vbrsgimfQ6CBkJOdBTO2Fw==/lib/arm64/libkodi.so (???)
10-07 15:54:34.558 11894 12028 F .xbmc.kodinerd: runtime.cc:558] native: #25 pc 0000000001608cf8 /data/app/org.xbmc.kodinerds-vbrsgimfQ6CBkJOdBTO2Fw==/lib/arm64/libkodi.so (???)
10-07 15:54:34.558 11894 12028 F .xbmc.kodinerd: runtime.cc:558] native: #26 pc 0000000000081978 /system/lib64/libc.so (__pthread_start(void*)+36)
10-07 15:54:34.558 11894 12028 F .xbmc.kodinerd: runtime.cc:558] native: #27 pc 00000000000234b8 /system/lib64/libc.so (__start_thread+68)
10-07 15:54:34.558 11894 12028 F .xbmc.kodinerd: runtime.cc:558] (no managed stack frames)
10-07 15:54:34.558 11894 12028 F .xbmc.kodinerd: runtime.cc:558]
10-07 15:54:34.558 11894 12028 F .xbmc.kodinerd: runtime.cc:558] "main" prio=10 tid=1 Native
10-07 15:54:34.558 11894 12028 F .xbmc.kodinerd: runtime.cc:558] | group="" sCount=1 dsCount=0 flags=1 obj=0x75b30770 self=0x2f44821c00
10-07 15:54:34.558 11894 12028 F .xbmc.kodinerd: runtime.cc:558] | sysTid=11894 nice=-10 cgrp=default sched=0/0 handle=0x2ebedec548
10-07 15:54:34.558 11894 12028 F .xbmc.kodinerd: runtime.cc:558] | state=S schedstat=( 1003379169 272628202 3910 ) utm=77 stm=22 core=0 HZ=100
10-07 15:54:34.558 11894 12028 F .xbmc.kodinerd: runtime.cc:558] | stack=0x7fc9dd2000-0x7fc9dd4000 stackSize=8MB
10-07 15:54:34.558 11894 12028 F .xbmc.kodinerd: runtime.cc:558] | held mutexes=
10-07 15:54:34.558 11894 12028 F .xbmc.kodinerd: runtime.cc:558] kernel: (couldn't read /proc/self/task/11894/stack)
10-07 15:54:34.558 11894 12028 F .xbmc.kodinerd: runtime.cc:558] native: #00 pc 000000000001f06c /system/lib64/libc.so (syscall+28)
10-07 15:54:34.558 11894 12028 F .xbmc.kodinerd: runtime.cc:558] native: #01 pc 00000000000d724c /system/lib64/libart.so (art::ConditionVariable::WaitHoldingLocks(art::Thread*)+148)
10-07 15:54:34.558 11894 12028 F .xbmc.kodinerd: runtime.cc:558] native: #02 pc 00000000000ff530 /system/lib64/libart.so (art::(anonymous namespace)::CheckJNI::CallMethodV(char const*, _JNIEnv*, _jobject*, _jclass*, _jmethodID*, std::__va_list, art::Primitive::Type, art::InvokeType)+500)
10-07 15:54:34.558 11894 12028 F .xbmc.kodinerd: runtime.cc:558] native: #03 pc 00000000000ec2cc /system/lib64/libart.so (art::(anonymous namespace)::CheckJNI::CallObjectMethod(_JNIEnv*, _jobject*, _jmethodID*, ...)+156)
10-07 15:54:34.558 11894 12028 F .xbmc.kodinerd: runtime.cc:558] native: #04 pc 00000000000f4398 /system/lib64/libandroid_runtime.so (android::NativeDisplayEventReceiver::dispatchVsync(long, int, unsigned int)+48)
10-07 15:54:34.558 11894 12028 F .xbmc.kodinerd: runtime.cc:558] native: #05 pc 000000000004403c /system/lib64/libandroidfw.so (android::DisplayEventDispatcher::handleEvent(int, int, void*)+164)
10-07 15:54:34.558 11894 12028 F .xbmc.kodinerd: runtime.cc:558] native: #06 pc 00000000000141c4 /system/lib64/libutils.so (android::Looper::pollInner(int)+856)
10-07 15:54:34.558 11894 12028 F .xbmc.kodinerd: runtime.cc:558] native: #07 pc 0000000000013dd0 /system/lib64/libutils.so (android::Looper::pollOnce(int, int*, int*, void**)+60)
10-07 15:54:34.558 11894 12028 F .xbmc.kodinerd: runtime.cc:558] native: #08 pc 0000000000120bec /system/lib64/libandroid_runtime.so (android::android_os_MessageQueue_nativePollOnce(_JNIEnv*, _jobject*, long, int)+44)
10-07 15:54:34.558 11894 12028 F .xbmc.kodinerd: runtime.cc:558]
at android.os.MessageQueue.nativePollOnce(Native method)
10-07 15:54:34.558 11894 12028 F .xbmc.kodinerd: runtime.cc:558]
at android.os.MessageQueue.next(MessageQueue.java:326)
10-07 15:54:34.558 11894 12028 F .xbmc.kodinerd: runtime.cc:558]
at android.os.Looper.loop(Looper.java:160)
10-07 15:54:34.558 11894 12028 F .xbmc.kodinerd: runtime.cc:558]
at android.app.ActivityThread.main(ActivityThread.java:6720)
10-07 15:54:34.558 11894 12028 F .xbmc.kodinerd: runtime.cc:558]
at java.lang.reflect.Method.invoke(Native method)
10-07 15:54:34.558 11894 12028 F .xbmc.kodinerd: runtime.cc:558]
at com.android.internal.os.RuntimeInit$MethodAndArgsCaller.run(RuntimeInit.java:493)
10-07 15:54:34.558 11894 12028 F .xbmc.kodinerd: runtime.cc:558]
at com.android.internal.os.ZygoteInit.main(ZygoteInit.java:858)
10-07 15:54:34.558 11894 12028 F .xbmc.kodinerd: runtime.cc:558]
10-07 15:54:34.558 11894 12028 F .xbmc.kodinerd: runtime.cc:558] "Jit thread pool worker thread 0" prio=10 tid=2 Native
10-07 15:54:34.558 11894 12028 F .xbmc.kodinerd: runtime.cc:558] | group="" sCount=1 dsCount=0 flags=1 obj=0x12f002e8 self=0x2f4b427000
10-07 15:54:34.558 11894 12028 F .xbmc.kodinerd: runtime.cc:558] | sysTid=11909 nice=9 cgrp=default sched=0/0 handle=0x2f4b1184f0
10-07 15:54:34.558 11894 12028 F .xbmc.kodinerd: runtime.cc:558] | state=S schedstat=( 103598224 44830780 245 ) utm=6 stm=3 core=1 HZ=100
10-07 15:54:34.558 11894 12028 F .xbmc.kodinerd: runtime.cc:558] | stack=0x2f4b01a000-0x2f4b01c000 stackSize=1021KB
10-07 15:54:34.558 11894 12028 F .xbmc.kodinerd: runtime.cc:558] | held mutexes=
10-07 15:54:34.558 11894 12028 F .xbmc.kodinerd: runtime.cc:558] kernel: (couldn't read /proc/self/task/11909/stack)
10-07 15:54:34.558 11894 12028 F .xbmc.kodinerd: runtime.cc:558] native: #00 pc 000000000001f06c /system/lib64/libc.so (syscall+28)
10-07 15:54:34.558 11894 12028 F .xbmc.kodinerd: runtime.cc:558] native: #01 pc 00000000000d724c /system/lib64/libart.so (art::ConditionVariable::WaitHoldingLocks(art::Thread*)+148)
10-07 15:54:34.558 11894 12028 F .xbmc.kodinerd: runtime.cc:558] native: #02 pc 00000000004aa1fc /system/lib64/libart.so (art::ThreadPool::GetTask(art::Thread*)+260)
10-07 15:54:34.558 11894 12028 F .xbmc.kodinerd: runtime.cc:558] native: #03 pc 00000000004a9764 /system/lib64/libart.so (art::ThreadPoolWorker::Run()+124)
10-07 15:54:34.558 11894 12028 F .xbmc.kodinerd: runtime.cc:558] native: #04 pc 00000000004a9224 /system/lib64/libart.so (art::ThreadPoolWorker::Callback(void*)+148)
10-07 15:54:34.558 11894 12028 F .xbmc.kodinerd: runtime.cc:558] native: #05 pc 0000000000081978 /system/lib64/libc.so (__pthread_start(void*)+36)
10-07 15:54:34.558 11894 12028 F .xbmc.kodinerd: runtime.cc:558] native: #06 pc 00000000000234b8 /system/lib64/libc.so (__start_thread+68)
10-07 15:54:34.558 11894 12028 F .xbmc.kodinerd: runtime.cc:558] (no managed stack frames)
10-07 15:54:34.558 11894 12028 F .xbmc.kodinerd: runtime.cc:558]
10-07 15:54:34.558 11894 12028 F .xbmc.kodinerd: runtime.cc:558] "Signal Catcher" prio=10 tid=3 WaitingInMainSignalCatcherLoop
10-07 15:54:34.558 11894 12028 F .xbmc.kodinerd: runtime.cc:558] | group="" sCount=1 dsCount=0 flags=1 obj=0x12f00370 self=0x2f44823400
10-07 15:54:34.558 11894 12028 F .xbmc.kodinerd: runtime.cc:558] | sysTid=11914 nice=0 cgrp=default sched=0/0 handle=0x2f4b2164f0
10-07 15:54:34.558 11894 12028 F .xbmc.kodinerd: runtime.cc:558] | state=S schedstat=( 268802 0 1 ) utm=0 stm=0 core=0 HZ=100
10-07 15:54:34.558 11894 12028 F .xbmc.kodinerd: runtime.cc:558] | stack=0x2f4b11b000-0x2f4b11d000 stackSize=1009KB
10-07 15:54:34.558 11894 12028 F .xbmc.kodinerd: runtime.cc:558] | held mutexes=
10-07 15:54:34.558 11894 12028 F .xbmc.kodinerd: runtime.cc:558] kernel: (couldn't read /proc/self/task/11914/stack)
10-07 15:54:34.558 11894 12028 F .xbmc.kodinerd: runtime.cc:558] native: #00 pc 000000000006e27c /system/lib64/libc.so (__rt_sigtimedwait+8)
10-07 15:54:34.558 11894 12028 F .xbmc.kodinerd: runtime.cc:558] native: #01 pc 000000000002d90c /system/lib64/libc.so (sigwait+64)
10-07 15:54:34.558 11894 12028 F .xbmc.kodinerd: runtime.cc:558] native: #02 pc 000000000047cc98 /system/lib64/libart.so (art::SignalCatcher::WaitForSignal(art::Thread*, art::SignalSet&)+388)
10-07 15:54:34.558 11894 12028 F .xbmc.kodinerd: runtime.cc:558] native: #03 pc 000000000047b640 /system/lib64/libart.so (art::SignalCatcher::Run(void*)+272)
10-07 15:54:34.558 11894 12028 F .xbmc.kodinerd: runtime.cc:558] native: #04 pc 0000000000081978 /system/lib64/libc.so (__pthread_start(void*)+36)
10-07 15:54:34.558 11894 12028 F .xbmc.kodinerd: runtime.cc:558] native: #05 pc 00000000000234b8 /system/lib64/libc.so (__start_thread+68)
10-07 15:54:34.558 11894 12028 F .xbmc.kodinerd: runtime.cc:558] (no managed stack frames)
10-07 15:54:34.559 11894 12028 F .xbmc.kodinerd: runtime.cc:558]
10-07 15:54:34.559 11894 12028 F .xbmc.kodinerd: runtime.cc:558] "ADB-JDWP Connection Control Thread" prio=10 tid=4 WaitingInMainDebuggerLoop
10-07 15:54:34.559 11894 12028 F .xbmc.kodinerd: runtime.cc:558] | group="" sCount=1 dsCount=0 flags=1 obj=0x12f003f8 self=0x2f4b41f800
10-07 15:54:34.559 11894 12028 F .xbmc.kodinerd: runtime.cc:558] | sysTid=11915 nice=0 cgrp=default sched=0/0 handle=0x2f5cc134f0
10-07 15:54:34.559 11894 12028 F .xbmc.kodinerd: runtime.cc:558] | state=S schedstat=( 392344 81406 8 ) utm=0 stm=0 core=0 HZ=100
10-07 15:54:34.559 11894 12028 F .xbmc.kodinerd: runtime.cc:558] | stack=0x2f5cb18000-0x2f5cb1a000 stackSize=1009KB
10-07 15:54:34.559 11894 12028 F .xbmc.kodinerd: runtime.cc:558] | held mutexes=
10-07 15:54:34.559 11894 12028 F .xbmc.kodinerd: runtime.cc:558] kernel: (couldn't read /proc/self/task/11915/stack)
10-07 15:54:34.559 11894 12028 F .xbmc.kodinerd: runtime.cc:558] native: #00 pc 000000000006e1bc /system/lib64/libc.so (__ppoll+8)
10-07 15:54:34.559 11894 12028 F .xbmc.kodinerd: runtime.cc:558] native: #01 pc 000000000002b5ec /system/lib64/libc.so (poll+88)
10-07 15:54:34.559 11894 12028 F .xbmc.kodinerd: runtime.cc:558] native: #02 pc 0000000000006c50 /system/lib64/libadbconnection.so (adbconnection::AdbConnectionState::RunPollLoop(art::Thread*)+836)
10-07 15:54:34.559 11894 12028 F .xbmc.kodinerd: runtime.cc:558] native: #03 pc 0000000000005218 /system/lib64/libadbconnection.so (adbconnection::CallbackFunction(void*)+1060)
10-07 15:54:34.559 11894 12028 F .xbmc.kodinerd: runtime.cc:558] native: #04 pc 0000000000081978 /system/lib64/libc.so (__pthread_start(void*)+36)
10-07 15:54:34.559 11894 12028 F .xbmc.kodinerd: runtime.cc:558] native: #05 pc 00000000000234b8 /system/lib64/libc.so (__start_thread+68)
10-07 15:54:34.559 11894 12028 F .xbmc.kodinerd: runtime.cc:558] (no managed stack frames)
10-07 15:54:34.559 11894 12028 F .xbmc.kodinerd: runtime.cc:558]
10-07 15:54:34.559 11894 12028 F .xbmc.kodinerd: runtime.cc:558] "ReferenceQueueDaemon" prio=10 tid=5 Waiting
10-07 15:54:34.559 11894 12028 F .xbmc.kodinerd: runtime.cc:558] | group="" sCount=1 dsCount=0 flags=1 obj=0x12f00480 self=0x2f448d9000
10-07 15:54:34.559 11894 12028 F .xbmc.kodinerd: runtime.cc:558] | sysTid=11916 nice=4 cgrp=default sched=0/0 handle=0x2f5cd194f0
10-07 15:54:34.559 11894 12028 F .xbmc.kodinerd: runtime.cc:558] | state=S schedstat=( 3282445 1219322 23 ) utm=0 stm=0 core=1 HZ=100
10-07 15:54:34.559 11894 12028 F .xbmc.kodinerd: runtime.cc:558] | stack=0x2f5cc16000-0x2f5cc18000 stackSize=1041KB
10-07 15:54:34.559 11894 12028 F .xbmc.kodinerd: runtime.cc:558] | held mutexes=
10-07 15:54:34.559 11894 12028 F .xbmc.kodinerd: runtime.cc:558] kernel: (couldn't read /proc/self/task/11916/stack)
10-07 15:54:34.559 11894 12028 F .xbmc.kodinerd: runtime.cc:558] native: #00 pc 000000000001f06c /system/lib64/libc.so (syscall+28)
10-07 15:54:34.559 11894 12028 F .xbmc.kodinerd: runtime.cc:558] native: #01 pc 00000000000d724c /system/lib64/libart.so (art::ConditionVariable::WaitHoldingLocks(art::Thread*)+148)
10-07 15:54:34.559 11894 12028 F .xbmc.kodinerd: runtime.cc:558] native: #02 pc 00000000003bce14 /system/lib64/libart.so (art::Monitor::Wait(art::Thread*, long, int, bool, art::ThreadState)+636)
10-07 15:54:34.559 11894 12028 F .xbmc.kodinerd: runtime.cc:558] native: #03 pc 00000000003be8d0 /system/lib64/libart.so (art::Monitor::Wait(art::Thread*, art::mirror::Object*, long, int, bool, art::ThreadState)+424)
10-07 15:54:34.559 11894 12028 F .xbmc.kodinerd: runtime.cc:558]
at java.lang.Object.wait(Native method)
10-07 15:54:34.559 11894 12028 F .xbmc.kodinerd: runtime.cc:558] - waiting on <0x0efd9149> (a java.lang.Class)
10-07 15:54:34.559 11894 12028 F .xbmc.kodinerd: runtime.cc:558]
at java.lang.Daemons$ReferenceQueueDaemon.runInternal(Daemons.java:178)
10-07 15:54:34.559 11894 12028 F .xbmc.kodinerd: runtime.cc:558] - locked <0x0efd9149> (a java.lang.Class)
10-07 15:54:34.559 11894 12028 F .xbmc.kodinerd: runtime.cc:558]
at java.lang.Daemons$Daemon.run(Daemons.java:103)
10-07 15:54:34.559 11894 12028 F .xbmc.kodinerd: runtime.cc:558]
at java.lang.Thread.run(Thread.java:764)
10-07 15:54:34.559 11894 12028 F .xbmc.kodinerd: runtime.cc:558]
10-07 15:54:34.559 11894 12028 F .xbmc.kodinerd: runtime.cc:558] "FinalizerDaemon" prio=10 tid=6 Waiting
10-07 15:54:34.559 11894 12028 F .xbmc.kodinerd: runtime.cc:558] | group="" sCount=1 dsCount=0 flags=1 obj=0x12f00508 self=0x2f448d9c00
10-07 15:54:34.559 11894 12028 F .xbmc.kodinerd: runtime.cc:558] | sysTid=11917 nice=4 cgrp=default sched=0/0 handle=0x2f5ce1f4f0
10-07 15:54:34.559 11894 12028 F .xbmc.kodinerd: runtime.cc:558] | state=S schedstat=( 9733752 117708 25 ) utm=0 stm=0 core=3 HZ=100
10-07 15:54:34.559 11894 12028 F .xbmc.kodinerd: runtime.cc:558] | stack=0x2f5cd1c000-0x2f5cd1e000 stackSize=1041KB
10-07 15:54:34.559 11894 12028 F .xbmc.kodinerd: runtime.cc:558] | held mutexes=
10-07 15:54:34.559 11894 12028 F .xbmc.kodinerd: runtime.cc:558] kernel: (couldn't read /proc/self/task/11917/stack)
10-07 15:54:34.559 11894 12028 F .xbmc.kodinerd: runtime.cc:558] native: #00 pc 000000000001f06c /system/lib64/libc.so (syscall+28)
10-07 15:54:34.559 11894 12028 F .xbmc.kodinerd: runtime.cc:558] native: #01 pc 00000000000d724c /system/lib64/libart.so (art::ConditionVariable::WaitHoldingLocks(art::Thread*)+148)
10-07 15:54:34.559 11894 12028 F .xbmc.kodinerd: runtime.cc:558] native: #02 pc 00000000003bce14 /system/lib64/libart.so (art::Monitor::Wait(art::Thread*, long, int, bool, art::ThreadState)+636)
10-07 15:54:34.559 11894 12028 F .xbmc.kodinerd: runtime.cc:558] native: #03 pc 00000000003be8d0 /system/lib64/libart.so (art::Monitor::Wait(art::Thread*, art::mirror::Object*, long, int, bool, art::ThreadState)+424)
10-07 15:54:34.559 11894 12028 F .xbmc.kodinerd: runtime.cc:558]
at java.lang.Object.wait(Native method)
10-07 15:54:34.559 11894 12028 F .xbmc.kodinerd: runtime.cc:558] - waiting on <0x0bb14a4e> (a java.lang.Object)
10-07 15:54:34.559 11894 12028 F .xbmc.kodinerd: runtime.cc:558]
at java.lang.Object.wait(Object.java:422)
10-07 15:54:34.559 11894 12028 F .xbmc.kodinerd: runtime.cc:558]
at java.lang.ref.ReferenceQueue.remove(ReferenceQueue.java:188)
10-07 15:54:34.559 11894 12028 F .xbmc.kodinerd: runtime.cc:558] - locked <0x0bb14a4e> (a java.lang.Object)
10-07 15:54:34.559 11894 12028 F .xbmc.kodinerd: runtime.cc:558]
at java.lang.ref.ReferenceQueue.remove(ReferenceQueue.java:209)
10-07 15:54:34.559 11894 12028 F .xbmc.kodinerd: runtime.cc:558]
at java.lang.Daemons$FinalizerDaemon.runInternal(Daemons.java:232)
10-07 15:54:34.559 11894 12028 F .xbmc.kodinerd: runtime.cc:558]
at java.lang.Daemons$Daemon.run(Daemons.java:103)
10-07 15:54:34.559 11894 12028 F .xbmc.kodinerd: runtime.cc:558]
at java.lang.Thread.run(Thread.java:764)
10-07 15:54:34.559 11894 12028 F .xbmc.kodinerd: runtime.cc:558]
10-07 15:54:34.559 11894 12028 F .xbmc.kodinerd: runtime.cc:558] "FinalizerWatchdogDaemon" prio=10 tid=7 Sleeping
10-07 15:54:34.559 11894 12028 F .xbmc.kodinerd: runtime.cc:558] | group="" sCount=1 dsCount=0 flags=1 obj=0x12f00590 self=0x2f448da800
10-07 15:54:34.559 11894 12028 F .xbmc.kodinerd: runtime.cc:558] | sysTid=11918 nice=4 cgrp=default sched=0/0 handle=0x2f5cf254f0
10-07 15:54:34.559 11894 12028 F .xbmc.kodinerd: runtime.cc:558] | state=S schedstat=( 401562 0 6 ) utm=0 stm=0 core=0 HZ=100
10-07 15:54:34.559 11894 12028 F .xbmc.kodinerd: runtime.cc:558] | stack=0x2f5ce22000-0x2f5ce24000 stackSize=1041KB
10-07 15:54:34.559 11894 12028 F .xbmc.kodinerd: runtime.cc:558] | held mutexes=
10-07 15:54:34.559 11894 12028 F .xbmc.kodinerd: runtime.cc:558] kernel: (couldn't read /proc/self/task/11918/stack)
10-07 15:54:34.559 11894 12028 F .xbmc.kodinerd: runtime.cc:558] native: #00 pc 000000000001f070 /system/lib64/libc.so (syscall+32)
10-07 15:54:34.559 11894 12028 F .xbmc.kodinerd: runtime.cc:558] native: #01 pc 00000000000d7678 /system/lib64/libart.so (art::ConditionVariable::TimedWait(art::Thread*, long, int)+168)
10-07 15:54:34.559 11894 12028 F .xbmc.kodinerd: runtime.cc:558] native: #02 pc 00000000003bce28 /system/lib64/libart.so (art::Monitor::Wait(art::Thread*, long, int, bool, art::ThreadState)+656)
10-07 15:54:34.559 11894 12028 F .xbmc.kodinerd: runtime.cc:558] native: #03 pc 00000000003be8d0 /system/lib64/libart.so (art::Monitor::Wait(art::Thread*, art::mirror::Object*, long, int, bool, art::ThreadState)+424)
10-07 15:54:34.559 11894 12028 F .xbmc.kodinerd: runtime.cc:558]
at java.lang.Thread.sleep(Native method)
10-07 15:54:34.559 11894 12028 F .xbmc.kodinerd: runtime.cc:558] - sleeping on <0x0574976f> (a java.lang.Object)
10-07 15:54:34.559 11894 12028 F .xbmc.kodinerd: runtime.cc:558]
at java.lang.Thread.sleep(Thread.java:373)
10-07 15:54:34.559 11894 12028 F .xbmc.kodinerd: runtime.cc:558] - locked <0x0574976f> (a java.lang.Object)
10-07 15:54:34.559 11894 12028 F .xbmc.kodinerd: runtime.cc:558]
at java.lang.Thread.sleep(Thread.java:314)
10-07 15:54:34.559 11894 12028 F .xbmc.kodinerd: runtime.cc:558]
at java.lang.Daemons$FinalizerWatchdogDaemon.sleepFor(Daemons.java:342)
10-07 15:54:34.559 11894 12028 F .xbmc.kodinerd: runtime.cc:558]
at java.lang.Daemons$FinalizerWatchdogDaemon.waitForFinalization(Daemons.java:364)
10-07 15:54:34.559 11894 12028 F .xbmc.kodinerd: runtime.cc:558]
at java.lang.Daemons$FinalizerWatchdogDaemon.runInternal(Daemons.java:281)
10-07 15:54:34.559 11894 12028 F .xbmc.kodinerd: runtime.cc:558]
at java.lang.Daemons$Daemon.run(Daemons.java:103)
10-07 15:54:34.559 11894 12028 F .xbmc.kodinerd: runtime.cc:558]
at java.lang.Thread.run(Thread.java:764)
10-07 15:54:34.559 11894 12028 F .xbmc.kodinerd: runtime.cc:558]
10-07 15:54:34.559 11894 12028 F .xbmc.kodinerd: runtime.cc:558] "HeapTaskDaemon" prio=10 tid=8 WaitingForTaskProcessor
10-07 15:54:34.559 11894 12028 F .xbmc.kodinerd: runtime.cc:558] | group="" sCount=1 dsCount=0 flags=1 obj=0x12f03a38 self=0x2f448db400
10-07 15:54:34.559 11894 12028 F .xbmc.kodinerd: runtime.cc:558] | sysTid=11919 nice=4 cgrp=default sched=0/0 handle=0x2f5d02b4f0
10-07 15:54:34.559 11894 12028 F .xbmc.kodinerd: runtime.cc:558] | state=S schedstat=( 87392404 7009684 86 ) utm=8 stm=0 core=3 HZ=100
10-07 15:54:34.559 11894 12028 F .xbmc.kodinerd: runtime.cc:558] | stack=0x2f5cf28000-0x2f5cf2a000 stackSize=1041KB
10-07 15:54:34.559 11894 12028 F .xbmc.kodinerd: runtime.cc:558] | held mutexes=
10-07 15:54:34.559 11894 12028 F .xbmc.kodinerd: runtime.cc:558] kernel: (couldn't read /proc/self/task/11919/stack)
10-07 15:54:34.559 11894 12028 F .xbmc.kodinerd: runtime.cc:558] native: #00 pc 000000000001f070 /system/lib64/libc.so (syscall+32)
10-07 15:54:34.559 11894 12028 F .xbmc.kodinerd: runtime.cc:558] native: #01 pc 00000000000d7678 /system/lib64/libart.so (art::ConditionVariable::TimedWait(art::Thread*, long, int)+168)
10-07 15:54:34.559 11894 12028 F .xbmc.kodinerd: runtime.cc:558] native: #02 pc 000000000022cd84 /system/lib64/libart.so (art::gc::TaskProcessor::GetTask(art::Thread*)+504)
10-07 15:54:34.559 11894 12028 F .xbmc.kodinerd: runtime.cc:558] native: #03 pc 000000000022d5d8 /system/lib64/libart.so (art::gc::TaskProcessor::RunAllTasks(art::Thread*)+96)
10-07 15:54:34.559 11894 12028 F .xbmc.kodinerd: runtime.cc:558]
at dalvik.system.VMRuntime.runHeapTasks(Native method)
10-07 15:54:34.559 11894 12028 F .xbmc.kodinerd: runtime.cc:558]
at java.lang.Daemons$HeapTaskDaemon.runInternal(Daemons.java:475)
10-07 15:54:34.559 11894 12028 F .xbmc.kodinerd: runtime.cc:558]
at java.lang.Daemons$Daemon.run(Daemons.java:103)
10-07 15:54:34.559 11894 12028 F .xbmc.kodinerd: runtime.cc:558]
at java.lang.Thread.run(Thread.java:764)
10-07 15:54:34.559 11894 12028 F .xbmc.kodinerd: runtime.cc:558]
10-07 15:54:34.559 11894 12028 F .xbmc.kodinerd: runtime.cc:558] "Binder:11894_1" prio=10 tid=9 Native
10-07 15:54:34.559 11894 12028 F .xbmc.kodinerd: runtime.cc:558] | group="" sCount=1 dsCount=0 flags=1 obj=0x12f00620 self=0x2f449ae800
10-07 15:54:34.559 11894 12028 F .xbmc.kodinerd: runtime.cc:558] | sysTid=11921 nice=0 cgrp=default sched=0/0 handle=0x2f5d2274f0
