10-07 15:54:11.568 11894 11931 V Kodi : CAndroidKey: key down (dev:4; src:769; code: 20; repeat: 0; flags: 0x8; alt: no; shift: no; sym: no)
10-07 15:54:11.593 11894 11934 V Kodi : Debug Print: Previous line repeats 1 times.
10-07 15:54:11.593 11894 11934 V Kodi : Debug Print: HandleKey: down (0xf081) pressed, action is Down
10-07 15:54:11.714 3543 3645 D WindowManager: handleComboKeys keyCode: 20, keyAction: 1
10-07 15:54:11.717 11894 11931 V Kodi : CAndroidKey: key up (dev:4; src:769; code: 20; repeat: 0; flags: 0x8; alt: no; shift: no; sym: no)
10-07 15:54:11.741 11894 11934 V Kodi : Debug Print: Keyboard: scancode: 0x14, sym: 0x0112, unicode: 0x0000, modifier: 0x0
10-07 15:54:11.881 3543 3645 D WindowManager: handleComboKeys keyCode: 20, keyAction: 0
10-07 15:54:11.885 11894 11931 V Kodi : CAndroidKey: key down (dev:4; src:769; code: 20; repeat: 0; flags: 0x8; alt: no; shift: no; sym: no)
10-07 15:54:11.908 11894 11934 V Kodi : Debug Print: Previous line repeats 1 times.
10-07 15:54:11.909 11894 11934 V Kodi : Debug Print: HandleKey: down (0xf081) pressed, action is Down
10-07 15:54:12.010 3543 3645 D WindowManager: handleComboKeys keyCode: 20, keyAction: 1
10-07 15:54:12.014 11894 11931 V Kodi : CAndroidKey: key up (dev:4; src:769; code: 20; repeat: 0; flags: 0x8; alt: no; shift: no; sym: no)
10-07 15:54:12.025 11894 11934 V Kodi : Debug Print: Keyboard: scancode: 0x14, sym: 0x0112, unicode: 0x0000, modifier: 0x0
10-07 15:54:12.202 3543 3645 D WindowManager: handleComboKeys keyCode: 20, keyAction: 0
10-07 15:54:12.205 11894 11931 V Kodi : CAndroidKey: key down (dev:4; src:769; code: 20; repeat: 0; flags: 0x8; alt: no; shift: no; sym: no)
10-07 15:54:12.225 11894 11934 V Kodi : Debug Print: Previous line repeats 1 times.
10-07 15:54:12.226 11894 11934 V Kodi : Debug Print: HandleKey: down (0xf081) pressed, action is Down
10-07 15:54:12.581 3543 3645 D WindowManager: handleComboKeys keyCode: 20, keyAction: 1
10-07 15:54:12.585 11894 11931 V Kodi : CAndroidKey: key up (dev:4; src:769; code: 20; repeat: 0; flags: 0x8; alt: no; shift: no; sym: no)
10-07 15:54:12.609 11894 11934 V Kodi : Debug Print: Keyboard: scancode: 0x14, sym: 0x0112, unicode: 0x0000, modifier: 0x0
10-07 15:54:12.739 3543 3645 D WindowManager: handleComboKeys keyCode: 20, keyAction: 0
10-07 15:54:12.743 11894 11931 V Kodi : CAndroidKey: key down (dev:4; src:769; code: 20; repeat: 0; flags: 0x8; alt: no; shift: no; sym: no)
10-07 15:54:12.760 11894 11934 V Kodi : Debug Print: Previous line repeats 1 times.
10-07 15:54:12.761 11894 11934 V Kodi : Debug Print: HandleKey: down (0xf081) pressed, action is Down
10-07 15:54:12.884 3543 3645 D WindowManager: handleComboKeys keyCode: 20, keyAction: 1
10-07 15:54:12.888 11894 11931 V Kodi : CAndroidKey: key up (dev:4; src:769; code: 20; repeat: 0; flags: 0x8; alt: no; shift: no; sym: no)
10-07 15:54:12.909 11894 11934 V Kodi : Debug Print: Keyboard: scancode: 0x14, sym: 0x0112, unicode: 0x0000, modifier: 0x0
10-07 15:54:12.948 11894 11894 D RecommendChannelJobSvc: Starting channel creation job
10-07 15:54:13.406 3543 3645 D WindowManager: handleComboKeys keyCode: 20, keyAction: 0
10-07 15:54:13.410 11894 11931 V Kodi : CAndroidKey: key down (dev:4; src:769; code: 20; repeat: 0; flags: 0x8; alt: no; shift: no; sym: no)
10-07 15:54:13.427 11894 11934 V Kodi : Debug Print: Previous line repeats 1 times.
10-07 15:54:13.427 11894 11934 V Kodi : Debug Print: HandleKey: down (0xf081) pressed, action is Down
10-07 15:54:13.440 11894 11982 V Kodi : Debug Print: Thread JobWorker start, auto delete: true
10-07 15:54:13.459 11894 11982 V Kodi : Debug Print: DoWork - Direct texture file loading failed for androidapp://sources/apps/com.nvidia.remotelocator.png
10-07 15:54:13.467 11894 11966 V Kodi : Debug Print: DoWork - Direct texture file loading failed for androidapp://sources/apps/com.plexapp.android.png
10-07 15:54:13.556 3543 3645 D WindowManager: handleComboKeys keyCode: 20, keyAction: 1
10-07 15:54:13.562 11894 11931 V Kodi : CAndroidKey: key up (dev:4; src:769; code: 20; repeat: 0; flags: 0x8; alt: no; shift: no; sym: no)
10-07 15:54:13.574 11894 11934 V Kodi : Debug Print: Keyboard: scancode: 0x14, sym: 0x0112, unicode: 0x0000, modifier: 0x0
10-07 15:54:13.709 11894 11973 V Kodi : Debug Print: Version Check: Version installed {u'major': 19, u'tag': u'alpha', u'tagversion': u'1', u'minor': 0, u'revision': u'20191007-8ba9cb2a15-dirty'}
10-07 15:54:13.710 11894 11973 V Kodi : Debug Print: CPythonInvoker(1, /data/user/0/org.xbmc.kodinerds/cache/apk/assets/addons/service.xbmc.versioncheck/service.py): script successfully run
10-07 15:54:13.710 11894 11973 V Kodi : Debug Print: onExecutionDone(1, /data/user/0/org.xbmc.kodinerds/cache/apk/assets/addons/service.xbmc.versioncheck/service.py)
10-07 15:54:13.727 11894 11973 V Kodi : Debug Print: Python interpreter stopped
10-07 15:54:13.727 11894 11973 V Kodi : Debug Print: Thread LanguageInvoker 203690063088 terminating
10-07 15:54:14.405 3543 3645 D WindowManager: handleComboKeys keyCode: 22, keyAction: 0
10-07 15:54:14.408 11894 11931 V Kodi : CAndroidKey: key down (dev:4; src:769; code: 22; repeat: 0; flags: 0x8; alt: no; shift: no; sym: no)
10-07 15:54:14.428 11894 11934 V Kodi : Debug Print: Keyboard: scancode: 0x16, sym: 0x0113, unicode: 0x0000, modifier: 0x0
10-07 15:54:14.429 11894 11934 V Kodi : Debug Print: HandleKey: right (0xf083) pressed, action is Right
10-07 15:54:14.583 3543 3645 D WindowManager: handleComboKeys keyCode: 22, keyAction: 1
10-07 15:54:14.586 11894 11931 V Kodi : CAndroidKey: key up (dev:4; src:769; code: 22; repeat: 0; flags: 0x8; alt: no; shift: no; sym: no)
10-07 15:54:14.612 11894 11934 V Kodi : Debug Print: Keyboard: scancode: 0x16, sym: 0x0113, unicode: 0x0000, modifier: 0x0
10-07 15:54:15.142 3543 3645 D WindowManager: handleComboKeys keyCode: 20, keyAction: 0
10-07 15:54:15.146 11894 11931 V Kodi : CAndroidKey: key down (dev:4; src:769; code: 20; repeat: 0; flags: 0x8; alt: no; shift: no; sym: no)
10-07 15:54:15.162 11894 11934 V Kodi : Debug Print: Keyboard: scancode: 0x14, sym: 0x0112, unicode: 0x0000, modifier: 0x0
10-07 15:54:15.162 11894 11934 V Kodi : Debug Print: HandleKey: down (0xf081) pressed, action is Down
10-07 15:54:15.165 11894 11982 V Kodi : Debug Print: GetImageHash - unable to stat url /storage/emulated/0/Android/data/org.xbmc.kodinerds/files/.kodi/addons/plugin.video.skygo.de/fanart.jpg
10-07 15:54:15.344 3543 3645 D WindowManager: handleComboKeys keyCode: 20, keyAction: 1
10-07 15:54:15.349 11894 11931 V Kodi : CAndroidKey: key up (dev:4; src:769; code: 20; repeat: 0; flags: 0x8; alt: no; shift: no; sym: no)
10-07 15:54:15.362 11894 11934 V Kodi : Debug Print: Keyboard: scancode: 0x14, sym: 0x0112, unicode: 0x0000, modifier: 0x0
10-07 15:54:15.753 3543 3645 D WindowManager: handleComboKeys keyCode: 66, keyAction: 0
10-07 15:54:15.757 11894 11931 V Kodi : CAndroidKey: key down (dev:4; src:769; code: 66; repeat: 0; flags: 0x8; alt: no; shift: no; sym: no)
10-07 15:54:15.779 11894 11934 V Kodi : Debug Print: Keyboard: scancode: 0x42, sym: 0x000d, unicode: 0x000a, modifier: 0x0
10-07 15:54:15.881 3543 3645 D WindowManager: handleComboKeys keyCode: 66, keyAction: 1
10-07 15:54:15.884 11894 11931 V Kodi : CAndroidKey: key up (dev:4; src:769; code: 66; repeat: 0; flags: 0x8; alt: no; shift: no; sym: no)
10-07 15:54:15.896 11894 11934 V Kodi : Debug Print: Previous line repeats 1 times.
10-07 15:54:15.896 11894 11934 V Kodi : Debug Print: HandleKey: return (0xf00d) pressed, action is Select
10-07 15:54:15.896 11894 11934 V Kodi : Debug Print: Activating window ID: 10025
10-07 15:54:16.226 11894 11934 V Kodi : Debug Print: ------ Window Deinit (Home.xml) ------
10-07 15:54:16.227 11894 11934 V Kodi : Debug Print: FreeVisualisation() done
10-07 15:54:16.251 11894 11934 V Kodi : Debug Print: ------ Window Init (MyVideoNav.xml) ------
10-07 15:54:16.251 11894 11934 V Kodi : Debug Print: Loading skin file: MyVideoNav.xml, load type: KEEP_IN_MEMORY
10-07 15:54:16.481 11894 11934 V Kodi : Debug Print: Skin file /data/user/0/org.xbmc.kodinerds/cache/apk/assets/addons/skin.estuary/xml/MyVideoNav.xml loaded in 229.58ms
10-07 15:54:16.484 11894 11934 V Kodi : Debug Print: Alloc resources: 232.15ms (229.79 ms skin load)
10-07 15:54:16.523 11894 11934 V Kodi : Debug Print: CGUIMediaWindow::GetDirectory (plugin://plugin.video.skygo.de/)
10-07 15:54:16.523 11894 11934 V Kodi : Debug Print: ParentPath = [plugin://plugin.video.skygo.de/]
10-07 15:54:16.525 11894 11985 V Kodi : Debug Print: Thread waiting start, auto delete: false
10-07 15:54:16.527 11894 11966 V Kodi : Debug Print: CAddonDatabase::SetLastUsed[plugin.video.skygo.de] took 4 ms
10-07 15:54:16.528 11894 11985 V Kodi : Debug Print: StartScript - calling plugin Sky Go('plugin://plugin.video.skygo.de/','1','','resume:false')
10-07 15:54:16.529 11894 11986 V Kodi : Debug Print: Thread LanguageInvoker start, auto delete: false
10-07 15:54:16.529 11894 11986 V Kodi : Debug Print: initializing python engine.
10-07 15:54:16.529 11894 11986 V Kodi : Debug Print: CPythonInvoker(2, /storage/emulated/0/Android/data/org.xbmc.kodinerds/files/.kodi/addons/plugin.video.skygo.de/default.py): start processing
10-07 15:54:16.550 11894 11986 V Kodi : Debug Print: -->Python Interpreter Initialized<--
10-07 15:54:16.550 11894 11986 V Kodi : Debug Print: CPythonInvoker(2, /storage/emulated/0/Android/data/org.xbmc.kodinerds/files/.kodi/addons/plugin.video.skygo.de/default.py): the source file to load is "/storage/emulated/0/Android/data/org.xbmc.kodinerds/files/.kodi/addons/plugin.video.skygo.de/default.py"
10-07 15:54:16.552 11894 11986 V Kodi : Debug Print: CPythonInvoker(2, /storage/emulated/0/Android/data/org.xbmc.kodinerds/files/.kodi/addons/plugin.video.skygo.de/default.py): setting the Python path to /storage/emulated/0/Android/data/org.xbmc.kodinerds/files/.kodi/addons/plugin.video.skygo.de:/storage/emulated/0/Android/data/org.xbmc.kodinerds/files/.kodi/addons/script.common.plugin.cache/lib:/storage/emulated/0/Android/data/org.xbmc.kodinerds/files/.kodi/addons/script.module.certifi/lib:/storage/emulated/0/Android/data/org.xbmc.kodinerds/files/.kodi/addons/script.module.chardet/lib:/storage/emulated/0/Android/data/org.xbmc.kodinerds/files/.kodi/addons/script.module.cryptopy/lib:/storage/emulated/0/Android/data/org.xbmc.kodinerds/files/.kodi/addons/script.module.idna/lib:/storage/emulated/0/Android/data/org.xbmc.kodinerds/files/.kodi/addons/script.module.inputstreamhelper/lib:/storage/emulated/0/Android/data/org.xbmc.kodinerds/files/.kodi/addons/script.module.kodi-six/libs:/storage/emulated/0/Android/data/org.xbmc.kodinerds/files/.kodi/addons/s
10-07 15:54:16.552 11894 11986 V Kodi : Debug Print: CPythonInvoker(2, /storage/emulated/0/Android/data/org.xbmc.kodinerds/files/.kodi/addons/plugin.video.skygo.de/default.py): entering source directory /storage/emulated/0/Android/data/org.xbmc.kodinerds/files/.kodi/addons/plugin.video.skygo.de
10-07 15:54:16.552 11894 11986 V Kodi : Debug Print: CPythonInvoker(2, /storage/emulated/0/Android/data/org.xbmc.kodinerds/files/.kodi/addons/plugin.video.skygo.de/default.py): instantiating addon using automatically obtained id of "plugin.video.skygo.de" dependent on version 2.1.0 of the xbmc.python api
10-07 15:54:16.625 11894 11934 V Kodi : Debug Print: ------ Window Init (DialogBusy.xml) ------
10-07 15:54:16.625 11894 11934 V Kodi : Debug Print: Window DialogBusy.xml was already loaded
10-07 15:54:16.625 11894 11934 V Kodi : Debug Print: Alloc resources: 0.01ms
10-07 15:54:16.796 11894 11986 V Kodi : Debug Print: CAddonSettings[script.common.plugin.cache]: loading setting definitions
10-07 15:54:16.796 11894 11986 V Kodi : Debug Print: CAddonSettings[script.common.plugin.cache]: trying to load setting definitions from old format...
10-07 15:54:16.801 11894 11986 V Kodi : Debug Print: CAddonSettings[plugin.video.skygo.de]: loading setting definitions
10-07 15:54:16.801 11894 11986 V Kodi : Debug Print: CAddonSettings[plugin.video.skygo.de]: trying to load setting definitions from old format...
10-07 15:54:16.804 11894 11986 V Kodi : Debug Print: CAddonSettings[plugin.video.skygo.de]: loading setting values
10-07 15:54:16.804 11894 11986 V Kodi : Debug Print: CSettingsManager: requested setting (android_deviceid) was not found.
10-07 15:54:16.804 11894 11986 V Kodi : Debug Print: CAddonSettings[plugin.video.skygo.de]: failed to find definition for setting android_deviceid. Creating a setting on-the-fly...
10-07 15:54:17.434 11894 11986 V Kodi : Debug Print: CAddonSettings[plugin.video.skygo.de]: loading setting definitions
10-07 15:54:17.434 11894 11986 V Kodi : Debug Print: CAddonSettings[plugin.video.skygo.de]: trying to load setting definitions from old format...
10-07 15:54:17.437 11894 11986 V Kodi : Debug Print: CAddonSettings[plugin.video.skygo.de]: loading setting values
10-07 15:54:17.437 11894 11986 V Kodi : Debug Print: CSettingsManager: requested setting (android_deviceid) was not found.
10-07 15:54:17.438 11894 11986 V Kodi : Debug Print: CAddonSettings[plugin.video.skygo.de]: failed to find definition for setting android_deviceid. Creating a setting on-the-fly...
10-07 15:54:18.153 11894 11986 V Kodi : Debug Print: CPythonInvoker(2, /storage/emulated/0/Android/data/org.xbmc.kodinerds/files/.kodi/addons/plugin.video.skygo.de/default.py): script successfully run
10-07 15:54:18.155 11894 11985 V Kodi : Debug Print: Thread waiting 203602015472 terminating
10-07 15:54:18.164 11894 11934 V Kodi : Debug Print: ------ Window Deinit (DialogBusy.xml) ------
10-07 15:54:18.165 11894 11934 V Kodi : Debug Print: Saving fileitems [plugin://plugin.video.skygo.de/]
10-07 15:54:18.166 11894 11934 V Kodi : Debug Print: -- items: 9, sort method: 0, ascending: false
10-07 15:54:18.174 11894 11997 V Kodi : Debug Print: Thread BackgroundLoader start, auto delete: false
10-07 15:54:18.185 11894 11997 V Kodi : Debug Print: Thread BackgroundLoader 203602015472 terminating
10-07 15:54:19.472 3543 3645 D WindowManager: handleComboKeys keyCode: 20, keyAction: 0
10-07 15:54:19.476 11894 11931 V Kodi : CAndroidKey: key down (dev:4; src:769; code: 20; repeat: 0; flags: 0x8; alt: no; shift: no; sym: no)
10-07 15:54:19.500 11894 11934 V Kodi : Debug Print: Keyboard: scancode: 0x14, sym: 0x0112, unicode: 0x0000, modifier: 0x0
10-07 15:54:19.500 11894 11934 V Kodi : Debug Print: HandleKey: down (0xf081) pressed, action is Down
10-07 15:54:19.631 3543 3645 D WindowManager: handleComboKeys keyCode: 20, keyAction: 1
10-07 15:54:19.637 11894 11931 V Kodi : CAndroidKey: key up (dev:4; src:769; code: 20; repeat: 0; flags: 0x8; alt: no; shift: no; sym: no)
10-07 15:54:19.649 11894 11934 V Kodi : Debug Print: Keyboard: scancode: 0x14, sym: 0x0112, unicode: 0x0000, modifier: 0x0
10-07 15:54:19.820 3543 3645 D WindowManager: handleComboKeys keyCode: 20, keyAction: 0
10-07 15:54:19.823 11894 11931 V Kodi : CAndroidKey: key down (dev:4; src:769; code: 20; repeat: 0; flags: 0x8; alt: no; shift: no; sym: no)
10-07 15:54:19.834 11894 11934 V Kodi : Debug Print: Previous line repeats 1 times.
10-07 15:54:19.835 11894 11934 V Kodi : Debug Print: HandleKey: down (0xf081) pressed, action is Down
10-07 15:54:19.960 3543 3645 D WindowManager: handleComboKeys keyCode: 20, keyAction: 1
10-07 15:54:19.963 11894 11931 V Kodi : CAndroidKey: key up (dev:4; src:769; code: 20; repeat: 0; flags: 0x8; alt: no; shift: no; sym: no)
10-07 15:54:19.983 11894 11934 V Kodi : Debug Print: Keyboard: scancode: 0x14, sym: 0x0112, unicode: 0x0000, modifier: 0x0
10-07 15:54:20.081 3543 3645 D WindowManager: handleComboKeys keyCode: 20, keyAction: 0
10-07 15:54:20.084 11894 11931 V Kodi : CAndroidKey: key down (dev:4; src:769; code: 20; repeat: 0; flags: 0x8; alt: no; shift: no; sym: no)
10-07 15:54:20.101 11894 11934 V Kodi : Debug Print: Previous line repeats 1 times.
10-07 15:54:20.102 11894 11934 V Kodi : Debug Print: HandleKey: down (0xf081) pressed, action is Down
10-07 15:54:20.265 3543 3645 D WindowManager: handleComboKeys keyCode: 20, keyAction: 1
10-07 15:54:20.269 11894 11931 V Kodi : CAndroidKey: key up (dev:4; src:769; code: 20; repeat: 0; flags: 0x8; alt: no; shift: no; sym: no)
10-07 15:54:20.283 11894 11934 V Kodi : Debug Print: Keyboard: scancode: 0x14, sym: 0x0112, unicode: 0x0000, modifier: 0x0
10-07 15:54:20.702 3543 3645 D WindowManager: handleComboKeys keyCode: 66, keyAction: 0
10-07 15:54:20.707 11894 11931 V Kodi : CAndroidKey: key down (dev:4; src:769; code: 66; repeat: 0; flags: 0x8; alt: no; shift: no; sym: no)
10-07 15:54:20.720 11894 11934 V Kodi : Debug Print: Keyboard: scancode: 0x42, sym: 0x000d, unicode: 0x000a, modifier: 0x0
10-07 15:54:20.791 3543 3645 D WindowManager: handleComboKeys keyCode: 66, keyAction: 1
10-07 15:54:20.793 11894 11931 V Kodi : CAndroidKey: key up (dev:4; src:769; code: 66; repeat: 0; flags: 0x8; alt: no; shift: no; sym: no)
10-07 15:54:20.817 11894 11934 V Kodi : Debug Print: Previous line repeats 1 times.
10-07 15:54:20.818 11894 11934 V Kodi : Debug Print: HandleKey: return (0xf00d) pressed, action is Select
10-07 15:54:20.820 11894 11934 V Kodi : Debug Print: CGUIMediaWindow::GetDirectory (plugin://plugin.video.skygo.de/?action=listPage&id=2&zz)
10-07 15:54:20.821 11894 11934 V Kodi : Debug Print: ParentPath = [plugin://plugin.video.skygo.de/]
10-07 15:54:20.822 11894 12000 V Kodi : Debug Print: Thread waiting start, auto delete: false
10-07 15:54:20.826 11894 11965 V Kodi : Debug Print: CAddonDatabase::SetLastUsed[plugin.video.skygo.de] took 6 ms
10-07 15:54:20.827 11894 12000 V Kodi : Debug Print: StartScript - calling plugin Sky Go('plugin://plugin.video.skygo.de/','1','?action=listPage&id=2&zz','resume:false')
10-07 15:54:20.827 11894 12000 V Kodi : Debug Print: GetLanguageInvoker - Reusing LanguageInvokerThread 2 for script /storage/emulated/0/Android/data/org.xbmc.kodinerds/files/.kodi/addons/plugin.video.skygo.de/default.py
10-07 15:54:20.827 11894 11986 V Kodi : Debug Print: initializing python engine.
10-07 15:54:20.828 11894 11986 V Kodi : Debug Print: CPythonInvoker(2, /storage/emulated/0/Android/data/org.xbmc.kodinerds/files/.kodi/addons/plugin.video.skygo.de/default.py): start processing
10-07 15:54:20.828 11894 11986 V Kodi : Debug Print: CPythonInvoker(2, /storage/emulated/0/Android/data/org.xbmc.kodinerds/files/.kodi/addons/plugin.video.skygo.de/default.py): entering source directory /storage/emulated/0/Android/data/org.xbmc.kodinerds/files/.kodi/addons/plugin.video.skygo.de
10-07 15:54:20.828 11894 11986 V Kodi : Debug Print: CPythonInvoker(2, /storage/emulated/0/Android/data/org.xbmc.kodinerds/files/.kodi/addons/plugin.video.skygo.de/default.py): instantiating addon using automatically obtained id of "plugin.video.skygo.de" dependent on version 2.1.0 of the xbmc.python api
10-07 15:54:20.833 11894 11986 V Kodi : Debug Print: [Sky Go] params = {'action': 'listPage', 'id': '2'}
10-07 15:54:20.922 11894 11934 V Kodi : Debug Print: ------ Window Init (DialogBusy.xml) ------
10-07 15:54:20.923 11894 11934 V Kodi : Debug Print: Window DialogBusy.xml was already loaded
10-07 15:54:20.923 11894 11934 V Kodi : Debug Print: Alloc resources: 0.07ms
10-07 15:54:21.454 11894 11986 V Kodi : Debug Print: CPythonInvoker(2, /storage/emulated/0/Android/data/org.xbmc.kodinerds/files/.kodi/addons/plugin.video.skygo.de/default.py): script successfully run
10-07 15:54:21.455 11894 12000 V Kodi : Debug Print: Thread waiting 203608257776 terminating
10-07 15:54:21.468 11894 11934 V Kodi : Debug Print: ------ Window Deinit (DialogBusy.xml) ------
10-07 15:54:21.476 11894 12002 V Kodi : Debug Print: Thread BackgroundLoader start, auto delete: false
10-07 15:54:21.485 11894 12002 V Kodi : Debug Print: Thread BackgroundLoader 203602015472 terminating
10-07 15:54:22.426 3543 3645 D WindowManager: handleComboKeys keyCode: 20, keyAction: 0
10-07 15:54:22.430 11894 11931 V Kodi : CAndroidKey: key down (dev:4; src:769; code: 20; repeat: 0; flags: 0x8; alt: no; shift: no; sym: no)
10-07 15:54:22.454 11894 11934 V Kodi : Debug Print: Keyboard: scancode: 0x14, sym: 0x0112, unicode: 0x0000, modifier: 0x0
10-07 15:54:22.455 11894 11934 V Kodi : Debug Print: HandleKey: down (0xf081) pressed, action is Down
10-07 15:54:22.546 3543 3645 D WindowManager: handleComboKeys keyCode: 20, keyAction: 1
10-07 15:54:22.549 11894 11931 V Kodi : CAndroidKey: key up (dev:4; src:769; code: 20; repeat: 0; flags: 0x8; alt: no; shift: no; sym: no)
10-07 15:54:22.569 11894 11934 V Kodi : Debug Print: Keyboard: scancode: 0x14, sym: 0x0112, unicode: 0x0000, modifier: 0x0
10-07 15:54:22.703 3543 3645 D WindowManager: handleComboKeys keyCode: 20, keyAction: 0
10-07 15:54:22.707 11894 11931 V Kodi : CAndroidKey: key down (dev:4; src:769; code: 20; repeat: 0; flags: 0x8; alt: no; shift: no; sym: no)
10-07 15:54:22.721 11894 11934 V Kodi : Debug Print: Previous line repeats 1 times.
10-07 15:54:22.721 11894 11934 V Kodi : Debug Print: HandleKey: down (0xf081) pressed, action is Down
10-07 15:54:22.827 3543 3645 D WindowManager: handleComboKeys keyCode: 20, keyAction: 1
10-07 15:54:22.830 11894 11931 V Kodi : CAndroidKey: key up (dev:4; src:769; code: 20; repeat: 0; flags: 0x8; alt: no; shift: no; sym: no)
10-07 15:54:22.853 11894 11934 V Kodi : Debug Print: Keyboard: scancode: 0x14, sym: 0x0112, unicode: 0x0000, modifier: 0x0
10-07 15:54:23.009 3543 3645 D WindowManager: handleComboKeys keyCode: 20, keyAction: 0
10-07 15:54:23.013 11894 11931 V Kodi : CAndroidKey: key down (dev:4; src:769; code: 20; repeat: 0; flags: 0x8; alt: no; shift: no; sym: no)
10-07 15:54:23.036 11894 11934 V Kodi : Debug Print: Previous line repeats 1 times.
10-07 15:54:23.037 11894 11934 V Kodi : Debug Print: HandleKey: down (0xf081) pressed, action is Down
10-07 15:54:23.156 3543 3645 D WindowManager: handleComboKeys keyCode: 20, keyAction: 1
10-07 15:54:23.159 11894 11931 V Kodi : CAndroidKey: key up (dev:4; src:769; code: 20; repeat: 0; flags: 0x8; alt: no; shift: no; sym: no)
10-07 15:54:23.169 11894 11934 V Kodi : Debug Print: Keyboard: scancode: 0x14, sym: 0x0112, unicode: 0x0000, modifier: 0x0
10-07 15:54:24.278 3543 3645 D WindowManager: handleComboKeys keyCode: 23, keyAction: 0
10-07 15:54:24.282 11894 11931 V Kodi : CAndroidKey: key down (dev:4; src:769; code: 23; repeat: 0; flags: 0x8; alt: no; shift: no; sym: no)
10-07 15:54:24.343 11894 11934 V Kodi : Debug Print: Keyboard: scancode: 0x17, sym: 0x000d, unicode: 0x0000, modifier: 0x0
10-07 15:54:24.436 3543 3645 D WindowManager: handleComboKeys keyCode: 23, keyAction: 1
10-07 15:54:24.441 11894 11931 V Kodi : CAndroidKey: key up (dev:4; src:769; code: 23; repeat: 0; flags: 0x8; alt: no; shift: no; sym: no)
10-07 15:54:24.456 11894 11934 V Kodi : Debug Print: Previous line repeats 1 times.
10-07 15:54:24.456 11894 11934 V Kodi : Debug Print: HandleKey: return (0xf00d) pressed, action is Select
10-07 15:54:24.459 11894 11934 V Kodi : Debug Print: CGUIMediaWindow::GetDirectory (plugin://plugin.video.skygo.de/?action=listPage&path=%2fst%2fmultiplatform%2fipad%2fjson%2flandingpage%2f32.json&zz)
10-07 15:54:24.460 11894 11934 V Kodi : Debug Print: ParentPath = [plugin://plugin.video.skygo.de/?action=listPage&id=2&zz]
10-07 15:54:24.461 11894 12004 V Kodi : Debug Print: Thread waiting start, auto delete: false
10-07 15:54:24.464 11894 11966 V Kodi : Debug Print: CAddonDatabase::SetLastUsed[plugin.video.skygo.de] took 5 ms
10-07 15:54:24.465 11894 12004 V Kodi : Debug Print: StartScript - calling plugin Sky Go('plugin://plugin.video.skygo.de/','1','?action=listPage&path=%2fst%2fmultiplatform%2fipad%2fjson%2flandingpage%2f32.json&zz','resume:false')
10-07 15:54:24.465 11894 12004 V Kodi : Debug Print: GetLanguageInvoker - Reusing LanguageInvokerThread 2 for script /storage/emulated/0/Android/data/org.xbmc.kodinerds/files/.kodi/addons/plugin.video.skygo.de/default.py
10-07 15:54:24.465 11894 11986 V Kodi : Debug Print: initializing python engine.
10-07 15:54:24.465 11894 11986 V Kodi : Debug Print: CPythonInvoker(2, /storage/emulated/0/Android/data/org.xbmc.kodinerds/files/.kodi/addons/plugin.video.skygo.de/default.py): start processing
10-07 15:54:24.466 11894 11986 V Kodi : Debug Print: CPythonInvoker(2, /storage/emulated/0/Android/data/org.xbmc.kodinerds/files/.kodi/addons/plugin.video.skygo.de/default.py): entering source directory /storage/emulated/0/Android/data/org.xbmc.kodinerds/files/.kodi/addons/plugin.video.skygo.de
10-07 15:54:24.466 11894 11986 V Kodi : Debug Print: CPythonInvoker(2, /storage/emulated/0/Android/data/org.xbmc.kodinerds/files/.kodi/addons/plugin.video.skygo.de/default.py): instantiating addon using automatically obtained id of "plugin.video.skygo.de" dependent on version 2.1.0 of the xbmc.python api
10-07 15:54:24.471 11894 11986 V Kodi : Debug Print: [Sky Go] params = {'action': 'listPage', 'path': '/st/multiplatform/ipad/json/landingpage/32.json'}
10-07 15:54:24.563 11894 11934 V Kodi : Debug Print: ------ Window Init (DialogBusy.xml) ------
10-07 15:54:24.563 11894 11934 V Kodi : Debug Print: Window DialogBusy.xml was already loaded
10-07 15:54:24.563 11894 11934 V Kodi : Debug Print: Alloc resources: 0.06ms
10-07 15:54:25.515 11894 11986 V Kodi : Debug Print: Using iconImage in ListItem constructor results in NOP. Use setArt.
10-07 15:54:26.011 11894 11986 V Kodi : Debug Print: Previous line repeats 60 times.
10-07 15:54:26.012 11894 11986 V Kodi : Debug Print: Attempt to use invalid handle 1
10-07 15:54:26.012 11894 11986 V Kodi : Debug Print: CPythonInvoker(2, /storage/emulated/0/Android/data/org.xbmc.kodinerds/files/.kodi/addons/plugin.video.skygo.de/default.py): script successfully run
10-07 15:54:26.196 11894 12004 V Kodi : Debug Print: Thread waiting 203608257776 terminating
10-07 15:54:26.206 11894 11934 V Kodi : Debug Print: ------ Window Deinit (DialogBusy.xml) ------
10-07 15:54:26.207 11894 11934 V Kodi : Debug Print: Saving fileitems [plugin://plugin.video.skygo.de/?action=listPage&path=%2fst%2fmultiplatform%2fipad%2fjson%2flandingpage%2f32.json&zz]
10-07 15:54:26.211 11894 11934 V Kodi : Debug Print: -- items: 61, sort method: 0, ascending: false
10-07 15:54:26.314 11894 12008 V Kodi : Debug Print: Thread BackgroundLoader start, auto delete: false
10-07 15:54:26.502 11894 12008 V Kodi : Debug Print: Thread BackgroundLoader 203602015472 terminating
10-07 15:54:27.308 3543 3645 D WindowManager: handleComboKeys keyCode: 20, keyAction: 0
10-07 15:54:27.312 11894 11931 V Kodi : CAndroidKey: key down (dev:4; src:769; code: 20; repeat: 0; flags: 0x8; alt: no; shift: no; sym: no)
10-07 15:54:27.324 11894 11934 V Kodi : Debug Print: Keyboard: scancode: 0x14, sym: 0x0112, unicode: 0x0000, modifier: 0x0
10-07 15:54:27.326 11894 11934 V Kodi : Debug Print: HandleKey: down (0xf081) pressed, action is Down
10-07 15:54:27.365 11894 11982 V Kodi : Debug Print: ffmpeg[0x2f6d633600X]: [swscaler] No accelerated colorspace conversion found from yuv420p to bgra.
10-07 15:54:27.468 3543 3645 D WindowManager: handleComboKeys keyCode: 20, keyAction: 1
10-07 15:54:27.472 11894 11931 V Kodi : CAndroidKey: key up (dev:4; src:769; code: 20; repeat: 0; flags: 0x8; alt: no; shift: no; sym: no)
10-07 15:54:27.490 11894 11934 V Kodi : Debug Print: Keyboard: scancode: 0x14, sym: 0x0112, unicode: 0x0000, modifier: 0x0
10-07 15:54:27.681 3543 3645 D WindowManager: handleComboKeys keyCode: 20, keyAction: 0
10-07 15:54:27.684 11894 11931 V Kodi : CAndroidKey: key down (dev:4; src:769; code: 20; repeat: 0; flags: 0x8; alt: no; shift: no; sym: no)
10-07 15:54:27.708 11894 11934 V Kodi : Debug Print: Previous line repeats 1 times.
10-07 15:54:27.708 11894 11934 V Kodi : Debug Print: HandleKey: down (0xf081) pressed, action is Down
10-07 15:54:27.743 11894 11966 V Kodi : Debug Print: ffmpeg[0x2f66657a00X]: [swscaler] No accelerated colorspace conversion found from yuv420p to bgra.
10-07 15:54:27.820 3543 3645 D WindowManager: handleComboKeys keyCode: 20, keyAction: 1
10-07 15:54:27.823 11894 11931 V Kodi : CAndroidKey: key up (dev:4; src:769; code: 20; repeat: 0; flags: 0x8; alt: no; shift: no; sym: no)
10-07 15:54:27.841 11894 11934 V Kodi : Debug Print: Keyboard: scancode: 0x14, sym: 0x0112, unicode: 0x0000, modifier: 0x0
10-07 15:54:28.076 3543 3645 D WindowManager: handleComboKeys keyCode: 20, keyAction: 0
10-07 15:54:28.080 11894 11931 V Kodi : CAndroidKey: key down (dev:4; src:769; code: 20; repeat: 0; flags: 0x8; alt: no; shift: no; sym: no)
10-07 15:54:28.091 11894 11934 V Kodi : Debug Print: Previous line repeats 1 times.
10-07 15:54:28.091 11894 11934 V Kodi : Debug Print: HandleKey: down (0xf081) pressed, action is Down
10-07 15:54:28.126 11894 11965 V Kodi : Debug Print: ffmpeg[0x2f66657780X]: [swscaler] No accelerated colorspace conversion found from yuv420p to bgra.
10-07 15:54:28.229 3543 3645 D WindowManager: handleComboKeys keyCode: 20, keyAction: 1
10-07 15:54:28.235 11894 11931 V Kodi : CAndroidKey: key up (dev:4; src:769; code: 20; repeat: 0; flags: 0x8; alt: no; shift: no; sym: no)
10-07 15:54:28.258 11894 11934 V Kodi : Debug Print: Keyboard: scancode: 0x14, sym: 0x0112, unicode: 0x0000, modifier: 0x0
10-07 15:54:29.022 3543 3645 D WindowManager: handleComboKeys keyCode: 20, keyAction: 0
10-07 15:54:29.026 11894 11931 V Kodi : CAndroidKey: key down (dev:4; src:769; code: 20; repeat: 0; flags: 0x8; alt: no; shift: no; sym: no)
10-07 15:54:29.042 11894 11934 V Kodi : Debug Print: Previous line repeats 1 times.
10-07 15:54:29.042 11894 11934 V Kodi : Debug Print: HandleKey: down (0xf081) pressed, action is Down
10-07 15:54:29.082 11894 11964 V Kodi : Debug Print: ffmpeg[0x2f4b529c00X]: [swscaler] No accelerated colorspace conversion found from yuv420p to bgra.
10-07 15:54:29.188 3543 3645 D WindowManager: handleComboKeys keyCode: 20, keyAction: 1
10-07 15:54:29.192 11894 11931 V Kodi : CAndroidKey: key up (dev:4; src:769; code: 20; repeat: 0; flags: 0x8; alt: no; shift: no; sym: no)
10-07 15:54:29.209 11894 11934 V Kodi : Debug Print: Keyboard: scancode: 0x14, sym: 0x0112, unicode: 0x0000, modifier: 0x0
10-07 15:54:29.451 3543 3645 D WindowManager: handleComboKeys keyCode: 20, keyAction: 0
10-07 15:54:29.454 11894 11931 V Kodi : CAndroidKey: key down (dev:4; src:769; code: 20; repeat: 0; flags: 0x8; alt: no; shift: no; sym: no)
10-07 15:54:29.476 11894 11934 V Kodi : Debug Print: Previous line repeats 1 times.
10-07 15:54:29.476 11894 11934 V Kodi : Debug Print: HandleKey: down (0xf081) pressed, action is Down
10-07 15:54:29.504 11894 11965 V Kodi : Debug Print: ffmpeg[0x2f66657780X]: [swscaler] No accelerated colorspace conversion found from yuv420p to bgra.
10-07 15:54:29.618 3543 3645 D WindowManager: handleComboKeys keyCode: 20, keyAction: 1
10-07 15:54:29.621 11894 11931 V Kodi : CAndroidKey: key up (dev:4; src:769; code: 20; repeat: 0; flags: 0x8; alt: no; shift: no; sym: no)
10-07 15:54:29.643 11894 11934 V Kodi : Debug Print: Keyboard: scancode: 0x14, sym: 0x0112, unicode: 0x0000, modifier: 0x0
10-07 15:54:30.000 6692 11814 I chromium: [6692:11814:INFO:ssdp_device.c(101)] SSDP packets sent for 30 seconds = 14
10-07 15:54:30.383 3543 3645 D WindowManager: handleComboKeys keyCode: 19, keyAction: 0
10-07 15:54:30.386 11894 11931 V Kodi : CAndroidKey: key down (dev:4; src:769; code: 19; repeat: 0; flags: 0x8; alt: no; shift: no; sym: no)
10-07 15:54:30.411 11894 11934 V Kodi : Debug Print: Keyboard: scancode: 0x13, sym: 0x0111, unicode: 0x0000, modifier: 0x0
10-07 15:54:30.411 11894 11934 V Kodi : Debug Print: HandleKey: up (0xf080) pressed, action is Up
10-07 15:54:30.525 3543 3645 D WindowManager: handleComboKeys keyCode: 19, keyAction: 1
10-07 15:54:30.528 11894 11931 V Kodi : CAndroidKey: key up (dev:4; src:769; code: 19; repeat: 0; flags: 0x8; alt: no; shift: no; sym: no)
10-07 15:54:30.543 11894 11934 V Kodi : Debug Print: Keyboard: scancode: 0x13, sym: 0x0111, unicode: 0x0000, modifier: 0x0
10-07 15:54:30.688 3543 3645 D WindowManager: handleComboKeys keyCode: 19, keyAction: 0
10-07 15:54:30.692 11894 11931 V Kodi : CAndroidKey: key down (dev:4; src:769; code: 19; repeat: 0; flags: 0x8; alt: no; shift: no; sym: no)
10-07 15:54:30.711 11894 11934 V Kodi : Debug Print: Previous line repeats 1 times.
10-07 15:54:30.713 11894 11934 V Kodi : Debug Print: HandleKey: up (0xf080) pressed, action is Up
10-07 15:54:30.831 3543 3645 D WindowManager: handleComboKeys keyCode: 19, keyAction: 1
10-07 15:54:30.834 11894 11931 V Kodi : CAndroidKey: key up (dev:4; src:769; code: 19; repeat: 0; flags: 0x8; alt: no; shift: no; sym: no)
10-07 15:54:30.860 11894 11934 V Kodi : Debug Print: Keyboard: scancode: 0x13, sym: 0x0111, unicode: 0x0000, modifier: 0x0
10-07 15:54:31.293 3543 3645 D WindowManager: handleComboKeys keyCode: 23, keyAction: 0
10-07 15:54:31.297 11894 11931 V Kodi : CAndroidKey: key down (dev:4; src:769; code: 23; repeat: 0; flags: 0x8; alt: no; shift: no; sym: no)
10-07 15:54:31.311 11894 11934 V Kodi : Debug Print: Keyboard: scancode: 0x17, sym: 0x000d, unicode: 0x0000, modifier: 0x0
10-07 15:54:31.430 3543 3645 D WindowManager: handleComboKeys keyCode: 23, keyAction: 1
10-07 15:54:31.434 11894 11931 V Kodi : CAndroidKey: key up (dev:4; src:769; code: 23; repeat: 0; flags: 0x8; alt: no; shift: no; sym: no)
10-07 15:54:31.461 11894 11934 V Kodi : Debug Print: Previous line repeats 1 times.
10-07 15:54:31.462 11894 11934 V Kodi : Debug Print: HandleKey: return (0xf00d) pressed, action is Select
10-07 15:54:31.476 11894 11934 V Kodi : Debug Print: OnPlayMedia plugin://plugin.video.skygo.de/?parental_rating=12&vod_id=837475&art=%7B%27fanart%27%3A+u%27https%3A%2F%2Fskyticket.sky.de%2Fbin%2FPicture%2F524%2FC_1_Picture_315000_hero_img.jpg%7CUser-Agent%3DMozilla%2F5.0+%28Windows+NT+10.0%3B+Win64%3B+x64%29+AppleWebKit%2F537.36+%28KHTML%2C+like+Gecko%29+Chrome%2F70.0.3538.110+Safari%2F537.36%27%2C+%27poster%27%3A+u%27https%3A%2F%2Fskyticket.sky.de%2Fst%2Fbin%2FAsset%2Fweb%2Fdvd_cover_837475.jpg%7CUser-Agent%3DMozilla%2F5.0+%28Windows+NT+10.0%3B+Win64%3B+x64%29+AppleWebKit%2F537.36+%28KHTML%2C+like+Gecko%29+Chrome%2F70.0.3538.110+Safari%2F537.36%27%7D&zz=&action=playVod&infolabels=%7B%27plot%27%3A+u%27Verf%5Cxfcgbar+bis+30.09.2020%5Cn%5CnBer%5Cxfchrender+Abenteuerfilm+mit+einem+intensiven+Auftritt+von+Emile+Hirsch+inmitten+einer+%5Cxfcberw%5Cxe4ltigenden+Natur.+-+Chris+McCandless+%28Emile+Hirsch%29+z%5Cxe4hlt+bei+seinem+Uni-Abschluss+zu+den+Besten+und+blickt+einer+erfolgreichen+Zukunft+entgegen.+Da+beschlie%5Cxdft+er%2C+ein+neues+Leben+zu+beginne
10-07 15:54:31.482 11894 11934 V Kodi : Debug Print: StartScript - calling plugin Sky Go('plugin://plugin.video.skygo.de/','1','?parental_rating=12&vod_id=837475&art=%7B%27fanart%27%3A+u%27https%3A%2F%2Fskyticket.sky.de%2Fbin%2FPicture%2F524%2FC_1_Picture_315000_hero_img.jpg%7CUser-Agent%3DMozilla%2F5.0+%28Windows+NT+10.0%3B+Win64%3B+x64%29+AppleWebKit%2F537.36+%28KHTML%2C+like+Gecko%29+Chrome%2F70.0.3538.110+Safari%2F537.36%27%2C+%27poster%27%3A+u%27https%3A%2F%2Fskyticket.sky.de%2Fst%2Fbin%2FAsset%2Fweb%2Fdvd_cover_837475.jpg%7CUser-Agent%3DMozilla%2F5.0+%28Windows+NT+10.0%3B+Win64%3B+x64%29+AppleWebKit%2F537.36+%28KHTML%2C+like+Gecko%29+Chrome%2F70.0.3538.110+Safari%2F537.36%27%7D&zz=&action=playVod&infolabels=%7B%27plot%27%3A+u%27Verf%5Cxfcgbar+bis+30.09.2020%5Cn%5CnBer%5Cxfchrender+Abenteuerfilm+mit+einem+intensiven+Auftritt+von+Emile+Hirsch+inmitten+einer+%5Cxfcberw%5Cxe4ltigenden+Natur.+-+Chris+McCandless+%28Emile+Hirsch%29+z%5Cxe4hlt+bei+seinem+Uni-Abschluss+zu+den+Besten+und+blickt+einer+erfolgreichen+Zukunft+entgegen.+Da+beschlie%5Cxdft+
10-07 15:54:31.483 11894 11934 V Kodi : Debug Print: GetLanguageInvoker - Reusing LanguageInvokerThread 2 for script /storage/emulated/0/Android/data/org.xbmc.kodinerds/files/.kodi/addons/plugin.video.skygo.de/default.py
10-07 15:54:31.483 11894 11986 V Kodi : Debug Print: initializing python engine.
10-07 15:54:31.483 11894 11986 V Kodi : Debug Print: CPythonInvoker(2, /storage/emulated/0/Android/data/org.xbmc.kodinerds/files/.kodi/addons/plugin.video.skygo.de/default.py): start processing
10-07 15:54:31.484 11894 11986 V Kodi : Debug Print: CPythonInvoker(2, /storage/emulated/0/Android/data/org.xbmc.kodinerds/files/.kodi/addons/plugin.video.skygo.de/default.py): entering source directory /storage/emulated/0/Android/data/org.xbmc.kodinerds/files/.kodi/addons/plugin.video.skygo.de
10-07 15:54:31.484 11894 11986 V Kodi : Debug Print: CPythonInvoker(2, /storage/emulated/0/Android/data/org.xbmc.kodinerds/files/.kodi/addons/plugin.video.skygo.de/default.py): instantiating addon using automatically obtained id of "plugin.video.skygo.de" dependent on version 2.1.0 of the xbmc.python api
10-07 15:54:31.492 11894 11986 V Kodi : Debug Print: [Sky Go] params = {'action': 'playVod', 'parental_rating': '12', 'vod_id': '837475', 'art': "{'fanart': u'https://skyticket.sky.de/bin/Picture/524/C_1_Picture_315000_hero_img.jpg|User-Agent=Mozilla/5.0 (Windows NT 10.0; Win64; x64) AppleWebKit/537.36 (KHTML, like Gecko) Chrome/70.0.3538.110 Safari/537.36', 'poster': u'https://skyticket.sky.de/st/bin/Asset/web/dvd_cover_837475.jpg|User-Agent=Mozilla/5.0 (Windows NT 10.0; Win64; x64) AppleWebKit/537.36 (KHTML, like Gecko) Chrome/70.0.3538.110 Safari/537.36'}", 'infolabels': "{'plot': u'Verf\\xfcgbar bis 30.09.2020\\n\\nBer\\xfchrender Abenteuerfilm mit einem intensiven Auftritt von Emile Hirsch inmitten einer \\xfcberw\\xe4ltigenden Natur. - Chris McCandless (Emile Hirsch) z\\xe4hlt bei seinem Uni-Abschluss zu den Besten und blickt einer erfolgreichen Zukunft entgegen. Da beschlie\\xdft er, ein neues Leben zu beginnen. Er verschenkt all seine Ersparnisse und macht sich zu einer gro\\xdfen Reise auf: \\xdcber Kalifornien und Mexiko schl\\xe4gt er s
10-07 15:54:31.503 11894 12018 V Kodi : Debug Print: Thread scriptobs start, auto delete: false
10-07 15:54:31.704 11894 11934 V Kodi : Debug Print: ------ Window Init (DialogBusy.xml) ------
10-07 15:54:31.704 11894 11934 V Kodi : Debug Print: Window DialogBusy.xml was already loaded
10-07 15:54:31.704 11894 11934 V Kodi : Debug Print: Alloc resources: 0.06ms
10-07 15:54:31.707 11894 11986 V Kodi : Debug Print: CAddonSettings[script.common.plugin.cache]: loading setting definitions
10-07 15:54:31.707 11894 11986 V Kodi : Debug Print: CAddonSettings[script.common.plugin.cache]: trying to load setting definitions from old format...
10-07 15:54:32.351 11894 11986 V Kodi : Debug Print: [script.module.inputstreamhelper-0.4.2]: Platform information: ('Linux', 'localhost', '4.9.140-tegra-g68283f0ff762', '#6 SMP PREEMPT Wed Sep 25 22:55:53 PDT 2019', 'aarch64', '')
10-07 15:54:32.354 11894 11986 V Kodi : Debug Print: CAddonSettings[script.module.inputstreamhelper]: loading setting definitions
10-07 15:54:32.354 11894 11986 V Kodi : Debug Print: CAddonSettings[script.module.inputstreamhelper]: trying to load setting definitions from old format...
10-07 15:54:32.366 11894 11986 V Kodi : Debug Print: [script.module.inputstreamhelper-0.4.2]: jsonrpc payload: {u'params': {u'addonid': u'inputstream.adaptive'}, u'jsonrpc': u'2.0', u'id': 1, u'method': u'Addons.GetAddonDetails'}
10-07 15:54:32.367 11894 11986 V Kodi : Debug Print: [script.module.inputstreamhelper-0.4.2]: jsonrpc response: {"id":1,"jsonrpc":"2.0","result":{"addon":{"addonid":"inputstream.adaptive","type":"kodi.inputstream"}}}
10-07 15:54:32.368 11894 11986 V Kodi : Debug Print: [script.module.inputstreamhelper-0.4.2]: inputstream.adaptive is installed.
10-07 15:54:32.368 11894 11986 V Kodi : Debug Print: [script.module.inputstreamhelper-0.4.2]: jsonrpc payload: {u'params': {u'properties': [u'enabled'], u'addonid': u'inputstream.adaptive'}, u'jsonrpc': u'2.0', u'id': 1, u'method': u'Addons.GetAddonDetails'}
10-07 15:54:32.369 11894 11986 V Kodi : Debug Print: [script.module.inputstreamhelper-0.4.2]: jsonrpc response: {"id":1,"jsonrpc":"2.0","result":{"addon":{"addonid":"inputstream.adaptive","enabled":true,"type":"kodi.inputstream"}}}
10-07 15:54:32.370 11894 11986 V Kodi : Debug Print: [script.module.inputstreamhelper-0.4.2]: inputstream.adaptive 2.5.0 is enabled.
10-07 15:54:32.370 11894 11986 V Kodi : Debug Print: [script.module.inputstreamhelper-0.4.2]: inputstream.adaptive 2.5.0 is installed and enabled.
10-07 15:54:32.537 3728 4249 W bt_btm_pm: Sniff Interval For Device MAC 00:04:20:f5:f5:a8 is 33.750000 msec.
10-07 15:54:32.813 11894 11986 V Kodi : Debug Print: [Sky Go] User not logged in or Session on other device
10-07 15:54:32.813 11894 11986 V Kodi : Debug Print: [Sky Go] Session invalid - Customer Code not found in SilkCache
10-07 15:54:33.503 11894 11986 V Kodi : Debug Print: [Sky Go] User still logged in
10-07 15:54:33.532 11894 11986 V Kodi : Debug Print: CPythonInvoker(2, /storage/emulated/0/Android/data/org.xbmc.kodinerds/files/.kodi/addons/plugin.video.skygo.de/default.py): script successfully run
10-07 15:54:33.546 11894 11934 V Kodi : Debug Print: ------ Window Deinit (DialogBusy.xml) ------
10-07 15:54:33.548 11894 12018 V Kodi : Debug Print: Thread scriptobs 203608257776 terminating
10-07 15:54:33.558 11894 11934 V Kodi : Debug Print: CPlayerCoreFactory::GetPlayers(http://skywebvod-s.akamaihd.net/ondemand/Production/de_at/movies/F30043621____100332004/F30043621____100332004.ism/Manifest)
10-07 15:54:33.559 11894 11934 V Kodi : Debug Print: CPlayerSelectionRule::GetPlayers: considering rule: system rules
10-07 15:54:33.559 11894 11934 V Kodi : Debug Print: CPlayerSelectionRule::GetPlayers: matches rule: system rules
10-07 15:54:33.559 11894 11934 V Kodi : Debug Print: CPlayerSelectionRule::GetPlayers: considering rule: mms/udp
10-07 15:54:33.559 11894 11934 V Kodi : Debug Print: CPlayerSelectionRule::GetPlayers: considering rule: lastfm/shout
10-07 15:54:33.559 11894 11934 V Kodi : Debug Print: CPlayerSelectionRule::GetPlayers: considering rule: rtmp
10-07 15:54:33.559 11894 11934 V Kodi : Debug Print: CPlayerSelectionRule::GetPlayers: considering rule: rtsp
10-07 15:54:33.559 11894 11934 V Kodi : Debug Print: CPlayerSelectionRule::GetPlayers: considering rule: streams
10-07 15:54:33.560 11894 11934 V Kodi : Debug Print: CPlayerSelectionRule::GetPlayers: matches rule: streams
10-07 15:54:33.560 11894 11934 V Kodi : Debug Print: CPlayerSelectionRule::GetPlayers: considering rule: aacp/sdp
10-07 15:54:33.560 11894 11934 V Kodi : Debug Print: CPlayerSelectionRule::GetPlayers: considering rule: mp2
10-07 15:54:33.560 11894 11934 V Kodi : Debug Print: CPlayerSelectionRule::GetPlayers: considering rule: dvd
10-07 15:54:33.560 11894 11934 V Kodi : Debug Print: CPlayerSelectionRule::GetPlayers: considering rule: dvdimage
10-07 15:54:33.560 11894 11934 V Kodi : Debug Print: CPlayerSelectionRule::GetPlayers: considering rule: sdp/asf
10-07 15:54:33.560 11894 11934 V Kodi : Debug Print: CPlayerSelectionRule::GetPlayers: considering rule: nsv
10-07 15:54:33.561 11894 11934 V Kodi : Debug Print: CPlayerSelectionRule::GetPlayers: considering rule: radio
10-07 15:54:33.561 11894 11934 V Kodi : Debug Print: CPlayerCoreFactory::GetPlayers: matched 0 rules with players
10-07 15:54:33.561 11894 11934 V Kodi : Debug Print: CPlayerCoreFactory::GetPlayers: adding videodefaultplayer (VideoPlayer)
10-07 15:54:33.561 11894 11934 V Kodi : Debug Print: CPlayerCoreFactory::GetPlayers: for video=1, audio=0
10-07 15:54:33.561 11894 11934 V Kodi : Debug Print: CPlayerCoreFactory::GetPlayers: for video=1, audio=1
10-07 15:54:33.561 11894 11934 V Kodi : Debug Print: CPlayerCoreFactory::GetPlayers: added 1 players
10-07 15:54:33.564 11894 11934 V Kodi : Debug Print: Radio UECP (RDS) Processor - new CDVDRadioRDSData
10-07 15:54:33.565 11894 11934 V Kodi : Debug Print: VideoPlayer::OpenFile: plugin://plugin.video.skygo.de/?parental_rating=12&vod_id=837475&art=%7B%27fanart%27%3A+u%27https%3A%2F%2Fskyticket.sky.de%2Fbin%2FPicture%2F524%2FC_1_Picture_315000_hero_img.jpg%7CUser-Agent%3DMozilla%2F5.0+%28Windows+NT+10.0%3B+Win64%3B+x64%29+AppleWebKit%2F537.36+%28KHTML%2C+like+Gecko%29+Chrome%2F70.0.3538.110+Safari%2F537.36%27%2C+%27poster%27%3A+u%27https%3A%2F%2Fskyticket.sky.de%2Fst%2Fbin%2FAsset%2Fweb%2Fdvd_cover_837475.jpg%7CUser-Agent%3DMozilla%2F5.0+%28Windows+NT+10.0%3B+Win64%3B+x64%29+AppleWebKit%2F537.36+%28KHTML%2C+like+Gecko%29+Chrome%2F70.0.3538.110+Safari%2F537.36%27%7D&zz=&action=playVod&infolabels=%7B%27plot%27%3A+u%27Verf%5Cxfcgbar+bis+30.09.2020%5Cn%5CnBer%5Cxfchrender+Abenteuerfilm+mit+einem+intensiven+Auftritt+von+Emile+Hirsch+inmitten+einer+%5Cxfcberw%5Cxe4ltigenden+Natur.+-+Chris+McCandless+%28Emile+Hirsch%29+z%5Cxe4hlt+bei+seinem+Uni-Abschluss+zu+den+Besten+und+blickt+einer+erfolgreichen+Zukunft+entgegen.+Da+beschlie%5Cxdft+er%2C+ein+neues+Leben
10-07 15:54:33.568 11894 11934 V Kodi : Debug Print: easy_acquire - Created session to http://skywebvod-s.akamaihd.net
10-07 15:54:33.752 11894 11934 V Kodi : Debug Print: CCurlFile::GetMimeType - http://skywebvod-s.akamaihd.net/ondemand/Production/de_at/movies/F30043621____100332004/F30043621____100332004.ism/Manifest -> text/xml
10-07 15:54:33.753 11894 12028 V Kodi : Debug Print: Thread VideoPlayer start, auto delete: false
10-07 15:54:33.753 11894 12028 V Kodi : Debug Print: CDVDMessageQueue(player)::Put MSGQ_NOT_INITIALIZED
10-07 15:54:33.754 11894 11934 V Kodi : Debug Print: OnPlayBackStarted: CApplication::OnPlayBackStarted
10-07 15:54:33.754 11894 12028 V Kodi : Debug Print: Creating InputStream
10-07 15:54:33.754 11894 12028 V Kodi : Debug Print: ADDON: Dll Initializing - InputStream Adaptive
10-07 15:54:33.755 11894 12028 V Kodi : Debug Print: SECTION:LoadDLL(/data/app/org.xbmc.kodinerds-vbrsgimfQ6CBkJOdBTO2Fw==/lib/arm64/libinputstream.adaptive.so)
10-07 15:54:33.755 11894 12029 V Kodi : Debug Print: Thread BackgroundLoader start, auto delete: false
10-07 15:54:33.755 11894 12028 V Kodi : Debug Print: Loading: /data/app/org.xbmc.kodinerds-vbrsgimfQ6CBkJOdBTO2Fw==/lib/arm64/libinputstream.adaptive.so
10-07 15:54:33.759 11894 11964 V Kodi : Debug Print: Loading settings for plugin://plugin.video.skygo.de/?parental_rating=12&vod_id=837475&art=%7B%27fanart%27%3A+u%27https%3A%2F%2Fskyticket.sky.de%2Fbin%2FPicture%2F524%2FC_1_Picture_315000_hero_img.jpg%7CUser-Agent%3DMozilla%2F5.0+%28Windows+NT+10.0%3B+Win64%3B+x64%29+AppleWebKit%2F537.36+%28KHTML%2C+like+Gecko%29+Chrome%2F70.0.3538.110+Safari%2F537.36%27%2C+%27poster%27%3A+u%27https%3A%2F%2Fskyticket.sky.de%2Fst%2Fbin%2FAsset%2Fweb%2Fdvd_cover_837475.jpg%7CUser-Agent%3DMozilla%2F5.0+%28Windows+NT+10.0%3B+Win64%3B+x64%29+AppleWebKit%2F537.36+%28KHTML%2C+like+Gecko%29+Chrome%2F70.0.3538.110+Safari%2F537.36%27%7D&zz=&action=playVod&infolabels=%7B%27plot%27%3A+u%27Verf%5Cxfcgbar+bis+30.09.2020%5Cn%5CnBer%5Cxfchrender+Abenteuerfilm+mit+einem+intensiven+Auftritt+von+Emile+Hirsch+inmitten+einer+%5Cxfcberw%5Cxe4ltigenden+Natur.+-+Chris+McCandless+%28Emile+Hirsch%29+z%5Cxe4hlt+bei+seinem+Uni-Abschluss+zu+den+Besten+und+blickt+einer+erfolgreichen+Zukunft+entgegen.+Da+beschlie%5Cxdft+er%2C+ein+neues+Leben+z
10-07 15:54:33.762 11894 12028 V Kodi : Debug Print: AddOnLog: InputStream Adaptive: SetVideoResolution (1920 x 1080)
10-07 15:54:33.762 11894 12028 V Kodi : Debug Print: AddOnLog: InputStream Adaptive: Open()
10-07 15:54:33.762 11894 12028 V Kodi : Debug Print: AddOnLog: InputStream Adaptive: found inputstream.adaptive.license_data: [not shown]
10-07 15:54:33.762 11894 12028 V Kodi : Debug Print: AddOnLog: InputStream Adaptive: found inputstream.adaptive.license_flags: persistent_storage
10-07 15:54:33.762 11894 12028 V Kodi : Debug Print: AddOnLog: InputStream Adaptive: found inputstream.adaptive.license_key: [not shown]
10-07 15:54:33.762 11894 12028 V Kodi : Debug Print: AddOnLog: InputStream Adaptive: found inputstream.adaptive.license_type: com.microsoft.playready
10-07 15:54:33.762 11894 12028 V Kodi : Debug Print: AddOnLog: InputStream Adaptive: found inputstream.adaptive.manifest_type: ism
10-07 15:54:33.763 11894 12028 V Kodi : Debug Print: AddOnLog: InputStream Adaptive: Initial bandwidth: 4000000
10-07 15:54:33.764 11894 12028 V Kodi : Debug Print: CAddonSettings[inputstream.adaptive]: loading setting definitions
10-07 15:54:33.766 11894 12028 V Kodi : Debug Print: CAddonSettings[inputstream.adaptive]: loading setting values
10-07 15:54:33.766 11894 12028 V Kodi : Debug Print: AddOnLog: InputStream Adaptive: MAXRESOLUTION selected: 0
10-07 15:54:33.767 11894 12028 V Kodi : Debug Print: CAddonSettings[inputstream.adaptive]: loading setting definitions
10-07 15:54:33.769 11894 12028 V Kodi : Debug Print: CAddonSettings[inputstream.adaptive]: loading setting values
10-07 15:54:33.770 11894 12028 V Kodi : Debug Print: AddOnLog: InputStream Adaptive: MAXRESOLUTIONSECURE selected: 0
10-07 15:54:33.770 11894 12028 V Kodi : Debug Print: CAddonSettings[inputstream.adaptive]: loading setting definitions
10-07 15:54:33.772 11894 12028 V Kodi : Debug Print: CAddonSettings[inputstream.adaptive]: loading setting values
10-07 15:54:33.773 11894 12028 V Kodi : Debug Print: AddOnLog: InputStream Adaptive: STREAMSELECTION selected: 0
10-07 15:54:33.774 11894 12028 V Kodi : Debug Print: CAddonSettings[inputstream.adaptive]: loading setting definitions
