10-07 15:54:08.222 11894 11934 V Kodi : Debug Print: Previous line repeats 1 times.
10-07 15:54:08.222 11894 11934 V Kodi : Debug Print: CPeripheralBusAndroid: Initializing device 4 "Harmony Keyboard"
10-07 15:54:08.222 11894 11934 V Kodi : Debug Print: CAndroidJoystickState: ignoring axis 0 from source 8194 for input device "Harmony Keyboard" with ID 4
10-07 15:54:08.222 11894 11934 V Kodi : Debug Print: CAndroidJoystickState: ignoring axis 1 from source 8194 for input device "Harmony Keyboard" with ID 4
10-07 15:54:08.223 11894 11934 V Kodi : Debug Print: CAndroidJoystickState: ignoring axis 2 from source 8194 for input device "Harmony Keyboard" with ID 4
10-07 15:54:08.223 11894 11934 V Kodi : Debug Print: CAndroidJoystickState: ignoring axis 9 from source 8194 for input device "Harmony Keyboard" with ID 4
10-07 15:54:08.223 11894 11934 V Kodi : Debug Print: CAndroidJoystickState: ignoring axis 10 from source 8194 for input device "Harmony Keyboard" with ID 4
10-07 15:54:08.223 11894 11934 V Kodi : Debug Print: CAndroidJoystickState: ignoring unknown axis 32 on input device "Harmony Keyboard" with ID 4
10-07 15:54:08.223 11894 11934 V Kodi : Debug Print: CAndroidJoystickState: ignoring unknown axis 33 on input device "Harmony Keyboard" with ID 4
10-07 15:54:08.223 11894 11934 V Kodi : Debug Print: CAndroidJoystickState: ignoring unknown axis 34 on input device "Harmony Keyboard" with ID 4
10-07 15:54:08.224 11894 11934 V Kodi : Debug Print: CAndroidJoystickState: ignoring unknown axis 35 on input device "Harmony Keyboard" with ID 4
10-07 15:54:08.224 11894 11934 V Kodi : Debug Print: CAndroidJoystickState: ignoring unknown axis 36 on input device "Harmony Keyboard" with ID 4
10-07 15:54:08.224 11894 11934 V Kodi : Debug Print: CPeripheralBusAndroid: Device has 23 buttons and 0 axes
10-07 15:54:08.228 11894 11934 V Kodi : Debug Print: AddOnLog: Joystick Support: Loaded device "Hi keyboard" with 1 controller profiles and 6 total features
10-07 15:54:08.229 11894 11934 V Kodi : Debug Print: AddOnLog: Joystick Support: Loaded device "NVIDIA Corporation NVIDIA Controller v01.03" with 1 controller profiles and 18 total features
10-07 15:54:08.229 11894 11934 V Kodi : Debug Print: AddOnLog: Joystick Support: Loaded device "NVIDIA Corporation NVIDIA Controller v01.04" with 1 controller profiles and 18 total features
10-07 15:54:08.230 11894 11934 V Kodi : Debug Print: AddOnLog: Joystick Support: Loaded device "OUYA Game Controller" with 1 controller profiles and 17 total features
10-07 15:54:08.230 11894 11934 V Kodi : Debug Print: AddOnLog: Joystick Support: Loaded device "Xbox 360 Wireless Receiver" with 1 controller profiles and 18 total features
10-07 15:54:08.231 11894 11934 V Kodi : Debug Print: Previous line repeats 1 times.
10-07 15:54:08.231 11894 11934 V Kodi : Debug Print: AddOnLog: Joystick Support: Loaded device "virtual-remote" with 2 controller profiles and 2 total features
10-07 15:54:08.231 11894 11934 V Kodi : Debug Print: AddOnLog: Joystick Support: Loaded device "virtual-remote" with 1 controller profiles and 6 total features
10-07 15:54:08.233 11894 11934 V Kodi : Debug Print: AddOnLog: Joystick Support: Loaded device "Keyboard" with 1 controller profiles and 139 total features
10-07 15:54:08.234 11894 11934 V Kodi : Debug Print: AddOnLog: Joystick Support: Loaded device "Mouse" with 1 controller profiles and 10 total features
10-07 15:54:08.234 11894 11934 V Kodi : Debug Print: AddOnLog: Joystick Support: game.controller.mouse: Removing pointer from button map
10-07 15:54:08.237 11894 11934 V Kodi : Debug Print: AddOnLog: Joystick Support: Loaded device "8Bitdo Zero GamePad" with 2 controller profiles and 24 total features
10-07 15:54:08.238 11894 11934 V Kodi : Debug Print: AddOnLog: Joystick Support: Loaded device "GamePad Pro USB" with 8 controller profiles and 93 total features
10-07 15:54:08.240 11894 11934 V Kodi : Debug Print: AddOnLog: Joystick Support: Loaded device "Gamepad F310" with 8 controller profiles and 106 total features
10-07 15:54:08.240 11894 11934 V Kodi : Debug Print: AddOnLog: Joystick Support: game.controller.dreamcast: Removing analogstick from button map
10-07 15:54:08.240 11894 11934 V Kodi : Debug Print: AddOnLog: Joystick Support: game.controller.n64: Removing analogstick from button map
10-07 15:54:08.240 11894 11934 V Kodi : Debug Print: AddOnLog: Joystick Support: game.controller.ps: Removing leftstick from button map
10-07 15:54:08.241 11894 11934 V Kodi : Debug Print: AddOnLog: Joystick Support: game.controller.ps: Removing rightstick from button map
10-07 15:54:08.242 11894 11934 V Kodi : Debug Print: AddOnLog: Joystick Support: Loaded device "Generic USB Joystick" with 2 controller profiles and 18 total features
10-07 15:54:08.242 11894 11934 V Kodi : Debug Print: AddOnLog: Joystick Support: game.controller.n64: Removing analogstick from button map
10-07 15:54:08.243 11894 11934 V Kodi : Debug Print: AddOnLog: Joystick Support: Loaded device "Logitech Dual Action" with 8 controller profiles and 86 total features
10-07 15:54:08.243 11894 11934 V Kodi : Debug Print: AddOnLog: Joystick Support: game.controller.dreamcast: Removing analogstick from button map
10-07 15:54:08.243 11894 11934 V Kodi : Debug Print: AddOnLog: Joystick Support: game.controller.n64: Removing analogstick from button map
10-07 15:54:08.243 11894 11934 V Kodi : Debug Print: AddOnLog: Joystick Support: game.controller.ps: Removing leftstick from button map
10-07 15:54:08.243 11894 11934 V Kodi : Debug Print: AddOnLog: Joystick Support: game.controller.ps: Removing rightstick from button map
10-07 15:54:08.244 11894 11934 V Kodi : Debug Print: AddOnLog: Joystick Support: Loaded device "PC USB Wired Stick 8838" with 8 controller profiles and 98 total features
10-07 15:54:08.245 11894 11934 V Kodi : Debug Print: AddOnLog: Joystick Support: game.controller.n64: Removing analogstick from button map
10-07 15:54:08.245 11894 11934 V Kodi : Debug Print: AddOnLog: Joystick Support: game.controller.ps: Removing leftstick from button map
10-07 15:54:08.246 11894 11934 V Kodi : Debug Print: AddOnLog: Joystick Support: Loaded device "PLAYSTATION(R)3 Controller" with 8 controller profiles and 106 total features
10-07 15:54:08.247 11894 11934 V Kodi : Debug Print: AddOnLog: Joystick Support: game.controller.dreamcast: Removing analogstick from button map
10-07 15:54:08.247 11894 11934 V Kodi : Debug Print: AddOnLog: Joystick Support: game.controller.n64: Removing analogstick from button map
10-07 15:54:08.247 11894 11934 V Kodi : Debug Print: AddOnLog: Joystick Support: game.controller.ps: Removing leftstick from button map
10-07 15:54:08.247 11894 11934 V Kodi : Debug Print: AddOnLog: Joystick Support: game.controller.ps: Removing rightstick from button map
10-07 15:54:08.248 11894 11934 V Kodi : Debug Print: AddOnLog: Joystick Support: Loaded device "PS(R) Ga`epad" with 1 controller profiles and 19 total features
10-07 15:54:08.249 11894 11934 V Kodi : Debug Print: AddOnLog: Joystick Support: Loaded device "USB GamePad" with 2 controller profiles and 24 total features
10-07 15:54:08.249 11894 11934 V Kodi : Debug Print: AddOnLog: Joystick Support: Loaded device "USB Gamepad" with 2 controller profiles and 24 total features
10-07 15:54:08.250 11894 11934 V Kodi : Debug Print: AddOnLog: Joystick Support: Loaded device "USB Joystick" with 8 controller profiles and 96 total features
10-07 15:54:08.251 11894 11934 V Kodi : Debug Print: AddOnLog: Joystick Support: game.controller.dreamcast: Removing analogstick from button map
10-07 15:54:08.251 11894 11934 V Kodi : Debug Print: AddOnLog: Joystick Support: game.controller.n64: Removing analogstick from button map
10-07 15:54:08.251 11894 11934 V Kodi : Debug Print: AddOnLog: Joystick Support: game.controller.ps: Removing rightstick from button map
10-07 15:54:08.255 11894 11934 V Kodi : Debug Print: AddOnLog: Joystick Support: Loaded device "Wireless 360 Controller" with 58 controller profiles and 534 total features
10-07 15:54:08.256 11894 11934 V Kodi : Debug Print: AddOnLog: Joystick Support: game.controller.3do.gamegun: Removing crosshair from button map
10-07 15:54:08.256 11894 11934 V Kodi : Debug Print: AddOnLog: Joystick Support: game.controller.atari.xges.xg1: Removing crosshair from button map
10-07 15:54:08.256 11894 11934 V Kodi : Debug Print: AddOnLog: Joystick Support: game.controller.dreamcast: Removing analogstick from button map
10-07 15:54:08.256 11894 11934 V Kodi : Debug Print: AddOnLog: Joystick Support: game.controller.genesis.mouse: Removing pointer from button map
10-07 15:54:08.257 11894 11934 V Kodi : Debug Print: AddOnLog: Joystick Support: game.controller.joystick.2button: Removing analogstick from button map
10-07 15:54:08.257 11894 11934 V Kodi : Debug Print: AddOnLog: Joystick Support: game.controller.joystick.4button: Removing leftstick from button map
10-07 15:54:08.257 11894 11934 V Kodi : Debug Print: AddOnLog: Joystick Support: game.controller.joystick.4button: Removing rightstick from button map
10-07 15:54:08.257 11894 11934 V Kodi : Debug Print: AddOnLog: Joystick Support: game.controller.konami.justifier.player2: Removing crosshair from button map
10-07 15:54:08.257 11894 11934 V Kodi : Debug Print: AddOnLog: Joystick Support: game.controller.konami.justifier.ps: Removing crosshair from button map
10-07 15:54:08.257 11894 11934 V Kodi : Debug Print: AddOnLog: Joystick Support: game.controller.konami.justifier.snes: Removing crosshair from button map
10-07 15:54:08.257 11894 11934 V Kodi : Debug Print: AddOnLog: Joystick Support: game.controller.mouse: Removing pointer from button map
10-07 15:54:08.257 11894 11934 V Kodi : Debug Print: AddOnLog: Joystick Support: game.controller.n64: Removing analogstick from button map
10-07 15:54:08.257 11894 11934 V Kodi : Debug Print: AddOnLog: Joystick Support: game.controller.pcfx.mouse: Removing pointer from button map
10-07 15:54:08.257 11894 11934 V Kodi : Debug Print: AddOnLog: Joystick Support: game.controller.ps.dualanalog: Removing leftstick from button map
10-07 15:54:08.258 11894 11934 V Kodi : Debug Print: AddOnLog: Joystick Support: game.controller.ps.dualanalog: Removing rightstick from button map
10-07 15:54:08.258 11894 11934 V Kodi : Debug Print: AddOnLog: Joystick Support: game.controller.ps.dualshock: Removing leftstick from button map
10-07 15:54:08.258 11894 11934 V Kodi : Debug Print: AddOnLog: Joystick Support: game.controller.ps.dualshock: Removing rightstick from button map
10-07 15:54:08.258 11894 11934 V Kodi : Debug Print: AddOnLog: Joystick Support: game.controller.ps.guncon.japan: Removing crosshair from button map
10-07 15:54:08.258 11894 11934 V Kodi : Debug Print: AddOnLog: Joystick Support: game.controller.ps.guncon.western: Removing crosshair from button map
10-07 15:54:08.258 11894 11934 V Kodi : Debug Print: AddOnLog: Joystick Support: game.controller.ps.mouse: Removing pointer from button map
10-07 15:54:08.258 11894 11934 V Kodi : Debug Print: AddOnLog: Joystick Support: game.controller.psp: Removing analogstick from button map
10-07 15:54:08.258 11894 11934 V Kodi : Debug Print: AddOnLog: Joystick Support: game.controller.saturn.3d.japan: Removing analogstick from button map
10-07 15:54:08.258 11894 11934 V Kodi : Debug Print: AddOnLog: Joystick Support: game.controller.saturn.3d.western: Removing analogstick from button map
10-07 15:54:08.258 11894 11934 V Kodi : Debug Print: AddOnLog: Joystick Support: game.controller.saturn.arcade.racer: Removing wheel from button map
10-07 15:54:08.258 11894 11934 V Kodi : Debug Print: AddOnLog: Joystick Support: game.controller.saturn.mission.stick: Removing joystick from button map
10-07 15:54:08.259 11894 11934 V Kodi : Debug Print: AddOnLog: Joystick Support: game.controller.saturn.mission.stick: Removing throttle from button map
10-07 15:54:08.259 11894 11934 V Kodi : Debug Print: AddOnLog: Joystick Support: game.controller.saturn.mission.sticks: Removing leftjoystick from button map
10-07 15:54:08.259 11894 11934 V Kodi : Debug Print: AddOnLog: Joystick Support: game.controller.saturn.mission.sticks: Removing rightjoystick from button map
10-07 15:54:08.259 11894 11934 V Kodi : Debug Print: AddOnLog: Joystick Support: game.controller.saturn.mouse: Removing pointer from button map
10-07 15:54:08.259 11894 11934 V Kodi : Debug Print: AddOnLog: Joystick Support: game.controller.saturn.twin.stick: Removing leftstick from button map
10-07 15:54:08.259 11894 11934 V Kodi : Debug Print: AddOnLog: Joystick Support: game.controller.saturn.twin.stick: Removing rightstick from button map
10-07 15:54:08.259 11894 11934 V Kodi : Debug Print: AddOnLog: Joystick Support: game.controller.saturn.virtua.gun.eu: Removing crosshair from button map
10-07 15:54:08.259 11894 11934 V Kodi : Debug Print: AddOnLog: Joystick Support: game.controller.saturn.virtua.gun.japan: Removing crosshair from button map
10-07 15:54:08.259 11894 11934 V Kodi : Debug Print: AddOnLog: Joystick Support: game.controller.saturn.virtua.gun.us: Removing crosshair from button map
10-07 15:54:08.260 11894 11934 V Kodi : Debug Print: AddOnLog: Joystick Support: game.controller.snes.mouse: Removing pointer from button map
10-07 15:54:08.260 11894 11934 V Kodi : Debug Print: AddOnLog: Joystick Support: game.controller.snes.super.scope: Removing crosshair from button map
10-07 15:54:08.281 11894 11934 V Kodi : Debug Print: AddOnLog: Joystick Support: Loaded device "Wireless Controller" with 1 controller profiles and 15 total features
10-07 15:54:08.281 11894 11934 V Kodi : Debug Print: AddOnLog: Joystick Support: Loaded device "Xbox 360 Wired Controller" with 1 controller profiles and 19 total features
10-07 15:54:08.282 11894 11934 V Kodi : Debug Print: AddOnLog: Joystick Support: Loaded device "Xbox One Wired Controller" with 1 controller profiles and 19 total features
10-07 15:54:08.282 11894 11934 V Kodi : Debug Print: AddOnLog: Joystick Support: Loaded device "usb gamepad " with 1 controller profiles and 12 total features
10-07 15:54:08.282 11894 11934 V Kodi : Debug Print: AddOnLog: Joystick Support: Loaded device "usb gamepad" with 2 controller profiles and 24 total features
10-07 15:54:08.286 11894 11934 V Kodi : Debug Print: AddOnLog: Joystick Support: Loaded device "Adaptoid" with 8 controller profiles and 98 total features
10-07 15:54:08.286 11894 11934 V Kodi : Debug Print: AddOnLog: Joystick Support: game.controller.dreamcast: Removing analogstick from button map
10-07 15:54:08.286 11894 11934 V Kodi : Debug Print: AddOnLog: Joystick Support: game.controller.n64: Removing analogstick from button map
10-07 15:54:08.288 11894 11934 V Kodi : Debug Print: AddOnLog: Joystick Support: Loaded device "Bluetooth HID Port" with 2 controller profiles and 24 total features
10-07 15:54:08.289 11894 11934 V Kodi : Debug Print: AddOnLog: Joystick Support: Loaded device "GamePad Pro USB" with 8 controller profiles and 91 total features
10-07 15:54:08.291 11894 11934 V Kodi : Debug Print: AddOnLog: Joystick Support: Loaded device "Generic USB Joystick" with 8 controller profiles and 105 total features
10-07 15:54:08.291 11894 11934 V Kodi : Debug Print: AddOnLog: Joystick Support: game.controller.dreamcast: Removing analogstick from button map
10-07 15:54:08.291 11894 11934 V Kodi : Debug Print: AddOnLog: Joystick Support: game.controller.n64: Removing analogstick from button map
10-07 15:54:08.291 11894 11934 V Kodi : Debug Print: AddOnLog: Joystick Support: game.controller.ps: Removing leftstick from button map
10-07 15:54:08.291 11894 11934 V Kodi : Debug Print: AddOnLog: Joystick Support: game.controller.ps: Removing rightstick from button map
10-07 15:54:08.293 11894 11934 V Kodi : Debug Print: AddOnLog: Joystick Support: Loaded device "Logitech Dual Action" with 1 controller profiles and 18 total features
10-07 15:54:08.294 11894 11934 V Kodi : Debug Print: AddOnLog: Joystick Support: Loaded device "Logitech RumblePad 2 USB" with 8 controller profiles and 105 total features
10-07 15:54:08.294 11894 11934 V Kodi : Debug Print: AddOnLog: Joystick Support: game.controller.dreamcast: Removing analogstick from button map
10-07 15:54:08.294 11894 11934 V Kodi : Debug Print: AddOnLog: Joystick Support: game.controller.n64: Removing analogstick from button map
10-07 15:54:08.294 11894 11934 V Kodi : Debug Print: AddOnLog: Joystick Support: game.controller.ps: Removing leftstick from button map
10-07 15:54:08.294 11894 11934 V Kodi : Debug Print: AddOnLog: Joystick Support: game.controller.ps: Removing rightstick from button map
10-07 15:54:08.296 11894 11934 V Kodi : Debug Print: AddOnLog: Joystick Support: Loaded device "MAYFLASH GameCube Controller Adapter" with 8 controller profiles and 97 total features
10-07 15:54:08.296 11894 11934 V Kodi : Debug Print: AddOnLog: Joystick Support: game.controller.dreamcast: Removing analogstick from button map
10-07 15:54:08.296 11894 11934 V Kodi : Debug Print: AddOnLog: Joystick Support: game.controller.n64: Removing analogstick from button map
10-07 15:54:08.296 11894 11934 V Kodi : Debug Print: AddOnLog: Joystick Support: game.controller.ps: Removing leftstick from button map
10-07 15:54:08.297 11894 11934 V Kodi : Debug Print: AddOnLog: Joystick Support: game.controller.ps: Removing rightstick from button map
10-07 15:54:08.298 11894 11934 V Kodi : Debug Print: AddOnLog: Joystick Support: Loaded device "PS(R) Ga`epad" with 1 controller profiles and 19 total features
10-07 15:54:08.299 11894 11934 V Kodi : Debug Print: AddOnLog: Joystick Support: Loaded device "Twin USB Joystick" with 8 controller profiles and 105 total features
10-07 15:54:08.299 11894 11934 V Kodi : Debug Print: AddOnLog: Joystick Support: game.controller.dreamcast: Removing analogstick from button map
10-07 15:54:08.299 11894 11934 V Kodi : Debug Print: AddOnLog: Joystick Support: game.controller.n64: Removing analogstick from button map
10-07 15:54:08.299 11894 11934 V Kodi : Debug Print: AddOnLog: Joystick Support: game.controller.ps: Removing leftstick from button map
10-07 15:54:08.300 11894 11934 V Kodi : Debug Print: AddOnLog: Joystick Support: game.controller.ps: Removing rightstick from button map
10-07 15:54:08.301 11894 11934 V Kodi : Debug Print: AddOnLog: Joystick Support: Loaded device "USB GamePad" with 1 controller profiles and 12 total features
10-07 15:54:08.301 11894 11934 V Kodi : Debug Print: AddOnLog: Joystick Support: Loaded device "USB Gamepad" with 1 controller profiles and 12 total features
10-07 15:54:08.302 11894 11934 V Kodi : Debug Print: AddOnLog: Joystick Support: Loaded device "USB Joystick" with 8 controller profiles and 105 total features
10-07 15:54:08.302 11894 11934 V Kodi : Debug Print: AddOnLog: Joystick Support: game.controller.dreamcast: Removing analogstick from button map
10-07 15:54:08.302 11894 11934 V Kodi : Debug Print: AddOnLog: Joystick Support: game.controller.n64: Removing analogstick from button map
10-07 15:54:08.302 11894 11934 V Kodi : Debug Print: AddOnLog: Joystick Support: game.controller.ps: Removing leftstick from button map
10-07 15:54:08.302 11894 11934 V Kodi : Debug Print: AddOnLog: Joystick Support: game.controller.ps: Removing rightstick from button map
10-07 15:54:08.304 11894 11934 V Kodi : Debug Print: AddOnLog: Joystick Support: Loaded device "Wireless Controller" with 1 controller profiles and 19 total features
10-07 15:54:08.304 11894 11934 V Kodi : Debug Print: AddOnLog: Joystick Support: Loaded device "usb gamepad " with 1 controller profiles and 12 total features
10-07 15:54:08.305 11894 11934 V Kodi : Debug Print: AddOnLog: Joystick Support: Loaded device "usb gamepad" with 1 controller profiles and 12 total features
10-07 15:54:08.312 11894 11934 V Kodi : Debug Print: AddOnLog: Joystick Support: Loaded device "8Bitdo NES30 Arcade(x)" with 4 controller profiles and 47 total features
10-07 15:54:08.313 11894 11934 V Kodi : Debug Print: AddOnLog: Joystick Support: Loaded device "8Bitdo NES30 GamePad" with 5 controller profiles and 54 total features
10-07 15:54:08.313 11894 11934 V Kodi : Debug Print: AddOnLog: Joystick Support: Loaded device "8Bitdo NES30 GamePad Joystick" with 5 controller profiles and 54 total features
10-07 15:54:08.314 11894 11934 V Kodi : Debug Print: AddOnLog: Joystick Support: Loaded device "8Bitdo SFC30 GamePad Joystick" with 5 controller profiles and 54 total features
10-07 15:54:08.315 11894 11934 V Kodi : Debug Print: AddOnLog: Joystick Support: Loaded device "8Bitdo Zero GamePad" with 2 controller profiles and 24 total features
10-07 15:54:08.316 11894 11934 V Kodi : Debug Print: AddOnLog: Joystick Support: Loaded device "DragonRise Inc. Generic USB Joystick" with 8 controller profiles and 104 total features
10-07 15:54:08.316 11894 11934 V Kodi : Debug Print: AddOnLog: Joystick Support: game.controller.dreamcast: Removing analogstick from button map
10-07 15:54:08.316 11894 11934 V Kodi : Debug Print: AddOnLog: Joystick Support: game.controller.n64: Removing analogstick from button map
10-07 15:54:08.317 11894 11934 V Kodi : Debug Print: AddOnLog: Joystick Support: game.controller.ps: Removing leftstick from button map
10-07 15:54:08.317 11894 11934 V Kodi : Debug Print: AddOnLog: Joystick Support: game.controller.ps: Removing rightstick from button map
10-07 15:54:08.318 11894 11934 V Kodi : Debug Print: AddOnLog: Joystick Support: Loaded device "Dual PSX-USB Adaptor Dual PSX-USB Adaptor" with 7 controller profiles and 88 total features
10-07 15:54:08.319 11894 11934 V Kodi : Debug Print: AddOnLog: Joystick Support: game.controller.n64: Removing analogstick from button map
10-07 15:54:08.320 11894 11934 V Kodi : Debug Print: AddOnLog: Joystick Support: Loaded device "GPIO Controller 1" with 5 controller profiles and 55 total features
10-07 15:54:08.321 11894 11934 V Kodi : Debug Print: AddOnLog: Joystick Support: Loaded device "GPIO Controller 2" with 5 controller profiles and 55 total features
10-07 15:54:08.322 11894 11934 V Kodi : Debug Print: AddOnLog: Joystick Support: Loaded device "Gamepad" with 1 controller profiles and 18 total features
10-07 15:54:08.322 11894 11934 V Kodi : Debug Print: AddOnLog: Joystick Support: Loaded device "Generic USB Joystick" with 2 controller profiles and 27 total features
10-07 15:54:08.323 11894 11934 V Kodi : Debug Print: AddOnLog: Joystick Support: game.controller.n64: Removing analogstick from button map
10-07 15:54:08.324 11894 11934 V Kodi : Debug Print: AddOnLog: Joystick Support: Loaded device "Generic X-Box pad" with 8 controller profiles and 106 total features
10-07 15:54:08.324 11894 11934 V Kodi : Debug Print: AddOnLog: Joystick Support: game.controller.dreamcast: Removing analogstick from button map
10-07 15:54:08.324 11894 11934 V Kodi : Debug Print: AddOnLog: Joystick Support: game.controller.n64: Removing analogstick from button map
10-07 15:54:08.324 11894 11934 V Kodi : Debug Print: AddOnLog: Joystick Support: game.controller.ps: Removing leftstick from button map
10-07 15:54:08.324 11894 11934 V Kodi : Debug Print: AddOnLog: Joystick Support: game.controller.ps: Removing rightstick from button map
10-07 15:54:08.326 11894 11934 V Kodi : Debug Print: AddOnLog: Joystick Support: Loaded device "Gravis GamePad Pro USB" with 8 controller profiles and 93 total features
10-07 15:54:08.328 11894 11934 V Kodi : Debug Print: AddOnLog: Joystick Support: Loaded device "GreenAsia Inc. USB Joystick" with 8 controller profiles and 105 total features
10-07 15:54:08.328 11894 11934 V Kodi : Debug Print: AddOnLog: Joystick Support: game.controller.dreamcast: Removing analogstick from button map
10-07 15:54:08.328 11894 11934 V Kodi : Debug Print: AddOnLog: Joystick Support: game.controller.n64: Removing analogstick from button map
10-07 15:54:08.328 11894 11934 V Kodi : Debug Print: AddOnLog: Joystick Support: game.controller.ps: Removing leftstick from button map
10-07 15:54:08.329 11894 11934 V Kodi : Debug Print: AddOnLog: Joystick Support: game.controller.ps: Removing rightstick from button map
10-07 15:54:08.330 11894 11934 V Kodi : Debug Print: AddOnLog: Joystick Support: Loaded device "HuiJia USB GamePad" with 2 controller profiles and 24 total features
10-07 15:54:08.330 11894 11934 V Kodi : Debug Print: AddOnLog: Joystick Support: Loaded device "Logitech Gamepad F310" with 1 controller profiles and 18 total features
10-07 15:54:08.331 11894 11934 V Kodi : Debug Print: AddOnLog: Joystick Support: Loaded device "Logitech Inc. WingMan RumblePad" with 1 controller profiles and 14 total features
10-07 15:54:08.331 11894 11934 V Kodi : Debug Print: AddOnLog: Joystick Support: Loaded device "Logitech Logitech Dual Action" with 1 controller profiles and 18 total features
10-07 15:54:08.332 11894 11934 V Kodi : Debug Print: AddOnLog: Joystick Support: Loaded device "Logitech Logitech RumblePad 2 USB" with 8 controller profiles and 103 total features
10-07 15:54:08.332 11894 11934 V Kodi : Debug Print: AddOnLog: Joystick Support: game.controller.dreamcast: Removing analogstick from button map
10-07 15:54:08.332 11894 11934 V Kodi : Debug Print: AddOnLog: Joystick Support: game.controller.n64: Removing analogstick from button map
10-07 15:54:08.334 11894 11934 V Kodi : Debug Print: AddOnLog: Joystick Support: Loaded device "MY-POWER CO.,LTD. 2In1 USB Joystick" with 8 controller profiles and 105 total features
10-07 15:54:08.334 11894 11934 V Kodi : Debug Print: AddOnLog: Joystick Support: game.controller.dreamcast: Removing analogstick from button map
10-07 15:54:08.335 11894 11934 V Kodi : Debug Print: AddOnLog: Joystick Support: game.controller.n64: Removing analogstick from button map
10-07 15:54:08.335 11894 11934 V Kodi : Debug Print: AddOnLog: Joystick Support: game.controller.ps: Removing leftstick from button map
10-07 15:54:08.335 11894 11934 V Kodi : Debug Print: AddOnLog: Joystick Support: game.controller.ps: Removing rightstick from button map
10-07 15:54:08.336 11894 11934 V Kodi : Debug Print: AddOnLog: Joystick Support: Loaded device "Microsoft X-Box 360 pad" with 1 controller profiles and 19 total features
10-07 15:54:08.337 11894 11934 V Kodi : Debug Print: AddOnLog: Joystick Support: Loaded device "Microsoft X-Box One pad (Firmware 2015)" with 1 controller profiles and 19 total features
10-07 15:54:08.337 11894 11934 V Kodi : Debug Print: AddOnLog: Joystick Support: Loaded device "NVIDIA Corporation NVIDIA Controller v01.03" with 6 controller profiles and 68 total features
10-07 15:54:08.338 11894 11934 V Kodi : Debug Print: AddOnLog: Joystick Support: game.controller.n64: Removing analogstick from button map
10-07 15:54:08.339 11894 11934 V Kodi : Debug Print: AddOnLog: Joystick Support: Loaded device "PLAYSTATION(R)3 Controller" with 6 controller profiles and 77 total features
10-07 15:54:08.341 11894 11934 V Kodi : Debug Print: Previous line repeats 1 times.
10-07 15:54:08.342 11894 11934 V Kodi : Debug Print: AddOnLog: Joystick Support: Loaded device "Pro Controller" with 4 controller profiles and 50 total features
10-07 15:54:08.342 11894 11934 V Kodi : Debug Print: AddOnLog: Joystick Support: Loaded device "ShanWan PS(R) Ga`epad" with 1 controller profiles and 19 total features
10-07 15:54:08.343 11894 11934 V Kodi : Debug Print: AddOnLog: Joystick Support: Loaded device "Sony Computer Entertainment Wireless Controller" with 1 controller profiles and 19 total features
10-07 15:54:08.343 11894 11934 V Kodi : Debug Print: AddOnLog: Joystick Support: Loaded device "Sony Interactive Entertainment Wireless Controller" with 1 controller profiles and 19 total features
10-07 15:54:08.344 11894 11934 V Kodi : Debug Print: AddOnLog: Joystick Support: Loaded device "Sony PLAYSTATION(R)3 Controller" with 6 controller profiles and 77 total features
10-07 15:54:08.346 11894 11934 V Kodi : Debug Print: Previous line repeats 1 times.
10-07 15:54:08.346 11894 11934 V Kodi : Debug Print: AddOnLog: Joystick Support: Loaded device "USB Gamepad" with 2 controller profiles and 24 total features
10-07 15:54:08.347 11894 11934 V Kodi : Debug Print: AddOnLog: Joystick Support: Loaded device "Wireless Controller" with 8 controller profiles and 106 total features
10-07 15:54:08.347 11894 11934 V Kodi : Debug Print: AddOnLog: Joystick Support: game.controller.dreamcast: Removing analogstick from button map
10-07 15:54:08.347 11894 11934 V Kodi : Debug Print: AddOnLog: Joystick Support: game.controller.n64: Removing analogstick from button map
10-07 15:54:08.348 11894 11934 V Kodi : Debug Print: AddOnLog: Joystick Support: game.controller.ps: Removing leftstick from button map
10-07 15:54:08.348 11894 11934 V Kodi : Debug Print: AddOnLog: Joystick Support: game.controller.ps: Removing rightstick from button map
10-07 15:54:08.349 11894 11934 V Kodi : Debug Print: AddOnLog: Joystick Support: Loaded device "Wireless Controller" with 1 controller profiles and 19 total features
10-07 15:54:08.350 11894 11934 V Kodi : Debug Print: Previous line repeats 1 times.
10-07 15:54:08.350 11894 11934 V Kodi : Debug Print: AddOnLog: Joystick Support: Loaded device "Wish Technologies Adaptoid" with 8 controller profiles and 98 total features
10-07 15:54:08.350 11894 11934 V Kodi : Debug Print: AddOnLog: Joystick Support: game.controller.dreamcast: Removing analogstick from button map
10-07 15:54:08.350 11894 11934 V Kodi : Debug Print: AddOnLog: Joystick Support: game.controller.n64: Removing analogstick from button map
10-07 15:54:08.352 11894 11934 V Kodi : Debug Print: AddOnLog: Joystick Support: Loaded device "Xbox 360 Wireless Receiver" with 7 controller profiles and 88 total features
10-07 15:54:08.354 11894 11934 V Kodi : Debug Print: AddOnLog: Joystick Support: Loaded device "Xbox 360 Wireless Receiver" with 7 controller profiles and 90 total features
10-07 15:54:08.354 11894 11934 V Kodi : Debug Print: AddOnLog: Joystick Support: game.controller.n64: Removing analogstick from button map
10-07 15:54:08.356 11894 11934 V Kodi : Debug Print: AddOnLog: Joystick Support: Loaded device "Xbox 360 Wireless Receiver (XBOX)" with 8 controller profiles and 106 total features
10-07 15:54:08.356 11894 11934 V Kodi : Debug Print: AddOnLog: Joystick Support: game.controller.dreamcast: Removing analogstick from button map
10-07 15:54:08.356 11894 11934 V Kodi : Debug Print: AddOnLog: Joystick Support: game.controller.n64: Removing analogstick from button map
10-07 15:54:08.356 11894 11934 V Kodi : Debug Print: AddOnLog: Joystick Support: game.controller.ps: Removing leftstick from button map
10-07 15:54:08.357 11894 11934 V Kodi : Debug Print: AddOnLog: Joystick Support: game.controller.ps: Removing rightstick from button map
10-07 15:54:08.358 11894 11934 V Kodi : Debug Print: AddOnLog: Joystick Support: Loaded device "Xbox 360 Wireless Receiver (XBOX)" with 8 controller profiles and 106 total features
10-07 15:54:08.359 11894 11934 V Kodi : Debug Print: AddOnLog: Joystick Support: game.controller.dreamcast: Removing analogstick from button map
10-07 15:54:08.359 11894 11934 V Kodi : Debug Print: AddOnLog: Joystick Support: game.controller.n64: Removing analogstick from button map
10-07 15:54:08.359 11894 11934 V Kodi : Debug Print: AddOnLog: Joystick Support: game.controller.ps: Removing leftstick from button map
10-07 15:54:08.359 11894 11934 V Kodi : Debug Print: AddOnLog: Joystick Support: game.controller.ps: Removing rightstick from button map
10-07 15:54:08.361 11894 11934 V Kodi : Debug Print: AddOnLog: Joystick Support: Loaded device "mayflash limited MAYFLASH GameCube Controller Adapter" with 8 controller profiles and 97 total features
10-07 15:54:08.361 11894 11934 V Kodi : Debug Print: AddOnLog: Joystick Support: game.controller.dreamcast: Removing analogstick from button map
10-07 15:54:08.361 11894 11934 V Kodi : Debug Print: AddOnLog: Joystick Support: game.controller.n64: Removing analogstick from button map
10-07 15:54:08.362 11894 11934 V Kodi : Debug Print: AddOnLog: Joystick Support: game.controller.ps: Removing leftstick from button map
10-07 15:54:08.362 11894 11934 V Kodi : Debug Print: AddOnLog: Joystick Support: game.controller.ps: Removing rightstick from button map
10-07 15:54:08.363 11894 11934 V Kodi : Debug Print: AddOnLog: Joystick Support: Loaded device "usb gamepad " with 1 controller profiles and 12 total features
10-07 15:54:08.364 11894 11934 V Kodi : Debug Print: AddOnLog: Joystick Support: Loaded device "usb gamepad" with 5 controller profiles and 54 total features
10-07 15:54:08.365 11894 11934 V Kodi : Debug Print: AddOnLog: Joystick Support: Loaded device "SDL Game Controller" with 1 controller profiles and 19 total features
10-07 15:54:08.367 11894 11934 V Kodi : Debug Print: AddOnLog: Joystick Support: Loaded device "8Bitdo Zero GamePad" with 2 controller profiles and 20 total features
10-07 15:54:08.367 11894 11934 V Kodi : Debug Print: AddOnLog: Joystick Support: Loaded device "Logitech Gamepad F310" with 1 controller profiles and 19 total features
10-07 15:54:08.368 11894 11934 V Kodi : Debug Print: AddOnLog: Joystick Support: Loaded device "Microsoft X-Box One pad (Firmware 2015)" with 1 controller profiles and 19 total features
10-07 15:54:08.368 11894 11934 V Kodi : Debug Print: AddOnLog: Joystick Support: Device "Sony Interactive Entertainment Wireless Controller": can't find tag
10-07 15:54:08.369 11894 11934 V Kodi : Debug Print: AddOnLog: Joystick Support: Loaded device "Xbox 360 Wireless Receiver (XBOX)" with 1 controller profiles and 19 total features
10-07 15:54:08.370 11894 11934 V Kodi : Debug Print: AddOnLog: Joystick Support: Loaded device "X-Arcade Tankstick (Player 1)" with 8 controller profiles and 91 total features
10-07 15:54:08.371 11894 11934 V Kodi : Debug Print: AddOnLog: Joystick Support: game.controller.n64: Removing analogstick from button map
10-07 15:54:08.372 11894 11934 V Kodi : Debug Print: AddOnLog: Joystick Support: Loaded device "X-Arcade Tankstick (Player 2)" with 8 controller profiles and 91 total features
10-07 15:54:08.372 11894 11934 V Kodi : Debug Print: AddOnLog: Joystick Support: game.controller.n64: Removing analogstick from button map
10-07 15:54:08.375 11894 11934 V Kodi : Debug Print: AddOnLog: Joystick Support: Loaded device "Xbox 360-compatible controller" with 8 controller profiles and 110 total features
10-07 15:54:08.375 11894 11934 V Kodi : Debug Print: AddOnLog: Joystick Support: game.controller.dreamcast: Removing analogstick from button map
10-07 15:54:08.375 11894 11934 V Kodi : Debug Print: AddOnLog: Joystick Support: game.controller.n64: Removing analogstick from button map
10-07 15:54:08.375 11894 11934 V Kodi : Debug Print: AddOnLog: Joystick Support: game.controller.ps: Removing leftstick from button map
10-07 15:54:08.375 11894 11934 V Kodi : Debug Print: AddOnLog: Joystick Support: game.controller.ps: Removing rightstick from button map
10-07 15:54:08.395 11894 11934 V Kodi : Debug Print: Failed to load button map for "Harmony Keyboard"
10-07 15:54:08.465 11894 11934 V Kodi : Debug Print: Previous line repeats 2 times.
10-07 15:54:08.465 11894 11934 V Kodi : Debug Print: Initialise - initialised peripheral on 'android/inputdevice/4' with 1 features and 0 sub devices
10-07 15:54:08.465 11894 11934 V Kodi : Debug Print: Register - new joystick device registered on android->android/inputdevice/4: Harmony Keyboard (FFFF:0000)
10-07 15:54:08.466 11894 11934 V Kodi : Debug Print: Initialise - initialised peripheral on 'keyboard' with 1 features and 0 sub devices
10-07 15:54:08.466 11894 11934 V Kodi : Debug Print: Register - new keyboard device registered on application->keyboard: Tastatur (0000:0000)
10-07 15:54:08.467 11894 11934 V Kodi : Debug Print: Initialise - initialised peripheral on 'mouse' with 1 features and 0 sub devices
10-07 15:54:08.467 11894 11934 V Kodi : Debug Print: Register - new mouse device registered on application->mouse: Maus (0000:0000)
10-07 15:54:08.467 11894 11970 V Kodi : Debug Print: Thread PeripEventScanner start, auto delete: false
10-07 15:54:08.468 11894 11934 V Kodi : Debug Print: ContextMenuManager: addon menus reloaded.
10-07 15:54:08.468 11894 11934 V Kodi : Debug Print: Loading player core factory settings from special://xbmc/system/playercorefactory.xml.
10-07 15:54:08.469 11894 11934 V Kodi : Debug Print: CPlayerCoreConfig::: created player VideoPlayer
10-07 15:54:08.469 11894 11934 V Kodi : Debug Print: CPlayerCoreConfig::: created player PAPlayer
10-07 15:54:08.469 11894 11934 V Kodi : Debug Print: CPlayerCoreConfig::: created player RetroPlayer
10-07 15:54:08.469 11894 11934 V Kodi : Debug Print: CPlayerSelectionRule::Initialize: creating rule: system rules
10-07 15:54:08.469 11894 11934 V Kodi : Debug Print: CPlayerSelectionRule::Initialize: creating rule: mms/udp
10-07 15:54:08.469 11894 11934 V Kodi : Debug Print: CPlayerSelectionRule::Initialize: creating rule: lastfm/shout
10-07 15:54:08.469 11894 11934 V Kodi : Debug Print: CPlayerSelectionRule::Initialize: creating rule: rtmp
10-07 15:54:08.469 11894 11934 V Kodi : Debug Print: CPlayerSelectionRule::Initialize: creating rule: rtsp
10-07 15:54:08.469 11894 11934 V Kodi : Debug Print: CPlayerSelectionRule::Initialize: creating rule: streams
10-07 15:54:08.470 11894 11934 V Kodi : Debug Print: CPlayerSelectionRule::Initialize: creating rule: aacp/sdp
10-07 15:54:08.470 11894 11934 V Kodi : Debug Print: CPlayerSelectionRule::Initialize: creating rule: mp2
10-07 15:54:08.470 11894 11934 V Kodi : Debug Print: CPlayerSelectionRule::Initialize: creating rule: dvd
10-07 15:54:08.470 11894 11934 V Kodi : Debug Print: CPlayerSelectionRule::Initialize: creating rule: dvdimage
10-07 15:54:08.470 11894 11934 V Kodi : Debug Print: CPlayerSelectionRule::Initialize: creating rule: sdp/asf
10-07 15:54:08.470 11894 11934 V Kodi : Debug Print: CPlayerSelectionRule::Initialize: creating rule: nsv
10-07 15:54:08.470 11894 11934 V Kodi : Debug Print: CPlayerSelectionRule::Initialize: creating rule: radio
10-07 15:54:08.470 11894 11934 V Kodi : Debug Print: Loaded playercorefactory configuration
10-07 15:54:08.471 11894 11934 V Kodi : Debug Print: Loading player core factory settings from special://masterprofile/playercorefactory.xml.
10-07 15:54:08.471 11894 11934 V Kodi : Debug Print: special://masterprofile/playercorefactory.xml does not exist. Skipping.
10-07 15:54:08.471 11894 11934 V Kodi : Debug Print: removing tempfiles
10-07 15:54:08.477 11894 11934 V Kodi : Debug Print: CRepositoryUpdater: previous update at 07.10.2019 13:52:16, next at 08.10.2019 13:52:16
10-07 15:54:08.478 11894 11971 V Kodi : Debug Print: Thread Timer start, auto delete: false
10-07 15:54:08.478 11894 11934 V Kodi : Debug Print: CServiceAddonManager: starting script.common.plugin.cache
10-07 15:54:08.478 11894 11972 V Kodi : Debug Print: Thread LanguageInvoker start, auto delete: false
10-07 15:54:08.479 11894 11934 V Kodi : Debug Print: CServiceAddonManager: starting service.xbmc.versioncheck
10-07 15:54:08.479 11894 11972 V Kodi : Debug Print: initializing python engine.
10-07 15:54:08.479 11894 11973 V Kodi : Debug Print: Thread LanguageInvoker start, auto delete: false
10-07 15:54:08.479 11894 11973 V Kodi : Debug Print: initializing python engine.
10-07 15:54:08.480 11894 11934 V Kodi : Debug Print: initialize done
10-07 15:54:08.480 11894 11934 V Kodi : Debug Print: Running the application...
10-07 15:54:08.481 11894 11934 V Kodi : Debug Print: no profile autoexec.py (/storage/emulated/0/Android/data/org.xbmc.kodinerds/files/.kodi/userdata/autoexec.py) found, skipping
10-07 15:54:08.481 11894 11934 V Kodi : Debug Print: NetworkMessage - Starting network services
10-07 15:54:08.479 11894 11894 W Thread-3: type=1400 audit(0.0:88): avc: denied { getattr } for path="/vendor/bin/python" dev="sda24" ino=213 scontext=u:r:untrusted_app:s0:c159,c256,c512,c768 tcontext=u:object_r:vendor_file:s0 tclass=file permissive=0
10-07 15:54:08.485 3543 3665 D NsdService: New client listening to asynchronous messages
10-07 15:54:08.485 3543 3665 D NsdService: New client, channel: com.android.internal.util.AsyncChannel@1f76e08 messenger: android.os.Messenger@c1079a1
10-07 15:54:08.486 11894 11934 V Kodi : Debug Print: starting zeroconf publishing
10-07 15:54:08.487 11894 11975 V Kodi : Debug Print: Thread EventServer start, auto delete: false
10-07 15:54:08.487 11894 11975 V Kodi : Debug Print: ES: Starting UDP Event server on port 9777
10-07 15:54:08.487 11894 11975 V Kodi : Debug Print: UDP: Listening on port 9777 (ipv6 : false)
10-07 15:54:08.489 11894 11934 V Kodi : Debug Print: JSONRPC Server: Successfully initialized
10-07 15:54:08.489 11894 11977 V Kodi : Debug Print: Thread TCPServer start, auto delete: false
10-07 15:54:08.490 11894 11964 V Kodi : Debug Print: ZeroconfAndroid: identifier: servers.eventserver type: _xbmc-events._udp name:Kodi (SHIELD.fritz.box) port:9777
10-07 15:54:08.492 11894 11966 V Kodi : Debug Print: ZeroconfAndroid: identifier: servers.jsonrpc-tpc type: _xbmc-jsonrpc._tcp name:Kodi (SHIELD.fritz.box) port:9090
10-07 15:54:08.494 3543 3665 D NsdService: Register service
10-07 15:54:08.494 3543 3665 D NsdService: registerService: 6 name: Kodi (SHIELD.fritz.box), type: _xbmc-events._udp, host: /127.0.0.1, port: 9777, txtRecord:
10-07 15:54:08.494 3543 3665 D NsdService: mdnssd [register, 6, Kodi (SHIELD.fritz.box), _xbmc-events._udp, 9777, ]
10-07 15:54:08.495 3543 3665 D NsdService: Register 2 6
10-07 15:54:08.495 3543 3665 D NsdService: Register service
10-07 15:54:08.495 3543 3665 D NsdService: registerService: 7 name: Kodi (SHIELD.fritz.box), type: _xbmc-jsonrpc._tcp, host: /127.0.0.1, port: 9090, txtRecord: txtvers=1)uuid=7fcb549d-cc73-477c-8890-8004e6a26f06
10-07 15:54:08.496 3543 3665 D NsdService: mdnssd [register, 7, Kodi (SHIELD.fritz.box), _xbmc-jsonrpc._tcp, 9090, CXR4dHZlcnM9MSl1dWlkPTdmY2I1NDlkLWNjNzMtNDc3Yy04ODkwLTgwMDRlNmEyNmYwNg==]
10-07 15:54:08.497 3543 3665 D NsdService: Register 3 7
10-07 15:54:08.524 11894 11972 V Kodi : Debug Print: CPythonInvoker(0, /storage/emulated/0/Android/data/org.xbmc.kodinerds/files/.kodi/addons/script.common.plugin.cache/default.py): start processing
10-07 15:54:08.524 11894 11973 V Kodi : Debug Print: CPythonInvoker(1, /data/user/0/org.xbmc.kodinerds/cache/apk/assets/addons/service.xbmc.versioncheck/service.py): start processing
10-07 15:54:08.548 11894 11972 V Kodi : Debug Print: -->Python Interpreter Initialized<--
10-07 15:54:08.548 11894 11972 V Kodi : Debug Print: CPythonInvoker(0, /storage/emulated/0/Android/data/org.xbmc.kodinerds/files/.kodi/addons/script.common.plugin.cache/default.py): the source file to load is "/storage/emulated/0/Android/data/org.xbmc.kodinerds/files/.kodi/addons/script.common.plugin.cache/default.py"
10-07 15:54:08.571 11894 11972 V Kodi : Debug Print: CPythonInvoker(0, /storage/emulated/0/Android/data/org.xbmc.kodinerds/files/.kodi/addons/script.common.plugin.cache/default.py): setting the Python path to /storage/emulated/0/Android/data/org.xbmc.kodinerds/files/.kodi/addons/script.common.plugin.cache:/:/data/app/org.xbmc.kodinerds-vbrsgimfQ6CBkJOdBTO2Fw==/base.apk/assets/python2.7/lib/python27.zip:/data/app/org.xbmc.kodinerds-vbrsgimfQ6CBkJOdBTO2Fw==/base.apk/assets/python2.7/lib/python2.7:/data/app/org.xbmc.kodinerds-vbrsgimfQ6CBkJOdBTO2Fw==/base.apk/assets/python2.7/lib/python2.7/site-packages:/data/app/org.xbmc.kodinerds-vbrsgimfQ6CBkJOdBTO2Fw==/base.apk/assets/python2.7/lib/python2.7/plat-linux2:/data/app/org.xbmc.kodinerds-vbrsgimfQ6CBkJOdBTO2Fw==/base.apk/assets/python2.7/lib/python2.7/lib-tk:/data/app/org.xbmc.kodinerds-vbrsgimfQ6CBkJOdBTO2Fw==/base.apk/assets/python2.7/lib/python2.7/lib-old:/data/app/org.xbmc.kodinerds-vbrsgimfQ6CBkJOdBTO2Fw==/base.apk/assets/python2.7/lib/python2.7/lib-dynload
10-07 15:54:08.572 11894 11972 V Kodi : Debug Print: CPythonInvoker(0, /storage/emulated/0/Android/data/org.xbmc.kodinerds/files/.kodi/addons/script.common.plugin.cache/default.py): entering source directory /storage/emulated/0/Android/data/org.xbmc.kodinerds/files/.kodi/addons/script.common.plugin.cache
10-07 15:54:08.572 11894 11973 V Kodi : Debug Print: -->Python Interpreter Initialized<--
10-07 15:54:08.572 11894 11973 V Kodi : Debug Print: CPythonInvoker(1, /data/user/0/org.xbmc.kodinerds/cache/apk/assets/addons/service.xbmc.versioncheck/service.py): the source file to load is "/data/user/0/org.xbmc.kodinerds/cache/apk/assets/addons/service.xbmc.versioncheck/service.py"
10-07 15:54:08.572 11894 11973 V Kodi : Debug Print: CPythonInvoker(1, /data/user/0/org.xbmc.kodinerds/cache/apk/assets/addons/service.xbmc.versioncheck/service.py): setting the Python path to /data/user/0/org.xbmc.kodinerds/cache/apk/assets/addons/service.xbmc.versioncheck:/:/data/app/org.xbmc.kodinerds-vbrsgimfQ6CBkJOdBTO2Fw==/base.apk/assets/python2.7/lib/python27.zip:/data/app/org.xbmc.kodinerds-vbrsgimfQ6CBkJOdBTO2Fw==/base.apk/assets/python2.7/lib/python2.7:/data/app/org.xbmc.kodinerds-vbrsgimfQ6CBkJOdBTO2Fw==/base.apk/assets/python2.7/lib/python2.7/site-packages:/data/app/org.xbmc.kodinerds-vbrsgimfQ6CBkJOdBTO2Fw==/base.apk/assets/python2.7/lib/python2.7/plat-linux2:/data/app/org.xbmc.kodinerds-vbrsgimfQ6CBkJOdBTO2Fw==/base.apk/assets/python2.7/lib/python2.7/lib-tk:/data/app/org.xbmc.kodinerds-vbrsgimfQ6CBkJOdBTO2Fw==/base.apk/assets/python2.7/lib/python2.7/lib-old:/data/app/org.xbmc.kodinerds-vbrsgimfQ6CBkJOdBTO2Fw==/base.apk/assets/python2.7/lib/python2.7/lib-dynload
10-07 15:54:08.572 11894 11973 V Kodi : Debug Print: CPythonInvoker(1, /data/user/0/org.xbmc.kodinerds/cache/apk/assets/addons/service.xbmc.versioncheck/service.py): entering source directory /data/user/0/org.xbmc.kodinerds/cache/apk/assets/addons/service.xbmc.versioncheck
10-07 15:54:08.573 11894 11972 V Kodi : Debug Print: CPythonInvoker(0, /storage/emulated/0/Android/data/org.xbmc.kodinerds/files/.kodi/addons/script.common.plugin.cache/default.py): instantiating addon using automatically obtained id of "script.common.plugin.cache" dependent on version 2.24.0 of the xbmc.python api
10-07 15:54:08.574 11894 11972 V Kodi : Debug Print: CAddonSettings[script.common.plugin.cache]: loading setting definitions
10-07 15:54:08.574 11894 11972 V Kodi : Debug Print: CAddonSettings[script.common.plugin.cache]: trying to load setting definitions from old format...
10-07 15:54:08.577 11894 11973 V Kodi : Debug Print: CPythonInvoker(1, /data/user/0/org.xbmc.kodinerds/cache/apk/assets/addons/service.xbmc.versioncheck/service.py): instantiating addon using automatically obtained id of "service.xbmc.versioncheck" dependent on version 2.1.0 of the xbmc.python api
10-07 15:54:08.652 11894 11934 V Kodi : Debug Print: ------ Window Init () ------
10-07 15:54:08.652 11894 11934 V Kodi : Debug Print: Alloc resources: 0.01ms (0.01 ms skin load)
10-07 15:54:08.674 11894 11972 V Kodi : Debug Print: CAddonSettings[script.common.plugin.cache]: loading setting definitions
10-07 15:54:08.674 11894 11972 V Kodi : Debug Print: CAddonSettings[script.common.plugin.cache]: trying to load setting definitions from old format...
10-07 15:54:08.683 11894 11973 V Kodi : Debug Print: CAddonSettings[service.xbmc.versioncheck]: loading setting definitions
10-07 15:54:08.683 11894 11973 V Kodi : Debug Print: CAddonSettings[service.xbmc.versioncheck]: trying to load setting definitions from old format...
10-07 15:54:08.684 11894 11973 V Kodi : Debug Print: Version Check: Version 0.4.6 started
10-07 15:54:08.685 11894 11972 V Kodi : Debug Print: StorageServer Module loaded RUN
10-07 15:54:08.685 11894 11972 V Kodi : Debug Print: StorageClient-2.5.4 Starting server
10-07 15:54:08.708 11894 11972 V Kodi : Debug Print: CAddonSettings[script.common.plugin.cache]: loading setting definitions
10-07 15:54:08.708 11894 11972 V Kodi : Debug Print: CAddonSettings[script.common.plugin.cache]: trying to load setting definitions from old format...
10-07 15:54:09.223 3543 3665 D NsdService: Native daemon message SERVICE_REGISTERED: 606 7 "Kodi (SHIELD.fritz.box)"
10-07 15:54:09.224 3543 3665 D NsdService: Native daemon message SERVICE_REGISTERED: 606 6 "Kodi (SHIELD.fritz.box)"
10-07 15:54:09.225 11894 11974 V Kodi : Debug Print: ZeroconfAndroid: Kodi (SHIELD.fritz.box). now registered and active
10-07 15:54:10.657 3543 3645 D WindowManager: handleComboKeys keyCode: 20, keyAction: 0
10-07 15:54:10.665 11894 11931 V Kodi : CAndroidKey: key down (dev:4; src:769; code: 20; repeat: 0; flags: 0x8; alt: no; shift: no; sym: no)
10-07 15:54:10.691 11894 11934 V Kodi : Debug Print: Previous line repeats 1 times.
10-07 15:54:10.691 11894 11934 V Kodi : Debug Print: Keyboard: scancode: 0x14, sym: 0x0112, unicode: 0x0000, modifier: 0x0
10-07 15:54:10.691 11894 11934 V Kodi : Debug Print: HandleKey: down (0xf081) pressed, action is Down
10-07 15:54:10.912 3543 3645 D WindowManager: handleComboKeys keyCode: 20, keyAction: 1
10-07 15:54:10.917 11894 11931 V Kodi : CAndroidKey: key up (dev:4; src:769; code: 20; repeat: 0; flags: 0x8; alt: no; shift: no; sym: no)
10-07 15:54:10.941 11894 11934 V Kodi : Debug Print: Keyboard: scancode: 0x14, sym: 0x0112, unicode: 0x0000, modifier: 0x0
10-07 15:54:11.200 3543 3645 D WindowManager: handleComboKeys keyCode: 20, keyAction: 0
10-07 15:54:11.204 11894 11931 V Kodi : CAndroidKey: key down (dev:4; src:769; code: 20; repeat: 0; flags: 0x8; alt: no; shift: no; sym: no)
10-07 15:54:11.226 11894 11934 V Kodi : Debug Print: Previous line repeats 1 times.
10-07 15:54:11.226 11894 11934 V Kodi : Debug Print: HandleKey: down (0xf081) pressed, action is Down
10-07 15:54:11.364 3543 3645 D WindowManager: handleComboKeys keyCode: 20, keyAction: 1
10-07 15:54:11.367 11894 11931 V Kodi : CAndroidKey: key up (dev:4; src:769; code: 20; repeat: 0; flags: 0x8; alt: no; shift: no; sym: no)
10-07 15:54:11.391 11894 11934 V Kodi : Debug Print: Keyboard: scancode: 0x14, sym: 0x0112, unicode: 0x0000, modifier: 0x0
10-07 15:54:11.562 3543 3645 D WindowManager: handleComboKeys keyCode: 20, keyAction: 0
