Hallo Liebe Gemeinde ..
habe nun angefangen meine DB neu zumachen , ich habe mal alles neu eingescannt , hatte bisher nur tests am laufen und nun bekomme ich das ..
1:21:38 T:8488 NOTICE: service.libraryautoupdate: update timers
21:21:38 T:8496 NOTICE: StorageServer Module loaded RUN
21:21:38 T:8496 NOTICE: StorageClient-0.9.2 Starting server
21:21:38 T:8496 NOTICE: StorageServer-0.9.2 Storage Server starting C:\Users\AREA51\AppData\Roaming\XBMC\userdata\Database\commoncache.db
21:21:38 T:3352 ERROR: CRemoteControl::Connect - failed to connect
21:21:39 T:8036 NOTICE: Artwork Downloader: ## Service - Run at startup: False
21:21:39 T:8036 NOTICE: Artwork Downloader: ## Service - Delayed startup: 00 minutes
21:21:39 T:8036 NOTICE: Artwork Downloader: ## Service - Run as service: False
21:21:39 T:8036 NOTICE: Artwork Downloader: ## Service - Time: 00:00
21:22:02 T:6844 WARNING: Skin has invalid include: StudioFlaggingConditions
21:22:02 T:6844 WARNING: Skin has invalid include: Animation_Viewtype_Showcase_FocusArea
21:22:02 T:6844 WARNING: Skin has invalid include: Animation_Viewtype_Showcase_Plot
21:22:02 T:6844 WARNING: Skin has invalid include: Animation_Viewtype_Showcase_LeftArea
21:22:02 T:6844 WARNING: Skin has invalid include: Animation_Viewtype_Showcase_RightArea
21:22:02 T:6844 ERROR: unmatched parentheses in (Control.IsVisible(60)
21:22:05 T:6844 ERROR: XFILE::CDirectory::GetDirectory - Error getting /extrafanart/
21:22:05 T:6844 ERROR: XFILE::CDirectory::GetDirectory - Error getting videodb://1//extrafanart/
21:22:15 T:6844 ERROR: XFILE::CDirectory::GetDirectory - Error getting /extrafanart/
21:22:16 T:7708 ERROR: Texture manager unable to load file: special://masterprofile/Thumbnails/0/0418cdad.jpg
21:22:16 T:5860 ERROR: Texture manager unable to load file: special://masterprofile/Thumbnails/d/df0f653a.jpg
21:22:16 T:7708 ERROR: Texture manager unable to load file: special://masterprofile/Thumbnails/0/0418cdad.jpg
21:22:16 T:7708 ERROR: Texture manager unable to load file: special://masterprofile/Thumbnails/d/df0f653a.jpg
21:22:17 T:8492 ERROR: Texture manager unable to load file: special://masterprofile/Thumbnails/0/05a7bfdd.jpg
21:22:17 T:8492 ERROR: Previous line repeats 1 times.
21:22:17 T:8492 ERROR: Texture manager unable to load file: special://masterprofile/Thumbnails/5/5817f0d4.jpg
21:22:17 T:7708 ERROR: Texture manager unable to load file: special://masterprofile/Thumbnails/8/83005843.jpg
21:22:17 T:8492 ERROR: Previous line repeats 1 times.
21:22:17 T:8492 ERROR: Texture manager unable to load file: special://masterprofile/Thumbnails/5/5817f0d4.jpg
21:22:18 T:8560 ERROR: Texture manager unable to load file: special://masterprofile/Thumbnails/7/799e4a7c.jpg
21:22:18 T:8560 ERROR: Previous line repeats 1 times.
21:22:18 T:8560 ERROR: Texture manager unable to load file: special://masterprofile/Thumbnails/2/2b8871ed.jpg
21:22:18 T:8492 ERROR: Previous line repeats 1 times.
21:22:18 T:8492 ERROR: Texture manager unable to load file: special://masterprofile/Thumbnails/f/f09fd97a.jpg
21:22:18 T:7708 ERROR: Previous line repeats 1 times.
21:22:18 T:7708 ERROR: Texture manager unable to load file: special://masterprofile/Thumbnails/a/a19fc93b.jpg
21:22:18 T:5860 ERROR: Texture manager unable to load file: special://masterprofile/Thumbnails/3/39324cab.jpg
21:22:18 T:8492 ERROR: Texture manager unable to load file: special://masterprofile/Thumbnails/e/e225e43c.jpg
21:22:18 T:5860 ERROR: Texture manager unable to load file: special://masterprofile/Thumbnails/a/a19fc93b.jpg
21:22:18 T:5860 ERROR: Texture manager unable to load file: special://masterprofile/Thumbnails/3/39324cab.jpg
21:22:18 T:5860 ERROR: Texture manager unable to load file: special://masterprofile/Thumbnails/e/e225e43c.jpg
21:22:19 T:5860 ERROR: Texture manager unable to load file: special://masterprofile/Thumbnails/9/9d8dda86.jpg
21:22:19 T:8560 ERROR: Texture manager unable to load file: special://masterprofile/Thumbnails/4/469a7211.jpg
21:22:19 T:8492 ERROR: Texture manager unable to load file: special://masterprofile/Thumbnails/9/9d8dda86.jpg
21:22:19 T:8492 ERROR: Texture manager unable to load file: special://masterprofile/Thumbnails/4/469a7211.jpg
21:22:19 T:8492 ERROR: Texture manager unable to load file: special://masterprofile/Thumbnails/6/66678613.jpg
21:22:19 T:8560 ERROR: Previous line repeats 1 times.
21:22:19 T:8560 ERROR: NFS: Failed to stat(FILME/#/6 Guns/extrathumbs/thumb2.jpg) stat call failed with "NFS: Lookup of //FILME failed with NFS3ERR_NOENT(-2)"
21:22:19 T:8560 ERROR: Texture manager unable to load file: special://masterprofile/Thumbnails/6/6b8ead31.jpg
21:22:20 T:7708 ERROR: Previous line repeats 1 times.
ich habe aber zu jedem Extrafanart und Thumbs , war vorher alles das und nun erkennt oder findet er es nicht
Gruss
PS: die Sache habe ich nun behoben was besagen diese Fehler ??
2:54:52 T:10424 ERROR: unmatched parentheses in (Control.IsVisible(60)
02:54:52 T:10424 ERROR: Window Translator: Can't find window pvrchannelmanager
02:55:10 T:10424 ERROR: Python script "script.randomandlastitems" does not exist